[INFO] cloning repository https://github.com/s-yoshiki/majin
[INFO] running `Command { std: "git" "-c" "credential.helper=" "-c" "credential.helper=/workspace/cargo-home/bin/git-credential-null" "clone" "--bare" "https://github.com/s-yoshiki/majin" "/workspace/cache/git-repos/https%3A%2F%2Fgithub.com%2Fs-yoshiki%2Fmajin", kill_on_drop: false }`
[INFO] [stderr] Cloning into bare repository '/workspace/cache/git-repos/https%3A%2F%2Fgithub.com%2Fs-yoshiki%2Fmajin'...
[INFO] running `Command { std: "git" "rev-parse" "HEAD", kill_on_drop: false }`
[INFO] [stdout] 68401f33327f1e1beff59b1d7478cc919f1de9c7
[INFO] checking s-yoshiki/majin against 3154cc1a3e6424e44f438a95007d043ed5ceaaf6+rustflags=-Znext-solver=coherence for pr-133502-30
[INFO] running `Command { std: "git" "clone" "/workspace/cache/git-repos/https%3A%2F%2Fgithub.com%2Fs-yoshiki%2Fmajin" "/workspace/builds/worker-1-tc1/source", kill_on_drop: false }`
[INFO] [stderr] Cloning into '/workspace/builds/worker-1-tc1/source'...
[INFO] [stderr] done.
[INFO] removed /workspace/builds/worker-1-tc1/source/rust-toolchain.toml
[INFO] started tweaking git repo https://github.com/s-yoshiki/majin
[INFO] finished tweaking git repo https://github.com/s-yoshiki/majin
[INFO] tweaked toml for git repo https://github.com/s-yoshiki/majin written to /workspace/builds/worker-1-tc1/source/Cargo.toml
[INFO] validating manifest of git repo https://github.com/s-yoshiki/majin on toolchain 3154cc1a3e6424e44f438a95007d043ed5ceaaf6
[INFO] running `Command { std: CARGO_HOME="/workspace/cargo-home" RUSTUP_HOME="/workspace/rustup-home" "/workspace/cargo-home/bin/cargo" "+3154cc1a3e6424e44f438a95007d043ed5ceaaf6" "metadata" "--manifest-path" "Cargo.toml" "--no-deps", kill_on_drop: false }`
[INFO] crate git repo https://github.com/s-yoshiki/majin already has a lockfile, it will not be regenerated
[INFO] running `Command { std: CARGO_HOME="/workspace/cargo-home" RUSTUP_HOME="/workspace/rustup-home" "/workspace/cargo-home/bin/cargo" "+3154cc1a3e6424e44f438a95007d043ed5ceaaf6" "fetch" "--manifest-path" "Cargo.toml", kill_on_drop: false }`
[INFO] [stderr]  Downloading crates ...
[INFO] [stderr]   Downloaded time-core v0.1.7
[INFO] [stderr]   Downloaded time-macros v0.2.25
[INFO] [stderr]   Downloaded time v0.3.45
[INFO] [stderr]   Downloaded serial2 v0.2.37
[INFO] [stderr]   Downloaded rust-embed-utils v8.12.0
[INFO] [stderr]   Downloaded rust-embed-impl v8.12.0
[INFO] [stderr]   Downloaded rust-embed v8.12.0
[INFO] [stderr]   Downloaded base64 v0.23.0
[INFO] running `Command { std: "docker" "create" "-v" "/var/lib/crater-agent-workspace/builds/worker-1-tc1/source:/opt/rustwide/workdir:ro,Z" "-v" "/var/lib/crater-agent-workspace/builds/worker-1-tc1/target:/opt/rustwide/target:rw,Z" "-v" "/var/lib/crater-agent-workspace/cargo-home:/opt/rustwide/cargo-home:ro,Z" "-v" "/var/lib/crater-agent-workspace/rustup-home:/opt/rustwide/rustup-home:ro,Z" "-m" "1610612736" "--network" "none" "ghcr.io/rust-lang/crates-build-env/linux@sha256:77db811e55d90add9212f6832c23229e3de5f1c1f9905e8cb07319ea15df73ac" "sleep" "infinity", kill_on_drop: false }`
[INFO] [stdout] 701293e797355aaa7ad000a7b30e1ab4bf9663ab5c99f847dace0b23449da12e
[INFO] running `Command { std: "docker" "start" "701293e797355aaa7ad000a7b30e1ab4bf9663ab5c99f847dace0b23449da12e", kill_on_drop: false }`
[INFO] running `Command { std: "docker" "inspect" "701293e797355aaa7ad000a7b30e1ab4bf9663ab5c99f847dace0b23449da12e", kill_on_drop: false }`
[INFO] running `Command { std: "docker" "exec" "-e" "SOURCE_DIR=/opt/rustwide/workdir" "-e" "CARGO_HOME=/opt/rustwide/cargo-home" "-e" "RUSTUP_HOME=/opt/rustwide/rustup-home" "-e" "CARGO_TARGET_DIR=/opt/rustwide/target" "-w" "/opt/rustwide/workdir" "--user" "0:0" "701293e797355aaa7ad000a7b30e1ab4bf9663ab5c99f847dace0b23449da12e" "/opt/rustwide/cargo-home/bin/cargo" "+3154cc1a3e6424e44f438a95007d043ed5ceaaf6" "metadata" "--no-deps" "--format-version=1", kill_on_drop: false }`
[INFO] running `Command { std: "docker" "inspect" "701293e797355aaa7ad000a7b30e1ab4bf9663ab5c99f847dace0b23449da12e", kill_on_drop: false }`
[INFO] running `Command { std: "docker" "exec" "-e" "SOURCE_DIR=/opt/rustwide/workdir" "-e" "CARGO_HOME=/opt/rustwide/cargo-home" "-e" "RUSTUP_HOME=/opt/rustwide/rustup-home" "-e" "CARGO_TARGET_DIR=/opt/rustwide/target" "-e" "CARGO_INCREMENTAL=0" "-e" "RUST_BACKTRACE=full" "-e" "RUSTFLAGS=--cap-lints=forbid -Znext-solver=coherence" "-e" "RUSTDOCFLAGS=--cap-lints=forbid" "-w" "/opt/rustwide/workdir" "--user" "0:0" "701293e797355aaa7ad000a7b30e1ab4bf9663ab5c99f847dace0b23449da12e" "/opt/rustwide/cargo-home/bin/cargo" "+3154cc1a3e6424e44f438a95007d043ed5ceaaf6" "check" "--frozen" "--all" "--all-targets" "--message-format=json", kill_on_drop: false }`
[INFO] [stderr]     Checking futures-core v0.3.33
[INFO] [stderr]    Compiling syn v2.0.119
[INFO] [stderr]     Checking bitflags v2.13.1
[INFO] [stderr]     Checking futures-sink v0.3.33
[INFO] [stderr]    Compiling libc v0.2.189
[INFO] [stderr]    Compiling serde v1.0.229
[INFO] [stderr]    Compiling time-core v0.1.7
[INFO] [stderr]     Checking log v0.4.33
[INFO] [stderr]    Compiling typenum v1.20.1
[INFO] [stderr]     Checking futures-channel v0.3.33
[INFO] [stderr]    Compiling alloc-no-stdlib v2.0.4
[INFO] [stderr]    Compiling deranged v0.5.8
[INFO] [stderr]    Compiling tokio-macros v2.7.2
[INFO] [stderr]     Checking mio v1.2.2
[INFO] [stderr]     Checking regex-automata v0.4.16
[INFO] [stderr]    Compiling regex v1.13.1
[INFO] [stderr]    Compiling quick-xml v0.38.4
[INFO] [stderr]    Compiling thiserror v2.0.19
[INFO] [stderr]    Compiling alloc-stdlib v0.2.4
[INFO] [stderr]    Compiling termcolor v1.4.1
[INFO] [stderr]     Checking getrandom v0.3.4
[INFO] [stderr]    Compiling brotli-decompressor v5.0.3
[INFO] [stderr]    Compiling time-macros v0.2.25
[INFO] [stderr]    Compiling x11 v2.21.0
[INFO] [stderr]    Compiling nix v0.28.0
[INFO] [stderr]    Compiling x11-dl v2.21.0
[INFO] [stderr]    Compiling libdbus-sys v0.2.7
[INFO] [stderr]     Checking dpi v0.1.2
[INFO] [stderr]     Checking cfb v0.7.3
[INFO] [stderr]     Checking tokio v1.53.1
[INFO] [stderr]     Checking phf_shared v0.13.1
[INFO] [stderr]     Checking indexmap v2.14.0
[INFO] [stderr]    Compiling toml_datetime v0.6.3
[INFO] [stderr]    Compiling serde_spanned v0.6.9
[INFO] [stderr]    Compiling jsonptr v0.6.3
[INFO] [stderr]    Compiling indexmap v1.9.3
[INFO] [stderr]    Compiling cargo-platform v0.1.9
[INFO] [stderr]    Compiling toml_edit v0.20.2
[INFO] [stderr]    Compiling parking_lot_core v0.9.12
[INFO] [stderr]    Compiling getrandom v0.4.3
[INFO] [stderr]    Compiling toml_edit v0.19.15
[INFO] [stderr]    Compiling parking_lot v0.12.5
[INFO] [stderr]    Compiling cargo_metadata v0.19.2
[INFO] [stderr]    Compiling dirs-sys v0.5.0
[INFO] [stderr]    Compiling uuid v1.24.0
[INFO] [stderr]     Checking time v0.3.45
[INFO] [stderr]    Compiling string_cache v0.9.0
[INFO] [stderr]    Compiling generic-array v0.14.7
[INFO] [stderr]    Compiling dirs v6.0.0
[INFO] [stderr]    Compiling brotli v8.0.4
[INFO] [stderr]    Compiling cargo_toml v0.22.3
[INFO] [stderr]    Compiling hybrid-array v0.4.14
[INFO] [stderr]    Compiling cookie v0.18.1
[INFO] [stderr]     Checking erased-serde v0.4.10
[INFO] [stderr]    Compiling crypto-common v0.1.7
[INFO] [stderr]    Compiling block-buffer v0.10.4
[INFO] [stderr]    Compiling flate2 v1.1.9
[INFO] [stderr]     Checking unic-ucd-ident v0.9.0
[INFO] [stderr]     Checking crossbeam-utils v0.8.22
[INFO] [stderr]    Compiling fdeflate v0.3.7
[INFO] [stderr]     Checking serde_spanned v1.1.1
[INFO] [stderr]     Checking serial2 v0.2.37
[INFO] [stderr]     Checking toml_datetime v1.1.1+spec-1.1.0
[INFO] [stderr]    Compiling bitflags v1.3.2
[INFO] [stderr]     Checking shell-words v1.1.1
[INFO] [stderr]     Checking toml v1.1.4+spec-1.1.0
[INFO] [stderr]     Checking crossbeam-channel v0.5.16
[INFO] [stderr]    Compiling png v0.17.16
[INFO] [stderr]    Compiling proc-macro-crate v1.3.1
[INFO] [stderr]    Compiling infer v0.19.0
[INFO] [stderr]     Checking plist v1.8.0
[INFO] [stderr]     Checking serde-untagged v0.1.9
[INFO] [stderr]    Compiling toml v0.8.2
[INFO] [stderr]    Compiling proc-macro-crate v2.0.2
[INFO] [stderr]    Compiling digest v0.10.7
[INFO] [stderr]     Checking ctor v0.8.0
[INFO] [stderr]    Compiling tauri-runtime v2.11.3
[INFO] [stderr]    Compiling system-deps v6.2.2
[INFO] [stderr]     Checking dunce v1.0.5
[INFO] [stderr]    Compiling wry v0.55.1
[INFO] [stderr]     Checking semver v1.0.28
[INFO] [stderr]    Compiling sha2 v0.10.9
[INFO] [stderr]    Compiling ico v0.5.0
[INFO] [stderr]     Checking dbus v0.9.12
[INFO] [stderr]     Checking ppv-lite86 v0.2.21
[INFO] [stderr]     Checking matchers v0.2.0
[INFO] [stderr]    Compiling block-buffer v0.12.1
[INFO] [stderr]    Compiling crypto-common v0.2.2
[INFO] [stderr]     Checking rand_core v0.9.5
[INFO] [stderr]     Checking tracing-log v0.2.0
[INFO] [stderr]     Checking thread_local v1.1.10
[INFO] [stderr]    Compiling const-oid v0.10.2
[INFO] [stderr]    Compiling tauri-runtime-wry v2.11.4
[INFO] [stderr]     Checking keyboard-types v0.7.0
[INFO] [stderr]     Checking rand_chacha v0.9.0
[INFO] [stderr]    Compiling cpufeatures v0.3.0
[INFO] [stderr]    Compiling serde_repr v0.1.21
[INFO] [stderr]     Checking data-encoding v2.11.0
[INFO] [stderr]    Compiling glib-sys v0.18.1
[INFO] [stderr]    Compiling gobject-sys v0.18.0
[INFO] [stderr]    Compiling gio-sys v0.18.1
[INFO] [stderr]    Compiling gdk-sys v0.18.2
[INFO] [stderr]    Compiling cairo-sys-rs v0.18.2
[INFO] [stderr]    Compiling pango-sys v0.18.0
[INFO] [stderr]    Compiling gdk-pixbuf-sys v0.18.0
[INFO] [stderr]    Compiling atk-sys v0.18.2
[INFO] [stderr]    Compiling gtk-sys v0.18.2
[INFO] [stderr]    Compiling javascriptcore-rs-sys v1.1.1
[INFO] [stderr]    Compiling soup3-sys v0.5.0
[INFO] [stderr]    Compiling webkit2gtk-sys v2.0.2
[INFO] [stderr]    Compiling gdkx11-sys v0.18.2
[INFO] [stderr]     Checking sha1 v0.10.7
[INFO] [stderr]    Compiling gtk v0.18.2
[INFO] [stderr]     Checking rand v0.9.5
[INFO] [stderr]    Compiling mime v0.3.17
[INFO] [stderr]     Checking hyper v1.11.0
[INFO] [stderr]     Checking http-body-util v0.1.4
[INFO] [stderr]    Compiling mime_guess v2.0.5
[INFO] [stderr]     Checking clap_builder v4.6.2
[INFO] [stderr]     Checking serde_urlencoded v0.7.1
[INFO] [stderr]    Compiling clap_derive v4.6.4
[INFO] [stderr]     Checking digest v0.11.3
[INFO] [stderr]     Checking serde_path_to_error v0.1.20
[INFO] [stderr]    Compiling majin-server v0.2.0 (/opt/rustwide/workdir/crates/majin-server)
[INFO] [stderr]     Checking sha2 v0.11.0
[INFO] [stderr]     Checking hyper-util v0.1.20
[INFO] [stderr]     Checking base64 v0.23.0
[INFO] [stderr]    Compiling synstructure v0.13.2
[INFO] [stderr]    Compiling darling_core v0.21.3
[INFO] [stderr]    Compiling serde_derive_internals v0.29.1
[INFO] [stderr]     Checking tungstenite v0.29.0
[INFO] [stderr]     Checking rust-embed-utils v8.12.0
[INFO] [stderr]     Checking gdkwayland-sys v0.18.2
[INFO] [stderr]    Compiling zerofrom-derive v0.1.7
[INFO] [stderr]    Compiling yoke-derive v0.8.2
[INFO] [stderr]    Compiling zerovec-derive v0.11.3
[INFO] [stderr]    Compiling thiserror-impl v1.0.69
[INFO] [stderr]    Compiling futures-macro v0.3.33
[INFO] [stderr]    Compiling phf_macros v0.13.1
[INFO] [stderr]    Compiling glib-macros v0.18.5
[INFO] [stderr]    Compiling cssparser-macros v0.6.1
[INFO] [stderr]    Compiling derive_more-impl v2.1.1
[INFO] [stderr]    Compiling schemars_derive v0.8.22
[INFO] [stderr]    Compiling tracing-attributes v0.1.31
[INFO] [stderr]    Compiling ts-rs-macros v12.0.1
[INFO] [stderr]     Checking futures-util v0.3.33
[INFO] [stderr]    Compiling phf v0.13.1
[INFO] [stderr]    Compiling gtk3-macros v0.18.2
[INFO] [stderr]    Compiling web_atoms v0.2.5
[INFO] [stderr]    Compiling cssparser v0.36.0
[INFO] [stderr]    Compiling dlopen2_derive v0.4.3
[INFO] [stderr]    Compiling serialize-to-javascript-impl v0.1.2
[INFO] [stderr]    Compiling rust-embed-impl v8.12.0
[INFO] [stderr]     Checking clap v4.6.4
[INFO] [stderr]     Checking thiserror v1.0.69
[INFO] [stderr]     Checking filedescriptor v0.8.3
[INFO] [stderr]     Checking json-patch v3.0.1
[INFO] [stderr]     Checking serialize-to-javascript v0.1.2
[INFO] [stderr]     Checking dlopen2 v0.8.2
[INFO] [stderr]    Compiling derive_more v2.1.1
[INFO] [stderr]     Checking tracing v0.1.44
[INFO] [stderr]     Checking portable-pty v0.9.0
[INFO] [stderr]    Compiling zerofrom v0.1.8
[INFO] [stderr]     Checking tracing-subscriber v0.3.23
[INFO] [stderr]     Checking axum-core v0.5.6
[INFO] [stderr]     Checking yoke v0.8.3
[INFO] [stderr]     Checking rust-embed v8.12.0
[INFO] [stderr]    Compiling selectors v0.36.1
[INFO] [stderr]     Checking zerovec v0.11.6
[INFO] [stderr]     Checking zerotrie v0.2.4
[INFO] [stderr]    Compiling markup5ever v0.38.0
[INFO] [stderr]     Checking ts-rs v12.0.1
[INFO] [stderr]    Compiling html5ever v0.38.0
[INFO] [stderr]     Checking majin-protocol v0.2.0 (/opt/rustwide/workdir/crates/majin-protocol)
[INFO] [stderr]    Compiling darling_macro v0.21.3
[INFO] [stderr]     Checking tinystr v0.8.3
[INFO] [stderr]     Checking potential_utf v0.1.5
[INFO] [stderr]     Checking icu_collections v2.2.0
[INFO] [stderr]     Checking majin-pty v0.2.0 (/opt/rustwide/workdir/crates/majin-pty)
[INFO] [stderr]    Compiling darling v0.21.3
[INFO] [stderr]     Checking futures-executor v0.3.33
[INFO] [stderr]     Checking tokio-tungstenite v0.29.0
[INFO] [stderr]     Checking tower v0.5.3
[INFO] [stderr]    Compiling serde_with_macros v3.17.0
[INFO] [stderr]     Checking icu_locale_core v2.2.0
[INFO] [stderr]     Checking glib v0.18.5
[INFO] [stderr]    Compiling dom_query v0.27.0
[INFO] [stderr]     Checking axum v0.8.9
[INFO] [stderr]    Compiling serde_with v3.17.0
[INFO] [stderr]     Checking icu_provider v2.2.0
[INFO] [stderr]     Checking icu_normalizer v2.2.0
[INFO] [stderr]     Checking icu_properties v2.2.0
[INFO] [stderr]     Checking idna_adapter v1.2.2
[INFO] [stderr]     Checking idna v1.1.0
[INFO] [stderr]     Checking url v2.5.8
[INFO] [stderr]     Checking urlpattern v0.3.0
[INFO] [stderr]     Checking tauri-utils v2.9.3
[INFO] [stderr]    Compiling schemars v0.8.22
[INFO] [stdout] error: #[derive(RustEmbed)] folder '/opt/rustwide/workdir/crates/majin-server/../../apps/web/dist' does not exist. cwd: '/opt/rustwide/workdir'
[INFO] [stdout]   --> crates/majin-server/src/assets.rs:12:1
[INFO] [stdout]    |
[INFO] [stdout] 12 | / /// The path is relative to this crate's manifest directory.
[INFO] [stdout] 13 | | #[derive(Embed)]
[INFO] [stdout] 14 | | #[folder = "../../apps/web/dist"]
[INFO] [stdout] 15 | | struct WebAssets;
[INFO] [stdout]    | |_________________^
[INFO] [stdout] 
[INFO] [stdout] 
[INFO] [stdout] error: #[derive(RustEmbed)] folder '/opt/rustwide/workdir/crates/majin-server/../../apps/web/dist' does not exist. cwd: '/opt/rustwide/workdir'
[INFO] [stdout]   --> crates/majin-server/src/assets.rs:12:1
[INFO] [stdout]    |
[INFO] [stdout] 12 | / /// The path is relative to this crate's manifest directory.
[INFO] [stdout] 13 | | #[derive(Embed)]
[INFO] [stdout] 14 | | #[folder = "../../apps/web/dist"]
[INFO] [stdout] 15 | | struct WebAssets;
[INFO] [stdout]    | |_________________^
[INFO] [stdout] 
[INFO] [stdout] 
[INFO] [stdout] error[E0599]: no associated function or constant named `get` found for struct `WebAssets` in the current scope
[INFO] [stdout]   --> crates/majin-server/src/assets.rs:41:28
[INFO] [stdout]    |
[INFO] [stdout] 15 | struct WebAssets;
[INFO] [stdout]    | ---------------- associated function or constant `get` not found for this struct
[INFO] [stdout] ...
[INFO] [stdout] 41 |     let asset = WebAssets::get(path)?;
[INFO] [stdout]    |                            ^^^ associated function or constant not found in `WebAssets`
[INFO] [stdout]    |
[INFO] [stdout]    = help: items from traits can only be used if the trait is implemented and in scope
[INFO] [stdout]    = note: the following traits define an item `get`, perhaps you need to implement one of them:
[INFO] [stdout]            candidate #1: `Embed`
[INFO] [stdout]            candidate #2: `SliceIndex`
[INFO] [stdout] 
[INFO] [stdout] 
[INFO] [stdout] error[E0599]: no associated function or constant named `get` found for struct `WebAssets` in the current scope
[INFO] [stdout]   --> crates/majin-server/src/assets.rs:66:16
[INFO] [stdout]    |
[INFO] [stdout] 15 | struct WebAssets;
[INFO] [stdout]    | ---------------- associated function or constant `get` not found for this struct
[INFO] [stdout] ...
[INFO] [stdout] 66 |     WebAssets::get(INDEX).is_some()
[INFO] [stdout]    |                ^^^ associated function or constant not found in `WebAssets`
[INFO] [stdout]    |
[INFO] [stdout]    = help: items from traits can only be used if the trait is implemented and in scope
[INFO] [stdout]    = note: the following traits define an item `get`, perhaps you need to implement one of them:
[INFO] [stdout]            candidate #1: `Embed`
[INFO] [stdout]            candidate #2: `SliceIndex`
[INFO] [stdout] 
[INFO] [stdout] 
[INFO] [stdout] error[E0599]: no associated function or constant named `get` found for struct `WebAssets` in the current scope
[INFO] [stdout]   --> crates/majin-server/src/assets.rs:41:28
[INFO] [stdout]    |
[INFO] [stdout] 15 | struct WebAssets;
[INFO] [stdout]    | ---------------- associated function or constant `get` not found for this struct
[INFO] [stdout] ...
[INFO] [stdout] 41 |     let asset = WebAssets::get(path)?;
[INFO] [stdout]    |                            ^^^ associated function or constant not found in `WebAssets`
[INFO] [stdout]    |
[INFO] [stdout]    = help: items from traits can only be used if the trait is implemented and in scope
[INFO] [stdout]    = note: the following traits define an item `get`, perhaps you need to implement one of them:
[INFO] [stdout]            candidate #1: `Embed`
[INFO] [stdout]            candidate #2: `SliceIndex`
[INFO] [stdout] 
[INFO] [stdout] 
[INFO] [stdout] error[E0599]: no associated function or constant named `get` found for struct `WebAssets` in the current scope
[INFO] [stdout]   --> crates/majin-server/src/assets.rs:66:16
[INFO] [stdout]    |
[INFO] [stdout] 15 | struct WebAssets;
[INFO] [stdout]    | ---------------- associated function or constant `get` not found for this struct
[INFO] [stdout] ...
[INFO] [stdout] 66 |     WebAssets::get(INDEX).is_some()
[INFO] [stdout]    |                ^^^ associated function or constant not found in `WebAssets`
[INFO] [stdout]    |
[INFO] [stdout]    = help: items from traits can only be used if the trait is implemented and in scope
[INFO] [stdout]    = note: the following traits define an item `get`, perhaps you need to implement one of them:
[INFO] [stdout]            candidate #1: `Embed`
[INFO] [stdout]            candidate #2: `SliceIndex`
[INFO] [stdout] 
[INFO] [stdout] 
[INFO] [stdout] For more information about this error, try `rustc --explain E0599`.
[INFO] [stdout] 
[INFO] [stdout] For more information about this error, try `rustc --explain E0599`.
[INFO] [stdout] 
[INFO] [stderr] error: could not compile `majin-server` (bin "majin" test) due to 3 previous errors
[INFO] [stderr] warning: build failed, waiting for other jobs to finish...
[INFO] [stderr] error: could not compile `majin-server` (bin "majin") due to 3 previous errors
[INFO] [stderr] warning: unused dependency `base64`
[INFO] [stderr]   --> crates/majin-server/Cargo.toml:23:1
[INFO] [stderr]    |
[INFO] [stderr] 23 | base64 = "0.23"
[INFO] [stderr]    | ^^^^^^^^^^^^^^^
[INFO] [stderr]    |
[INFO] [stderr]    = note: `cargo::unused_dependencies` is set to `warn` by default
[INFO] [stderr] help: consider removing the dependency on `base64`
[INFO] [stderr] warning: `majin-server` (manifest) generated 1 warning
[INFO] running `Command { std: "docker" "inspect" "701293e797355aaa7ad000a7b30e1ab4bf9663ab5c99f847dace0b23449da12e", kill_on_drop: false }`
[INFO] running `Command { std: "docker" "rm" "-f" "701293e797355aaa7ad000a7b30e1ab4bf9663ab5c99f847dace0b23449da12e", kill_on_drop: false }`
[INFO] [stdout] 701293e797355aaa7ad000a7b30e1ab4bf9663ab5c99f847dace0b23449da12e
