[INFO] cloning repository https://github.com/ryoheina/Trading-bot
[INFO] running `Command { std: "git" "-c" "credential.helper=" "-c" "credential.helper=/workspace/cargo-home/bin/git-credential-null" "clone" "--bare" "https://github.com/ryoheina/Trading-bot" "/workspace/cache/git-repos/https%3A%2F%2Fgithub.com%2Fryoheina%2FTrading-bot", kill_on_drop: false }`
[INFO] [stderr] Cloning into bare repository '/workspace/cache/git-repos/https%3A%2F%2Fgithub.com%2Fryoheina%2FTrading-bot'...
[INFO] running `Command { std: "git" "rev-parse" "HEAD", kill_on_drop: false }`
[INFO] [stdout] 220d740dd4455d75a33d9b990d31f55133935b8a
[INFO] checking ryoheina/Trading-bot against 3154cc1a3e6424e44f438a95007d043ed5ceaaf6+rustflags=-Znext-solver=coherence for pr-133502-30
[INFO] running `Command { std: "git" "clone" "/workspace/cache/git-repos/https%3A%2F%2Fgithub.com%2Fryoheina%2FTrading-bot" "/workspace/builds/worker-3-tc1/source", kill_on_drop: false }`
[INFO] [stderr] Cloning into '/workspace/builds/worker-3-tc1/source'...
[INFO] [stderr] done.
[INFO] started tweaking git repo https://github.com/ryoheina/Trading-bot
[INFO] finished tweaking git repo https://github.com/ryoheina/Trading-bot
[INFO] tweaked toml for git repo https://github.com/ryoheina/Trading-bot written to /workspace/builds/worker-3-tc1/source/Cargo.toml
[INFO] validating manifest of git repo https://github.com/ryoheina/Trading-bot on toolchain 3154cc1a3e6424e44f438a95007d043ed5ceaaf6
[INFO] running `Command { std: CARGO_HOME="/workspace/cargo-home" RUSTUP_HOME="/workspace/rustup-home" "/workspace/cargo-home/bin/cargo" "+3154cc1a3e6424e44f438a95007d043ed5ceaaf6" "metadata" "--manifest-path" "Cargo.toml" "--no-deps", kill_on_drop: false }`
[INFO] crate git repo https://github.com/ryoheina/Trading-bot already has a lockfile, it will not be regenerated
[INFO] running `Command { std: CARGO_HOME="/workspace/cargo-home" RUSTUP_HOME="/workspace/rustup-home" "/workspace/cargo-home/bin/cargo" "+3154cc1a3e6424e44f438a95007d043ed5ceaaf6" "fetch" "--manifest-path" "Cargo.toml", kill_on_drop: false }`
[INFO] [stderr]     Updating crates.io index
[INFO] [stderr]  Downloading crates ...
[INFO] [stderr]   Downloaded unicode-ident v1.0.3
[INFO] [stderr]   Downloaded parking_lot_core v0.9.3
[INFO] [stderr]   Downloaded wasm-bindgen-futures v0.4.32
[INFO] [stderr]   Downloaded wasm-bindgen-macro v0.2.99
[INFO] [stderr]   Downloaded itoa v1.0.3
[INFO] [stderr]   Downloaded cpufeatures v0.2.4
[INFO] [stderr]   Downloaded android_system_properties v0.1.4
[INFO] [stderr]   Downloaded futures-task v0.3.23
[INFO] [stderr]   Downloaded wasm-bindgen-shared v0.2.99
[INFO] [stderr]   Downloaded futures-core v0.3.23
[INFO] [stderr]   Downloaded futures-sink v0.3.23
[INFO] [stderr]   Downloaded futures-macro v0.3.23
[INFO] [stderr]   Downloaded ipnet v2.5.0
[INFO] [stderr]   Downloaded futures-executor v0.3.23
[INFO] [stderr]   Downloaded futures-channel v0.3.23
[INFO] [stderr]   Downloaded iana-time-zone v0.1.46
[INFO] [stderr]   Downloaded ta v0.5.0
[INFO] [stderr]   Downloaded csv-core v0.1.10
[INFO] [stderr]   Downloaded wasm-bindgen-backend v0.2.99
[INFO] [stderr]   Downloaded termcolor v1.1.3
[INFO] [stderr]   Downloaded lock_api v0.4.7
[INFO] [stderr]   Downloaded slab v0.4.7
[INFO] [stderr]   Downloaded wasm-bindgen v0.2.99
[INFO] [stderr]   Downloaded wasm-bindgen-macro-support v0.2.99
[INFO] [stderr]   Downloaded tracing-core v0.1.29
[INFO] [stderr]   Downloaded futures v0.3.23
[INFO] [stderr]   Downloaded env_logger v0.9.0
[INFO] [stderr]   Downloaded bytes v1.2.1
[INFO] [stderr]   Downloaded js-sys v0.3.76
[INFO] [stderr]   Downloaded bumpalo v3.11.0
[INFO] [stderr]   Downloaded tracing v0.1.36
[INFO] [stderr]   Downloaded rust_decimal v1.26.1
[INFO] [stderr]   Downloaded tokio-util v0.7.3
[INFO] [stderr]   Downloaded serde_json v1.0.85
[INFO] [stderr]   Downloaded futures-util v0.3.23
[INFO] [stderr]   Downloaded chrono v0.4.22
[INFO] [stderr]   Downloaded syn v1.0.99
[INFO] [stderr]   Downloaded regex v1.6.0
[INFO] [stderr]   Downloaded regex-syntax v0.6.27
[INFO] [stderr]   Downloaded windows_x86_64_msvc v0.36.1
[INFO] [stderr]   Downloaded windows_aarch64_msvc v0.36.1
[INFO] [stderr]   Downloaded windows_i686_msvc v0.36.1
[INFO] [stderr]   Downloaded web-sys v0.3.59
[INFO] [stderr]   Downloaded windows_x86_64_gnu v0.36.1
[INFO] [stderr]   Downloaded windows_i686_gnu v0.36.1
[INFO] [stderr]   Downloaded csv v1.1.6
[INFO] [stderr]   Downloaded encoding_rs v0.8.31
[INFO] [stderr]   Downloaded windows-sys v0.36.1
[INFO] running `Command { std: "docker" "create" "-v" "/var/lib/crater-agent-workspace/builds/worker-3-tc1/source:/opt/rustwide/workdir:ro,Z" "-v" "/var/lib/crater-agent-workspace/builds/worker-3-tc1/target:/opt/rustwide/target:rw,Z" "-v" "/var/lib/crater-agent-workspace/cargo-home:/opt/rustwide/cargo-home:ro,Z" "-v" "/var/lib/crater-agent-workspace/rustup-home:/opt/rustwide/rustup-home:ro,Z" "-m" "1610612736" "--network" "none" "ghcr.io/rust-lang/crates-build-env/linux@sha256:77db811e55d90add9212f6832c23229e3de5f1c1f9905e8cb07319ea15df73ac" "sleep" "infinity", kill_on_drop: false }`
[INFO] [stdout] c539bb5af18ba0f40952f5a52ac819f51c3fd65bfeee2268b1f84e3dae24b9de
[INFO] running `Command { std: "docker" "start" "c539bb5af18ba0f40952f5a52ac819f51c3fd65bfeee2268b1f84e3dae24b9de", kill_on_drop: false }`
[INFO] running `Command { std: "docker" "inspect" "c539bb5af18ba0f40952f5a52ac819f51c3fd65bfeee2268b1f84e3dae24b9de", kill_on_drop: false }`
[INFO] running `Command { std: "docker" "exec" "-e" "SOURCE_DIR=/opt/rustwide/workdir" "-e" "CARGO_HOME=/opt/rustwide/cargo-home" "-e" "RUSTUP_HOME=/opt/rustwide/rustup-home" "-e" "CARGO_TARGET_DIR=/opt/rustwide/target" "-w" "/opt/rustwide/workdir" "--user" "0:0" "c539bb5af18ba0f40952f5a52ac819f51c3fd65bfeee2268b1f84e3dae24b9de" "/opt/rustwide/cargo-home/bin/cargo" "+3154cc1a3e6424e44f438a95007d043ed5ceaaf6" "metadata" "--no-deps" "--format-version=1", kill_on_drop: false }`
[INFO] running `Command { std: "docker" "inspect" "c539bb5af18ba0f40952f5a52ac819f51c3fd65bfeee2268b1f84e3dae24b9de", kill_on_drop: false }`
[INFO] running `Command { std: "docker" "exec" "-e" "SOURCE_DIR=/opt/rustwide/workdir" "-e" "CARGO_HOME=/opt/rustwide/cargo-home" "-e" "RUSTUP_HOME=/opt/rustwide/rustup-home" "-e" "CARGO_TARGET_DIR=/opt/rustwide/target" "-e" "CARGO_INCREMENTAL=0" "-e" "RUST_BACKTRACE=full" "-e" "RUSTFLAGS=--cap-lints=forbid -Znext-solver=coherence" "-e" "RUSTDOCFLAGS=--cap-lints=forbid" "-w" "/opt/rustwide/workdir" "--user" "0:0" "c539bb5af18ba0f40952f5a52ac819f51c3fd65bfeee2268b1f84e3dae24b9de" "/opt/rustwide/cargo-home/bin/cargo" "+3154cc1a3e6424e44f438a95007d043ed5ceaaf6" "check" "--frozen" "--all" "--all-targets" "--message-format=json", kill_on_drop: false }`
[INFO] [stderr]    Compiling unicode-ident v1.0.3
[INFO] [stderr]    Compiling autocfg v1.1.0
[INFO] [stderr]    Compiling memchr v2.5.0
[INFO] [stderr]     Checking smallvec v1.15.2
[INFO] [stderr]    Compiling futures-core v0.3.23
[INFO] [stderr]    Compiling parking_lot_core v0.9.3
[INFO] [stderr]    Compiling syn v1.0.99
[INFO] [stderr]    Compiling log v0.4.17
[INFO] [stderr]     Checking scopeguard v1.1.0
[INFO] [stderr]     Checking bytes v1.2.1
[INFO] [stderr]    Compiling futures-task v0.3.23
[INFO] [stderr]    Compiling futures-channel v0.3.23
[INFO] [stderr]     Checking futures-sink v0.3.23
[INFO] [stderr]    Compiling ring v0.17.14
[INFO] [stderr]    Compiling futures-util v0.3.23
[INFO] [stderr]     Checking itoa v1.0.3
[INFO] [stderr]    Compiling proc-macro2 v1.0.106
[INFO] [stderr]    Compiling typenum v1.15.0
[INFO] [stderr]    Compiling generic-array v0.14.7
[INFO] [stderr]     Checking signal-hook-registry v1.4.0
[INFO] [stderr]     Checking getrandom v0.2.17
[INFO] [stderr]     Checking tracing-core v0.1.29
[INFO] [stderr]    Compiling rustls v0.21.12
[INFO] [stderr]     Checking ryu v1.0.11
[INFO] [stderr]     Checking try-lock v0.2.3
[INFO] [stderr]     Checking socket2 v0.5.10
[INFO] [stderr]    Compiling lock_api v0.4.7
[INFO] [stderr]    Compiling slab v0.4.7
[INFO] [stderr]    Compiling num-traits v0.2.15
[INFO] [stderr]    Compiling num-integer v0.1.45
[INFO] [stderr]    Compiling serde_json v1.0.85
[INFO] [stderr]     Checking tower-service v0.3.2
[INFO] [stderr]     Checking http v0.2.8
[INFO] [stderr]    Compiling encoding_rs v0.8.31
[INFO] [stderr]     Checking want v0.3.0
[INFO] [stderr]     Checking httpdate v1.0.2
[INFO] [stderr]     Checking regex-automata v0.1.10
[INFO] [stderr]     Checking regex-syntax v0.6.27
[INFO] [stderr]    Compiling rust_decimal v1.26.1
[INFO] [stderr]     Checking rustls-pemfile v1.0.4
[INFO] [stderr]     Checking atty v0.2.14
[INFO] [stderr]     Checking time v0.1.44
[INFO] [stderr]     Checking itoa v0.4.8
[INFO] [stderr]     Checking webpki-roots v0.25.4
[INFO] [stderr]     Checking sync_wrapper v0.1.2
[INFO] [stderr]     Checking parking_lot v0.12.1
[INFO] [stderr]     Checking tracing v0.1.36
[INFO] [stderr]     Checking termcolor v1.1.3
[INFO] [stderr]     Checking iana-time-zone v0.1.46
[INFO] [stderr]     Checking ipnet v2.5.0
[INFO] [stderr]     Checking arrayvec v0.7.2
[INFO] [stderr]     Checking aho-corasick v0.7.18
[INFO] [stderr]     Checking csv-core v0.1.10
[INFO] [stderr]     Checking cpufeatures v0.2.4
[INFO] [stderr]     Checking mime v0.3.16
[INFO] [stderr]    Compiling quote v1.0.45
[INFO] [stderr]     Checking dotenv v0.15.0
[INFO] [stderr]     Checking ta v0.5.0
[INFO] [stderr]    Compiling syn v2.0.118
[INFO] [stderr]     Checking http-body v0.4.5
[INFO] [stderr]     Checking chrono v0.4.22
[INFO] [stderr]     Checking regex v1.6.0
[INFO] [stderr]     Checking block-buffer v0.10.4
[INFO] [stderr]     Checking crypto-common v0.1.7
[INFO] [stderr]     Checking digest v0.10.7
[INFO] [stderr]     Checking sha2 v0.10.9
[INFO] [stderr]     Checking hmac v0.12.1
[INFO] [stderr]     Checking env_logger v0.9.0
[INFO] [stderr]    Compiling futures-macro v0.3.23
[INFO] [stderr]     Checking rustls-webpki v0.101.7
[INFO] [stderr]     Checking sct v0.7.1
[INFO] [stderr]    Compiling synstructure v0.13.2
[INFO] [stderr]    Compiling zerovec-derive v0.11.3
[INFO] [stderr]    Compiling displaydoc v0.2.6
[INFO] [stderr]    Compiling serde_derive v1.0.228
[INFO] [stderr]    Compiling tokio-macros v2.7.0
[INFO] [stderr]    Compiling zerofrom-derive v0.1.7
[INFO] [stderr]    Compiling yoke-derive v0.8.2
[INFO] [stderr]     Checking tokio v1.52.3
[INFO] [stderr]     Checking futures-executor v0.3.23
[INFO] [stderr]     Checking futures v0.3.23
[INFO] [stderr]     Checking zerofrom v0.1.8
[INFO] [stderr]     Checking yoke v0.8.3
[INFO] [stderr]     Checking zerovec v0.11.6
[INFO] [stderr]     Checking zerotrie v0.2.4
[INFO] [stderr]     Checking tinystr v0.8.3
[INFO] [stderr]     Checking potential_utf v0.1.5
[INFO] [stderr]     Checking icu_collections v2.2.0
[INFO] [stderr]     Checking icu_locale_core v2.2.0
[INFO] [stderr]     Checking icu_provider v2.2.0
[INFO] [stderr]     Checking serde v1.0.228
[INFO] [stderr]     Checking icu_properties v2.2.0
[INFO] [stderr]     Checking icu_normalizer v2.2.0
[INFO] [stderr]     Checking serde_urlencoded v0.7.1
[INFO] [stderr]     Checking bstr v0.2.17
[INFO] [stderr]     Checking csv v1.1.6
[INFO] [stderr]     Checking idna_adapter v1.2.2
[INFO] [stderr]     Checking idna v1.1.0
[INFO] [stderr]     Checking url v2.5.8
[INFO] [stderr]     Checking tokio-util v0.7.3
[INFO] [stderr]     Checking tokio-rustls v0.24.1
[INFO] [stderr]     Checking h2 v0.3.27
[INFO] [stderr]     Checking hyper v0.14.32
[INFO] [stderr]     Checking hyper-rustls v0.24.2
[INFO] [stderr]     Checking reqwest v0.11.27
[INFO] [stderr]     Checking orderbook-delta-bot v0.3.1 (/opt/rustwide/workdir)
[INFO] [stdout] error[E0277]: can't compare `str` with `&str`
[INFO] [stdout]   --> src/tests.rs:35:13
[INFO] [stdout]    |
[INFO] [stdout] 35 |             assert_eq!(record[1], "10");
[INFO] [stdout]    |             ^^^^^^^^^^^^^^^^^^^^^^^^^^^ no implementation for `str == &str`
[INFO] [stdout]    |
[INFO] [stdout]    = help: the trait `PartialEq<&str>` is not implemented for `str`
[INFO] [stdout]    = help: the following other types implement trait `PartialEq<Rhs>`:
[INFO] [stdout]              `&str` implements `PartialEq<ByteStr>`
[INFO] [stdout]              `&str` implements `PartialEq<ByteString>`
[INFO] [stdout]              `&str` implements `PartialEq<Cow<'_, str>>`
[INFO] [stdout]              `&str` implements `PartialEq<HeaderName>`
[INFO] [stdout]              `&str` implements `PartialEq<HeaderValue>`
[INFO] [stdout]              `&str` implements `PartialEq<Method>`
[INFO] [stdout]              `&str` implements `PartialEq<OsString>`
[INFO] [stdout]              `&str` implements `PartialEq<Value>`
[INFO] [stdout]            and 33 others
[INFO] [stdout] 
[INFO] [stdout] 
[INFO] [stdout] error[E0277]: can't compare `str` with `&str`
[INFO] [stdout]   --> src/tests.rs:36:13
[INFO] [stdout]    |
[INFO] [stdout] 36 |             assert_eq!(record[2], "10");
[INFO] [stdout]    |             ^^^^^^^^^^^^^^^^^^^^^^^^^^^ no implementation for `str == &str`
[INFO] [stdout]    |
[INFO] [stdout]    = help: the trait `PartialEq<&str>` is not implemented for `str`
[INFO] [stdout]    = help: the following other types implement trait `PartialEq<Rhs>`:
[INFO] [stdout]              `&str` implements `PartialEq<ByteStr>`
[INFO] [stdout]              `&str` implements `PartialEq<ByteString>`
[INFO] [stdout]              `&str` implements `PartialEq<Cow<'_, str>>`
[INFO] [stdout]              `&str` implements `PartialEq<HeaderName>`
[INFO] [stdout]              `&str` implements `PartialEq<HeaderValue>`
[INFO] [stdout]              `&str` implements `PartialEq<Method>`
[INFO] [stdout]              `&str` implements `PartialEq<OsString>`
[INFO] [stdout]              `&str` implements `PartialEq<Value>`
[INFO] [stdout]            and 33 others
[INFO] [stdout] 
[INFO] [stdout] 
[INFO] [stdout] error[E0560]: struct `SettingsFile` has no field named `time_delta`
[INFO] [stdout]   --> src/tests.rs:47:13
[INFO] [stdout]    |
[INFO] [stdout] 47 |             time_delta: 1,
[INFO] [stdout]    |             ^^^^^^^^^^ `SettingsFile` does not have this field
[INFO] [stdout]    |
[INFO] [stdout]    = note: available fields are: `sampling_time`
[INFO] [stdout] 
[INFO] [stdout] 
[INFO] [stdout] error[E0609]: no field `time_delta` on type `SettingsFile`
[INFO] [stdout]   --> src/tests.rs:62:29
[INFO] [stdout]    |
[INFO] [stdout] 62 |         assert_eq!(settings.time_delta, 1u64);
[INFO] [stdout]    |                             ^^^^^^^^^^ unknown field
[INFO] [stdout]    |
[INFO] [stdout]    = note: available fields are: `market_name`, `sampling_time`, `bb_period`, `bb_std_dev`, `orderbook_depth` ... and 5 others
[INFO] [stdout] 
[INFO] [stdout] 
[INFO] [stdout] warning: function `convert_increment_to_precision` is never used
[INFO] [stdout]    --> src/helpers.rs:109:15
[INFO] [stdout]     |
[INFO] [stdout] 109 | pub(crate) fn convert_increment_to_precision(increment: rust_decimal::Decimal) -> u32 {
[INFO] [stdout]     |               ^^^^^^^^^^^^^^^^^^^^^^^^^^^^^^
[INFO] [stdout]     |
[INFO] [stdout]     = note: `#[warn(dead_code)]` (part of `#[warn(unused)]`) on by default
[INFO] [stdout] 
[INFO] [stdout] 
[INFO] [stdout] warning: function `invert_side` is never used
[INFO] [stdout]    --> src/helpers.rs:133:15
[INFO] [stdout]     |
[INFO] [stdout] 133 | pub(crate) fn invert_side(side: Side) -> Side {
[INFO] [stdout]     |               ^^^^^^^^^^^
[INFO] [stdout] 
[INFO] [stdout] 
[INFO] [stdout] Some errors have detailed explanations: E0277, E0560, E0609.
[INFO] [stdout] 
[INFO] [stdout] For more information about an error, try `rustc --explain E0277`.
[INFO] [stdout] 
[INFO] [stderr] error: could not compile `orderbook-delta-bot` (bin "orderbook-delta-bot" test) due to 4 previous errors
[INFO] [stderr] warning: unused dependency `futures`
[INFO] [stderr]  --> Cargo.toml:6:1
[INFO] [stderr]   |
[INFO] [stderr] 6 | futures = "0.3"
[INFO] [stderr]   | ^^^^^^^^^^^^^^^
[INFO] [stderr]   |
[INFO] [stderr]   = note: `cargo::unused_dependencies` is set to `warn` by default
[INFO] [stderr] help: consider removing the dependency on `futures`
[INFO] [stderr] warning: `orderbook-delta-bot` (manifest) generated 1 warning
[INFO] running `Command { std: "docker" "inspect" "c539bb5af18ba0f40952f5a52ac819f51c3fd65bfeee2268b1f84e3dae24b9de", kill_on_drop: false }`
[INFO] running `Command { std: "docker" "rm" "-f" "c539bb5af18ba0f40952f5a52ac819f51c3fd65bfeee2268b1f84e3dae24b9de", kill_on_drop: false }`
[INFO] [stdout] c539bb5af18ba0f40952f5a52ac819f51c3fd65bfeee2268b1f84e3dae24b9de
