[INFO] cloning repository https://github.com/runseal-labs/runseal
[INFO] running `Command { std: "git" "-c" "credential.helper=" "-c" "credential.helper=/workspace/cargo-home/bin/git-credential-null" "clone" "--bare" "https://github.com/runseal-labs/runseal" "/workspace/cache/git-repos/https%3A%2F%2Fgithub.com%2Frunseal-labs%2Frunseal", kill_on_drop: false }`
[INFO] [stderr] Cloning into bare repository '/workspace/cache/git-repos/https%3A%2F%2Fgithub.com%2Frunseal-labs%2Frunseal'...
[INFO] running `Command { std: "git" "rev-parse" "HEAD", kill_on_drop: false }`
[INFO] [stdout] 04fecc7c69bb560ea3af15e5442c6357247b0499
[INFO] checking runseal-labs/runseal against 3154cc1a3e6424e44f438a95007d043ed5ceaaf6+rustflags=-Znext-solver=coherence for pr-133502-30
[INFO] running `Command { std: "git" "clone" "/workspace/cache/git-repos/https%3A%2F%2Fgithub.com%2Frunseal-labs%2Frunseal" "/workspace/builds/worker-4-tc1/source", kill_on_drop: false }`
[INFO] [stderr] Cloning into '/workspace/builds/worker-4-tc1/source'...
[INFO] [stderr] done.
[INFO] removed /workspace/builds/worker-4-tc1/source/.cargo/config.toml
[INFO] removed /workspace/builds/worker-4-tc1/source/rust-toolchain.toml
[INFO] started tweaking git repo https://github.com/runseal-labs/runseal
[INFO] finished tweaking git repo https://github.com/runseal-labs/runseal
[INFO] tweaked toml for git repo https://github.com/runseal-labs/runseal written to /workspace/builds/worker-4-tc1/source/Cargo.toml
[INFO] validating manifest of git repo https://github.com/runseal-labs/runseal on toolchain 3154cc1a3e6424e44f438a95007d043ed5ceaaf6
[INFO] running `Command { std: CARGO_HOME="/workspace/cargo-home" RUSTUP_HOME="/workspace/rustup-home" "/workspace/cargo-home/bin/cargo" "+3154cc1a3e6424e44f438a95007d043ed5ceaaf6" "metadata" "--manifest-path" "Cargo.toml" "--no-deps", kill_on_drop: false }`
[INFO] crate git repo https://github.com/runseal-labs/runseal already has a lockfile, it will not be regenerated
[INFO] running `Command { std: CARGO_HOME="/workspace/cargo-home" RUSTUP_HOME="/workspace/rustup-home" "/workspace/cargo-home/bin/cargo" "+3154cc1a3e6424e44f438a95007d043ed5ceaaf6" "fetch" "--manifest-path" "Cargo.toml", kill_on_drop: false }`
[INFO] [stderr] warning: missing `[lints]` to inherit `[workspace.lints]`
[INFO] [stderr]   --> vendor/codex-otel/Cargo.toml
[INFO] [stderr]    = note: `cargo::missing_lints_inheritance` is set to `warn` by default
[INFO] [stderr] help: to inherit `workspace.lints, add:
[INFO] [stderr]    |
[INFO] [stderr] 14 ~ serde = { version = "1", features = ["derive"] }
[INFO] [stderr] 15 + [lints]
[INFO] [stderr] 16 + workspace = true
[INFO] [stderr]    |
[INFO] [stderr] help: to clarify your intent to not inherit, add:
[INFO] [stderr]    |
[INFO] [stderr] 14 ~ serde = { version = "1", features = ["derive"] }
[INFO] [stderr] 15 + [lints]
[INFO] [stderr]    |
[INFO] [stderr] warning: `codex-otel` (manifest) generated 1 warning
[INFO] [stderr] warning: missing `[lints]` to inherit `[workspace.lints]`
[INFO] [stderr]   --> vendor/codex-utils-pty/Cargo.toml
[INFO] [stderr]    = note: `cargo::missing_lints_inheritance` is set to `warn` by default
[INFO] [stderr] help: to inherit `workspace.lints, add:
[INFO] [stderr]    |
[INFO] [stderr] 34 ~ doctest = false
[INFO] [stderr] 35 + [lints]
[INFO] [stderr] 36 + workspace = true
[INFO] [stderr]    |
[INFO] [stderr] help: to clarify your intent to not inherit, add:
[INFO] [stderr]    |
[INFO] [stderr] 34 ~ doctest = false
[INFO] [stderr] 35 + [lints]
[INFO] [stderr]    |
[INFO] [stderr] warning: `codex-utils-pty` (manifest) generated 1 warning
[INFO] [stderr] warning: missing `[lints]` to inherit `[workspace.lints]`
[INFO] [stderr]   --> vendor/codex-utils-string/Cargo.toml
[INFO] [stderr]    = note: `cargo::missing_lints_inheritance` is set to `warn` by default
[INFO] [stderr] help: to inherit `workspace.lints, add:
[INFO] [stderr]    |
[INFO] [stderr]  8 ~ doctest = false
[INFO] [stderr]  9 + [lints]
[INFO] [stderr] 10 + workspace = true
[INFO] [stderr]    |
[INFO] [stderr] help: to clarify your intent to not inherit, add:
[INFO] [stderr]    |
[INFO] [stderr]  8 ~ doctest = false
[INFO] [stderr]  9 + [lints]
[INFO] [stderr]    |
[INFO] [stderr] warning: `codex-utils-string` (manifest) generated 1 warning
[INFO] [stderr] warning: missing `[lints]` to inherit `[workspace.lints]`
[INFO] [stderr]   --> vendor/codex-protocol/Cargo.toml
[INFO] [stderr]    = note: `cargo::missing_lints_inheritance` is set to `warn` by default
[INFO] [stderr] help: to inherit `workspace.lints, add:
[INFO] [stderr]    |
[INFO] [stderr] 16 ~ serde = { version = "1", features = ["derive"] }
[INFO] [stderr] 17 + [lints]
[INFO] [stderr] 18 + workspace = true
[INFO] [stderr]    |
[INFO] [stderr] help: to clarify your intent to not inherit, add:
[INFO] [stderr]    |
[INFO] [stderr] 16 ~ serde = { version = "1", features = ["derive"] }
[INFO] [stderr] 17 + [lints]
[INFO] [stderr]    |
[INFO] [stderr] warning: `codex-protocol` (manifest) generated 1 warning
[INFO] [stderr] warning: missing `[lints]` to inherit `[workspace.lints]`
[INFO] [stderr]   --> vendor/codex-utils-absolute-path/Cargo.toml
[INFO] [stderr]    = note: `cargo::missing_lints_inheritance` is set to `warn` by default
[INFO] [stderr] help: to inherit `workspace.lints, add:
[INFO] [stderr]    |
[INFO] [stderr] 12 ~ serde = { version = "1", features = ["derive"] }
[INFO] [stderr] 13 + [lints]
[INFO] [stderr] 14 + workspace = true
[INFO] [stderr]    |
[INFO] [stderr] help: to clarify your intent to not inherit, add:
[INFO] [stderr]    |
[INFO] [stderr] 12 ~ serde = { version = "1", features = ["derive"] }
[INFO] [stderr] 13 + [lints]
[INFO] [stderr]    |
[INFO] [stderr] warning: `codex-utils-absolute-path` (manifest) generated 1 warning
[INFO] [stderr] warning: missing `[lints]` to inherit `[workspace.lints]`
[INFO] [stderr]    --> vendor/codex-windows-sandbox/upstream/Cargo.toml
[INFO] [stderr]     = note: `cargo::missing_lints_inheritance` is set to `warn` by default
[INFO] [stderr] help: to inherit `workspace.lints, add:
[INFO] [stderr]     |
[INFO] [stderr] 101 ~ pretty_assertions = "1"
[INFO] [stderr] 102 + [lints]
[INFO] [stderr] 103 + workspace = true
[INFO] [stderr]     |
[INFO] [stderr] help: to clarify your intent to not inherit, add:
[INFO] [stderr]     |
[INFO] [stderr] 101 ~ pretty_assertions = "1"
[INFO] [stderr] 102 + [lints]
[INFO] [stderr]     |
[INFO] [stderr] warning: `codex-windows-sandbox` (manifest) generated 1 warning
[INFO] [stderr]     Updating crates.io index
[INFO] [stderr]  Downloading crates ...
[INFO] [stderr]   Downloaded windows-core v0.53.0
[INFO] [stderr]   Downloaded named-lock v0.4.1
[INFO] [stderr]   Downloaded serial2 v0.2.37
[INFO] [stderr]   Downloaded windows v0.53.0
[INFO] running `Command { std: "docker" "create" "-v" "/var/lib/crater-agent-workspace/builds/worker-4-tc1/source:/opt/rustwide/workdir:ro,Z" "-v" "/var/lib/crater-agent-workspace/builds/worker-4-tc1/target:/opt/rustwide/target:rw,Z" "-v" "/var/lib/crater-agent-workspace/cargo-home:/opt/rustwide/cargo-home:ro,Z" "-v" "/var/lib/crater-agent-workspace/rustup-home:/opt/rustwide/rustup-home:ro,Z" "-m" "1610612736" "--network" "none" "ghcr.io/rust-lang/crates-build-env/linux@sha256:77db811e55d90add9212f6832c23229e3de5f1c1f9905e8cb07319ea15df73ac" "sleep" "infinity", kill_on_drop: false }`
[INFO] [stdout] b7b7d3ae49a1daa7af18df3300440702e424016833a7cdddfd49c82e22b62ec8
[INFO] running `Command { std: "docker" "start" "b7b7d3ae49a1daa7af18df3300440702e424016833a7cdddfd49c82e22b62ec8", kill_on_drop: false }`
[INFO] running `Command { std: "docker" "inspect" "b7b7d3ae49a1daa7af18df3300440702e424016833a7cdddfd49c82e22b62ec8", kill_on_drop: false }`
[INFO] running `Command { std: "docker" "exec" "-e" "SOURCE_DIR=/opt/rustwide/workdir" "-e" "CARGO_HOME=/opt/rustwide/cargo-home" "-e" "RUSTUP_HOME=/opt/rustwide/rustup-home" "-e" "CARGO_TARGET_DIR=/opt/rustwide/target" "-w" "/opt/rustwide/workdir" "--user" "0:0" "b7b7d3ae49a1daa7af18df3300440702e424016833a7cdddfd49c82e22b62ec8" "/opt/rustwide/cargo-home/bin/cargo" "+3154cc1a3e6424e44f438a95007d043ed5ceaaf6" "metadata" "--no-deps" "--format-version=1", kill_on_drop: false }`
[INFO] running `Command { std: "docker" "inspect" "b7b7d3ae49a1daa7af18df3300440702e424016833a7cdddfd49c82e22b62ec8", kill_on_drop: false }`
[INFO] running `Command { std: "docker" "exec" "-e" "SOURCE_DIR=/opt/rustwide/workdir" "-e" "CARGO_HOME=/opt/rustwide/cargo-home" "-e" "RUSTUP_HOME=/opt/rustwide/rustup-home" "-e" "CARGO_TARGET_DIR=/opt/rustwide/target" "-e" "CARGO_INCREMENTAL=0" "-e" "RUST_BACKTRACE=full" "-e" "RUSTFLAGS=--cap-lints=forbid -Znext-solver=coherence" "-e" "RUSTDOCFLAGS=--cap-lints=forbid" "-w" "/opt/rustwide/workdir" "--user" "0:0" "b7b7d3ae49a1daa7af18df3300440702e424016833a7cdddfd49c82e22b62ec8" "/opt/rustwide/cargo-home/bin/cargo" "+3154cc1a3e6424e44f438a95007d043ed5ceaaf6" "check" "--frozen" "--all" "--all-targets" "--message-format=json", kill_on_drop: false }`
[INFO] [stderr] warning: missing `[lints]` to inherit `[workspace.lints]`
[INFO] [stderr]   --> vendor/codex-utils-string/Cargo.toml
[INFO] [stderr]    = note: `cargo::missing_lints_inheritance` is set to `warn` by default
[INFO] [stderr] help: to inherit `workspace.lints, add:
[INFO] [stderr]    |
[INFO] [stderr]  8 ~ doctest = false
[INFO] [stderr]  9 + [lints]
[INFO] [stderr] 10 + workspace = true
[INFO] [stderr]    |
[INFO] [stderr] help: to clarify your intent to not inherit, add:
[INFO] [stderr]    |
[INFO] [stderr]  8 ~ doctest = false
[INFO] [stderr]  9 + [lints]
[INFO] [stderr]    |
[INFO] [stderr] warning: `codex-utils-string` (manifest) generated 1 warning
[INFO] [stderr] warning: missing `[lints]` to inherit `[workspace.lints]`
[INFO] [stderr]   --> vendor/codex-protocol/Cargo.toml
[INFO] [stderr]    = note: `cargo::missing_lints_inheritance` is set to `warn` by default
[INFO] [stderr] help: to inherit `workspace.lints, add:
[INFO] [stderr]    |
[INFO] [stderr] 16 ~ serde = { version = "1", features = ["derive"] }
[INFO] [stderr] 17 + [lints]
[INFO] [stderr] 18 + workspace = true
[INFO] [stderr]    |
[INFO] [stderr] help: to clarify your intent to not inherit, add:
[INFO] [stderr]    |
[INFO] [stderr] 16 ~ serde = { version = "1", features = ["derive"] }
[INFO] [stderr] 17 + [lints]
[INFO] [stderr]    |
[INFO] [stderr] warning: `codex-protocol` (manifest) generated 1 warning
[INFO] [stderr] warning: missing `[lints]` to inherit `[workspace.lints]`
[INFO] [stderr]   --> vendor/codex-utils-absolute-path/Cargo.toml
[INFO] [stderr]    = note: `cargo::missing_lints_inheritance` is set to `warn` by default
[INFO] [stderr] help: to inherit `workspace.lints, add:
[INFO] [stderr]    |
[INFO] [stderr] 12 ~ serde = { version = "1", features = ["derive"] }
[INFO] [stderr] 13 + [lints]
[INFO] [stderr] 14 + workspace = true
[INFO] [stderr]    |
[INFO] [stderr] help: to clarify your intent to not inherit, add:
[INFO] [stderr]    |
[INFO] [stderr] 12 ~ serde = { version = "1", features = ["derive"] }
[INFO] [stderr] 13 + [lints]
[INFO] [stderr]    |
[INFO] [stderr] warning: `codex-utils-absolute-path` (manifest) generated 1 warning
[INFO] [stderr] warning: missing `[lints]` to inherit `[workspace.lints]`
[INFO] [stderr]    --> vendor/codex-windows-sandbox/upstream/Cargo.toml
[INFO] [stderr]     = note: `cargo::missing_lints_inheritance` is set to `warn` by default
[INFO] [stderr] help: to inherit `workspace.lints, add:
[INFO] [stderr]     |
[INFO] [stderr] 101 ~ pretty_assertions = "1"
[INFO] [stderr] 102 + [lints]
[INFO] [stderr] 103 + workspace = true
[INFO] [stderr]     |
[INFO] [stderr] help: to clarify your intent to not inherit, add:
[INFO] [stderr]     |
[INFO] [stderr] 101 ~ pretty_assertions = "1"
[INFO] [stderr] 102 + [lints]
[INFO] [stderr]     |
[INFO] [stderr] warning: `codex-windows-sandbox` (manifest) generated 1 warning
[INFO] [stderr] warning: missing `[lints]` to inherit `[workspace.lints]`
[INFO] [stderr]   --> vendor/codex-otel/Cargo.toml
[INFO] [stderr]    = note: `cargo::missing_lints_inheritance` is set to `warn` by default
[INFO] [stderr] help: to inherit `workspace.lints, add:
[INFO] [stderr]    |
[INFO] [stderr] 14 ~ serde = { version = "1", features = ["derive"] }
[INFO] [stderr] 15 + [lints]
[INFO] [stderr] 16 + workspace = true
[INFO] [stderr]    |
[INFO] [stderr] help: to clarify your intent to not inherit, add:
[INFO] [stderr]    |
[INFO] [stderr] 14 ~ serde = { version = "1", features = ["derive"] }
[INFO] [stderr] 15 + [lints]
[INFO] [stderr]    |
[INFO] [stderr] warning: `codex-otel` (manifest) generated 1 warning
[INFO] [stderr] warning: missing `[lints]` to inherit `[workspace.lints]`
[INFO] [stderr]   --> vendor/codex-utils-pty/Cargo.toml
[INFO] [stderr]    = note: `cargo::missing_lints_inheritance` is set to `warn` by default
[INFO] [stderr] help: to inherit `workspace.lints, add:
[INFO] [stderr]    |
[INFO] [stderr] 34 ~ doctest = false
[INFO] [stderr] 35 + [lints]
[INFO] [stderr] 36 + workspace = true
[INFO] [stderr]    |
[INFO] [stderr] help: to clarify your intent to not inherit, add:
[INFO] [stderr]    |
[INFO] [stderr] 34 ~ doctest = false
[INFO] [stderr] 35 + [lints]
[INFO] [stderr]    |
[INFO] [stderr] warning: `codex-utils-pty` (manifest) generated 1 warning
[INFO] [stderr]     Checking memchr v2.8.2
[INFO] [stderr]    Compiling getrandom v0.4.2
[INFO] [stderr]     Checking time v0.3.49
[INFO] [stderr]    Compiling serde_json v1.0.150
[INFO] [stderr]     Checking smallvec v1.15.2
[INFO] [stderr]     Checking percent-encoding v2.3.2
[INFO] [stderr]    Compiling zerovec-derive v0.11.3
[INFO] [stderr]    Compiling displaydoc v0.2.6
[INFO] [stderr]    Compiling windows_x86_64_gnu v0.52.6
[INFO] [stderr]    Compiling zerofrom-derive v0.1.7
[INFO] [stderr]    Compiling yoke-derive v0.8.2
[INFO] [stderr]     Checking predicates-core v1.0.10
[INFO] [stderr]     Checking float-cmp v0.10.0
[INFO] [stderr]    Compiling assert_cmd v2.2.2
[INFO] [stderr]     Checking normalize-line-endings v0.3.0
[INFO] [stderr]     Checking termtree v0.5.1
[INFO] [stderr]     Checking difflib v0.4.0
[INFO] [stderr]    Compiling nix v0.28.0
[INFO] [stderr]     Checking form_urlencoded v1.2.2
[INFO] [stderr]    Compiling thiserror-impl v1.0.69
[INFO] [stderr]     Checking predicates-tree v1.0.13
[INFO] [stderr]     Checking wait-timeout v0.2.1
[INFO] [stderr]    Compiling zerocopy v0.8.52
[INFO] [stderr]     Checking tempfile v3.27.0
[INFO] [stderr]     Checking dunce v1.0.5
[INFO] [stderr]    Compiling tokio-macros v2.7.0
[INFO] [stderr]     Checking serial2 v0.2.37
[INFO] [stderr]     Checking log v0.4.32
[INFO] [stderr]     Checking bytes v1.12.0
[INFO] [stderr]     Checking codex-utils-absolute-path v0.0.0 (/opt/rustwide/workdir/vendor/codex-utils-absolute-path)
[INFO] [stderr]     Checking windows-targets v0.52.6
[INFO] [stderr]     Checking windows-result v0.2.0
[INFO] [stderr]    Compiling windows-interface v0.58.0
[INFO] [stderr]    Compiling windows-implement v0.58.0
[INFO] [stderr]     Checking windows-strings v0.1.0
[INFO] [stderr]     Checking aho-corasick v1.1.4
[INFO] [stderr]    Compiling thiserror-impl v2.0.18
[INFO] [stderr]     Checking glob v0.3.3
[INFO] [stderr]     Checking tracing-subscriber v0.3.23
[INFO] [stderr]     Checking crossbeam-channel v0.5.15
[INFO] [stderr]     Checking dirs-sys-next v0.1.2
[INFO] [stderr]    Compiling codex-windows-sandbox v0.0.0 (/opt/rustwide/workdir/vendor/codex-windows-sandbox/upstream)
[INFO] [stderr]     Checking tokio v1.52.3
[INFO] [stderr]     Checking symlink v0.1.0
[INFO] [stderr]     Checking chrono v0.4.45
[INFO] [stderr]     Checking regex-automata v0.4.14
[INFO] [stderr]     Checking dirs-next v2.0.0
[INFO] [stderr]     Checking codex-protocol v0.0.0 (/opt/rustwide/workdir/vendor/codex-protocol)
[INFO] [stderr]     Checking codex-otel v0.0.0 (/opt/rustwide/workdir/vendor/codex-otel)
[INFO] [stderr]     Checking codex-utils-string v0.0.0 (/opt/rustwide/workdir/vendor/codex-utils-string)
[INFO] [stderr]     Checking diff v0.1.13
[INFO] [stderr]     Checking pretty_assertions v1.4.1
[INFO] [stderr]     Checking thiserror v1.0.69
[INFO] [stderr]     Checking filedescriptor v0.8.3
[INFO] [stderr]     Checking windows-core v0.58.0
[INFO] [stderr]     Checking zerofrom v0.1.8
[INFO] [stderr]     Checking portable-pty v0.9.0
[INFO] [stderr]     Checking yoke v0.8.3
[INFO] [stderr]     Checking thiserror v2.0.18
[INFO] [stderr]     Checking tracing-appender v0.2.5
[INFO] [stderr]     Checking windows v0.58.0
[INFO] [stderr]     Checking zerovec v0.11.6
[INFO] [stderr]     Checking zerotrie v0.2.4
[INFO] [stderr]     Checking tinystr v0.8.3
[INFO] [stderr]     Checking potential_utf v0.1.5
[INFO] [stderr]     Checking icu_collections v2.2.0
[INFO] [stderr]     Checking icu_locale_core v2.2.0
[INFO] [stderr]     Checking icu_provider v2.2.0
[INFO] [stderr]     Checking icu_normalizer v2.2.0
[INFO] [stderr]     Checking icu_properties v2.2.0
[INFO] [stderr]     Checking regex v1.12.4
[INFO] [stderr]     Checking bstr v1.12.1
[INFO] [stderr]     Checking codex-utils-pty v0.0.0 (/opt/rustwide/workdir/vendor/codex-utils-pty)
[INFO] [stderr]     Checking predicates v3.1.4
[INFO] [stderr]     Checking ppv-lite86 v0.2.21
[INFO] [stderr]     Checking idna_adapter v1.2.2
[INFO] [stderr]     Checking idna v1.1.0
[INFO] [stderr]     Checking rand_chacha v0.3.1
[INFO] [stderr]     Checking rand v0.8.6
[INFO] [stderr]     Checking url v2.5.8
[INFO] [stderr]     Checking runseal v0.2.0-rc.1 (/opt/rustwide/workdir)
[INFO] [stdout] error[E0432]: unresolved import `elevated_impl`
[INFO] [stdout]    --> vendor/codex-windows-sandbox/upstream/lib.rs:305:9
[INFO] [stdout]     |
[INFO] [stdout] 305 | pub use elevated_impl::SandboxOutputObserver;
[INFO] [stdout]     |         ^^^^^^^^^^^^^ use of unresolved module or unlinked crate `elevated_impl`
[INFO] [stdout]     |
[INFO] [stdout] help: to make use of source file vendor/codex-windows-sandbox/upstream/elevated_impl.rs, use `mod elevated_impl` in this file to declare the module
[INFO] [stdout]     |
[INFO] [stdout]   5 + mod elevated_impl;
[INFO] [stdout]     |
[INFO] [stdout] 
[INFO] [stdout] 
[INFO] [stdout] error[E0432]: unresolved import `elevated_impl`
[INFO] [stdout]    --> vendor/codex-windows-sandbox/upstream/lib.rs:308:9
[INFO] [stdout]     |
[INFO] [stdout] 308 | pub use elevated_impl::{SandboxInputPoll, SandboxInputSource};
[INFO] [stdout]     |         ^^^^^^^^^^^^^ use of unresolved module or unlinked crate `elevated_impl`
[INFO] [stdout]     |
[INFO] [stdout] help: to make use of source file vendor/codex-windows-sandbox/upstream/elevated_impl.rs, use `mod elevated_impl` in this file to declare the module
[INFO] [stdout]     |
[INFO] [stdout]   5 + mod elevated_impl;
[INFO] [stdout]     |
[INFO] [stdout] 
[INFO] [stdout] 
[INFO] [stdout] error[E0432]: unresolved import `ipc_framed`
[INFO] [stdout]    --> vendor/codex-windows-sandbox/upstream/lib.rs:347:9
[INFO] [stdout]     |
[INFO] [stdout] 347 | pub use ipc_framed::StdinAcknowledgedPayload;
[INFO] [stdout]     |         ^^^^^^^^^^ use of unresolved module or unlinked crate `ipc_framed`
[INFO] [stdout]     |
[INFO] [stdout]     = help: if you wanted to use a crate named `ipc_framed`, use `cargo add ipc_framed` to add it to your `Cargo.toml`
[INFO] [stdout] 
[INFO] [stdout] 
[INFO] [stdout] error[E0432]: unresolved import `process`
[INFO] [stdout]    --> vendor/codex-windows-sandbox/upstream/lib.rs:380:9
[INFO] [stdout]     |
[INFO] [stdout] 380 | pub use process::available_pipe_bytes;
[INFO] [stdout]     |         ^^^^^^^
[INFO] [stdout]     |
[INFO] [stdout] help: a similar path exists
[INFO] [stdout]     |
[INFO] [stdout] 380 | pub use tokio::process::available_pipe_bytes;
[INFO] [stdout]     |         +++++++
[INFO] [stdout] 
[INFO] [stdout] 
[INFO] [stdout] error[E0432]: unresolved import `setup`
[INFO] [stdout]    --> vendor/codex-windows-sandbox/upstream/lib.rs:421:9
[INFO] [stdout]     |
[INFO] [stdout] 421 | pub use setup::scheduled_setup_broker_available;
[INFO] [stdout]     |         ^^^^^ use of unresolved module or unlinked crate `setup`
[INFO] [stdout]     |
[INFO] [stdout] help: to make use of source file vendor/codex-windows-sandbox/upstream/setup.rs, use `mod setup` in this file to declare the module
[INFO] [stdout]     |
[INFO] [stdout]   5 + mod setup;
[INFO] [stdout]     |
[INFO] [stdout] 
[INFO] [stdout] 
[INFO] [stdout] error[E0432]: unresolved import `elevated_impl`
[INFO] [stdout]    --> vendor/codex-windows-sandbox/upstream/lib.rs:305:9
[INFO] [stdout]     |
[INFO] [stdout] 305 | pub use elevated_impl::SandboxOutputObserver;
[INFO] [stdout]     |         ^^^^^^^^^^^^^ use of unresolved module or unlinked crate `elevated_impl`
[INFO] [stdout]     |
[INFO] [stdout] help: to make use of source file vendor/codex-windows-sandbox/upstream/elevated_impl.rs, use `mod elevated_impl` in this file to declare the module
[INFO] [stdout]     |
[INFO] [stdout]   5 + mod elevated_impl;
[INFO] [stdout]     |
[INFO] [stdout] 
[INFO] [stdout] 
[INFO] [stdout] error[E0432]: unresolved import `elevated_impl`
[INFO] [stdout]    --> vendor/codex-windows-sandbox/upstream/lib.rs:308:9
[INFO] [stdout]     |
[INFO] [stdout] 308 | pub use elevated_impl::{SandboxInputPoll, SandboxInputSource};
[INFO] [stdout]     |         ^^^^^^^^^^^^^ use of unresolved module or unlinked crate `elevated_impl`
[INFO] [stdout]     |
[INFO] [stdout] help: to make use of source file vendor/codex-windows-sandbox/upstream/elevated_impl.rs, use `mod elevated_impl` in this file to declare the module
[INFO] [stdout]     |
[INFO] [stdout]   5 + mod elevated_impl;
[INFO] [stdout]     |
[INFO] [stdout] 
[INFO] [stdout] 
[INFO] [stdout] error[E0432]: unresolved import `ipc_framed`
[INFO] [stdout]    --> vendor/codex-windows-sandbox/upstream/lib.rs:347:9
[INFO] [stdout]     |
[INFO] [stdout] 347 | pub use ipc_framed::StdinAcknowledgedPayload;
[INFO] [stdout]     |         ^^^^^^^^^^ use of unresolved module or unlinked crate `ipc_framed`
[INFO] [stdout]     |
[INFO] [stdout]     = help: if you wanted to use a crate named `ipc_framed`, use `cargo add ipc_framed` to add it to your `Cargo.toml`
[INFO] [stdout] 
[INFO] [stdout] 
[INFO] [stdout] error[E0432]: unresolved import `process`
[INFO] [stdout]    --> vendor/codex-windows-sandbox/upstream/lib.rs:380:9
[INFO] [stdout]     |
[INFO] [stdout] 380 | pub use process::available_pipe_bytes;
[INFO] [stdout]     |         ^^^^^^^
[INFO] [stdout]     |
[INFO] [stdout] help: a similar path exists
[INFO] [stdout]     |
[INFO] [stdout] 380 | pub use tokio::process::available_pipe_bytes;
[INFO] [stdout]     |         +++++++
[INFO] [stdout] 
[INFO] [stdout] 
[INFO] [stdout] error[E0432]: unresolved import `setup`
[INFO] [stdout]    --> vendor/codex-windows-sandbox/upstream/lib.rs:421:9
[INFO] [stdout]     |
[INFO] [stdout] 421 | pub use setup::scheduled_setup_broker_available;
[INFO] [stdout]     |         ^^^^^ use of unresolved module or unlinked crate `setup`
[INFO] [stdout]     |
[INFO] [stdout] help: to make use of source file vendor/codex-windows-sandbox/upstream/setup.rs, use `mod setup` in this file to declare the module
[INFO] [stdout]     |
[INFO] [stdout]   5 + mod setup;
[INFO] [stdout]     |
[INFO] [stdout] 
[INFO] [stdout] 
[INFO] [stdout] For more information about this error, try `rustc --explain E0432`.
[INFO] [stdout] 
[INFO] [stderr] error: could not compile `codex-windows-sandbox` (lib) due to 5 previous errors
[INFO] [stderr] warning: build failed, waiting for other jobs to finish...
[INFO] [stdout] For more information about this error, try `rustc --explain E0432`.
[INFO] [stdout] 
[INFO] [stderr] error: could not compile `codex-windows-sandbox` (lib test) due to 5 previous errors
[INFO] running `Command { std: "docker" "inspect" "b7b7d3ae49a1daa7af18df3300440702e424016833a7cdddfd49c82e22b62ec8", kill_on_drop: false }`
[INFO] running `Command { std: "docker" "rm" "-f" "b7b7d3ae49a1daa7af18df3300440702e424016833a7cdddfd49c82e22b62ec8", kill_on_drop: false }`
[INFO] [stdout] b7b7d3ae49a1daa7af18df3300440702e424016833a7cdddfd49c82e22b62ec8
