[INFO] cloning repository https://github.com/rstqDev/rekey
[INFO] running `Command { std: "git" "-c" "credential.helper=" "-c" "credential.helper=/workspace/cargo-home/bin/git-credential-null" "clone" "--bare" "https://github.com/rstqDev/rekey" "/workspace/cache/git-repos/https%3A%2F%2Fgithub.com%2FrstqDev%2Frekey", kill_on_drop: false }`
[INFO] [stderr] Cloning into bare repository '/workspace/cache/git-repos/https%3A%2F%2Fgithub.com%2FrstqDev%2Frekey'...
[INFO] running `Command { std: "git" "rev-parse" "HEAD", kill_on_drop: false }`
[INFO] [stdout] b4928649e07a1fea7e91c8f469a97215eb54b712
[INFO] checking rstqDev/rekey against 3154cc1a3e6424e44f438a95007d043ed5ceaaf6 for pr-133502-30
[INFO] running `Command { std: "git" "clone" "/workspace/cache/git-repos/https%3A%2F%2Fgithub.com%2FrstqDev%2Frekey" "/workspace/builds/worker-0-tc2/source", kill_on_drop: false }`
[INFO] [stderr] Cloning into '/workspace/builds/worker-0-tc2/source'...
[INFO] [stderr] done.
[INFO] started tweaking git repo https://github.com/rstqDev/rekey
[INFO] finished tweaking git repo https://github.com/rstqDev/rekey
[INFO] tweaked toml for git repo https://github.com/rstqDev/rekey written to /workspace/builds/worker-0-tc2/source/Cargo.toml
[INFO] validating manifest of git repo https://github.com/rstqDev/rekey on toolchain 3154cc1a3e6424e44f438a95007d043ed5ceaaf6
[INFO] running `Command { std: CARGO_HOME="/workspace/cargo-home" RUSTUP_HOME="/workspace/rustup-home" "/workspace/cargo-home/bin/cargo" "+3154cc1a3e6424e44f438a95007d043ed5ceaaf6" "metadata" "--manifest-path" "Cargo.toml" "--no-deps", kill_on_drop: false }`
[INFO] crate git repo https://github.com/rstqDev/rekey already has a lockfile, it will not be regenerated
[INFO] running `Command { std: CARGO_HOME="/workspace/cargo-home" RUSTUP_HOME="/workspace/rustup-home" "/workspace/cargo-home/bin/cargo" "+3154cc1a3e6424e44f438a95007d043ed5ceaaf6" "fetch" "--manifest-path" "Cargo.toml", kill_on_drop: false }`
[INFO] [stderr] warning: unused field `authors` in `workspace.package`
[INFO] [stderr]   --> Cargo.toml:31:1
[INFO] [stderr]    |
[INFO] [stderr] 31 | authors = ["Rostislav Ladnov"]
[INFO] [stderr]    | ^^^^^^^
[INFO] [stderr]    |
[INFO] [stderr]    = note: `cargo::unused_workspace_package_fields` is set to `warn` by default
[INFO] [stderr] help: consider removing the field `workspace.package.authors`
[INFO] [stderr] warning: unused field `rust-version` in `workspace.package`
[INFO] [stderr]   --> Cargo.toml:35:1
[INFO] [stderr]    |
[INFO] [stderr] 35 | rust-version = "1.77"
[INFO] [stderr]    | ^^^^^^^^^^^^
[INFO] [stderr]    |
[INFO] [stderr] help: consider removing the field `workspace.package.rust-version`
[INFO] [stderr] warning: workspace (manifest) generated 2 warnings
[INFO] running `Command { std: "docker" "create" "-v" "/var/lib/crater-agent-workspace/builds/worker-0-tc2/source:/opt/rustwide/workdir:ro,Z" "-v" "/var/lib/crater-agent-workspace/builds/worker-0-tc2/target:/opt/rustwide/target:rw,Z" "-v" "/var/lib/crater-agent-workspace/cargo-home:/opt/rustwide/cargo-home:ro,Z" "-v" "/var/lib/crater-agent-workspace/rustup-home:/opt/rustwide/rustup-home:ro,Z" "-m" "1610612736" "--network" "none" "ghcr.io/rust-lang/crates-build-env/linux@sha256:77db811e55d90add9212f6832c23229e3de5f1c1f9905e8cb07319ea15df73ac" "sleep" "infinity", kill_on_drop: false }`
[INFO] [stdout] bcf2a1c8dcdcb698fa13f45bfe96f987cf3b9704dc684496ab7ac92a6af3d283
[INFO] running `Command { std: "docker" "start" "bcf2a1c8dcdcb698fa13f45bfe96f987cf3b9704dc684496ab7ac92a6af3d283", kill_on_drop: false }`
[INFO] running `Command { std: "docker" "inspect" "bcf2a1c8dcdcb698fa13f45bfe96f987cf3b9704dc684496ab7ac92a6af3d283", kill_on_drop: false }`
[INFO] running `Command { std: "docker" "exec" "-e" "SOURCE_DIR=/opt/rustwide/workdir" "-e" "CARGO_HOME=/opt/rustwide/cargo-home" "-e" "RUSTUP_HOME=/opt/rustwide/rustup-home" "-e" "CARGO_TARGET_DIR=/opt/rustwide/target" "-w" "/opt/rustwide/workdir" "--user" "0:0" "bcf2a1c8dcdcb698fa13f45bfe96f987cf3b9704dc684496ab7ac92a6af3d283" "/opt/rustwide/cargo-home/bin/cargo" "+3154cc1a3e6424e44f438a95007d043ed5ceaaf6" "metadata" "--no-deps" "--format-version=1", kill_on_drop: false }`
[INFO] running `Command { std: "docker" "inspect" "bcf2a1c8dcdcb698fa13f45bfe96f987cf3b9704dc684496ab7ac92a6af3d283", kill_on_drop: false }`
[INFO] running `Command { std: "docker" "exec" "-e" "SOURCE_DIR=/opt/rustwide/workdir" "-e" "CARGO_HOME=/opt/rustwide/cargo-home" "-e" "RUSTUP_HOME=/opt/rustwide/rustup-home" "-e" "CARGO_TARGET_DIR=/opt/rustwide/target" "-e" "CARGO_INCREMENTAL=0" "-e" "RUST_BACKTRACE=full" "-e" "RUSTFLAGS=--cap-lints=forbid" "-e" "RUSTDOCFLAGS=--cap-lints=forbid" "-w" "/opt/rustwide/workdir" "--user" "0:0" "bcf2a1c8dcdcb698fa13f45bfe96f987cf3b9704dc684496ab7ac92a6af3d283" "/opt/rustwide/cargo-home/bin/cargo" "+3154cc1a3e6424e44f438a95007d043ed5ceaaf6" "check" "--frozen" "--all" "--all-targets" "--message-format=json", kill_on_drop: false }`
[INFO] [stderr] warning: unused field `authors` in `workspace.package`
[INFO] [stderr]   --> Cargo.toml:31:1
[INFO] [stderr]    |
[INFO] [stderr] 31 | authors = ["Rostislav Ladnov"]
[INFO] [stderr]    | ^^^^^^^
[INFO] [stderr]    |
[INFO] [stderr]    = note: `cargo::unused_workspace_package_fields` is set to `warn` by default
[INFO] [stderr] help: consider removing the field `workspace.package.authors`
[INFO] [stderr] warning: unused field `rust-version` in `workspace.package`
[INFO] [stderr]   --> Cargo.toml:35:1
[INFO] [stderr]    |
[INFO] [stderr] 35 | rust-version = "1.77"
[INFO] [stderr]    | ^^^^^^^^^^^^
[INFO] [stderr]    |
[INFO] [stderr] help: consider removing the field `workspace.package.rust-version`
[INFO] [stderr] warning: workspace (manifest) generated 2 warnings
[INFO] [stderr]    Compiling syn v3.0.5
[INFO] [stderr]    Compiling smallvec v1.16.0
[INFO] [stderr]    Compiling indexmap v2.14.2
[INFO] [stderr]    Compiling libc v0.2.189
[INFO] [stderr]     Checking log v0.4.34
[INFO] [stderr]     Checking futures-channel v0.3.34
[INFO] [stderr]    Compiling cfg-expr v0.15.8
[INFO] [stderr]    Compiling find-msvc-tools v0.1.12
[INFO] [stderr]    Compiling cssparser v0.36.0
[INFO] [stderr]    Compiling cc v1.4.5
[INFO] [stderr]    Compiling toml v1.1.5+spec-1.1.0
[INFO] [stderr]    Compiling crossbeam-utils v0.8.23
[INFO] [stderr]    Compiling crc32fast v1.5.1
[INFO] [stderr]    Compiling parking_lot_core v0.9.12
[INFO] [stderr]    Compiling getrandom v0.4.3
[INFO] [stderr]    Compiling uuid v1.26.0
[INFO] [stderr]    Compiling selectors v0.36.1
[INFO] [stderr]    Compiling parking_lot v0.12.5
[INFO] [stderr]    Compiling quick-xml v0.42.0
[INFO] [stderr]     Checking tinyvec_macros v0.1.1
[INFO] [stderr]    Compiling base64 v0.23.1
[INFO] [stderr]    Compiling string_cache v0.9.0
[INFO] [stderr]    Compiling cfb v0.7.3
[INFO] [stderr]    Compiling web_atoms v0.2.6
[INFO] [stderr]     Checking tinyvec v1.13.2
[INFO] [stderr]     Checking simd-adler32 v0.3.10
[INFO] [stderr]    Compiling dirs-sys v0.5.0
[INFO] [stderr]     Checking unicode-normalization v0.1.25
[INFO] [stderr]    Compiling embed-resource v3.0.11
[INFO] [stderr]    Compiling infer v0.19.0
[INFO] [stderr]    Compiling generic-array v0.14.7
[INFO] [stderr]    Compiling dirs v6.0.0
[INFO] [stderr]    Compiling tauri-winres v0.3.6
[INFO] [stderr]     Checking miniz_oxide v0.9.1
[INFO] [stderr]    Compiling markup5ever v0.38.0
[INFO] [stderr]    Compiling toml_edit v0.25.13+spec-1.1.0
[INFO] [stderr]     Checking x11 v2.21.0
[INFO] [stderr]    Compiling html5ever v0.38.0
[INFO] [stderr]     Checking flate2 v1.1.10
[INFO] [stderr]     Checking concurrent-queue v2.5.0
[INFO] [stderr]    Compiling ring v0.17.14
[INFO] [stderr]     Checking hashbrown v0.17.1
[INFO] [stderr]    Compiling proc-macro-crate v3.5.0
[INFO] [stderr]    Compiling dom_query v0.27.0
[INFO] [stderr]    Compiling crypto-common v0.1.7
[INFO] [stderr]    Compiling block-buffer v0.10.4
[INFO] [stderr]     Checking crossbeam-channel v0.5.17
[INFO] [stderr]    Compiling num-traits v0.2.19
[INFO] [stderr]    Compiling darling_core v0.24.1
[INFO] [stderr]    Compiling png v0.17.16
[INFO] [stderr]     Checking rustls-pki-types v1.15.1
[INFO] [stderr]    Compiling digest v0.10.7
[INFO] [stderr]     Checking x11-dl v2.21.0
[INFO] [stderr]     Checking miniz_oxide v0.8.9
[INFO] [stderr]     Checking fdeflate v0.3.7
[INFO] [stderr]     Checking getrandom v0.2.17
[INFO] [stderr]     Checking libloading v0.7.4
[INFO] [stderr]    Compiling httparse v1.10.1
[INFO] [stderr]     Checking glob v0.3.4
[INFO] [stderr]    Compiling cpufeatures v0.2.17
[INFO] [stderr]    Compiling wry v0.55.1
[INFO] [stderr]     Checking dunce v1.0.5
[INFO] [stderr]    Compiling tauri-runtime v2.11.3
[INFO] [stderr]     Checking unicode-segmentation v1.13.3
[INFO] [stderr]     Checking semver v1.0.28
[INFO] [stderr]    Compiling sha2 v0.10.9
[INFO] [stderr]    Compiling serde_derive v1.0.229
[INFO] [stderr]    Compiling zerovec-derive v0.11.6
[INFO] [stderr]    Compiling displaydoc v0.2.7
[INFO] [stderr]    Compiling thiserror-impl v2.0.20
[INFO] [stderr]    Compiling futures-macro v0.3.34
[INFO] [stderr]    Compiling zerotrie v0.2.5
[INFO] [stderr]     Checking futures-util v0.3.34
[INFO] [stderr]    Compiling zerovec v0.11.8
[INFO] [stderr]    Compiling thiserror v2.0.20
[INFO] [stderr]     Checking dlopen2 v0.8.2
[INFO] [stderr]     Checking png v0.18.1
[INFO] [stderr]    Compiling ico v0.5.0
[INFO] [stderr]    Compiling tinystr v0.8.4
[INFO] [stderr]    Compiling potential_utf v0.1.6
[INFO] [stderr]    Compiling darling_macro v0.24.1
[INFO] [stderr]    Compiling icu_collections v2.3.0
[INFO] [stderr]    Compiling icu_locale_core v2.3.0
[INFO] [stderr]    Compiling darling v0.24.1
[INFO] [stderr]    Compiling serde_with_macros v3.23.0
[INFO] [stderr]     Checking dbus v0.9.12
[INFO] [stderr]    Compiling icu_provider v2.3.1
[INFO] [stderr]    Compiling serde_with v3.23.0
[INFO] [stderr]     Checking futures-executor v0.3.34
[INFO] [stderr]     Checking errno v0.3.14
[INFO] [stderr]    Compiling tauri-runtime-wry v2.11.4
[INFO] [stderr]     Checking icu_normalizer v2.3.0
[INFO] [stderr]     Checking icu_properties v2.3.0
[INFO] [stderr]    Compiling serde v1.0.229
[INFO] [stderr]    Compiling toml_datetime v0.6.3
[INFO] [stderr]    Compiling serde_spanned v0.6.9
[INFO] [stderr]    Compiling indexmap v1.9.3
[INFO] [stderr]    Compiling toml_edit v0.20.2
[INFO] [stderr]    Compiling jsonptr v0.6.3
[INFO] [stderr]    Compiling cargo-platform v0.1.9
[INFO] [stderr]    Compiling plist v1.10.1
[INFO] [stderr]    Compiling toml_edit v0.19.15
[INFO] [stderr]    Compiling cargo_metadata v0.19.2
[INFO] [stderr]    Compiling json-patch v3.0.1
[INFO] [stderr]    Compiling idna_adapter v1.2.2
[INFO] [stderr]    Compiling idna v1.1.0
[INFO] [stderr]     Checking rekey-core v0.1.0 (/opt/rustwide/workdir/crates/rekey-core)
[INFO] [stderr]    Compiling cargo_toml v0.22.3
[INFO] [stderr]     Checking dpi v0.1.2
[INFO] [stderr]    Compiling url v2.5.8
[INFO] [stderr]    Compiling zvariant_utils v4.2.0
[INFO] [stderr]     Checking urlpattern v0.3.0
[INFO] [stderr]    Compiling schemars v0.8.22
[INFO] [stderr]    Compiling proc-macro-crate v1.3.1
[INFO] [stderr]    Compiling toml v0.8.2
[INFO] [stderr]    Compiling proc-macro-crate v2.0.2
[INFO] [stderr]    Compiling zvariant_derive v5.15.0
[INFO] [stderr]    Compiling system-deps v6.2.2
[INFO] [stderr]    Compiling enumflags2 v0.7.12
[INFO] [stderr]    Compiling zcheapstr v1.1.0
[INFO] [stderr]     Checking keyboard-types v0.7.0
[INFO] [stderr]    Compiling tauri-utils v2.9.3
[INFO] [stderr]    Compiling glib-macros v0.18.5
[INFO] [stderr]    Compiling gtk3-macros v0.18.2
[INFO] [stderr]     Checking pxfm v0.1.30
[INFO] [stderr]    Compiling glib-sys v0.18.1
[INFO] [stderr]    Compiling gobject-sys v0.18.0
[INFO] [stderr]    Compiling gio-sys v0.18.1
[INFO] [stderr]    Compiling gdk-sys v0.18.2
[INFO] [stderr]    Compiling pango-sys v0.18.0
[INFO] [stderr]    Compiling gdk-pixbuf-sys v0.18.0
[INFO] [stderr]    Compiling cairo-sys-rs v0.18.2
[INFO] [stderr]    Compiling atk-sys v0.18.2
[INFO] [stderr]    Compiling gtk-sys v0.18.2
[INFO] [stderr]    Compiling soup3-sys v0.5.0
[INFO] [stderr]    Compiling gtk v0.18.2
[INFO] [stderr]    Compiling javascriptcore-rs-sys v1.1.1
[INFO] [stderr]    Compiling webkit2gtk-sys v2.0.2
[INFO] [stderr]    Compiling gdkx11-sys v0.18.2
[INFO] [stderr]    Compiling getrandom v0.3.4
[INFO] [stderr]    Compiling rustls v0.23.44
[INFO] [stderr]    Compiling zvariant v5.15.0
[INFO] [stderr]     Checking gdkwayland-sys v0.18.2
[INFO] [stderr]     Checking signal-hook-registry v1.4.8
[INFO] [stderr]     Checking async-io v2.6.0
[INFO] [stderr]     Checking rustls-webpki v0.103.15
[INFO] [stderr]     Checking moxcms v0.8.1
[INFO] [stderr]    Compiling serde_repr v0.1.21
[INFO] [stderr]     Checking glib v0.18.5
[INFO] [stderr]     Checking async-channel v2.5.0
[INFO] [stderr]    Compiling serialize-to-javascript-impl v0.1.2
[INFO] [stderr]     Checking bytemuck v1.25.2
[INFO] [stderr]     Checking byteorder-lite v0.1.0
[INFO] [stderr]     Checking subtle v2.6.1
[INFO] [stderr]     Checking serialize-to-javascript v0.1.2
[INFO] [stderr]     Checking libappindicator-sys v0.9.0
[INFO] [stderr]     Checking ureq-proto v0.6.2
[INFO] [stderr]    Compiling zbus_names v4.3.4
[INFO] [stderr]     Checking async-signal v0.2.14
[INFO] [stderr]     Checking rekey-hook v0.1.0 (/opt/rustwide/workdir/crates/rekey-hook)
[INFO] [stderr]     Checking webpki-roots v1.0.9
[INFO] [stderr]     Checking tokio v1.53.1
[INFO] [stderr]     Checking dirs-sys v0.3.7
[INFO] [stderr]     Checking is-docker v0.2.0
[INFO] [stderr]     Checking heck v0.5.0
[INFO] [stderr]     Checking utf8parse v0.2.2
[INFO] [stderr]     Checking mime v0.3.17
[INFO] [stderr]     Checking utf8-zero v0.8.1
[INFO] [stderr]     Checking anstyle-parse v1.0.0
[INFO] [stderr]     Checking is-wsl v0.4.0
[INFO] [stderr]     Checking dirs v4.0.0
[INFO] [stderr]    Compiling zbus_macros v5.19.0
[INFO] [stderr]     Checking async-process v2.5.0
[INFO] [stderr]     Checking blocking v1.7.0
[INFO] [stderr]     Checking async-executor v1.14.0
[INFO] [stderr]     Checking image v0.25.10
[INFO] [stderr]    Compiling async-trait v0.1.92
[INFO] [stderr]     Checking ordered-stream v0.2.0
[INFO] [stderr]    Compiling async-recursion v1.1.1
[INFO] [stderr]     Checking ureq v3.4.1
[INFO] [stderr]     Checking anstyle-query v1.1.5
[INFO] [stderr]     Checking colorchoice v1.0.5
[INFO] [stderr]     Checking jiff-core v0.1.0
[INFO] [stderr]     Checking is_terminal_polyfill v1.70.2
[INFO] [stderr]     Checking anstyle v1.0.14
[INFO] [stderr]     Checking anstream v1.0.0
[INFO] [stderr]     Checking auto-launch v0.5.0
[INFO] [stderr]     Checking open v5.4.3
[INFO] [stderr]     Checking env_filter v2.0.0
[INFO] [stderr]     Checking rekey-ai v0.1.0 (/opt/rustwide/workdir/crates/rekey-ai)
[INFO] [stdout] error[E0425]: cannot find function `current_layout` in module `platform`
[INFO] [stdout]   --> crates/rekey-hook/examples/doctor.rs:23:21
[INFO] [stdout]    |
[INFO] [stdout] 23 |     match platform::current_layout() {
[INFO] [stdout]    |                     ^^^^^^^^^^^^^^ not found in `platform`
[INFO] [stdout] 
[INFO] [stdout] 
[INFO] [stdout] error[E0425]: cannot find function `frontmost_app` in module `platform`
[INFO] [stdout]   --> crates/rekey-hook/examples/doctor.rs:33:21
[INFO] [stdout]    |
[INFO] [stdout] 33 |     match platform::frontmost_app() {
[INFO] [stdout]    |                     ^^^^^^^^^^^^^ not found in `platform`
[INFO] [stdout] 
[INFO] [stdout] 
[INFO] [stdout] error[E0425]: cannot find function `secure_input_active` in module `platform`
[INFO] [stdout]   --> crates/rekey-hook/examples/doctor.rs:40:22
[INFO] [stdout]    |
[INFO] [stdout] 40 |         if platform::secure_input_active() {
[INFO] [stdout]    |                      ^^^^^^^^^^^^^^^^^^^ not found in `platform`
[INFO] [stdout] 
[INFO] [stdout] 
[INFO] [stdout] error[E0277]: the size for values of type `str` cannot be known at compilation time
[INFO] [stdout]   --> crates/rekey-hook/examples/doctor.rs:24:14
[INFO] [stdout]    |
[INFO] [stdout] 24 |         Some(layout) => {
[INFO] [stdout]    |              ^^^^^^ doesn't have a size known at compile-time
[INFO] [stdout]    |
[INFO] [stdout]    = help: the trait `Sized` is not implemented for `str`
[INFO] [stdout]    = note: all local variables must have a statically known size
[INFO] [stdout] 
[INFO] [stdout] 
[INFO] [stdout] error[E0277]: the size for values of type `str` cannot be known at compilation time
[INFO] [stdout]   --> crates/rekey-hook/examples/doctor.rs:28:43
[INFO] [stdout]    |
[INFO] [stdout] 28 |             println!("  active layout     {layout}  ({name})");
[INFO] [stdout]    |                                           ^^^^^^^^ doesn't have a size known at compile-time
[INFO] [stdout]    |
[INFO] [stdout]    = help: the trait `Sized` is not implemented for `str`
[INFO] [stdout] 
[INFO] [stdout] 
[INFO] [stdout] Some errors have detailed explanations: E0277, E0425.
[INFO] [stdout] 
[INFO] [stdout] For more information about an error, try `rustc --explain E0277`.
[INFO] [stdout] 
[INFO] [stderr] error: could not compile `rekey-hook` (example "doctor") due to 5 previous errors
[INFO] [stderr] warning: build failed, waiting for other jobs to finish...
[INFO] [stderr] warning: unused dependency `rekey-core`
[INFO] [stderr]   --> crates/rekey-ai/Cargo.toml:10:1
[INFO] [stderr]    |
[INFO] [stderr] 10 | rekey-core = { workspace = true }
[INFO] [stderr]    | ^^^^^^^^^^^^^^^^^^^^^^^^^^^^^^^^^
[INFO] [stderr]    |
[INFO] [stderr]    = note: `cargo::unused_dependencies` is set to `warn` by default
[INFO] [stderr] help: consider removing the dependency on `rekey-core`
[INFO] [stderr] warning: `rekey-ai` (manifest) generated 1 warning
[INFO] running `Command { std: "docker" "inspect" "bcf2a1c8dcdcb698fa13f45bfe96f987cf3b9704dc684496ab7ac92a6af3d283", kill_on_drop: false }`
[INFO] running `Command { std: "docker" "rm" "-f" "bcf2a1c8dcdcb698fa13f45bfe96f987cf3b9704dc684496ab7ac92a6af3d283", kill_on_drop: false }`
[INFO] [stdout] bcf2a1c8dcdcb698fa13f45bfe96f987cf3b9704dc684496ab7ac92a6af3d283
