[INFO] cloning repository https://github.com/roundhouses/Drive
[INFO] running `Command { std: "git" "-c" "credential.helper=" "-c" "credential.helper=/workspace/cargo-home/bin/git-credential-null" "clone" "--bare" "https://github.com/roundhouses/Drive" "/workspace/cache/git-repos/https%3A%2F%2Fgithub.com%2Froundhouses%2FDrive", kill_on_drop: false }`
[INFO] [stderr] Cloning into bare repository '/workspace/cache/git-repos/https%3A%2F%2Fgithub.com%2Froundhouses%2FDrive'...
[INFO] running `Command { std: "git" "rev-parse" "HEAD", kill_on_drop: false }`
[INFO] [stdout] 2d1864e4f48b7cdf3114e99aec80664aaec018a6
[INFO] checking roundhouses/Drive against 3154cc1a3e6424e44f438a95007d043ed5ceaaf6+rustflags=-Znext-solver=coherence for pr-133502-30
[INFO] running `Command { std: "git" "clone" "/workspace/cache/git-repos/https%3A%2F%2Fgithub.com%2Froundhouses%2FDrive" "/workspace/builds/worker-1-tc1/source", kill_on_drop: false }`
[INFO] [stderr] Cloning into '/workspace/builds/worker-1-tc1/source'...
[INFO] [stderr] done.
[INFO] started tweaking git repo https://github.com/roundhouses/Drive
[INFO] finished tweaking git repo https://github.com/roundhouses/Drive
[INFO] tweaked toml for git repo https://github.com/roundhouses/Drive written to /workspace/builds/worker-1-tc1/source/Cargo.toml
[INFO] validating manifest of git repo https://github.com/roundhouses/Drive on toolchain 3154cc1a3e6424e44f438a95007d043ed5ceaaf6
[INFO] running `Command { std: CARGO_HOME="/workspace/cargo-home" RUSTUP_HOME="/workspace/rustup-home" "/workspace/cargo-home/bin/cargo" "+3154cc1a3e6424e44f438a95007d043ed5ceaaf6" "metadata" "--manifest-path" "Cargo.toml" "--no-deps", kill_on_drop: false }`
[INFO] crate git repo https://github.com/roundhouses/Drive already has a lockfile, it will not be regenerated
[INFO] running `Command { std: CARGO_HOME="/workspace/cargo-home" RUSTUP_HOME="/workspace/rustup-home" "/workspace/cargo-home/bin/cargo" "+3154cc1a3e6424e44f438a95007d043ed5ceaaf6" "fetch" "--manifest-path" "Cargo.toml", kill_on_drop: false }`
[INFO] [stderr] warning: virtual workspace defaulting to `resolver = "1"` despite one or more workspace members being on edition 2024 which implies `resolver = "3"`
[INFO] [stderr]   |
[INFO] [stderr]   = note: to keep the current resolver, specify `workspace.resolver = "1"` in the workspace root's manifest
[INFO] [stderr]   = note: to use the edition 2024 resolver, specify `workspace.resolver = "3"` in the workspace root's manifest
[INFO] [stderr]   = note: for more details see https://doc.rust-lang.org/cargo/reference/resolver.html#resolver-versions
[INFO] [stderr]     Updating crates.io index
[INFO] [stderr]  Downloading crates ...
[INFO] [stderr]   Downloaded gobject-sys v0.22.6
[INFO] [stderr]   Downloaded gdk-pixbuf-sys v0.22.0
[INFO] [stderr]   Downloaded cairo-sys-rs v0.22.0
[INFO] [stderr]   Downloaded pango-sys v0.22.0
[INFO] [stderr]   Downloaded graphene-sys v0.22.8
[INFO] [stderr]   Downloaded ipckit v0.1.12
[INFO] [stderr]   Downloaded gsk4-sys v0.11.4
[INFO] [stderr]   Downloaded gdk-pixbuf v0.22.0
[INFO] [stderr]   Downloaded graphene-rs v0.22.8
[INFO] [stderr]   Downloaded gtk4-macros v0.11.4
[INFO] [stderr]   Downloaded gsk4 v0.11.4
[INFO] [stderr]   Downloaded cairo-rs v0.22.0
[INFO] [stderr]   Downloaded pango v0.22.8
[INFO] [stderr]   Downloaded glib-sys v0.22.8
[INFO] [stderr]   Downloaded glib-macros v0.22.6
[INFO] [stderr]   Downloaded gdk4-sys v0.11.4
[INFO] [stderr]   Downloaded gio-sys v0.22.8
[INFO] [stderr]   Downloaded gdk4 v0.11.4
[INFO] [stderr]   Downloaded gtk4-sys v0.11.4
[INFO] [stderr]   Downloaded gio v0.22.8
[INFO] [stderr]   Downloaded glib v0.22.8
[INFO] [stderr]   Downloaded gtk4 v0.11.4
[INFO] running `Command { std: "docker" "create" "-v" "/var/lib/crater-agent-workspace/builds/worker-1-tc1/source:/opt/rustwide/workdir:ro,Z" "-v" "/var/lib/crater-agent-workspace/builds/worker-1-tc1/target:/opt/rustwide/target:rw,Z" "-v" "/var/lib/crater-agent-workspace/cargo-home:/opt/rustwide/cargo-home:ro,Z" "-v" "/var/lib/crater-agent-workspace/rustup-home:/opt/rustwide/rustup-home:ro,Z" "-m" "1610612736" "--network" "none" "ghcr.io/rust-lang/crates-build-env/linux@sha256:77db811e55d90add9212f6832c23229e3de5f1c1f9905e8cb07319ea15df73ac" "sleep" "infinity", kill_on_drop: false }`
[INFO] [stdout] 393f4b5eac515728c821d2e50513c518c853d387b9400fe9d07bee53e9fa6790
[INFO] running `Command { std: "docker" "start" "393f4b5eac515728c821d2e50513c518c853d387b9400fe9d07bee53e9fa6790", kill_on_drop: false }`
[INFO] running `Command { std: "docker" "inspect" "393f4b5eac515728c821d2e50513c518c853d387b9400fe9d07bee53e9fa6790", kill_on_drop: false }`
[INFO] running `Command { std: "docker" "exec" "-e" "SOURCE_DIR=/opt/rustwide/workdir" "-e" "CARGO_HOME=/opt/rustwide/cargo-home" "-e" "RUSTUP_HOME=/opt/rustwide/rustup-home" "-e" "CARGO_TARGET_DIR=/opt/rustwide/target" "-w" "/opt/rustwide/workdir" "--user" "0:0" "393f4b5eac515728c821d2e50513c518c853d387b9400fe9d07bee53e9fa6790" "/opt/rustwide/cargo-home/bin/cargo" "+3154cc1a3e6424e44f438a95007d043ed5ceaaf6" "metadata" "--no-deps" "--format-version=1", kill_on_drop: false }`
[INFO] running `Command { std: "docker" "inspect" "393f4b5eac515728c821d2e50513c518c853d387b9400fe9d07bee53e9fa6790", kill_on_drop: false }`
[INFO] running `Command { std: "docker" "exec" "-e" "SOURCE_DIR=/opt/rustwide/workdir" "-e" "CARGO_HOME=/opt/rustwide/cargo-home" "-e" "RUSTUP_HOME=/opt/rustwide/rustup-home" "-e" "CARGO_TARGET_DIR=/opt/rustwide/target" "-e" "CARGO_INCREMENTAL=0" "-e" "RUST_BACKTRACE=full" "-e" "RUSTFLAGS=--cap-lints=forbid -Znext-solver=coherence" "-e" "RUSTDOCFLAGS=--cap-lints=forbid" "-w" "/opt/rustwide/workdir" "--user" "0:0" "393f4b5eac515728c821d2e50513c518c853d387b9400fe9d07bee53e9fa6790" "/opt/rustwide/cargo-home/bin/cargo" "+3154cc1a3e6424e44f438a95007d043ed5ceaaf6" "check" "--frozen" "--all" "--all-targets" "--message-format=json", kill_on_drop: false }`
[INFO] [stderr] warning: virtual workspace defaulting to `resolver = "1"` despite one or more workspace members being on edition 2024 which implies `resolver = "3"`
[INFO] [stderr]   |
[INFO] [stderr]   = note: to keep the current resolver, specify `workspace.resolver = "1"` in the workspace root's manifest
[INFO] [stderr]   = note: to use the edition 2024 resolver, specify `workspace.resolver = "3"` in the workspace root's manifest
[INFO] [stderr]   = note: for more details see https://doc.rust-lang.org/cargo/reference/resolver.html#resolver-versions
[INFO] [stderr]    Compiling smallvec v1.15.2
[INFO] [stderr]    Compiling toml v1.1.4+spec-1.1.0
[INFO] [stderr]     Checking futures-channel v0.3.34
[INFO] [stderr]     Checking bitflags v2.13.1
[INFO] [stderr]     Checking aho-corasick v1.1.5
[INFO] [stderr]    Compiling field-offset v0.3.6
[INFO] [stderr]    Compiling futures-macro v0.3.34
[INFO] [stderr]    Compiling glib-macros v0.22.6
[INFO] [stderr]     Checking tracing v0.1.44
[INFO] [stderr]     Checking serde_json v1.0.151
[INFO] [stderr]     Checking serde v1.0.229
[INFO] [stderr]     Checking crossbeam-channel v0.5.17
[INFO] [stderr]    Compiling gtk4-macros v0.11.4
[INFO] [stderr]    Compiling cfg-expr v0.20.9
[INFO] [stderr]     Checking futures-util v0.3.34
[INFO] [stderr]     Checking regex-automata v0.4.18
[INFO] [stderr]    Compiling system-deps v7.0.8
[INFO] [stderr]    Compiling glib-sys v0.22.8
[INFO] [stderr]    Compiling gobject-sys v0.22.6
[INFO] [stderr]    Compiling gio-sys v0.22.8
[INFO] [stderr]    Compiling cairo-sys-rs v0.22.0
[INFO] [stderr]    Compiling pango-sys v0.22.0
[INFO] [stderr]    Compiling gdk-pixbuf-sys v0.22.0
[INFO] [stderr]    Compiling gdk4-sys v0.11.4
[INFO] [stderr]    Compiling graphene-sys v0.22.8
[INFO] [stderr]    Compiling gsk4-sys v0.11.4
[INFO] [stderr]    Compiling gtk4-sys v0.11.4
[INFO] [stderr]     Checking regex v1.13.1
[INFO] [stderr]     Checking ipckit v0.1.12
[INFO] [stderr]     Checking futures-executor v0.3.34
[INFO] [stderr]     Checking glib v0.22.8
[INFO] [stderr]     Checking pipeline v0.1.0 (/opt/rustwide/workdir/pipeline)
[INFO] [stdout] warning: unused import: `std::io::Write`
[INFO] [stdout]  --> pipeline/src/lib.rs:1:5
[INFO] [stdout]   |
[INFO] [stdout] 1 | use std::io::Write;
[INFO] [stdout]   |     ^^^^^^^^^^^^^^
[INFO] [stdout]   |
[INFO] [stdout]   = note: `#[warn(unused_imports)]` (part of `#[warn(unused)]`) on by default
[INFO] [stdout] 
[INFO] [stdout] 
[INFO] [stdout] warning: function `connect_windows` is never used
[INFO] [stdout]  --> pipeline/src/lib.rs:5:4
[INFO] [stdout]   |
[INFO] [stdout] 5 | fn connect_windows() -> Result<(), IpcError> {
[INFO] [stdout]   |    ^^^^^^^^^^^^^^^
[INFO] [stdout]   |
[INFO] [stdout]   = note: `#[warn(dead_code)]` (part of `#[warn(unused)]`) on by default
[INFO] [stdout] 
[INFO] [stdout] 
[INFO] [stdout] warning: unused import: `std::io::Write`
[INFO] [stdout]  --> pipeline/src/lib.rs:1:5
[INFO] [stdout]   |
[INFO] [stdout] 1 | use std::io::Write;
[INFO] [stdout]   |     ^^^^^^^^^^^^^^
[INFO] [stdout]   |
[INFO] [stdout]   = note: `#[warn(unused_imports)]` (part of `#[warn(unused)]`) on by default
[INFO] [stdout] 
[INFO] [stdout] 
[INFO] [stdout] warning: function `connect_windows` is never used
[INFO] [stdout]  --> pipeline/src/lib.rs:5:4
[INFO] [stdout]   |
[INFO] [stdout] 5 | fn connect_windows() -> Result<(), IpcError> {
[INFO] [stdout]   |    ^^^^^^^^^^^^^^^
[INFO] [stdout]   |
[INFO] [stdout]   = note: `#[warn(dead_code)]` (part of `#[warn(unused)]`) on by default
[INFO] [stdout] 
[INFO] [stdout] 
[INFO] [stderr]     Checking gio v0.22.8
[INFO] [stderr]     Checking cairo-rs v0.22.0
[INFO] [stderr]     Checking graphene-rs v0.22.8
[INFO] [stderr]     Checking pango v0.22.8
[INFO] [stderr]     Checking gdk-pixbuf v0.22.0
[INFO] [stderr]     Checking gdk4 v0.11.4
[INFO] [stderr]     Checking gsk4 v0.11.4
[INFO] [stderr]     Checking gtk4 v0.11.4
[INFO] [stderr]     Checking drive v0.1.0 (/opt/rustwide/workdir/drive)
[INFO] [stdout] error[E0425]: cannot find type `Widget` in this scope
[INFO] [stdout]   --> drive/src/stacks/welcome.rs:13:26
[INFO] [stdout]    |
[INFO] [stdout] 13 |     let mut widgets: Vec<Widget> = Vec::new();
[INFO] [stdout]    |                          ^^^^^^ not found in this scope
[INFO] [stdout]    |
[INFO] [stdout] help: consider importing one of these structs
[INFO] [stdout]    |
[INFO] [stdout]  1 + use crate::Widget;
[INFO] [stdout]    |
[INFO] [stdout]  1 + use gtk::Widget;
[INFO] [stdout]    |
[INFO] [stdout] 
[INFO] [stdout] 
[INFO] [stdout] error[E0425]: cannot find value `window` in this scope
[INFO] [stdout]   --> drive/src/stacks/welcome.rs:19:9
[INFO] [stdout]    |
[INFO] [stdout] 19 |         window.set_child(Some(widget));
[INFO] [stdout]    |         ^^^^^^ not found in this scope
[INFO] [stdout] 
[INFO] [stdout] 
[INFO] [stdout] error[E0425]: cannot find value `widgets` in this scope
[INFO] [stdout]   --> drive/src/main.rs:36:14
[INFO] [stdout]    |
[INFO] [stdout] 36 |         &mut widgets,
[INFO] [stdout]    |              ^^^^^^^ not found in this scope
[INFO] [stdout] 
[INFO] [stdout] 
[INFO] [stdout] error[E0425]: cannot find value `widgets` in this scope
[INFO] [stdout]   --> drive/src/main.rs:44:14
[INFO] [stdout]    |
[INFO] [stdout] 44 |         &mut widgets,
[INFO] [stdout]    |              ^^^^^^^ not found in this scope
[INFO] [stdout] 
[INFO] [stdout] 
[INFO] [stdout] warning: unused import: `Widget`
[INFO] [stdout]  --> drive/src/main.rs:3:37
[INFO] [stdout]   |
[INFO] [stdout] 3 |     Application, ApplicationWindow, Widget,
[INFO] [stdout]   |                                     ^^^^^^
[INFO] [stdout]   |
[INFO] [stdout]   = note: `#[warn(unused_imports)]` (part of `#[warn(unused)]`) on by default
[INFO] [stdout] 
[INFO] [stdout] 
[INFO] [stdout] warning: unused import: `Label`
[INFO] [stdout]  --> drive/src/components/Label.rs:1:33
[INFO] [stdout]   |
[INFO] [stdout] 1 | use gtk::{Align, Justification, Label, pango::WrapMode};
[INFO] [stdout]   |                                 ^^^^^
[INFO] [stdout] 
[INFO] [stdout] 
[INFO] [stdout] warning: type `drive_stack_switcher` should have an upper camel case name
[INFO] [stdout]  --> drive/src/components/StackSwitcher.rs:3:12
[INFO] [stdout]   |
[INFO] [stdout] 3 | pub struct drive_stack_switcher<'a> {
[INFO] [stdout]   |            ^^^^^^^^^^^^^^^^^^^^ help: convert the identifier to upper camel case: `DriveStackSwitcher`
[INFO] [stdout]   |
[INFO] [stdout]   = note: `#[warn(non_camel_case_types)]` (part of `#[warn(nonstandard_style)]`) on by default
[INFO] [stdout] 
[INFO] [stdout] 
[INFO] [stdout] error[E0425]: cannot find type `Widget` in this scope
[INFO] [stdout]   --> drive/src/stacks/welcome.rs:13:26
[INFO] [stdout]    |
[INFO] [stdout] 13 |     let mut widgets: Vec<Widget> = Vec::new();
[INFO] [stdout]    |                          ^^^^^^ not found in this scope
[INFO] [stdout]    |
[INFO] [stdout] help: consider importing one of these structs
[INFO] [stdout]    |
[INFO] [stdout]  1 + use crate::Widget;
[INFO] [stdout]    |
[INFO] [stdout]  1 + use gtk::Widget;
[INFO] [stdout]    |
[INFO] [stdout] 
[INFO] [stdout] 
[INFO] [stdout] error[E0425]: cannot find value `window` in this scope
[INFO] [stdout]   --> drive/src/stacks/welcome.rs:19:9
[INFO] [stdout]    |
[INFO] [stdout] 19 |         window.set_child(Some(widget));
[INFO] [stdout]    |         ^^^^^^ not found in this scope
[INFO] [stdout] 
[INFO] [stdout] 
[INFO] [stdout] error[E0425]: cannot find value `widgets` in this scope
[INFO] [stdout]   --> drive/src/main.rs:36:14
[INFO] [stdout]    |
[INFO] [stdout] 36 |         &mut widgets,
[INFO] [stdout]    |              ^^^^^^^ not found in this scope
[INFO] [stdout] 
[INFO] [stdout] 
[INFO] [stdout] error[E0425]: cannot find value `widgets` in this scope
[INFO] [stdout]   --> drive/src/main.rs:44:14
[INFO] [stdout]    |
[INFO] [stdout] 44 |         &mut widgets,
[INFO] [stdout]    |              ^^^^^^^ not found in this scope
[INFO] [stdout] 
[INFO] [stdout] 
[INFO] [stdout] warning: unused import: `Widget`
[INFO] [stdout]  --> drive/src/main.rs:3:37
[INFO] [stdout]   |
[INFO] [stdout] 3 |     Application, ApplicationWindow, Widget,
[INFO] [stdout]   |                                     ^^^^^^
[INFO] [stdout]   |
[INFO] [stdout]   = note: `#[warn(unused_imports)]` (part of `#[warn(unused)]`) on by default
[INFO] [stdout] 
[INFO] [stdout] 
[INFO] [stdout] warning: unused import: `Label`
[INFO] [stdout]  --> drive/src/components/Label.rs:1:33
[INFO] [stdout]   |
[INFO] [stdout] 1 | use gtk::{Align, Justification, Label, pango::WrapMode};
[INFO] [stdout]   |                                 ^^^^^
[INFO] [stdout] 
[INFO] [stdout] 
[INFO] [stdout] warning: type `drive_stack_switcher` should have an upper camel case name
[INFO] [stdout]  --> drive/src/components/StackSwitcher.rs:3:12
[INFO] [stdout]   |
[INFO] [stdout] 3 | pub struct drive_stack_switcher<'a> {
[INFO] [stdout]   |            ^^^^^^^^^^^^^^^^^^^^ help: convert the identifier to upper camel case: `DriveStackSwitcher`
[INFO] [stdout]   |
[INFO] [stdout]   = note: `#[warn(non_camel_case_types)]` (part of `#[warn(nonstandard_style)]`) on by default
[INFO] [stdout] 
[INFO] [stdout] 
[INFO] [stdout] error[E0599]: no method named `add` found for struct `Stack` in the current scope
[INFO] [stdout]   --> drive/src/stacks/welcome.rs:15:11
[INFO] [stdout]    |
[INFO] [stdout] 15 |     stack.add(&wlc);
[INFO] [stdout]    |           ^^^ method not found in `Stack`
[INFO] [stdout] 
[INFO] [stdout] 
[INFO] [stdout] error[E0618]: expected function, found `FilterMatch`
[INFO] [stdout]   --> drive/src/stacks/welcome.rs:19:26
[INFO] [stdout]    |
[INFO] [stdout] 19 |         window.set_child(Some(widget));
[INFO] [stdout]    |                          ^^^^--------
[INFO] [stdout]    |                          |
[INFO] [stdout]    |                          call expression requires function
[INFO] [stdout] 
[INFO] [stdout] 
[INFO] [stdout] error[E0599]: no method named `add` found for struct `Stack` in the current scope
[INFO] [stdout]   --> drive/src/stacks/welcome.rs:15:11
[INFO] [stdout]    |
[INFO] [stdout] 15 |     stack.add(&wlc);
[INFO] [stdout]    |           ^^^ method not found in `Stack`
[INFO] [stdout] 
[INFO] [stdout] 
[INFO] [stdout] Some errors have detailed explanations: E0425, E0599, E0618.
[INFO] [stdout] 
[INFO] [stdout] For more information about an error, try `rustc --explain E0425`.
[INFO] [stdout] 
[INFO] [stdout] error[E0618]: expected function, found `FilterMatch`
[INFO] [stdout]   --> drive/src/stacks/welcome.rs:19:26
[INFO] [stdout]    |
[INFO] [stdout] 19 |         window.set_child(Some(widget));
[INFO] [stdout]    |                          ^^^^--------
[INFO] [stdout]    |                          |
[INFO] [stdout]    |                          call expression requires function
[INFO] [stdout] 
[INFO] [stdout] 
[INFO] [stderr] error: could not compile `drive` (bin "drive") due to 6 previous errors; 3 warnings emitted
[INFO] [stderr] warning: build failed, waiting for other jobs to finish...
[INFO] [stdout] Some errors have detailed explanations: E0425, E0599, E0618.
[INFO] [stdout] 
[INFO] [stdout] For more information about an error, try `rustc --explain E0425`.
[INFO] [stdout] 
[INFO] [stderr] error: could not compile `drive` (bin "drive" test) due to 6 previous errors; 3 warnings emitted
[INFO] running `Command { std: "docker" "inspect" "393f4b5eac515728c821d2e50513c518c853d387b9400fe9d07bee53e9fa6790", kill_on_drop: false }`
[INFO] running `Command { std: "docker" "rm" "-f" "393f4b5eac515728c821d2e50513c518c853d387b9400fe9d07bee53e9fa6790", kill_on_drop: false }`
[INFO] [stdout] 393f4b5eac515728c821d2e50513c518c853d387b9400fe9d07bee53e9fa6790
