[INFO] cloning repository https://github.com/ronanyeah/x-sdk
[INFO] running `Command { std: "git" "-c" "credential.helper=" "-c" "credential.helper=/workspace/cargo-home/bin/git-credential-null" "clone" "--bare" "https://github.com/ronanyeah/x-sdk" "/workspace/cache/git-repos/https%3A%2F%2Fgithub.com%2Fronanyeah%2Fx-sdk", kill_on_drop: false }`
[INFO] [stderr] Cloning into bare repository '/workspace/cache/git-repos/https%3A%2F%2Fgithub.com%2Fronanyeah%2Fx-sdk'...
[INFO] running `Command { std: "git" "rev-parse" "HEAD", kill_on_drop: false }`
[INFO] [stdout] 9f5ed4d9b25c23ca5cdc3bc3d5eb7d45a99a7d7f
[INFO] checking ronanyeah/x-sdk against 3154cc1a3e6424e44f438a95007d043ed5ceaaf6+rustflags=-Znext-solver=coherence for pr-133502-30
[INFO] running `Command { std: "git" "clone" "/workspace/cache/git-repos/https%3A%2F%2Fgithub.com%2Fronanyeah%2Fx-sdk" "/workspace/builds/worker-2-tc1/source", kill_on_drop: false }`
[INFO] [stderr] Cloning into '/workspace/builds/worker-2-tc1/source'...
[INFO] [stderr] done.
[INFO] started tweaking git repo https://github.com/ronanyeah/x-sdk
[INFO] finished tweaking git repo https://github.com/ronanyeah/x-sdk
[INFO] tweaked toml for git repo https://github.com/ronanyeah/x-sdk written to /workspace/builds/worker-2-tc1/source/Cargo.toml
[INFO] validating manifest of git repo https://github.com/ronanyeah/x-sdk on toolchain 3154cc1a3e6424e44f438a95007d043ed5ceaaf6
[INFO] running `Command { std: CARGO_HOME="/workspace/cargo-home" RUSTUP_HOME="/workspace/rustup-home" "/workspace/cargo-home/bin/cargo" "+3154cc1a3e6424e44f438a95007d043ed5ceaaf6" "metadata" "--manifest-path" "Cargo.toml" "--no-deps", kill_on_drop: false }`
[INFO] crate git repo https://github.com/ronanyeah/x-sdk already has a lockfile, it will not be regenerated
[INFO] running `Command { std: CARGO_HOME="/workspace/cargo-home" RUSTUP_HOME="/workspace/rustup-home" "/workspace/cargo-home/bin/cargo" "+3154cc1a3e6424e44f438a95007d043ed5ceaaf6" "fetch" "--manifest-path" "Cargo.toml", kill_on_drop: false }`
[INFO] [stderr]  Downloading crates ...
[INFO] [stderr]   Downloaded serde_with_macros v3.22.0
[INFO] [stderr]   Downloaded darling v0.23.0
[INFO] [stderr]   Downloaded darling_macro v0.23.0
[INFO] [stderr]   Downloaded jiff-static v0.2.35
[INFO] [stderr]   Downloaded darling_core v0.23.0
[INFO] [stderr]   Downloaded find-msvc-tools v0.1.10
[INFO] [stderr]   Downloaded native-tls v0.2.18
[INFO] [stderr]   Downloaded rustls-webpki v0.103.14
[INFO] [stderr]   Downloaded openssl-sys v0.9.117
[INFO] [stderr]   Downloaded cc v1.4.2
[INFO] [stderr]   Downloaded serde_with v3.22.0
[INFO] [stderr]   Downloaded jiff-core v0.1.0
[INFO] [stderr]   Downloaded reqwest v0.13.4
[INFO] [stderr]   Downloaded aws-lc-rs v1.18.0
[INFO] [stderr]   Downloaded openssl v0.10.81
[INFO] [stderr]   Downloaded jiff v0.2.35
[INFO] [stderr]   Downloaded aws-lc-sys v0.44.0
[INFO] running `Command { std: "docker" "create" "-v" "/var/lib/crater-agent-workspace/builds/worker-2-tc1/source:/opt/rustwide/workdir:ro,Z" "-v" "/var/lib/crater-agent-workspace/builds/worker-2-tc1/target:/opt/rustwide/target:rw,Z" "-v" "/var/lib/crater-agent-workspace/cargo-home:/opt/rustwide/cargo-home:ro,Z" "-v" "/var/lib/crater-agent-workspace/rustup-home:/opt/rustwide/rustup-home:ro,Z" "-m" "1610612736" "--network" "none" "ghcr.io/rust-lang/crates-build-env/linux@sha256:77db811e55d90add9212f6832c23229e3de5f1c1f9905e8cb07319ea15df73ac" "sleep" "infinity", kill_on_drop: false }`
[INFO] [stdout] c513f5da6a3ed7e5681f65e37bdd46c0233b61772d3228990c816d472b515857
[INFO] running `Command { std: "docker" "start" "c513f5da6a3ed7e5681f65e37bdd46c0233b61772d3228990c816d472b515857", kill_on_drop: false }`
[INFO] running `Command { std: "docker" "inspect" "c513f5da6a3ed7e5681f65e37bdd46c0233b61772d3228990c816d472b515857", kill_on_drop: false }`
[INFO] running `Command { std: "docker" "exec" "-e" "SOURCE_DIR=/opt/rustwide/workdir" "-e" "CARGO_HOME=/opt/rustwide/cargo-home" "-e" "RUSTUP_HOME=/opt/rustwide/rustup-home" "-e" "CARGO_TARGET_DIR=/opt/rustwide/target" "-w" "/opt/rustwide/workdir" "--user" "0:0" "c513f5da6a3ed7e5681f65e37bdd46c0233b61772d3228990c816d472b515857" "/opt/rustwide/cargo-home/bin/cargo" "+3154cc1a3e6424e44f438a95007d043ed5ceaaf6" "metadata" "--no-deps" "--format-version=1", kill_on_drop: false }`
[INFO] running `Command { std: "docker" "inspect" "c513f5da6a3ed7e5681f65e37bdd46c0233b61772d3228990c816d472b515857", kill_on_drop: false }`
[INFO] running `Command { std: "docker" "exec" "-e" "SOURCE_DIR=/opt/rustwide/workdir" "-e" "CARGO_HOME=/opt/rustwide/cargo-home" "-e" "RUSTUP_HOME=/opt/rustwide/rustup-home" "-e" "CARGO_TARGET_DIR=/opt/rustwide/target" "-e" "CARGO_INCREMENTAL=0" "-e" "RUST_BACKTRACE=full" "-e" "RUSTFLAGS=--cap-lints=forbid -Znext-solver=coherence" "-e" "RUSTDOCFLAGS=--cap-lints=forbid" "-w" "/opt/rustwide/workdir" "--user" "0:0" "c513f5da6a3ed7e5681f65e37bdd46c0233b61772d3228990c816d472b515857" "/opt/rustwide/cargo-home/bin/cargo" "+3154cc1a3e6424e44f438a95007d043ed5ceaaf6" "check" "--frozen" "--all" "--all-targets" "--message-format=json", kill_on_drop: false }`
[INFO] [stderr]    Compiling proc-macro2 v1.0.107
[INFO] [stderr]    Compiling quote v1.0.47
[INFO] [stderr]    Compiling libc v0.2.189
[INFO] [stderr]     Checking stable_deref_trait v1.2.1
[INFO] [stderr]    Compiling find-msvc-tools v0.1.10
[INFO] [stderr]     Checking bytes v1.12.1
[INFO] [stderr]    Compiling shlex v2.0.1
[INFO] [stderr]     Checking pin-project-lite v0.2.17
[INFO] [stderr]    Compiling vcpkg v0.2.15
[INFO] [stderr]    Compiling pkg-config v0.3.33
[INFO] [stderr]     Checking futures-core v0.3.34
[INFO] [stderr]     Checking smallvec v1.15.2
[INFO] [stderr]     Checking litemap v0.8.2
[INFO] [stderr]     Checking writeable v0.6.3
[INFO] [stderr]    Compiling serde_core v1.0.229
[INFO] [stderr]    Compiling icu_properties_data v2.2.0
[INFO] [stderr]    Compiling icu_normalizer_data v2.2.0
[INFO] [stderr]     Checking utf8_iter v1.0.4
[INFO] [stderr]     Checking percent-encoding v2.3.2
[INFO] [stderr]    Compiling httparse v1.10.1
[INFO] [stderr]     Checking slab v0.4.12
[INFO] [stderr]    Compiling cc v1.4.2
[INFO] [stderr]     Checking bitflags v2.13.1
[INFO] [stderr]    Compiling openssl v0.10.81
[INFO] [stderr]     Checking futures-task v0.3.34
[INFO] [stderr]     Checking foreign-types-shared v0.1.1
[INFO] [stderr]    Compiling serde v1.0.229
[INFO] [stderr]     Checking foreign-types v0.3.2
[INFO] [stderr]     Checking once_cell v1.21.4
[INFO] [stderr]    Compiling native-tls v0.2.18
[INFO] [stderr]     Checking tower-service v0.3.3
[INFO] [stderr]     Checking futures-util v0.3.34
[INFO] [stderr]     Checking try-lock v0.2.5
[INFO] [stderr]    Compiling strsim v0.11.1
[INFO] [stderr]    Compiling ident_case v1.0.1
[INFO] [stderr]     Checking form_urlencoded v1.2.2
[INFO] [stderr]     Checking futures-channel v0.3.34
[INFO] [stderr]     Checking want v0.3.1
[INFO] [stderr]     Checking http v1.5.0
[INFO] [stderr]     Checking openssl-probe v0.2.1
[INFO] [stderr]     Checking atomic-waker v1.1.2
[INFO] [stderr]     Checking tracing-core v0.1.36
[INFO] [stderr]    Compiling zmij v1.0.23
[INFO] [stderr]    Compiling unicase v2.9.0
[INFO] [stderr]     Checking log v0.4.33
[INFO] [stderr]    Compiling autocfg v1.5.1
[INFO] [stderr]     Checking sync_wrapper v1.0.2
[INFO] [stderr]     Checking ipnet v2.12.1
[INFO] [stderr]     Checking tower-layer v0.3.3
[INFO] [stderr]    Compiling serde_json v1.0.151
[INFO] [stderr]     Checking memchr v2.8.3
[INFO] [stderr]    Compiling mime_guess v2.0.5
[INFO] [stderr]     Checking zeroize v1.9.0
[INFO] [stderr]     Checking mime v0.3.17
[INFO] [stderr]     Checking rustls-pki-types v1.15.1
[INFO] [stderr]     Checking iana-time-zone v0.1.65
[INFO] [stderr]    Compiling num-traits v0.2.19
[INFO] [stderr]     Checking tracing v0.1.44
[INFO] [stderr]    Compiling syn v2.0.119
[INFO] [stderr]    Compiling syn v3.0.3
[INFO] [stderr]     Checking http-body v1.1.0
[INFO] [stderr]     Checking http-body-util v0.1.4
[INFO] [stderr]    Compiling openssl-sys v0.9.117
[INFO] [stderr]     Checking mio v1.2.2
[INFO] [stderr]     Checking socket2 v0.6.5
[INFO] [stderr]     Checking tokio v1.53.1
[INFO] [stderr]    Compiling displaydoc v0.2.7
[INFO] [stderr]    Compiling serde_derive v1.0.229
[INFO] [stderr]    Compiling serde_repr v0.1.21
[INFO] [stderr]    Compiling synstructure v0.13.2
[INFO] [stderr]    Compiling darling_core v0.23.0
[INFO] [stderr]     Checking hyper v1.11.0
[INFO] [stderr]     Checking tower v0.5.3
[INFO] [stderr]    Compiling zerovec-derive v0.11.3
[INFO] [stderr]    Compiling openssl-macros v0.1.1
[INFO] [stderr]     Checking serde_urlencoded v0.7.1
[INFO] [stderr]     Checking chrono v0.4.45
[INFO] [stderr]    Compiling zerofrom-derive v0.1.7
[INFO] [stderr]    Compiling yoke-derive v0.8.2
[INFO] [stderr]     Checking hyper-util v0.1.20
[INFO] [stderr]     Checking zerofrom v0.1.8
[INFO] [stderr]     Checking yoke v0.8.3
[INFO] [stderr]     Checking zerovec v0.11.6
[INFO] [stderr]     Checking zerotrie v0.2.4
[INFO] [stderr]     Checking tinystr v0.8.3
[INFO] [stderr]     Checking potential_utf v0.1.5
[INFO] [stderr]     Checking icu_collections v2.2.0
[INFO] [stderr]     Checking icu_locale_core v2.2.0
[INFO] [stderr]    Compiling darling_macro v0.23.0
[INFO] [stderr]    Compiling darling v0.23.0
[INFO] [stderr]    Compiling serde_with_macros v3.22.0
[INFO] [stderr]     Checking icu_provider v2.2.0
[INFO] [stderr]     Checking icu_properties v2.2.0
[INFO] [stderr]     Checking icu_normalizer v2.2.0
[INFO] [stderr]     Checking tokio-native-tls v0.3.1
[INFO] [stderr]     Checking hyper-tls v0.6.0
[INFO] [stderr]     Checking serde_with v3.22.0
[INFO] [stderr]     Checking idna_adapter v1.2.2
[INFO] [stderr]     Checking idna v1.1.0
[INFO] [stderr]     Checking url v2.5.8
[INFO] [stderr]     Checking tower-http v0.6.11
[INFO] [stderr]     Checking reqwest v0.13.4
[INFO] [stderr]     Checking x-sdk v0.1.0 (/opt/rustwide/workdir)
[INFO] [stdout] error[E0433]: cannot find module or crate `tokio` in this scope
[INFO] [stdout]   --> src/apis/compliance_api.rs:16:5
[INFO] [stdout]    |
[INFO] [stdout] 16 | use tokio::fs::File as TokioFile;
[INFO] [stdout]    |     ^^^^^ use of unresolved module or unlinked crate `tokio`
[INFO] [stdout]    |
[INFO] [stdout]    = help: if you wanted to use a crate named `tokio`, use `cargo add tokio` to add it to your `Cargo.toml`
[INFO] [stdout] 
[INFO] [stdout] 
[INFO] [stdout] error[E0433]: cannot find module or crate `tokio_util` in this scope
[INFO] [stdout]   --> src/apis/compliance_api.rs:17:5
[INFO] [stdout]    |
[INFO] [stdout] 17 | use tokio_util::codec::{BytesCodec, FramedRead};
[INFO] [stdout]    |     ^^^^^^^^^^ use of unresolved module or unlinked crate `tokio_util`
[INFO] [stdout]    |
[INFO] [stdout]    = help: if you wanted to use a crate named `tokio_util`, use `cargo add tokio_util` to add it to your `Cargo.toml`
[INFO] [stdout] 
[INFO] [stdout] 
[INFO] [stdout] error[E0433]: cannot find module or crate `tokio` in this scope
[INFO] [stdout]   --> src/apis/compliance_api.rs:16:5
[INFO] [stdout]    |
[INFO] [stdout] 16 | use tokio::fs::File as TokioFile;
[INFO] [stdout]    |     ^^^^^ use of unresolved module or unlinked crate `tokio`
[INFO] [stdout]    |
[INFO] [stdout]    = help: if you wanted to use a crate named `tokio`, use `cargo add tokio` to add it to your `Cargo.toml`
[INFO] [stdout] 
[INFO] [stdout] 
[INFO] [stdout] error[E0433]: cannot find module or crate `tokio_util` in this scope
[INFO] [stdout]   --> src/apis/compliance_api.rs:17:5
[INFO] [stdout]    |
[INFO] [stdout] 17 | use tokio_util::codec::{BytesCodec, FramedRead};
[INFO] [stdout]    |     ^^^^^^^^^^ use of unresolved module or unlinked crate `tokio_util`
[INFO] [stdout]    |
[INFO] [stdout]    = help: if you wanted to use a crate named `tokio_util`, use `cargo add tokio_util` to add it to your `Cargo.toml`
[INFO] [stdout] 
[INFO] [stdout] 
[INFO] [stdout] error[E0599]: no associated function or constant named `wrap_stream` found for struct `Body` in the current scope
[INFO] [stdout]    --> src/apis/compliance_api.rs:327:51
[INFO] [stdout]     |
[INFO] [stdout] 327 |     req_builder = req_builder.body(reqwest::Body::wrap_stream(stream));
[INFO] [stdout]     |                                                   ^^^^^^^^^^^ associated function or constant not found in `Body`
[INFO] [stdout]     |
[INFO] [stdout] note: if you're trying to build a new `Body`, consider using `Body::wrap` which returns `Body`
[INFO] [stdout]    --> /opt/rustwide/cargo-home/registry/src/index.crates.io-1949cf8c6b5b557f/reqwest-0.13.4/src/async_impl/body.rs:138:5
[INFO] [stdout]     |
[INFO] [stdout] 138 | /     pub fn wrap<B>(inner: B) -> Body
[INFO] [stdout] 139 | |     where
[INFO] [stdout] 140 | |         B: HttpBody + Send + Sync + 'static,
[INFO] [stdout] 141 | |         B::Data: Into<Bytes>,
[INFO] [stdout] 142 | |         B::Error: Into<Box<dyn std::error::Error + Send + Sync>>,
[INFO] [stdout]     | |_________________________________________________________________^
[INFO] [stdout] 
[INFO] [stdout] 
[INFO] [stdout] error[E0599]: no associated function or constant named `wrap_stream` found for struct `Body` in the current scope
[INFO] [stdout]    --> src/apis/compliance_api.rs:327:51
[INFO] [stdout]     |
[INFO] [stdout] 327 |     req_builder = req_builder.body(reqwest::Body::wrap_stream(stream));
[INFO] [stdout]     |                                                   ^^^^^^^^^^^ associated function or constant not found in `Body`
[INFO] [stdout]     |
[INFO] [stdout] note: if you're trying to build a new `Body`, consider using `Body::wrap` which returns `Body`
[INFO] [stdout]    --> /opt/rustwide/cargo-home/registry/src/index.crates.io-1949cf8c6b5b557f/reqwest-0.13.4/src/async_impl/body.rs:138:5
[INFO] [stdout]     |
[INFO] [stdout] 138 | /     pub fn wrap<B>(inner: B) -> Body
[INFO] [stdout] 139 | |     where
[INFO] [stdout] 140 | |         B: HttpBody + Send + Sync + 'static,
[INFO] [stdout] 141 | |         B::Data: Into<Bytes>,
[INFO] [stdout] 142 | |         B::Error: Into<Box<dyn std::error::Error + Send + Sync>>,
[INFO] [stdout]     | |_________________________________________________________________^
[INFO] [stdout] 
[INFO] [stdout] 
[INFO] [stderr] error: could not compile `x-sdk` (lib test) due to 3 previous errors
[INFO] [stderr] 
[INFO] [stderr] Caused by:
[INFO] [stderr]   process didn't exit successfully: `/opt/rustwide/rustup-home/toolchains/3154cc1a3e6424e44f438a95007d043ed5ceaaf6/bin/rustc --crate-name x_sdk --edition=2024 src/lib.rs --error-format=json --json=diagnostic-rendered-ansi,artifacts,future-incompat,unused-externs-silent --emit=dep-info,metadata -C embed-bitcode=no -C debuginfo=2 --test --cfg 'feature="default"' --cfg 'feature="native-tls"' --check-cfg 'cfg(docsrs,test)' --check-cfg 'cfg(feature, values("default", "native-tls", "rustls"))' -C metadata=49cb8a2753b91cb3 -C extra-filename=-50d4895209e0a550 --out-dir /opt/rustwide/target/debug/build/x-sdk/50d4895209e0a550/out -L dependency=/opt/rustwide/target/debug/build/atomic-waker/da9535de70c6dc9f/out -L dependency=/opt/rustwide/target/debug/build/base64/1197ac9fab90ee7e/out -L dependency=/opt/rustwide/target/debug/build/bitflags/c70b3282788e9324/out -L dependency=/opt/rustwide/target/debug/build/bytes/0a99efe9a33d2eab/out -L dependency=/opt/rustwide/target/debug/build/cfg-if/455a21b2886a1534/out -L dependency=/opt/rustwide/target/debug/build/displaydoc/509ebb864c089182/out -L dependency=/opt/rustwide/target/debug/build/foreign-types-shared/4fcba5b27a3984cc/out -L dependency=/opt/rustwide/target/debug/build/foreign-types/712cae99568caf59/out -L dependency=/opt/rustwide/target/debug/build/form_urlencoded/8558270de8c5e9db/out -L dependency=/opt/rustwide/target/debug/build/futures-channel/1e9503fd7b85381b/out -L dependency=/opt/rustwide/target/debug/build/futures-core/89a52963e41357f6/out -L dependency=/opt/rustwide/target/debug/build/futures-task/1c605e3f5cc713a6/out -L dependency=/opt/rustwide/target/debug/build/futures-util/a69f60daa28fc3de/out -L dependency=/opt/rustwide/target/debug/build/http-body-util/19e06bb391e027d0/out -L dependency=/opt/rustwide/target/debug/build/http-body/95b8f62f3ce65260/out -L dependency=/opt/rustwide/target/debug/build/http/27bb2c76016546af/out -L dependency=/opt/rustwide/target/debug/build/httparse/76e96eecfa617739/out -L dependency=/opt/rustwide/target/debug/build/hyper-tls/f00ec70730a17887/out -L dependency=/opt/rustwide/target/debug/build/hyper-util/175617168d31096f/out -L dependency=/opt/rustwide/target/debug/build/hyper/f14570a299ab6677/out -L dependency=/opt/rustwide/target/debug/build/iana-time-zone/76e6fb2c1855833b/out -L dependency=/opt/rustwide/target/debug/build/icu_collections/bff4b54364254ccb/out -L dependency=/opt/rustwide/target/debug/build/icu_locale_core/46498e48586fd3ce/out -L dependency=/opt/rustwide/target/debug/build/icu_normalizer/4b3e8779e5331f9f/out -L dependency=/opt/rustwide/target/debug/build/icu_normalizer_data/2044323167a29de8/out -L dependency=/opt/rustwide/target/debug/build/icu_properties/c9f2c44f6e948162/out -L dependency=/opt/rustwide/target/debug/build/icu_properties_data/2f014232ea9057bb/out -L dependency=/opt/rustwide/target/debug/build/icu_provider/4b08e9ac4f2da6b4/out -L dependency=/opt/rustwide/target/debug/build/idna/f19ce07ee55f4a57/out -L dependency=/opt/rustwide/target/debug/build/idna_adapter/a25d9b468b5b3fdf/out -L dependency=/opt/rustwide/target/debug/build/ipnet/9d8dfe7b433a656e/out -L dependency=/opt/rustwide/target/debug/build/itoa/9757112bd9972718/out -L dependency=/opt/rustwide/target/debug/build/libc/6c469ea5525a8374/out -L dependency=/opt/rustwide/target/debug/build/litemap/31f59ce7663cfafe/out -L dependency=/opt/rustwide/target/debug/build/log/a82153776ac6715c/out -L dependency=/opt/rustwide/target/debug/build/memchr/2ce95d7c69864d39/out -L dependency=/opt/rustwide/target/debug/build/mime/ee7da7d8bd74decc/out -L dependency=/opt/rustwide/target/debug/build/mime_guess/91bc21f39e6aed54/out -L dependency=/opt/rustwide/target/debug/build/mio/44114065b4e0a3f4/out -L dependency=/opt/rustwide/target/debug/build/native-tls/b4d7687259f60cd7/out -L dependency=/opt/rustwide/target/debug/build/num-traits/2970940552d54f47/out -L dependency=/opt/rustwide/target/debug/build/once_cell/c3517054d55a7dff/out -L dependency=/opt/rustwide/target/debug/build/openssl-macros/bf20a93cbf7cca16/out -L dependency=/opt/rustwide/target/debug/build/openssl-probe/a5326edbaaf90049/out -L dependency=/opt/rustwide/target/debug/build/openssl-sys/ab770327dc10910f/out -L dependency=/opt/rustwide/target/debug/build/openssl/510b6a9b0f34718d/out -L dependency=/opt/rustwide/target/debug/build/percent-encoding/528721a9f54dc4b1/out -L dependency=/opt/rustwide/target/debug/build/pin-project-lite/bc36f7de3f04be06/out -L dependency=/opt/rustwide/target/debug/build/potential_utf/55c137178dd8afb5/out -L dependency=/opt/rustwide/target/debug/build/rustls-pki-types/f292a830a5fafa44/out -L dependency=/opt/rustwide/target/debug/build/ryu/659b25542bb7dde0/out -L dependency=/opt/rustwide/target/debug/build/serde/1e0ec3d6a0951544/out -L dependency=/opt/rustwide/target/debug/build/serde_core/ae61b85b9f07edfc/out -L dependency=/opt/rustwide/target/debug/build/serde_derive/d982d54a41ea51e5/out -L dependency=/opt/rustwide/target/debug/build/serde_json/5e0bcb1d29c2d3a0/out -L dependency=/opt/rustwide/target/debug/build/serde_urlencoded/8924f276e1e9ea52/out -L dependency=/opt/rustwide/target/debug/build/serde_with_macros/25e48cb3374ce457/out -L dependency=/opt/rustwide/target/debug/build/slab/e61315a0c9f1fc32/out -L dependency=/opt/rustwide/target/debug/build/smallvec/6a297f3c50a8ac22/out -L dependency=/opt/rustwide/target/debug/build/socket2/16cafadec737d477/out -L dependency=/opt/rustwide/target/debug/build/stable_deref_trait/5d0e5045ac141f4e/out -L dependency=/opt/rustwide/target/debug/build/sync_wrapper/fe254f3e09df14bf/out -L dependency=/opt/rustwide/target/debug/build/tinystr/ff1b7bff8c22e832/out -L dependency=/opt/rustwide/target/debug/build/tokio-native-tls/6605f56251be2976/out -L dependency=/opt/rustwide/target/debug/build/tokio/c7971cc1ec0d786f/out -L dependency=/opt/rustwide/target/debug/build/tower-http/ba17a3ffbcc6c4ec/out -L dependency=/opt/rustwide/target/debug/build/tower-layer/18253f72d6097d72/out -L dependency=/opt/rustwide/target/debug/build/tower-service/f067f85429613f02/out -L dependency=/opt/rustwide/target/debug/build/tower/3b73701c6ed28e98/out -L dependency=/opt/rustwide/target/debug/build/tracing-core/0e2cacd9b61aa4fe/out -L dependency=/opt/rustwide/target/debug/build/tracing/347ca4e96e562081/out -L dependency=/opt/rustwide/target/debug/build/try-lock/2456ef037cb93cd8/out -L dependency=/opt/rustwide/target/debug/build/unicase/a72f21564edb58b5/out -L dependency=/opt/rustwide/target/debug/build/url/209d7e50d22e6887/out -L dependency=/opt/rustwide/target/debug/build/utf8_iter/2a9a14295c98e961/out -L dependency=/opt/rustwide/target/debug/build/want/02f6f2e86f12f8db/out -L dependency=/opt/rustwide/target/debug/build/writeable/5ebacb8f45d0e991/out -L dependency=/opt/rustwide/target/debug/build/yoke-derive/651327da2a18777f/out -L dependency=/opt/rustwide/target/debug/build/yoke/f777efe37279f231/out -L dependency=/opt/rustwide/target/debug/build/zerofrom-derive/9ce1ab9c878b6ece/out -L dependency=/opt/rustwide/target/debug/build/zerofrom/aa210496267a0238/out -L dependency=/opt/rustwide/target/debug/build/zeroize/3eac6d5ae8ba8e2f/out -L dependency=/opt/rustwide/target/debug/build/zerotrie/a6a1b22c94219513/out -L dependency=/opt/rustwide/target/debug/build/zerovec-derive/0d64beaac02417c8/out -L dependency=/opt/rustwide/target/debug/build/zerovec/d6f78dfffb45171c/out -L dependency=/opt/rustwide/target/debug/build/zmij/7db290db90de1c50/out --extern chrono=/opt/rustwide/target/debug/build/chrono/dc33d70784ee682b/out/libchrono-dc33d70784ee682b.rmeta --extern reqwest=/opt/rustwide/target/debug/build/reqwest/f5ff546d112d3cf7/out/libreqwest-f5ff546d112d3cf7.rmeta --extern serde=/opt/rustwide/target/debug/build/serde/1e0ec3d6a0951544/out/libserde-1e0ec3d6a0951544.rmeta --extern serde_json=/opt/rustwide/target/debug/build/serde_json/5e0bcb1d29c2d3a0/out/libserde_json-5e0bcb1d29c2d3a0.rmeta --extern serde_repr=/opt/rustwide/target/debug/build/serde_repr/1cf9b4facff1da4e/out/libserde_repr-1cf9b4facff1da4e.so --extern serde_with=/opt/rustwide/target/debug/build/serde_with/950f45d7b2491b56/out/libserde_with-950f45d7b2491b56.rmeta --extern url=/opt/rustwide/target/debug/build/url/209d7e50d22e6887/out/liburl-209d7e50d22e6887.rmeta --cap-lints=forbid -Znext-solver=coherence --force-warn=unused_crate_dependencies` (signal: 9, SIGKILL: kill)
[INFO] [stderr] warning: build failed, waiting for other jobs to finish...
[INFO] [stdout] Some errors have detailed explanations: E0433, E0599.
[INFO] [stdout] 
[INFO] [stdout] For more information about an error, try `rustc --explain E0433`.
[INFO] [stdout] 
[INFO] [stderr] error: could not compile `x-sdk` (lib) due to 3 previous errors
[INFO] running `Command { std: "docker" "inspect" "c513f5da6a3ed7e5681f65e37bdd46c0233b61772d3228990c816d472b515857", kill_on_drop: false }`
[INFO] running `Command { std: "docker" "rm" "-f" "c513f5da6a3ed7e5681f65e37bdd46c0233b61772d3228990c816d472b515857", kill_on_drop: false }`
[INFO] [stdout] c513f5da6a3ed7e5681f65e37bdd46c0233b61772d3228990c816d472b515857
