[INFO] cloning repository https://github.com/ronakgh97/rstorage
[INFO] running `Command { std: "git" "-c" "credential.helper=" "-c" "credential.helper=/workspace/cargo-home/bin/git-credential-null" "clone" "--bare" "https://github.com/ronakgh97/rstorage" "/workspace/cache/git-repos/https%3A%2F%2Fgithub.com%2Fronakgh97%2Frstorage", kill_on_drop: false }`
[INFO] [stderr] Cloning into bare repository '/workspace/cache/git-repos/https%3A%2F%2Fgithub.com%2Fronakgh97%2Frstorage'...
[INFO] running `Command { std: "git" "rev-parse" "HEAD", kill_on_drop: false }`
[INFO] [stdout] 907f216135942d10cc60ad6c7f2be95dc8d38661
[INFO] checking ronakgh97/rstorage against 3154cc1a3e6424e44f438a95007d043ed5ceaaf6+rustflags=-Znext-solver=coherence for pr-133502-30
[INFO] running `Command { std: "git" "clone" "/workspace/cache/git-repos/https%3A%2F%2Fgithub.com%2Fronakgh97%2Frstorage" "/workspace/builds/worker-6-tc1/source", kill_on_drop: false }`
[INFO] [stderr] Cloning into '/workspace/builds/worker-6-tc1/source'...
[INFO] [stderr] done.
[INFO] removed /workspace/builds/worker-6-tc1/source/.cargo/config.toml
[INFO] started tweaking git repo https://github.com/ronakgh97/rstorage
[INFO] finished tweaking git repo https://github.com/ronakgh97/rstorage
[INFO] tweaked toml for git repo https://github.com/ronakgh97/rstorage written to /workspace/builds/worker-6-tc1/source/Cargo.toml
[INFO] validating manifest of git repo https://github.com/ronakgh97/rstorage on toolchain 3154cc1a3e6424e44f438a95007d043ed5ceaaf6
[INFO] running `Command { std: CARGO_HOME="/workspace/cargo-home" RUSTUP_HOME="/workspace/rustup-home" "/workspace/cargo-home/bin/cargo" "+3154cc1a3e6424e44f438a95007d043ed5ceaaf6" "metadata" "--manifest-path" "Cargo.toml" "--no-deps", kill_on_drop: false }`
[INFO] crate git repo https://github.com/ronakgh97/rstorage already has a lockfile, it will not be regenerated
[INFO] running `Command { std: CARGO_HOME="/workspace/cargo-home" RUSTUP_HOME="/workspace/rustup-home" "/workspace/cargo-home/bin/cargo" "+3154cc1a3e6424e44f438a95007d043ed5ceaaf6" "fetch" "--manifest-path" "Cargo.toml", kill_on_drop: false }`
[INFO] [stderr]  Downloading crates ...
[INFO] [stderr]   Downloaded x25519-dalek v3.0.0
[INFO] [stderr]   Downloaded dashmap v7.0.0-rc2
[INFO] [stderr]   Downloaded polyval v0.7.2
[INFO] [stderr]   Downloaded cliclack v0.5.5
[INFO] [stderr]   Downloaded aes-gcm v0.11.0
[INFO] [stderr]   Downloaded aes v0.9.1
[INFO] running `Command { std: "docker" "create" "-v" "/var/lib/crater-agent-workspace/builds/worker-6-tc1/source:/opt/rustwide/workdir:ro,Z" "-v" "/var/lib/crater-agent-workspace/builds/worker-6-tc1/target:/opt/rustwide/target:rw,Z" "-v" "/var/lib/crater-agent-workspace/cargo-home:/opt/rustwide/cargo-home:ro,Z" "-v" "/var/lib/crater-agent-workspace/rustup-home:/opt/rustwide/rustup-home:ro,Z" "-m" "1610612736" "--network" "none" "ghcr.io/rust-lang/crates-build-env/linux@sha256:77db811e55d90add9212f6832c23229e3de5f1c1f9905e8cb07319ea15df73ac" "sleep" "infinity", kill_on_drop: false }`
[INFO] [stdout] 2d65f3fe3237cb64caa4a0abcbbe2fc50d98b332e344f92951632dd4f042afd2
[INFO] running `Command { std: "docker" "start" "2d65f3fe3237cb64caa4a0abcbbe2fc50d98b332e344f92951632dd4f042afd2", kill_on_drop: false }`
[INFO] running `Command { std: "docker" "inspect" "2d65f3fe3237cb64caa4a0abcbbe2fc50d98b332e344f92951632dd4f042afd2", kill_on_drop: false }`
[INFO] running `Command { std: "docker" "exec" "-e" "SOURCE_DIR=/opt/rustwide/workdir" "-e" "CARGO_HOME=/opt/rustwide/cargo-home" "-e" "RUSTUP_HOME=/opt/rustwide/rustup-home" "-e" "CARGO_TARGET_DIR=/opt/rustwide/target" "-w" "/opt/rustwide/workdir" "--user" "0:0" "2d65f3fe3237cb64caa4a0abcbbe2fc50d98b332e344f92951632dd4f042afd2" "/opt/rustwide/cargo-home/bin/cargo" "+3154cc1a3e6424e44f438a95007d043ed5ceaaf6" "metadata" "--no-deps" "--format-version=1", kill_on_drop: false }`
[INFO] running `Command { std: "docker" "inspect" "2d65f3fe3237cb64caa4a0abcbbe2fc50d98b332e344f92951632dd4f042afd2", kill_on_drop: false }`
[INFO] running `Command { std: "docker" "exec" "-e" "SOURCE_DIR=/opt/rustwide/workdir" "-e" "CARGO_HOME=/opt/rustwide/cargo-home" "-e" "RUSTUP_HOME=/opt/rustwide/rustup-home" "-e" "CARGO_TARGET_DIR=/opt/rustwide/target" "-e" "CARGO_INCREMENTAL=0" "-e" "RUST_BACKTRACE=full" "-e" "RUSTFLAGS=--cap-lints=forbid -Znext-solver=coherence" "-e" "RUSTDOCFLAGS=--cap-lints=forbid" "-w" "/opt/rustwide/workdir" "--user" "0:0" "2d65f3fe3237cb64caa4a0abcbbe2fc50d98b332e344f92951632dd4f042afd2" "/opt/rustwide/cargo-home/bin/cargo" "+3154cc1a3e6424e44f438a95007d043ed5ceaaf6" "check" "--frozen" "--all" "--all-targets" "--message-format=json", kill_on_drop: false }`
[INFO] [stderr]    Compiling libc v0.2.186
[INFO] [stderr]     Checking cfg-if v1.0.4
[INFO] [stderr]     Checking rand_core v0.10.1
[INFO] [stderr]     Checking typenum v1.20.1
[INFO] [stderr]     Checking cpufeatures v0.3.0
[INFO] [stderr]     Checking cmov v0.5.4
[INFO] [stderr]     Checking const-oid v0.10.2
[INFO] [stderr]     Checking smallvec v1.15.2
[INFO] [stderr]    Compiling serde_core v1.0.229
[INFO] [stderr]     Checking unicode-width v0.2.2
[INFO] [stderr]    Compiling getrandom v0.4.3
[INFO] [stderr]    Compiling parking_lot_core v0.9.12
[INFO] [stderr]     Checking scopeguard v1.2.0
[INFO] [stderr]    Compiling curve25519-dalek v5.0.0
[INFO] [stderr]     Checking subtle v2.6.1
[INFO] [stderr]    Compiling syn v2.0.118
[INFO] [stderr]    Compiling syn v3.0.3
[INFO] [stderr]     Checking utf8parse v0.2.2
[INFO] [stderr]     Checking cpubits v0.1.1
[INFO] [stderr]    Compiling portable-atomic v1.13.1
[INFO] [stderr]     Checking colorchoice v1.0.5
[INFO] [stderr]     Checking is_terminal_polyfill v1.70.2
[INFO] [stderr]     Checking lock_api v0.4.14
[INFO] [stderr]     Checking strsim v0.11.1
[INFO] [stderr]     Checking anstyle v1.0.14
[INFO] [stderr]     Checking anstyle-parse v1.0.0
[INFO] [stderr]     Checking anstyle-query v1.1.5
[INFO] [stderr]     Checking ctutils v0.4.2
[INFO] [stderr]    Compiling crossbeam-utils v0.8.22
[INFO] [stderr]    Compiling zmij v1.0.23
[INFO] [stderr]     Checking signature v3.0.0
[INFO] [stderr]    Compiling num-traits v0.2.19
[INFO] [stderr]     Checking clap_lex v1.1.0
[INFO] [stderr]     Checking unit-prefix v0.5.2
[INFO] [stderr]     Checking once_cell v1.21.4
[INFO] [stderr]     Checking option-ext v0.2.0
[INFO] [stderr]     Checking smawk v0.3.3
[INFO] [stderr]     Checking unicode-linebreak v0.1.5
[INFO] [stderr]    Compiling serde v1.0.229
[INFO] [stderr]    Compiling anyhow v1.0.104
[INFO] [stderr]     Checking ed25519 v3.0.0
[INFO] [stderr]    Compiling serde_json v1.0.151
[INFO] [stderr]     Checking chacha20 v0.10.1
[INFO] [stderr]     Checking iana-time-zone v0.1.65
[INFO] [stderr]     Checking hashbrown v0.15.5
[INFO] [stderr]     Checking anstream v1.0.0
[INFO] [stderr]     Checking memchr v2.8.3
[INFO] [stderr]     Checking pin-project-lite v0.2.17
[INFO] [stderr]     Checking itoa v1.0.18
[INFO] [stderr]     Checking equivalent v1.0.2
[INFO] [stderr]     Checking bytes v1.12.1
[INFO] [stderr]     Checking textwrap v0.16.2
[INFO] [stderr]     Checking dotenv v0.15.0
[INFO] [stderr]     Checking hex v0.4.3
[INFO] [stderr]     Checking colored v3.1.1
[INFO] [stderr]    Compiling rustix v1.1.4
[INFO] [stderr]     Checking clap_builder v4.6.2
[INFO] [stderr]     Checking linux-raw-sys v0.12.1
[INFO] [stderr]     Checking bitflags v2.13.0
[INFO] [stderr]     Checking fastrand v2.4.1
[INFO] [stderr]     Checking chrono v0.4.45
[INFO] [stderr]     Checking hybrid-array v0.4.13
[INFO] [stderr]     Checking console v0.16.4
[INFO] [stderr]     Checking errno v0.3.14
[INFO] [stderr]     Checking socket2 v0.6.5
[INFO] [stderr]     Checking mio v1.2.2
[INFO] [stderr]     Checking dirs-sys v0.5.0
[INFO] [stderr]     Checking fs2 v0.4.3
[INFO] [stderr]     Checking memmap2 v0.9.11
[INFO] [stderr]     Checking signal-hook-registry v1.4.8
[INFO] [stderr]     Checking dirs v6.0.0
[INFO] [stderr]     Checking parking_lot v0.12.5
[INFO] [stderr]     Checking dashmap v7.0.0-rc2
[INFO] [stderr]     Checking rand v0.10.2
[INFO] [stderr]     Checking uuid v1.24.0
[INFO] [stderr]     Checking indicatif v0.18.6
[INFO] [stderr]     Checking crypto-common v0.2.2
[INFO] [stderr]     Checking inout v0.2.2
[INFO] [stderr]     Checking tempfile v3.27.0
[INFO] [stderr]     Checking universal-hash v0.6.1
[INFO] [stderr]     Checking aead v0.6.1
[INFO] [stderr]     Checking polyval v0.7.2
[INFO] [stderr]     Checking ghash v0.6.0
[INFO] [stderr]    Compiling clap_derive v4.6.4
[INFO] [stderr]    Compiling serde_derive v1.0.229
[INFO] [stderr]     Checking clap v4.6.4
[INFO] [stderr]    Compiling zeroize_derive v1.5.0
[INFO] [stderr]    Compiling curve25519-dalek-derive v0.1.1
[INFO] [stderr]    Compiling tokio-macros v2.7.0
[INFO] [stderr]     Checking zeroize v1.9.0
[INFO] [stderr]     Checking tokio v1.53.1
[INFO] [stderr]     Checking block-buffer v0.12.1
[INFO] [stderr]     Checking cliclack v0.5.5
[INFO] [stderr]     Checking digest v0.11.3
[INFO] [stderr]     Checking cipher v0.5.2
[INFO] [stderr]     Checking sha2 v0.11.0
[INFO] [stderr]     Checking ctr v0.10.1
[INFO] [stderr]     Checking aes v0.9.1
[INFO] [stderr]     Checking aes-gcm v0.11.0
[INFO] [stderr]     Checking x25519-dalek v3.0.0
[INFO] [stderr]     Checking ed25519-dalek v3.0.0
[INFO] [stderr]     Checking r-drive v1.0.0-beta.10 (/opt/rustwide/workdir)
[INFO] [stdout] error[E0609]: no field `file_key` on type `header::UploadHeader`
[INFO] [stdout]     --> src/protocol_v1.rs:1229:31
[INFO] [stdout]      |
[INFO] [stdout] 1229 |         .chain_update(headers.file_key)
[INFO] [stdout]      |                               ^^^^^^^^ unknown field
[INFO] [stdout]      |
[INFO] [stdout]      = note: available fields are: `file_name_len`, `file_name`, `reserved`, `file_size`, `file_hash`
[INFO] [stdout] 
[INFO] [stdout] 
[INFO] [stdout] error[E0609]: no field `file_key` on type `header::UploadHeader`
[INFO] [stdout]     --> src/protocol_v1.rs:1254:55
[INFO] [stdout]      |
[INFO] [stdout] 1254 |     let file_key_hash = encode(Sha256::digest(headers.file_key));
[INFO] [stdout]      |                                                       ^^^^^^^^ unknown field
[INFO] [stdout]      |
[INFO] [stdout]      = note: available fields are: `file_name_len`, `file_name`, `reserved`, `file_size`, `file_hash`
[INFO] [stdout] 
[INFO] [stdout] 
[INFO] [stdout] error[E0560]: struct `header::UploadResponse` has no field named `file_id`
[INFO] [stdout]     --> src/protocol_v1.rs:1348:13
[INFO] [stdout]      |
[INFO] [stdout] 1348 |             file_id: upload_id,
[INFO] [stdout]      |             ^^^^^^^ `header::UploadResponse` does not have this field
[INFO] [stdout]      |
[INFO] [stdout]      = note: all struct fields are already assigned
[INFO] [stdout] 
[INFO] [stdout] 
[INFO] [stdout] error[E0609]: no field `file_key` on type `header::DownloadHeader`
[INFO] [stdout]     --> src/protocol_v1.rs:1390:31
[INFO] [stdout]      |
[INFO] [stdout] 1390 |         .chain_update(headers.file_key)
[INFO] [stdout]      |                               ^^^^^^^^ unknown field
[INFO] [stdout]      |
[INFO] [stdout]      = note: available field is: `file_hash`
[INFO] [stdout] 
[INFO] [stdout] 
[INFO] [stdout] error[E0609]: no field `file_key` on type `header::DownloadHeader`
[INFO] [stdout]     --> src/protocol_v1.rs:1414:55
[INFO] [stdout]      |
[INFO] [stdout] 1414 |     let file_key_hash = encode(Sha256::digest(headers.file_key));
[INFO] [stdout]      |                                                       ^^^^^^^^ unknown field
[INFO] [stdout]      |
[INFO] [stdout]      = note: available field is: `file_hash`
[INFO] [stdout] 
[INFO] [stdout] 
[INFO] [stdout] error[E0560]: struct `header::UploadHeader` has no field named `file_key`
[INFO] [stdout]     --> src/protocol_v1.rs:2072:9
[INFO] [stdout]      |
[INFO] [stdout] 2072 |         file_key: *file_key,
[INFO] [stdout]      |         ^^^^^^^^ `header::UploadHeader` does not have this field
[INFO] [stdout]      |
[INFO] [stdout]      = note: all struct fields are already assigned
[INFO] [stdout] 
[INFO] [stdout] 
[INFO] [stdout] error[E0609]: no field `file_id` on type `header::UploadResponse`
[INFO] [stdout]     --> src/protocol_v1.rs:2142:29
[INFO] [stdout]      |
[INFO] [stdout] 2142 |                 encode(resp.file_id),
[INFO] [stdout]      |                             ^^^^^^^ unknown field
[INFO] [stdout]      |
[INFO] [stdout]      = note: available fields are: `file_hash`, `network_time`
[INFO] [stdout] 
[INFO] [stdout] 
[INFO] [stdout] error[E0560]: struct `header::DownloadHeader` has no field named `file_key`
[INFO] [stdout]     --> src/protocol_v1.rs:2191:9
[INFO] [stdout]      |
[INFO] [stdout] 2191 |         file_key: *file_key,
[INFO] [stdout]      |         ^^^^^^^^ `header::DownloadHeader` does not have this field
[INFO] [stdout]      |
[INFO] [stdout]      = note: all struct fields are already assigned
[INFO] [stdout] 
[INFO] [stdout] 
[INFO] [stdout] error[E0609]: no field `file_key` on type `header::UploadHeader`
[INFO] [stdout]     --> src/protocol_v1.rs:1229:31
[INFO] [stdout]      |
[INFO] [stdout] 1229 |         .chain_update(headers.file_key)
[INFO] [stdout]      |                               ^^^^^^^^ unknown field
[INFO] [stdout]      |
[INFO] [stdout]      = note: available fields are: `file_name_len`, `file_name`, `reserved`, `file_size`, `file_hash`
[INFO] [stdout] 
[INFO] [stdout] 
[INFO] [stdout] error[E0609]: no field `file_key` on type `header::UploadHeader`
[INFO] [stdout]     --> src/protocol_v1.rs:1254:55
[INFO] [stdout]      |
[INFO] [stdout] 1254 |     let file_key_hash = encode(Sha256::digest(headers.file_key));
[INFO] [stdout]      |                                                       ^^^^^^^^ unknown field
[INFO] [stdout]      |
[INFO] [stdout]      = note: available fields are: `file_name_len`, `file_name`, `reserved`, `file_size`, `file_hash`
[INFO] [stdout] 
[INFO] [stdout] 
[INFO] [stdout] error[E0560]: struct `header::UploadResponse` has no field named `file_id`
[INFO] [stdout]     --> src/protocol_v1.rs:1348:13
[INFO] [stdout]      |
[INFO] [stdout] 1348 |             file_id: upload_id,
[INFO] [stdout]      |             ^^^^^^^ `header::UploadResponse` does not have this field
[INFO] [stdout]      |
[INFO] [stdout]      = note: all struct fields are already assigned
[INFO] [stdout] 
[INFO] [stdout] 
[INFO] [stdout] error[E0609]: no field `file_key` on type `header::DownloadHeader`
[INFO] [stdout]     --> src/protocol_v1.rs:1390:31
[INFO] [stdout]      |
[INFO] [stdout] 1390 |         .chain_update(headers.file_key)
[INFO] [stdout]      |                               ^^^^^^^^ unknown field
[INFO] [stdout]      |
[INFO] [stdout]      = note: available field is: `file_hash`
[INFO] [stdout] 
[INFO] [stdout] 
[INFO] [stdout] error[E0609]: no field `file_key` on type `header::DownloadHeader`
[INFO] [stdout]     --> src/protocol_v1.rs:1414:55
[INFO] [stdout]      |
[INFO] [stdout] 1414 |     let file_key_hash = encode(Sha256::digest(headers.file_key));
[INFO] [stdout]      |                                                       ^^^^^^^^ unknown field
[INFO] [stdout]      |
[INFO] [stdout]      = note: available field is: `file_hash`
[INFO] [stdout] 
[INFO] [stdout] 
[INFO] [stdout] error[E0609]: no field `last_push` on type `&mut Vec<FileVersion>`
[INFO] [stdout]    --> src/lib.rs:228:22
[INFO] [stdout]     |
[INFO] [stdout] 228 |                 meta.last_push = timestamp.clone();
[INFO] [stdout]     |                      ^^^^^^^^^ unknown field
[INFO] [stdout] 
[INFO] [stdout] 
[INFO] [stdout] error[E0308]: mismatched types
[INFO] [stdout]    --> src/lib.rs:230:32
[INFO] [stdout]     |
[INFO] [stdout] 230 |               .or_insert_with(|| FileVersion {
[INFO] [stdout]     |  ________________________________^
[INFO] [stdout] 231 | |                 hash: file_name.to_string(),
[INFO] [stdout] 232 | |                 last_pushed: timestamp.clone(),
[INFO] [stdout] 233 | |                 last_pulled: "never".to_string(),
[INFO] [stdout] 234 | |             });
[INFO] [stdout]     | |_____________^ expected `Vec<FileVersion>`, found `FileVersion`
[INFO] [stdout]     |
[INFO] [stdout]     = note: expected struct `Vec<FileVersion>`
[INFO] [stdout]                found struct `FileVersion`
[INFO] [stdout] 
[INFO] [stdout] 
[INFO] [stdout] error[E0560]: struct `header::UploadHeader` has no field named `file_key`
[INFO] [stdout]     --> src/protocol_v1.rs:2072:9
[INFO] [stdout]      |
[INFO] [stdout] 2072 |         file_key: *file_key,
[INFO] [stdout]      |         ^^^^^^^^ `header::UploadHeader` does not have this field
[INFO] [stdout]      |
[INFO] [stdout]      = note: all struct fields are already assigned
[INFO] [stdout] 
[INFO] [stdout] 
[INFO] [stdout] error[E0609]: no field `file_id` on type `header::UploadResponse`
[INFO] [stdout]     --> src/protocol_v1.rs:2142:29
[INFO] [stdout]      |
[INFO] [stdout] 2142 |                 encode(resp.file_id),
[INFO] [stdout]      |                             ^^^^^^^ unknown field
[INFO] [stdout]      |
[INFO] [stdout]      = note: available fields are: `file_hash`, `network_time`
[INFO] [stdout] 
[INFO] [stdout] 
[INFO] [stdout] error[E0308]: mismatched types
[INFO] [stdout]    --> src/lib.rs:239:34
[INFO] [stdout]     |
[INFO] [stdout] 239 |                     tracked.push(file_id.to_string());
[INFO] [stdout]     |                             ---- ^^^^^^^^^^^^^^^^^^^ expected `char`, found `String`
[INFO] [stdout]     |                             |
[INFO] [stdout]     |                             arguments to this method are incorrect
[INFO] [stdout]     |
[INFO] [stdout] note: method defined here
[INFO] [stdout]    --> /rustc/3154cc1a3e6424e44f438a95007d043ed5ceaaf6/library/alloc/src/string.rs:1452:11
[INFO] [stdout] 
[INFO] [stdout] 
[INFO] [stdout] error[E0560]: struct `header::DownloadHeader` has no field named `file_key`
[INFO] [stdout]     --> src/protocol_v1.rs:2191:9
[INFO] [stdout]      |
[INFO] [stdout] 2191 |         file_key: *file_key,
[INFO] [stdout]      |         ^^^^^^^^ `header::DownloadHeader` does not have this field
[INFO] [stdout]      |
[INFO] [stdout]      = note: all struct fields are already assigned
[INFO] [stdout] 
[INFO] [stdout] 
[INFO] [stdout] error[E0308]: mismatched types
[INFO] [stdout]    --> src/lib.rs:242:32
[INFO] [stdout]     |
[INFO] [stdout] 242 |             .or_insert_with(|| vec![file_id.to_string()]);
[INFO] [stdout]     |                                ^^^^^^^^^^^^^^^^^^^^^^^^^ expected `String`, found `Vec<String>`
[INFO] [stdout]     |
[INFO] [stdout]     = note: expected struct `String`
[INFO] [stdout]                found struct `Vec<String>`
[INFO] [stdout] 
[INFO] [stdout] 
[INFO] [stdout] error[E0609]: no field `last_pull` on type `&mut Vec<FileVersion>`
[INFO] [stdout]    --> src/lib.rs:251:18
[INFO] [stdout]     |
[INFO] [stdout] 251 |             meta.last_pull = Local::now().format("%Y-%m-%d %H:%M:%S").to_string();
[INFO] [stdout]     |                  ^^^^^^^^^ unknown field
[INFO] [stdout] 
[INFO] [stdout] 
[INFO] [stdout] error[E0609]: no field `last_push` on type `&mut Vec<FileVersion>`
[INFO] [stdout]    --> src/lib.rs:228:22
[INFO] [stdout]     |
[INFO] [stdout] 228 |                 meta.last_push = timestamp.clone();
[INFO] [stdout]     |                      ^^^^^^^^^ unknown field
[INFO] [stdout] 
[INFO] [stdout] 
[INFO] [stdout] error[E0308]: mismatched types
[INFO] [stdout]    --> src/lib.rs:230:32
[INFO] [stdout]     |
[INFO] [stdout] 230 |               .or_insert_with(|| FileVersion {
[INFO] [stdout]     |  ________________________________^
[INFO] [stdout] 231 | |                 hash: file_name.to_string(),
[INFO] [stdout] 232 | |                 last_pushed: timestamp.clone(),
[INFO] [stdout] 233 | |                 last_pulled: "never".to_string(),
[INFO] [stdout] 234 | |             });
[INFO] [stdout]     | |_____________^ expected `Vec<FileVersion>`, found `FileVersion`
[INFO] [stdout]     |
[INFO] [stdout]     = note: expected struct `Vec<FileVersion>`
[INFO] [stdout]                found struct `FileVersion`
[INFO] [stdout] 
[INFO] [stdout] 
[INFO] [stdout] error[E0308]: mismatched types
[INFO] [stdout]    --> src/lib.rs:239:34
[INFO] [stdout]     |
[INFO] [stdout] 239 |                     tracked.push(file_id.to_string());
[INFO] [stdout]     |                             ---- ^^^^^^^^^^^^^^^^^^^ expected `char`, found `String`
[INFO] [stdout]     |                             |
[INFO] [stdout]     |                             arguments to this method are incorrect
[INFO] [stdout]     |
[INFO] [stdout] note: method defined here
[INFO] [stdout]    --> /rustc/3154cc1a3e6424e44f438a95007d043ed5ceaaf6/library/alloc/src/string.rs:1452:11
[INFO] [stdout] 
[INFO] [stdout] 
[INFO] [stdout] error[E0308]: mismatched types
[INFO] [stdout]    --> src/lib.rs:242:32
[INFO] [stdout]     |
[INFO] [stdout] 242 |             .or_insert_with(|| vec![file_id.to_string()]);
[INFO] [stdout]     |                                ^^^^^^^^^^^^^^^^^^^^^^^^^ expected `String`, found `Vec<String>`
[INFO] [stdout]     |
[INFO] [stdout]     = note: expected struct `String`
[INFO] [stdout]                found struct `Vec<String>`
[INFO] [stdout] 
[INFO] [stdout] 
[INFO] [stdout] error[E0609]: no field `last_pull` on type `&mut Vec<FileVersion>`
[INFO] [stdout]    --> src/lib.rs:251:18
[INFO] [stdout]     |
[INFO] [stdout] 251 |             meta.last_pull = Local::now().format("%Y-%m-%d %H:%M:%S").to_string();
[INFO] [stdout]     |                  ^^^^^^^^^ unknown field
[INFO] [stdout] 
[INFO] [stdout] 
[INFO] [stdout] Some errors have detailed explanations: E0308, E0560, E0609.
[INFO] [stdout] 
[INFO] [stdout] For more information about an error, try `rustc --explain E0308`.
[INFO] [stdout] 
[INFO] [stderr] error: could not compile `r-drive` (lib) due to 13 previous errors
[INFO] [stderr] warning: build failed, waiting for other jobs to finish...
[INFO] [stdout] Some errors have detailed explanations: E0308, E0560, E0609.
[INFO] [stdout] 
[INFO] [stdout] For more information about an error, try `rustc --explain E0308`.
[INFO] [stdout] 
[INFO] [stderr] error: could not compile `r-drive` (lib test) due to 13 previous errors
[INFO] running `Command { std: "docker" "inspect" "2d65f3fe3237cb64caa4a0abcbbe2fc50d98b332e344f92951632dd4f042afd2", kill_on_drop: false }`
[INFO] running `Command { std: "docker" "rm" "-f" "2d65f3fe3237cb64caa4a0abcbbe2fc50d98b332e344f92951632dd4f042afd2", kill_on_drop: false }`
[INFO] [stdout] 2d65f3fe3237cb64caa4a0abcbbe2fc50d98b332e344f92951632dd4f042afd2
