[INFO] cloning repository https://github.com/rohanshah-31/Rusteeze
[INFO] running `Command { std: "git" "-c" "credential.helper=" "-c" "credential.helper=/workspace/cargo-home/bin/git-credential-null" "clone" "--bare" "https://github.com/rohanshah-31/Rusteeze" "/workspace/cache/git-repos/https%3A%2F%2Fgithub.com%2Frohanshah-31%2FRusteeze", kill_on_drop: false }`
[INFO] [stderr] Cloning into bare repository '/workspace/cache/git-repos/https%3A%2F%2Fgithub.com%2Frohanshah-31%2FRusteeze'...
[INFO] running `Command { std: "git" "rev-parse" "HEAD", kill_on_drop: false }`
[INFO] [stdout] 0b6d50aa5e9166a3c44a67409bfa12462292b34c
[INFO] checking rohanshah-31/Rusteeze against 3154cc1a3e6424e44f438a95007d043ed5ceaaf6 for pr-133502-30
[INFO] running `Command { std: "git" "clone" "/workspace/cache/git-repos/https%3A%2F%2Fgithub.com%2Frohanshah-31%2FRusteeze" "/workspace/builds/worker-3-tc2/source", kill_on_drop: false }`
[INFO] [stderr] Cloning into '/workspace/builds/worker-3-tc2/source'...
[INFO] [stderr] done.
[INFO] started tweaking git repo https://github.com/rohanshah-31/Rusteeze
[INFO] finished tweaking git repo https://github.com/rohanshah-31/Rusteeze
[INFO] tweaked toml for git repo https://github.com/rohanshah-31/Rusteeze written to /workspace/builds/worker-3-tc2/source/Cargo.toml
[INFO] validating manifest of git repo https://github.com/rohanshah-31/Rusteeze on toolchain 3154cc1a3e6424e44f438a95007d043ed5ceaaf6
[INFO] running `Command { std: CARGO_HOME="/workspace/cargo-home" RUSTUP_HOME="/workspace/rustup-home" "/workspace/cargo-home/bin/cargo" "+3154cc1a3e6424e44f438a95007d043ed5ceaaf6" "metadata" "--manifest-path" "Cargo.toml" "--no-deps", kill_on_drop: false }`
[INFO] crate git repo https://github.com/rohanshah-31/Rusteeze already has a lockfile, it will not be regenerated
[INFO] running `Command { std: CARGO_HOME="/workspace/cargo-home" RUSTUP_HOME="/workspace/rustup-home" "/workspace/cargo-home/bin/cargo" "+3154cc1a3e6424e44f438a95007d043ed5ceaaf6" "fetch" "--manifest-path" "Cargo.toml", kill_on_drop: false }`
[INFO] running `Command { std: "docker" "create" "-v" "/var/lib/crater-agent-workspace/builds/worker-3-tc2/source:/opt/rustwide/workdir:ro,Z" "-v" "/var/lib/crater-agent-workspace/builds/worker-3-tc2/target:/opt/rustwide/target:rw,Z" "-v" "/var/lib/crater-agent-workspace/cargo-home:/opt/rustwide/cargo-home:ro,Z" "-v" "/var/lib/crater-agent-workspace/rustup-home:/opt/rustwide/rustup-home:ro,Z" "-m" "1610612736" "--network" "none" "ghcr.io/rust-lang/crates-build-env/linux@sha256:77db811e55d90add9212f6832c23229e3de5f1c1f9905e8cb07319ea15df73ac" "sleep" "infinity", kill_on_drop: false }`
[INFO] [stdout] ceb14e70c69d4da8d258bfdac00ee787cdab73410dde5292ad70cb2d125d8fe5
[INFO] running `Command { std: "docker" "start" "ceb14e70c69d4da8d258bfdac00ee787cdab73410dde5292ad70cb2d125d8fe5", kill_on_drop: false }`
[INFO] running `Command { std: "docker" "inspect" "ceb14e70c69d4da8d258bfdac00ee787cdab73410dde5292ad70cb2d125d8fe5", kill_on_drop: false }`
[INFO] running `Command { std: "docker" "exec" "-e" "SOURCE_DIR=/opt/rustwide/workdir" "-e" "CARGO_HOME=/opt/rustwide/cargo-home" "-e" "RUSTUP_HOME=/opt/rustwide/rustup-home" "-e" "CARGO_TARGET_DIR=/opt/rustwide/target" "-w" "/opt/rustwide/workdir" "--user" "0:0" "ceb14e70c69d4da8d258bfdac00ee787cdab73410dde5292ad70cb2d125d8fe5" "/opt/rustwide/cargo-home/bin/cargo" "+3154cc1a3e6424e44f438a95007d043ed5ceaaf6" "metadata" "--no-deps" "--format-version=1", kill_on_drop: false }`
[INFO] running `Command { std: "docker" "inspect" "ceb14e70c69d4da8d258bfdac00ee787cdab73410dde5292ad70cb2d125d8fe5", kill_on_drop: false }`
[INFO] running `Command { std: "docker" "exec" "-e" "SOURCE_DIR=/opt/rustwide/workdir" "-e" "CARGO_HOME=/opt/rustwide/cargo-home" "-e" "RUSTUP_HOME=/opt/rustwide/rustup-home" "-e" "CARGO_TARGET_DIR=/opt/rustwide/target" "-e" "CARGO_INCREMENTAL=0" "-e" "RUST_BACKTRACE=full" "-e" "RUSTFLAGS=--cap-lints=forbid" "-e" "RUSTDOCFLAGS=--cap-lints=forbid" "-w" "/opt/rustwide/workdir" "--user" "0:0" "ceb14e70c69d4da8d258bfdac00ee787cdab73410dde5292ad70cb2d125d8fe5" "/opt/rustwide/cargo-home/bin/cargo" "+3154cc1a3e6424e44f438a95007d043ed5ceaaf6" "check" "--frozen" "--all" "--all-targets" "--message-format=json", kill_on_drop: false }`
[INFO] [stderr]    Compiling quote v1.0.46
[INFO] [stderr]    Compiling unicode-segmentation v1.13.3
[INFO] [stderr]     Checking log v0.4.33
[INFO] [stderr]     Checking bitflags v2.13.0
[INFO] [stderr]     Checking parking_lot_core v0.9.12
[INFO] [stderr]     Checking signal-hook v0.3.18
[INFO] [stderr]     Checking parking_lot v0.12.5
[INFO] [stderr]     Checking mio v1.2.2
[INFO] [stderr]    Compiling convert_case v0.10.0
[INFO] [stderr]     Checking rustix v1.1.4
[INFO] [stderr]    Compiling syn v2.0.119
[INFO] [stderr]     Checking signal-hook-mio v0.2.5
[INFO] [stderr]    Compiling derive_more-impl v2.1.1
[INFO] [stderr]     Checking derive_more v2.1.1
[INFO] [stderr]     Checking crossterm v0.29.0
[INFO] [stderr]     Checking Rusteeze v0.1.0 (/opt/rustwide/workdir)
[INFO] [stdout] error: expected `{`, found `}`
[INFO] [stdout]   --> src/editor/view.rs:40:9
[INFO] [stdout]    |
[INFO] [stdout] 40 |         }
[INFO] [stdout]    |         ^ expected `{`
[INFO] [stdout]    |
[INFO] [stdout] note: the `if` expression is missing a block after this condition
[INFO] [stdout]   --> src/editor/view.rs:39:16
[INFO] [stdout]    |
[INFO] [stdout] 39 |             if let Some(line) = self.buffer.lines.get()
[INFO] [stdout]    |                ^^^^^^^^^^^^^^^^^^^^^^^^^^^^^^^^^^^^^^^^
[INFO] [stdout] 
[INFO] [stdout] 
[INFO] [stdout] error: expected `{`, found `}`
[INFO] [stdout]   --> src/editor/view.rs:40:9
[INFO] [stdout]    |
[INFO] [stdout] 40 |         }
[INFO] [stdout]    |         ^ expected `{`
[INFO] [stdout]    |
[INFO] [stdout] note: the `if` expression is missing a block after this condition
[INFO] [stdout]   --> src/editor/view.rs:39:16
[INFO] [stdout]    |
[INFO] [stdout] 39 |             if let Some(line) = self.buffer.lines.get()
[INFO] [stdout]    |                ^^^^^^^^^^^^^^^^^^^^^^^^^^^^^^^^^^^^^^^^
[INFO] [stdout] 
[INFO] [stdout] 
[INFO] [stdout] warning: unused import: `Position`
[INFO] [stdout]   --> src/editor.rs:10:16
[INFO] [stdout]    |
[INFO] [stdout] 10 | use terminal::{Position, Terminal};
[INFO] [stdout]    |                ^^^^^^^^
[INFO] [stdout]    |
[INFO] [stdout]    = note: `#[warn(unused_imports)]` (part of `#[warn(unused)]`) on by default
[INFO] [stdout] 
[INFO] [stdout] 
[INFO] [stdout] error[E0063]: missing fields `location` and `scroll_offset` in initializer of `View`
[INFO] [stdout]   --> src/editor/view.rs:86:9
[INFO] [stdout]    |
[INFO] [stdout] 86 |         Self {
[INFO] [stdout]    |         ^^^^ missing `location` and `scroll_offset`
[INFO] [stdout] 
[INFO] [stdout] 
[INFO] [stdout] error[E0433]: cannot find type `Editor_Command` in this scope
[INFO] [stdout]   --> src/editor.rs:71:19
[INFO] [stdout]    |
[INFO] [stdout] 71 |             match Editor_Command::try_from(event) {
[INFO] [stdout]    |                   ^^^^^^^^^^^^^^ use of undeclared type `Editor_Command`
[INFO] [stdout] 
[INFO] [stdout] 
[INFO] [stdout] error[E0599]: no method named `handle_command` found for struct `View` in the current scope
[INFO] [stdout]   --> src/editor.rs:76:35
[INFO] [stdout]    |
[INFO] [stdout] 76 |                         self.view.handle_command(command);
[INFO] [stdout]    |                                   ^^^^^^^^^^^^^^ method not found in `View`
[INFO] [stdout]    |
[INFO] [stdout]   ::: src/editor/view.rs:8:1
[INFO] [stdout]    |
[INFO] [stdout]  8 | pub struct View {
[INFO] [stdout]    | --------------- method `handle_command` not found for this struct
[INFO] [stdout] 
[INFO] [stdout] 
[INFO] [stdout] error[E0599]: no method named `get_position` found for struct `View` in the current scope
[INFO] [stdout]   --> src/editor.rs:97:51
[INFO] [stdout]    |
[INFO] [stdout] 97 |         let _ = Terminal::move_caret_to(self.view.get_position());
[INFO] [stdout]    |                                                   ^^^^^^^^^^^^ method not found in `View`
[INFO] [stdout]    |
[INFO] [stdout]   ::: src/editor/view.rs:8:1
[INFO] [stdout]    |
[INFO] [stdout]  8 | pub struct View {
[INFO] [stdout]    | --------------- method `get_position` not found for this struct
[INFO] [stdout] 
[INFO] [stdout] 
[INFO] [stdout] warning: unused import: `Position`
[INFO] [stdout]   --> src/editor.rs:10:16
[INFO] [stdout]    |
[INFO] [stdout] 10 | use terminal::{Position, Terminal};
[INFO] [stdout]    |                ^^^^^^^^
[INFO] [stdout]    |
[INFO] [stdout]    = note: `#[warn(unused_imports)]` (part of `#[warn(unused)]`) on by default
[INFO] [stdout] 
[INFO] [stdout] 
[INFO] [stdout] error[E0433]: cannot find type `Editor_Command` in this scope
[INFO] [stdout]   --> src/editor.rs:73:42
[INFO] [stdout]    |
[INFO] [stdout] 73 |                     if matches!(command, Editor_Command::Quit) {
[INFO] [stdout]    |                                          ^^^^^^^^^^^^^^ use of undeclared type `Editor_Command`
[INFO] [stdout] 
[INFO] [stdout] 
[INFO] [stdout] Some errors have detailed explanations: E0063, E0433, E0599.
[INFO] [stdout] 
[INFO] [stdout] For more information about an error, try `rustc --explain E0063`.
[INFO] [stdout] 
[INFO] [stdout] error[E0063]: missing fields `location` and `scroll_offset` in initializer of `View`
[INFO] [stdout]   --> src/editor/view.rs:86:9
[INFO] [stdout]    |
[INFO] [stdout] 86 |         Self {
[INFO] [stdout]    |         ^^^^ missing `location` and `scroll_offset`
[INFO] [stdout] 
[INFO] [stdout] 
[INFO] [stderr] error: could not compile `Rusteeze` (bin "Rusteeze") due to 6 previous errors; 1 warning emitted
[INFO] [stderr] warning: build failed, waiting for other jobs to finish...
[INFO] [stdout] error[E0433]: cannot find type `Editor_Command` in this scope
[INFO] [stdout]   --> src/editor.rs:71:19
[INFO] [stdout]    |
[INFO] [stdout] 71 |             match Editor_Command::try_from(event) {
[INFO] [stdout]    |                   ^^^^^^^^^^^^^^ use of undeclared type `Editor_Command`
[INFO] [stdout] 
[INFO] [stdout] 
[INFO] [stdout] error[E0599]: no method named `handle_command` found for struct `View` in the current scope
[INFO] [stdout]   --> src/editor.rs:76:35
[INFO] [stdout]    |
[INFO] [stdout] 76 |                         self.view.handle_command(command);
[INFO] [stdout]    |                                   ^^^^^^^^^^^^^^ method not found in `View`
[INFO] [stdout]    |
[INFO] [stdout]   ::: src/editor/view.rs:8:1
[INFO] [stdout]    |
[INFO] [stdout]  8 | pub struct View {
[INFO] [stdout]    | --------------- method `handle_command` not found for this struct
[INFO] [stdout] 
[INFO] [stdout] 
[INFO] [stdout] error[E0599]: no method named `get_position` found for struct `View` in the current scope
[INFO] [stdout]   --> src/editor.rs:97:51
[INFO] [stdout]    |
[INFO] [stdout] 97 |         let _ = Terminal::move_caret_to(self.view.get_position());
[INFO] [stdout]    |                                                   ^^^^^^^^^^^^ method not found in `View`
[INFO] [stdout]    |
[INFO] [stdout]   ::: src/editor/view.rs:8:1
[INFO] [stdout]    |
[INFO] [stdout]  8 | pub struct View {
[INFO] [stdout]    | --------------- method `get_position` not found for this struct
[INFO] [stdout] 
[INFO] [stdout] 
[INFO] [stdout] error[E0433]: cannot find type `Editor_Command` in this scope
[INFO] [stdout]   --> src/editor.rs:73:42
[INFO] [stdout]    |
[INFO] [stdout] 73 |                     if matches!(command, Editor_Command::Quit) {
[INFO] [stdout]    |                                          ^^^^^^^^^^^^^^ use of undeclared type `Editor_Command`
[INFO] [stdout] 
[INFO] [stdout] 
[INFO] [stdout] Some errors have detailed explanations: E0063, E0433, E0599.
[INFO] [stdout] 
[INFO] [stdout] For more information about an error, try `rustc --explain E0063`.
[INFO] [stdout] 
[INFO] [stderr] error: could not compile `Rusteeze` (bin "Rusteeze" test) due to 6 previous errors; 1 warning emitted
[INFO] running `Command { std: "docker" "inspect" "ceb14e70c69d4da8d258bfdac00ee787cdab73410dde5292ad70cb2d125d8fe5", kill_on_drop: false }`
[INFO] running `Command { std: "docker" "rm" "-f" "ceb14e70c69d4da8d258bfdac00ee787cdab73410dde5292ad70cb2d125d8fe5", kill_on_drop: false }`
[INFO] [stdout] ceb14e70c69d4da8d258bfdac00ee787cdab73410dde5292ad70cb2d125d8fe5
