[INFO] cloning repository https://github.com/rock117/slim-sshd
[INFO] running `Command { std: "git" "-c" "credential.helper=" "-c" "credential.helper=/workspace/cargo-home/bin/git-credential-null" "clone" "--bare" "https://github.com/rock117/slim-sshd" "/workspace/cache/git-repos/https%3A%2F%2Fgithub.com%2Frock117%2Fslim-sshd", kill_on_drop: false }`
[INFO] [stderr] Cloning into bare repository '/workspace/cache/git-repos/https%3A%2F%2Fgithub.com%2Frock117%2Fslim-sshd'...
[INFO] running `Command { std: "git" "rev-parse" "HEAD", kill_on_drop: false }`
[INFO] [stdout] af785321e229bc586ba53a5e60b5eaff293cd17e
[INFO] checking rock117/slim-sshd against 3154cc1a3e6424e44f438a95007d043ed5ceaaf6 for pr-133502-30
[INFO] running `Command { std: "git" "clone" "/workspace/cache/git-repos/https%3A%2F%2Fgithub.com%2Frock117%2Fslim-sshd" "/workspace/builds/worker-4-tc2/source", kill_on_drop: false }`
[INFO] [stderr] Cloning into '/workspace/builds/worker-4-tc2/source'...
[INFO] [stderr] done.
[INFO] started tweaking git repo https://github.com/rock117/slim-sshd
[INFO] finished tweaking git repo https://github.com/rock117/slim-sshd
[INFO] tweaked toml for git repo https://github.com/rock117/slim-sshd written to /workspace/builds/worker-4-tc2/source/Cargo.toml
[INFO] validating manifest of git repo https://github.com/rock117/slim-sshd on toolchain 3154cc1a3e6424e44f438a95007d043ed5ceaaf6
[INFO] running `Command { std: CARGO_HOME="/workspace/cargo-home" RUSTUP_HOME="/workspace/rustup-home" "/workspace/cargo-home/bin/cargo" "+3154cc1a3e6424e44f438a95007d043ed5ceaaf6" "metadata" "--manifest-path" "Cargo.toml" "--no-deps", kill_on_drop: false }`
[INFO] crate git repo https://github.com/rock117/slim-sshd already has a lockfile, it will not be regenerated
[INFO] running `Command { std: CARGO_HOME="/workspace/cargo-home" RUSTUP_HOME="/workspace/rustup-home" "/workspace/cargo-home/bin/cargo" "+3154cc1a3e6424e44f438a95007d043ed5ceaaf6" "fetch" "--manifest-path" "Cargo.toml", kill_on_drop: false }`
[INFO] running `Command { std: "docker" "create" "-v" "/var/lib/crater-agent-workspace/builds/worker-4-tc2/source:/opt/rustwide/workdir:ro,Z" "-v" "/var/lib/crater-agent-workspace/builds/worker-4-tc2/target:/opt/rustwide/target:rw,Z" "-v" "/var/lib/crater-agent-workspace/cargo-home:/opt/rustwide/cargo-home:ro,Z" "-v" "/var/lib/crater-agent-workspace/rustup-home:/opt/rustwide/rustup-home:ro,Z" "-m" "1610612736" "--network" "none" "ghcr.io/rust-lang/crates-build-env/linux@sha256:77db811e55d90add9212f6832c23229e3de5f1c1f9905e8cb07319ea15df73ac" "sleep" "infinity", kill_on_drop: false }`
[INFO] [stdout] 0066328e05cdc750a36be52927ab3c42334fb925f8871cb7abee0b7e21f0225c
[INFO] running `Command { std: "docker" "start" "0066328e05cdc750a36be52927ab3c42334fb925f8871cb7abee0b7e21f0225c", kill_on_drop: false }`
[INFO] running `Command { std: "docker" "inspect" "0066328e05cdc750a36be52927ab3c42334fb925f8871cb7abee0b7e21f0225c", kill_on_drop: false }`
[INFO] running `Command { std: "docker" "exec" "-e" "SOURCE_DIR=/opt/rustwide/workdir" "-e" "CARGO_HOME=/opt/rustwide/cargo-home" "-e" "RUSTUP_HOME=/opt/rustwide/rustup-home" "-e" "CARGO_TARGET_DIR=/opt/rustwide/target" "-w" "/opt/rustwide/workdir" "--user" "0:0" "0066328e05cdc750a36be52927ab3c42334fb925f8871cb7abee0b7e21f0225c" "/opt/rustwide/cargo-home/bin/cargo" "+3154cc1a3e6424e44f438a95007d043ed5ceaaf6" "metadata" "--no-deps" "--format-version=1", kill_on_drop: false }`
[INFO] running `Command { std: "docker" "inspect" "0066328e05cdc750a36be52927ab3c42334fb925f8871cb7abee0b7e21f0225c", kill_on_drop: false }`
[INFO] running `Command { std: "docker" "exec" "-e" "SOURCE_DIR=/opt/rustwide/workdir" "-e" "CARGO_HOME=/opt/rustwide/cargo-home" "-e" "RUSTUP_HOME=/opt/rustwide/rustup-home" "-e" "CARGO_TARGET_DIR=/opt/rustwide/target" "-e" "CARGO_INCREMENTAL=0" "-e" "RUST_BACKTRACE=full" "-e" "RUSTFLAGS=--cap-lints=forbid" "-e" "RUSTDOCFLAGS=--cap-lints=forbid" "-w" "/opt/rustwide/workdir" "--user" "0:0" "0066328e05cdc750a36be52927ab3c42334fb925f8871cb7abee0b7e21f0225c" "/opt/rustwide/cargo-home/bin/cargo" "+3154cc1a3e6424e44f438a95007d043ed5ceaaf6" "check" "--frozen" "--all" "--all-targets" "--message-format=json", kill_on_drop: false }`
[INFO] [stderr]    Compiling libc v0.2.189
[INFO] [stderr]     Checking cfg-if v1.0.4
[INFO] [stderr]     Checking zeroize v1.9.0
[INFO] [stderr]     Checking subtle v2.6.1
[INFO] [stderr]     Checking typenum v1.20.1
[INFO] [stderr]     Checking cmov v0.5.4
[INFO] [stderr]     Checking rand_core v0.10.1
[INFO] [stderr]    Compiling getrandom v0.4.3
[INFO] [stderr]     Checking const-oid v0.10.2
[INFO] [stderr]    Compiling proc-macro2 v1.0.107
[INFO] [stderr]    Compiling unicode-ident v1.0.24
[INFO] [stderr]    Compiling quote v1.0.47
[INFO] [stderr]     Checking cpufeatures v0.3.0
[INFO] [stderr]    Compiling autocfg v1.5.1
[INFO] [stderr]     Checking cpubits v0.1.1
[INFO] [stderr]     Checking base64ct v1.8.3
[INFO] [stderr]     Checking base16ct v1.0.0
[INFO] [stderr]    Compiling find-msvc-tools v0.1.11
[INFO] [stderr]    Compiling shlex v2.0.1
[INFO] [stderr]     Checking pin-project-lite v0.2.17
[INFO] [stderr]    Compiling semver v1.0.28
[INFO] [stderr]     Checking bytes v1.12.1
[INFO] [stderr]    Compiling pkg-config v0.3.34
[INFO] [stderr]    Compiling dunce v1.0.5
[INFO] [stderr]     Checking smallvec v1.15.2
[INFO] [stderr]    Compiling parking_lot_core v0.9.12
[INFO] [stderr]     Checking ctutils v0.4.2
[INFO] [stderr]     Checking ff v0.14.0
[INFO] [stderr]    Compiling fs_extra v1.3.0
[INFO] [stderr]     Checking pem-rfc7468 v1.0.0
[INFO] [stderr]    Compiling num-traits v0.2.19
[INFO] [stderr]     Checking futures-core v0.3.34
[INFO] [stderr]    Compiling cfg_aliases v0.2.2
[INFO] [stderr]     Checking log v0.4.33
[INFO] [stderr]     Checking futures-sink v0.3.34
[INFO] [stderr]     Checking scopeguard v1.2.0
[INFO] [stderr]    Compiling rustc_version v0.4.1
[INFO] [stderr]     Checking group v0.14.0
[INFO] [stderr]     Checking bitflags v2.13.1
[INFO] [stderr]    Compiling version_check v0.9.5
[INFO] [stderr]     Checking futures-channel v0.3.34
[INFO] [stderr]     Checking der v0.8.1
[INFO] [stderr]     Checking lock_api v0.4.14
[INFO] [stderr]    Compiling nix v0.31.3
[INFO] [stderr]     Checking keccak v0.2.1
[INFO] [stderr]     Checking futures-task v0.3.34
[INFO] [stderr]     Checking slab v0.4.12
[INFO] [stderr]     Checking futures-io v0.3.34
[INFO] [stderr]    Compiling thiserror v1.0.69
[INFO] [stderr]    Compiling curve25519-dalek v5.0.0
[INFO] [stderr]     Checking memchr v2.8.3
[INFO] [stderr]    Compiling cfg_aliases v0.1.1
[INFO] [stderr]     Checking byteorder v1.5.0
[INFO] [stderr]     Checking once_cell v1.21.4
[INFO] [stderr]     Checking utf8parse v0.2.2
[INFO] [stderr]    Compiling rustversion v1.0.23
[INFO] [stderr]    Compiling generic-array v0.14.7
[INFO] [stderr]    Compiling crc32fast v1.5.0
[INFO] [stderr]     Checking anstyle-parse v1.0.0
[INFO] [stderr]    Compiling nix v0.28.0
[INFO] [stderr]    Compiling aws-lc-rs v1.18.0
[INFO] [stderr]     Checking is_terminal_polyfill v1.70.2
[INFO] [stderr]     Checking anstyle v1.0.14
[INFO] [stderr]     Checking anstyle-query v1.1.5
[INFO] [stderr]     Checking regex-syntax v0.8.11
[INFO] [stderr]    Compiling anyhow v1.0.104
[INFO] [stderr]     Checking adler2 v2.0.1
[INFO] [stderr]     Checking simd-adler32 v0.3.10
[INFO] [stderr]     Checking tracing-core v0.1.36
[INFO] [stderr]    Compiling thiserror v2.0.20
[INFO] [stderr]     Checking colorchoice v1.0.5
[INFO] [stderr]     Checking miniz_oxide v0.8.9
[INFO] [stderr]     Checking anstream v1.0.0
[INFO] [stderr]     Checking untrusted v0.7.1
[INFO] [stderr]     Checking sponge-cursor v0.1.0
[INFO] [stderr]     Checking hex v0.4.3
[INFO] [stderr]    Compiling syn v2.0.119
[INFO] [stderr]    Compiling syn v3.0.3
[INFO] [stderr]    Compiling heck v0.5.0
[INFO] [stderr]     Checking num-integer v0.1.47
[INFO] [stderr]     Checking lazy_static v1.5.0
[INFO] [stderr]     Checking clap_lex v1.1.0
[INFO] [stderr]     Checking strsim v0.11.1
[INFO] [stderr]     Checking flate2 v1.1.9
[INFO] [stderr]     Checking sharded-slab v0.1.7
[INFO] [stderr]     Checking tracing-log v0.2.0
[INFO] [stderr]     Checking thread_local v1.1.10
[INFO] [stderr]     Checking shell-words v1.1.1
[INFO] [stderr]     Checking clap_builder v4.6.6
[INFO] [stderr]     Checking data-encoding v2.11.1
[INFO] [stderr]     Checking num-bigint v0.4.8
[INFO] [stderr]     Checking downcast-rs v1.2.1
[INFO] [stderr]     Checking hex-literal v1.1.0
[INFO] [stderr]     Checking md5 v0.8.1
[INFO] [stderr]     Checking nu-ansi-term v0.50.3
[INFO] [stderr]     Checking whoami v1.6.1
[INFO] [stderr]    Compiling jobserver v0.1.35
[INFO] [stderr]    Compiling cc v1.4.3
[INFO] [stderr]     Checking regex-automata v0.4.18
[INFO] [stderr]     Checking spki v0.8.0
[INFO] [stderr]     Checking hybrid-array v0.4.14
[INFO] [stderr]     Checking pkcs1 v0.8.0-rc.4
[INFO] [stderr]     Checking errno v0.3.14
[INFO] [stderr]     Checking mio v1.2.2
[INFO] [stderr]     Checking socket2 v0.6.5
[INFO] [stderr]     Checking serial2 v0.2.38
[INFO] [stderr]     Checking parking_lot v0.12.5
[INFO] [stderr]     Checking signal-hook-registry v1.4.8
[INFO] [stderr]     Checking generic-array v1.4.5
[INFO] [stderr]    Compiling cmake v0.1.58
[INFO] [stderr]    Compiling aws-lc-sys v0.44.0
[INFO] [stderr]     Checking crypto-common v0.2.2
[INFO] [stderr]     Checking block-buffer v0.12.1
[INFO] [stderr]     Checking block-padding v0.4.2
[INFO] [stderr]     Checking crypto-bigint v0.7.5
[INFO] [stderr]     Checking sec1 v0.8.1
[INFO] [stderr]     Checking wnaf v0.14.0
[INFO] [stderr]     Checking module-lattice v0.2.3
[INFO] [stderr]     Checking inout v0.2.2
[INFO] [stderr]     Checking matchers v0.2.0
[INFO] [stderr]     Checking digest v0.11.3
[INFO] [stderr]     Checking cipher v0.5.2
[INFO] [stderr]     Checking universal-hash v0.6.1
[INFO] [stderr]     Checking aead v0.6.1
[INFO] [stderr]     Checking kem v0.3.0
[INFO] [stderr]    Compiling futures-macro v0.3.34
[INFO] [stderr]    Compiling tokio-macros v2.7.2
[INFO] [stderr]    Compiling thiserror-impl v2.0.20
[INFO] [stderr]    Compiling clap_derive v4.6.4
[INFO] [stderr]     Checking polyval v0.7.3
[INFO] [stderr]     Checking poly1305 v0.9.1
[INFO] [stderr]     Checking hmac v0.13.0
[INFO] [stderr]     Checking sha2 v0.11.0
[INFO] [stderr]     Checking signature v3.0.0
[INFO] [stderr]     Checking blake2 v0.11.0-rc.6
[INFO] [stderr]     Checking sha1 v0.11.0
[INFO] [stderr]     Checking sha3 v0.11.0
[INFO] [stderr]     Checking ghash v0.6.0
[INFO] [stderr]     Checking sha3 v0.12.0
[INFO] [stderr]     Checking aes v0.9.2
[INFO] [stderr]     Checking ctr v0.10.1
[INFO] [stderr]     Checking pbkdf2 v0.13.0
[INFO] [stderr]     Checking salsa20 v0.11.0
[INFO] [stderr]     Checking cbc v0.2.1
[INFO] [stderr]     Checking hkdf v0.13.0
[INFO] [stderr]     Checking chacha20 v0.10.1
[INFO] [stderr]     Checking blowfish v0.10.0
[INFO] [stderr]     Checking argon2 v0.6.0-rc.8
[INFO] [stderr]     Checking futures-util v0.3.34
[INFO] [stderr]     Checking aes-gcm v0.11.0
[INFO] [stderr]     Checking tokio v1.53.1
[INFO] [stderr]     Checking rand v0.10.2
[INFO] [stderr]     Checking ml-kem v0.3.2
[INFO] [stderr]     Checking scrypt v0.12.0
[INFO] [stderr]     Checking bcrypt-pbkdf v0.11.0
[INFO] [stderr]     Checking pkcs5 v0.8.1
[INFO] [stderr]     Checking pkcs8 v0.11.0
[INFO] [stderr]     Checking internal-russh-num-bigint v0.5.0
[INFO] [stderr]     Checking ed25519 v3.0.0
[INFO] [stderr]     Checking clap v4.6.6
[INFO] [stderr]    Compiling curve25519-dalek-derive v0.1.1
[INFO] [stderr]    Compiling thiserror-impl v1.0.69
[INFO] [stderr]    Compiling tracing-attributes v0.1.31
[INFO] [stderr]    Compiling enum_dispatch v0.3.13
[INFO] [stderr]    Compiling delegate v0.13.5
[INFO] [stderr]     Checking tracing v0.1.44
[INFO] [stderr]     Checking filedescriptor v0.8.3
[INFO] [stderr]     Checking portable-pty v0.9.0
[INFO] [stderr]     Checking tracing-subscriber v0.3.23
[INFO] [stderr]     Checking ed25519-dalek v3.0.0
[INFO] [stderr]     Checking elliptic-curve v0.14.1
[INFO] [stderr]     Checking rfc6979 v0.6.0
[INFO] [stderr]     Checking primefield v0.14.0
[INFO] [stderr]     Checking ssh-encoding v0.3.0
[INFO] [stderr]     Checking crypto-primes v0.7.2
[INFO] [stderr]     Checking futures-executor v0.3.34
[INFO] [stderr]     Checking futures v0.3.34
[INFO] [stderr]     Checking ssh-cipher v0.3.0
[INFO] [stderr]     Checking russh-cryptovec v0.62.0
[INFO] [stderr]     Checking ecdsa v0.17.0
[INFO] [stderr]     Checking primeorder v0.14.0
[INFO] [stderr]     Checking p384 v0.14.0
[INFO] [stderr]     Checking p256 v0.14.0
[INFO] [stderr]     Checking p521 v0.14.0
[INFO] [stderr]     Checking rsa v0.10.0-rc.18
[INFO] [stderr]     Checking russh-util v0.52.0
[INFO] [stderr]     Checking ssh-key v0.7.0-rc.11
[INFO] [stderr]     Checking russh v0.62.7
[INFO] [stderr]     Checking slim-sshd v0.1.0 (/opt/rustwide/workdir)
[INFO] [stdout] error: no PtyBackend implementation for this platform yet; see plan Phase 4
[INFO] [stdout]   --> src/platform/mod.rs:37:9
[INFO] [stdout]    |
[INFO] [stdout] 37 |         compile_error!("no PtyBackend implementation for this platform yet; see plan Phase 4");
[INFO] [stdout]    |         ^^^^^^^^^^^^^^^^^^^^^^^^^^^^^^^^^^^^^^^^^^^^^^^^^^^^^^^^^^^^^^^^^^^^^^^^^^^^^^^^^^^^^^
[INFO] [stdout] 
[INFO] [stdout] 
[INFO] [stdout] error: no PtyBackend implementation for this platform yet; see plan Phase 4
[INFO] [stdout]   --> src/platform/mod.rs:37:9
[INFO] [stdout]    |
[INFO] [stdout] 37 |         compile_error!("no PtyBackend implementation for this platform yet; see plan Phase 4");
[INFO] [stdout]    |         ^^^^^^^^^^^^^^^^^^^^^^^^^^^^^^^^^^^^^^^^^^^^^^^^^^^^^^^^^^^^^^^^^^^^^^^^^^^^^^^^^^^^^^
[INFO] [stdout] 
[INFO] [stdout] 
[INFO] [stdout] error: no ShellProvider implementation for this platform yet; see plan Phase 4
[INFO] [stdout]   --> src/shell/mod.rs:50:9
[INFO] [stdout]    |
[INFO] [stdout] 50 |         compile_error!("no ShellProvider implementation for this platform yet; see plan Phase 4");
[INFO] [stdout]    |         ^^^^^^^^^^^^^^^^^^^^^^^^^^^^^^^^^^^^^^^^^^^^^^^^^^^^^^^^^^^^^^^^^^^^^^^^^^^^^^^^^^^^^^^^^
[INFO] [stdout] 
[INFO] [stdout] 
[INFO] [stdout] error: no ShellProvider implementation for this platform yet; see plan Phase 4
[INFO] [stdout]   --> src/shell/mod.rs:50:9
[INFO] [stdout]    |
[INFO] [stdout] 50 |         compile_error!("no ShellProvider implementation for this platform yet; see plan Phase 4");
[INFO] [stdout]    |         ^^^^^^^^^^^^^^^^^^^^^^^^^^^^^^^^^^^^^^^^^^^^^^^^^^^^^^^^^^^^^^^^^^^^^^^^^^^^^^^^^^^^^^^^^
[INFO] [stdout] 
[INFO] [stdout] 
[INFO] [stdout] warning: unused import: `warn`
[INFO] [stdout]  --> src/host_keys.rs:6:21
[INFO] [stdout]   |
[INFO] [stdout] 6 | use tracing::{info, warn};
[INFO] [stdout]   |                     ^^^^
[INFO] [stdout]   |
[INFO] [stdout]   = note: `#[warn(unused_imports)]` (part of `#[warn(unused)]`) on by default
[INFO] [stdout] 
[INFO] [stdout] 
[INFO] [stdout] warning: unused import: `warn`
[INFO] [stdout]  --> src/host_keys.rs:6:21
[INFO] [stdout]   |
[INFO] [stdout] 6 | use tracing::{info, warn};
[INFO] [stdout]   |                     ^^^^
[INFO] [stdout]   |
[INFO] [stdout]   = note: `#[warn(unused_imports)]` (part of `#[warn(unused)]`) on by default
[INFO] [stdout] 
[INFO] [stdout] 
[INFO] [stdout] error[E0308]: mismatched types
[INFO] [stdout]   --> src/platform/mod.rs:36:5
[INFO] [stdout]    |
[INFO] [stdout] 36 | /     {
[INFO] [stdout] 37 | |         compile_error!("no PtyBackend implementation for this platform yet; see plan Phase 4");
[INFO] [stdout] 38 | |     }
[INFO] [stdout]    | |_____^ expected `Box<dyn PtyBackend>`, found `()`
[INFO] [stdout]    |
[INFO] [stdout]    = note: expected struct `Box<(dyn PtyBackend + 'static)>`
[INFO] [stdout]            found unit type `()`
[INFO] [stdout] 
[INFO] [stdout] 
[INFO] [stdout] error[E0308]: mismatched types
[INFO] [stdout]   --> src/platform/mod.rs:36:5
[INFO] [stdout]    |
[INFO] [stdout] 36 | /     {
[INFO] [stdout] 37 | |         compile_error!("no PtyBackend implementation for this platform yet; see plan Phase 4");
[INFO] [stdout] 38 | |     }
[INFO] [stdout]    | |_____^ expected `Box<dyn PtyBackend>`, found `()`
[INFO] [stdout]    |
[INFO] [stdout]    = note: expected struct `Box<(dyn PtyBackend + 'static)>`
[INFO] [stdout]            found unit type `()`
[INFO] [stdout] 
[INFO] [stdout] 
[INFO] [stdout] error[E0308]: mismatched types
[INFO] [stdout]   --> src/shell/mod.rs:48:5
[INFO] [stdout]    |
[INFO] [stdout] 48 | /     {
[INFO] [stdout] 49 | |         let _ = name;
[INFO] [stdout] 50 | |         compile_error!("no ShellProvider implementation for this platform yet; see plan Phase 4");
[INFO] [stdout] 51 | |     }
[INFO] [stdout]    | |_____^ expected `Result<Box<dyn ShellProvider>, Error>`, found `()`
[INFO] [stdout]    |
[INFO] [stdout]    = note:   expected enum `Result<Box<(dyn ShellProvider + 'static)>, anyhow::Error>`
[INFO] [stdout]            found unit type `()`
[INFO] [stdout] 
[INFO] [stdout] 
[INFO] [stdout] error[E0308]: mismatched types
[INFO] [stdout]   --> src/shell/mod.rs:48:5
[INFO] [stdout]    |
[INFO] [stdout] 48 | /     {
[INFO] [stdout] 49 | |         let _ = name;
[INFO] [stdout] 50 | |         compile_error!("no ShellProvider implementation for this platform yet; see plan Phase 4");
[INFO] [stdout] 51 | |     }
[INFO] [stdout]    | |_____^ expected `Result<Box<dyn ShellProvider>, Error>`, found `()`
[INFO] [stdout]    |
[INFO] [stdout]    = note:   expected enum `Result<Box<(dyn ShellProvider + 'static)>, anyhow::Error>`
[INFO] [stdout]            found unit type `()`
[INFO] [stdout] 
[INFO] [stdout] 
[INFO] [stdout] For more information about this error, try `rustc --explain E0308`.
[INFO] [stdout] 
[INFO] [stderr] error: could not compile `slim-sshd` (bin "slim-sshd") due to 4 previous errors; 1 warning emitted
[INFO] [stderr] warning: build failed, waiting for other jobs to finish...
[INFO] [stdout] For more information about this error, try `rustc --explain E0308`.
[INFO] [stdout] 
[INFO] [stderr] error: could not compile `slim-sshd` (bin "slim-sshd" test) due to 4 previous errors; 1 warning emitted
[INFO] running `Command { std: "docker" "inspect" "0066328e05cdc750a36be52927ab3c42334fb925f8871cb7abee0b7e21f0225c", kill_on_drop: false }`
[INFO] running `Command { std: "docker" "rm" "-f" "0066328e05cdc750a36be52927ab3c42334fb925f8871cb7abee0b7e21f0225c", kill_on_drop: false }`
[INFO] [stdout] 0066328e05cdc750a36be52927ab3c42334fb925f8871cb7abee0b7e21f0225c
