[INFO] cloning repository https://github.com/robjcaskey/buttercup-eye-tracking
[INFO] running `Command { std: "git" "-c" "credential.helper=" "-c" "credential.helper=/workspace/cargo-home/bin/git-credential-null" "clone" "--bare" "https://github.com/robjcaskey/buttercup-eye-tracking" "/workspace/cache/git-repos/https%3A%2F%2Fgithub.com%2Frobjcaskey%2Fbuttercup-eye-tracking", kill_on_drop: false }`
[INFO] [stderr] Cloning into bare repository '/workspace/cache/git-repos/https%3A%2F%2Fgithub.com%2Frobjcaskey%2Fbuttercup-eye-tracking'...
[INFO] running `Command { std: "git" "rev-parse" "HEAD", kill_on_drop: false }`
[INFO] [stdout] 90f009d42de9166480d127fbfef27913a1a7dd1a
[INFO] checking robjcaskey/buttercup-eye-tracking against 3154cc1a3e6424e44f438a95007d043ed5ceaaf6 for pr-133502-30
[INFO] running `Command { std: "git" "clone" "/workspace/cache/git-repos/https%3A%2F%2Fgithub.com%2Frobjcaskey%2Fbuttercup-eye-tracking" "/workspace/builds/worker-2-tc2/source", kill_on_drop: false }`
[INFO] [stderr] Cloning into '/workspace/builds/worker-2-tc2/source'...
[INFO] [stderr] done.
[INFO] removed /workspace/builds/worker-2-tc2/source/.cargo/config.toml
[INFO] started tweaking git repo https://github.com/robjcaskey/buttercup-eye-tracking
[INFO] finished tweaking git repo https://github.com/robjcaskey/buttercup-eye-tracking
[INFO] tweaked toml for git repo https://github.com/robjcaskey/buttercup-eye-tracking written to /workspace/builds/worker-2-tc2/source/Cargo.toml
[INFO] validating manifest of git repo https://github.com/robjcaskey/buttercup-eye-tracking on toolchain 3154cc1a3e6424e44f438a95007d043ed5ceaaf6
[INFO] running `Command { std: CARGO_HOME="/workspace/cargo-home" RUSTUP_HOME="/workspace/rustup-home" "/workspace/cargo-home/bin/cargo" "+3154cc1a3e6424e44f438a95007d043ed5ceaaf6" "metadata" "--manifest-path" "Cargo.toml" "--no-deps", kill_on_drop: false }`
[INFO] crate git repo https://github.com/robjcaskey/buttercup-eye-tracking already has a lockfile, it will not be regenerated
[INFO] running `Command { std: CARGO_HOME="/workspace/cargo-home" RUSTUP_HOME="/workspace/rustup-home" "/workspace/cargo-home/bin/cargo" "+3154cc1a3e6424e44f438a95007d043ed5ceaaf6" "fetch" "--manifest-path" "Cargo.toml", kill_on_drop: false }`
[INFO] running `Command { std: "docker" "create" "-v" "/var/lib/crater-agent-workspace/builds/worker-2-tc2/source:/opt/rustwide/workdir:ro,Z" "-v" "/var/lib/crater-agent-workspace/builds/worker-2-tc2/target:/opt/rustwide/target:rw,Z" "-v" "/var/lib/crater-agent-workspace/cargo-home:/opt/rustwide/cargo-home:ro,Z" "-v" "/var/lib/crater-agent-workspace/rustup-home:/opt/rustwide/rustup-home:ro,Z" "-m" "1610612736" "--network" "none" "ghcr.io/rust-lang/crates-build-env/linux@sha256:77db811e55d90add9212f6832c23229e3de5f1c1f9905e8cb07319ea15df73ac" "sleep" "infinity", kill_on_drop: false }`
[INFO] [stdout] d5b812791fe54df9e1e6656eb88f7d9b621494103145a2568e54691ee7ad573a
[INFO] running `Command { std: "docker" "start" "d5b812791fe54df9e1e6656eb88f7d9b621494103145a2568e54691ee7ad573a", kill_on_drop: false }`
[INFO] running `Command { std: "docker" "inspect" "d5b812791fe54df9e1e6656eb88f7d9b621494103145a2568e54691ee7ad573a", kill_on_drop: false }`
[INFO] running `Command { std: "docker" "exec" "-e" "SOURCE_DIR=/opt/rustwide/workdir" "-e" "CARGO_HOME=/opt/rustwide/cargo-home" "-e" "RUSTUP_HOME=/opt/rustwide/rustup-home" "-e" "CARGO_TARGET_DIR=/opt/rustwide/target" "-w" "/opt/rustwide/workdir" "--user" "0:0" "d5b812791fe54df9e1e6656eb88f7d9b621494103145a2568e54691ee7ad573a" "/opt/rustwide/cargo-home/bin/cargo" "+3154cc1a3e6424e44f438a95007d043ed5ceaaf6" "metadata" "--no-deps" "--format-version=1", kill_on_drop: false }`
[INFO] running `Command { std: "docker" "inspect" "d5b812791fe54df9e1e6656eb88f7d9b621494103145a2568e54691ee7ad573a", kill_on_drop: false }`
[INFO] running `Command { std: "docker" "exec" "-e" "SOURCE_DIR=/opt/rustwide/workdir" "-e" "CARGO_HOME=/opt/rustwide/cargo-home" "-e" "RUSTUP_HOME=/opt/rustwide/rustup-home" "-e" "CARGO_TARGET_DIR=/opt/rustwide/target" "-e" "CARGO_INCREMENTAL=0" "-e" "RUST_BACKTRACE=full" "-e" "RUSTFLAGS=--cap-lints=forbid" "-e" "RUSTDOCFLAGS=--cap-lints=forbid" "-w" "/opt/rustwide/workdir" "--user" "0:0" "d5b812791fe54df9e1e6656eb88f7d9b621494103145a2568e54691ee7ad573a" "/opt/rustwide/cargo-home/bin/cargo" "+3154cc1a3e6424e44f438a95007d043ed5ceaaf6" "check" "--frozen" "--all" "--all-targets" "--message-format=json", kill_on_drop: false }`
[INFO] [stderr]    Compiling rustix v1.1.4
[INFO] [stderr]    Compiling wayland-sys v0.31.11
[INFO] [stderr]     Checking dlib v0.5.3
[INFO] [stderr]    Compiling cc v1.4.3
[INFO] [stderr]    Compiling wayland-client v0.31.15
[INFO] [stderr]    Compiling wayland-scanner v0.31.11
[INFO] [stderr]    Compiling clang-sys v1.9.1
[INFO] [stderr]    Compiling thiserror-impl v1.0.69
[INFO] [stderr]     Checking linux-raw-sys v0.4.15
[INFO] [stderr]    Compiling percent-encoding v2.3.2
[INFO] [stderr]     Checking memmap2 v0.9.11
[INFO] [stderr]     Checking rustix v0.38.44
[INFO] [stderr]     Checking xkeysym v0.2.1
[INFO] [stderr]    Compiling shlex v1.3.0
[INFO] [stderr]    Compiling smithay-client-toolkit v0.19.2
[INFO] [stderr]     Checking simd-adler32 v0.3.10
[INFO] [stderr]     Checking cursor-icon v1.2.0
[INFO] [stderr]     Checking tracing-core v0.1.36
[INFO] [stderr]     Checking xcursor v0.3.11
[INFO] [stderr]     Checking tracing v0.1.44
[INFO] [stderr]     Checking miniz_oxide v0.8.9
[INFO] [stderr]     Checking thiserror v1.0.69
[INFO] [stderr]    Compiling winit v0.30.13
[INFO] [stderr]     Checking getrandom v0.3.4
[INFO] [stderr]    Compiling syn v3.0.3
[INFO] [stderr]     Checking ahash v0.8.12
[INFO] [stderr]     Checking xkbcommon-dl v0.4.2
[INFO] [stderr]     Checking flate2 v1.1.9
[INFO] [stderr]     Checking smol_str v0.2.2
[INFO] [stderr]     Checking dpi v0.1.2
[INFO] [stderr]    Compiling wayland-backend v0.3.17
[INFO] [stderr]    Compiling buttercup-eye-tracking v0.1.0 (/opt/rustwide/workdir)
[INFO] [stderr]     Checking zip v0.6.6
[INFO] [stderr]    Compiling clang v2.1.0
[INFO] [stderr]    Compiling serde_derive v1.0.229
[INFO] [stderr]    Compiling opencv-binding-generator v0.90.2
[INFO] [stderr]     Checking polling v3.11.0
[INFO] [stderr]     Checking calloop v0.13.0
[INFO] [stderr]     Checking wayland-csd-frame v0.3.0
[INFO] [stderr]     Checking serde v1.0.229
[INFO] [stderr]     Checking wayland-protocols v0.32.13
[INFO] [stderr]     Checking calloop-wayland-source v0.3.0
[INFO] [stderr]     Checking wayland-cursor v0.31.14
[INFO] [stderr]     Checking softbuffer v0.4.8
[INFO] [stderr]    Compiling opencv v0.92.3
[INFO] [stderr]     Checking wayland-protocols-wlr v0.3.12
[INFO] [stderr]     Checking wayland-protocols-plasma v0.3.12
[INFO] [stdout] warning: unused imports: `JointConicRequest`, `JointConicUnavailable`, and `solve_joint_conics`
[INFO] [stdout]   --> src/conic_solver.rs:15:24
[INFO] [stdout]    |
[INFO] [stdout] 15 | pub(crate) use joint::{solve_joint_conics, JointConicRequest, JointConicUnavailable};
[INFO] [stdout]    |                        ^^^^^^^^^^^^^^^^^^  ^^^^^^^^^^^^^^^^^  ^^^^^^^^^^^^^^^^^^^^^
[INFO] [stdout]    |
[INFO] [stdout]    = note: `#[warn(unused_imports)]` (part of `#[warn(unused)]`) on by default
[INFO] [stdout] 
[INFO] [stdout] 
[INFO] [stdout] warning: unused imports: `JointConicRequest`, `JointConicUnavailable`, and `solve_joint_conics`
[INFO] [stdout]   --> src/conic_solver.rs:15:24
[INFO] [stdout]    |
[INFO] [stdout] 15 | pub(crate) use joint::{solve_joint_conics, JointConicRequest, JointConicUnavailable};
[INFO] [stdout]    |                        ^^^^^^^^^^^^^^^^^^  ^^^^^^^^^^^^^^^^^  ^^^^^^^^^^^^^^^^^^^^^
[INFO] [stdout]    |
[INFO] [stdout]    = note: `#[warn(unused_imports)]` (part of `#[warn(unused)]`) on by default
[INFO] [stdout] 
[INFO] [stdout] 
[INFO] [stdout] error[E0433]: cannot find `parallel_work` in the crate root
[INFO] [stdout]     --> src/bin/../conic_solver/joint/posterior.rs:1605:12
[INFO] [stdout]      |
[INFO] [stdout] 1605 |     crate::parallel_work::ordered_map(items, 64, f)
[INFO] [stdout]      |            ^^^^^^^^^^^^^ unresolved import
[INFO] [stdout]      |
[INFO] [stdout] help: a similar path exists
[INFO] [stdout]      |
[INFO] [stdout] 1605 |     crate::buttercup_eye_tracking::parallel_work::ordered_map(items, 64, f)
[INFO] [stdout]      |            ++++++++++++++++++++++++
[INFO] [stdout] help: consider importing this module
[INFO] [stdout]      |
[INFO] [stdout]   12 + use buttercup_eye_tracking::parallel_work;
[INFO] [stdout]      |
[INFO] [stdout] help: if you import `parallel_work`, refer to it directly
[INFO] [stdout]      |
[INFO] [stdout] 1605 -     crate::parallel_work::ordered_map(items, 64, f)
[INFO] [stdout] 1605 +     parallel_work::ordered_map(items, 64, f)
[INFO] [stdout]      |
[INFO] [stdout] 
[INFO] [stdout] 
[INFO] [stdout] error[E0433]: cannot find `parallel_work` in the crate root
[INFO] [stdout]     --> src/bin/../conic_solver/joint.rs:2263:30
[INFO] [stdout]      |
[INFO] [stdout] 2263 |         let refined = crate::parallel_work::ordered_map(seeds, 1, |&seed| {
[INFO] [stdout]      |                              ^^^^^^^^^^^^^ unresolved import
[INFO] [stdout]      |
[INFO] [stdout] help: a similar path exists
[INFO] [stdout]      |
[INFO] [stdout] 2263 |         let refined = crate::buttercup_eye_tracking::parallel_work::ordered_map(seeds, 1, |&seed| {
[INFO] [stdout]      |                              ++++++++++++++++++++++++
[INFO] [stdout] help: consider importing this module
[INFO] [stdout]      |
[INFO] [stdout]   12 + use buttercup_eye_tracking::parallel_work;
[INFO] [stdout]      |
[INFO] [stdout] help: if you import `parallel_work`, refer to it directly
[INFO] [stdout]      |
[INFO] [stdout] 2263 -         let refined = crate::parallel_work::ordered_map(seeds, 1, |&seed| {
[INFO] [stdout] 2263 +         let refined = parallel_work::ordered_map(seeds, 1, |&seed| {
[INFO] [stdout]      |
[INFO] [stdout] 
[INFO] [stdout] 
[INFO] [stdout] warning: unused imports: `JointConicRequest`, `JointConicUnavailable`, and `solve_joint_conics`
[INFO] [stdout]   --> src/bin/../conic_solver.rs:15:24
[INFO] [stdout]    |
[INFO] [stdout] 15 | pub(crate) use joint::{solve_joint_conics, JointConicRequest, JointConicUnavailable};
[INFO] [stdout]    |                        ^^^^^^^^^^^^^^^^^^  ^^^^^^^^^^^^^^^^^  ^^^^^^^^^^^^^^^^^^^^^
[INFO] [stdout]    |
[INFO] [stdout]    = note: `#[warn(unused_imports)]` (part of `#[warn(unused)]`) on by default
[INFO] [stdout] 
[INFO] [stdout] 
[INFO] [stdout] error[E0433]: cannot find `parallel_work` in the crate root
[INFO] [stdout]     --> src/bin/../conic_solver/joint/posterior.rs:1605:12
[INFO] [stdout]      |
[INFO] [stdout] 1605 |     crate::parallel_work::ordered_map(items, 64, f)
[INFO] [stdout]      |            ^^^^^^^^^^^^^ unresolved import
[INFO] [stdout]      |
[INFO] [stdout] help: a similar path exists
[INFO] [stdout]      |
[INFO] [stdout] 1605 |     crate::buttercup_eye_tracking::parallel_work::ordered_map(items, 64, f)
[INFO] [stdout]      |            ++++++++++++++++++++++++
[INFO] [stdout] help: consider importing this module
[INFO] [stdout]      |
[INFO] [stdout]   12 + use buttercup_eye_tracking::parallel_work;
[INFO] [stdout]      |
[INFO] [stdout] help: if you import `parallel_work`, refer to it directly
[INFO] [stdout]      |
[INFO] [stdout] 1605 -     crate::parallel_work::ordered_map(items, 64, f)
[INFO] [stdout] 1605 +     parallel_work::ordered_map(items, 64, f)
[INFO] [stdout]      |
[INFO] [stdout] 
[INFO] [stdout] 
[INFO] [stdout] error[E0433]: cannot find `parallel_work` in the crate root
[INFO] [stdout]     --> src/bin/../conic_solver/joint.rs:2263:30
[INFO] [stdout]      |
[INFO] [stdout] 2263 |         let refined = crate::parallel_work::ordered_map(seeds, 1, |&seed| {
[INFO] [stdout]      |                              ^^^^^^^^^^^^^ unresolved import
[INFO] [stdout]      |
[INFO] [stdout] help: a similar path exists
[INFO] [stdout]      |
[INFO] [stdout] 2263 |         let refined = crate::buttercup_eye_tracking::parallel_work::ordered_map(seeds, 1, |&seed| {
[INFO] [stdout]      |                              ++++++++++++++++++++++++
[INFO] [stdout] help: consider importing this module
[INFO] [stdout]      |
[INFO] [stdout]   12 + use buttercup_eye_tracking::parallel_work;
[INFO] [stdout]      |
[INFO] [stdout] help: if you import `parallel_work`, refer to it directly
[INFO] [stdout]      |
[INFO] [stdout] 2263 -         let refined = crate::parallel_work::ordered_map(seeds, 1, |&seed| {
[INFO] [stdout] 2263 +         let refined = parallel_work::ordered_map(seeds, 1, |&seed| {
[INFO] [stdout]      |
[INFO] [stdout] 
[INFO] [stdout] 
[INFO] [stdout] warning: unused imports: `JointConicRequest`, `JointConicUnavailable`, and `solve_joint_conics`
[INFO] [stdout]   --> src/bin/../conic_solver.rs:15:24
[INFO] [stdout]    |
[INFO] [stdout] 15 | pub(crate) use joint::{solve_joint_conics, JointConicRequest, JointConicUnavailable};
[INFO] [stdout]    |                        ^^^^^^^^^^^^^^^^^^  ^^^^^^^^^^^^^^^^^  ^^^^^^^^^^^^^^^^^^^^^
[INFO] [stdout]    |
[INFO] [stdout]    = note: `#[warn(unused_imports)]` (part of `#[warn(unused)]`) on by default
[INFO] [stdout] 
[INFO] [stdout] 
[INFO] [stdout] error[E0433]: cannot find `parallel_work` in the crate root
[INFO] [stdout]     --> src/bin/../conic_solver/joint/posterior.rs:1605:12
[INFO] [stdout]      |
[INFO] [stdout] 1605 |     crate::parallel_work::ordered_map(items, 64, f)
[INFO] [stdout]      |            ^^^^^^^^^^^^^ unresolved import
[INFO] [stdout]      |
[INFO] [stdout] help: a similar path exists
[INFO] [stdout]      |
[INFO] [stdout] 1605 |     crate::buttercup_eye_tracking::parallel_work::ordered_map(items, 64, f)
[INFO] [stdout]      |            ++++++++++++++++++++++++
[INFO] [stdout] help: consider importing this module
[INFO] [stdout]      |
[INFO] [stdout]   12 + use buttercup_eye_tracking::parallel_work;
[INFO] [stdout]      |
[INFO] [stdout] help: if you import `parallel_work`, refer to it directly
[INFO] [stdout]      |
[INFO] [stdout] 1605 -     crate::parallel_work::ordered_map(items, 64, f)
[INFO] [stdout] 1605 +     parallel_work::ordered_map(items, 64, f)
[INFO] [stdout]      |
[INFO] [stdout] 
[INFO] [stdout] 
[INFO] [stdout] error[E0433]: cannot find `parallel_work` in the crate root
[INFO] [stdout]     --> src/bin/../conic_solver/joint.rs:2263:30
[INFO] [stdout]      |
[INFO] [stdout] 2263 |         let refined = crate::parallel_work::ordered_map(seeds, 1, |&seed| {
[INFO] [stdout]      |                              ^^^^^^^^^^^^^ unresolved import
[INFO] [stdout]      |
[INFO] [stdout] help: a similar path exists
[INFO] [stdout]      |
[INFO] [stdout] 2263 |         let refined = crate::buttercup_eye_tracking::parallel_work::ordered_map(seeds, 1, |&seed| {
[INFO] [stdout]      |                              ++++++++++++++++++++++++
[INFO] [stdout] help: consider importing this module
[INFO] [stdout]      |
[INFO] [stdout]   12 + use buttercup_eye_tracking::parallel_work;
[INFO] [stdout]      |
[INFO] [stdout] help: if you import `parallel_work`, refer to it directly
[INFO] [stdout]      |
[INFO] [stdout] 2263 -         let refined = crate::parallel_work::ordered_map(seeds, 1, |&seed| {
[INFO] [stdout] 2263 +         let refined = parallel_work::ordered_map(seeds, 1, |&seed| {
[INFO] [stdout]      |
[INFO] [stdout] 
[INFO] [stdout] 
[INFO] [stdout] error[E0433]: cannot find `parallel_work` in the crate root
[INFO] [stdout]     --> src/bin/../conic_solver/joint/posterior.rs:1605:12
[INFO] [stdout]      |
[INFO] [stdout] 1605 |     crate::parallel_work::ordered_map(items, 64, f)
[INFO] [stdout]      |            ^^^^^^^^^^^^^ unresolved import
[INFO] [stdout]      |
[INFO] [stdout] help: a similar path exists
[INFO] [stdout]      |
[INFO] [stdout] 1605 |     crate::buttercup_eye_tracking::parallel_work::ordered_map(items, 64, f)
[INFO] [stdout]      |            ++++++++++++++++++++++++
[INFO] [stdout] help: consider importing this module
[INFO] [stdout]      |
[INFO] [stdout]   12 + use buttercup_eye_tracking::parallel_work;
[INFO] [stdout]      |
[INFO] [stdout] help: if you import `parallel_work`, refer to it directly
[INFO] [stdout]      |
[INFO] [stdout] 1605 -     crate::parallel_work::ordered_map(items, 64, f)
[INFO] [stdout] 1605 +     parallel_work::ordered_map(items, 64, f)
[INFO] [stdout]      |
[INFO] [stdout] 
[INFO] [stdout] 
[INFO] [stdout] error[E0433]: cannot find `parallel_work` in the crate root
[INFO] [stdout]     --> src/bin/../conic_solver/joint.rs:2263:30
[INFO] [stdout]      |
[INFO] [stdout] 2263 |         let refined = crate::parallel_work::ordered_map(seeds, 1, |&seed| {
[INFO] [stdout]      |                              ^^^^^^^^^^^^^ unresolved import
[INFO] [stdout]      |
[INFO] [stdout] help: a similar path exists
[INFO] [stdout]      |
[INFO] [stdout] 2263 |         let refined = crate::buttercup_eye_tracking::parallel_work::ordered_map(seeds, 1, |&seed| {
[INFO] [stdout]      |                              ++++++++++++++++++++++++
[INFO] [stdout] help: consider importing this module
[INFO] [stdout]      |
[INFO] [stdout]   12 + use buttercup_eye_tracking::parallel_work;
[INFO] [stdout]      |
[INFO] [stdout] help: if you import `parallel_work`, refer to it directly
[INFO] [stdout]      |
[INFO] [stdout] 2263 -         let refined = crate::parallel_work::ordered_map(seeds, 1, |&seed| {
[INFO] [stdout] 2263 +         let refined = parallel_work::ordered_map(seeds, 1, |&seed| {
[INFO] [stdout]      |
[INFO] [stdout] 
[INFO] [stdout] 
[INFO] [stdout] warning: unused imports: `JointConicRequest`, `JointConicUnavailable`, and `solve_joint_conics`
[INFO] [stdout]   --> src/bin/../conic_solver.rs:15:24
[INFO] [stdout]    |
[INFO] [stdout] 15 | pub(crate) use joint::{solve_joint_conics, JointConicRequest, JointConicUnavailable};
[INFO] [stdout]    |                        ^^^^^^^^^^^^^^^^^^  ^^^^^^^^^^^^^^^^^  ^^^^^^^^^^^^^^^^^^^^^
[INFO] [stdout]    |
[INFO] [stdout]    = note: `#[warn(unused_imports)]` (part of `#[warn(unused)]`) on by default
[INFO] [stdout] 
[INFO] [stdout] 
[INFO] [stdout] warning: unused imports: `binocular_coordinator`, `eye_scene_model`, and `outline_conic_segments`
[INFO] [stdout]   --> src/bin/buttercup_sign_expert_trial.rs:35:5
[INFO] [stdout]    |
[INFO] [stdout] 35 |     binocular_coordinator, conic_solver, eye_scene_model, outline_conic_segments, roi_evidence,
[INFO] [stdout]    |     ^^^^^^^^^^^^^^^^^^^^^                ^^^^^^^^^^^^^^^  ^^^^^^^^^^^^^^^^^^^^^^
[INFO] [stdout] 
[INFO] [stdout] 
[INFO] [stdout] warning: unused imports: `JointConicRequest`, `JointConicUnavailable`, and `solve_joint_conics`
[INFO] [stdout]   --> src/bin/../conic_solver.rs:15:24
[INFO] [stdout]    |
[INFO] [stdout] 15 | pub(crate) use joint::{solve_joint_conics, JointConicRequest, JointConicUnavailable};
[INFO] [stdout]    |                        ^^^^^^^^^^^^^^^^^^  ^^^^^^^^^^^^^^^^^  ^^^^^^^^^^^^^^^^^^^^^
[INFO] [stdout]    |
[INFO] [stdout]    = note: `#[warn(unused_imports)]` (part of `#[warn(unused)]`) on by default
[INFO] [stdout] 
[INFO] [stdout] 
[INFO] [stdout] warning: function `raw10_luma_preview` is never used
[INFO] [stdout]   --> src/bin/../raw_preview.rs:67:8
[INFO] [stdout]    |
[INFO] [stdout] 67 | pub fn raw10_luma_preview(values: &[u16], contrast_percent: u16) -> Vec<u32> {
[INFO] [stdout]    |        ^^^^^^^^^^^^^^^^^^
[INFO] [stdout]    |
[INFO] [stdout]    = note: `#[warn(dead_code)]` (part of `#[warn(unused)]`) on by default
[INFO] [stdout] 
[INFO] [stdout] 
[INFO] [stdout] warning: function `raw10_color_preview` is never used
[INFO] [stdout]   --> src/bin/../raw_preview.rs:82:8
[INFO] [stdout]    |
[INFO] [stdout] 82 | pub fn raw10_color_preview(
[INFO] [stdout]    |        ^^^^^^^^^^^^^^^^^^^
[INFO] [stdout] 
[INFO] [stdout] 
[INFO] [stdout] warning: function `cross` is never used
[INFO] [stdout]   --> src/bin/buttercup_outer_rigid_motion.rs:69:8
[INFO] [stdout]    |
[INFO] [stdout] 69 |     fn cross(a: [f64; 3], b: [f64; 3]) -> [f64; 3] {
[INFO] [stdout]    |        ^^^^^
[INFO] [stdout] 
[INFO] [stdout] 
[INFO] [stdout] For more information about this error, try `rustc --explain E0433`.
[INFO] [stdout] 
[INFO] [stderr] error: could not compile `buttercup-eye-tracking` (bin "buttercup_flat_tire_eval") due to 2 previous errors; 1 warning emitted
[INFO] [stderr] warning: build failed, waiting for other jobs to finish...
[INFO] [stdout] warning: function `parse` is never used
[INFO] [stdout]    --> src/bin/../bootstrapability.rs:152:8
[INFO] [stdout]     |
[INFO] [stdout] 152 | pub fn parse(bytes: &[u8]) -> Result<Manifest, GraphError> {
[INFO] [stdout]     |        ^^^^^
[INFO] [stdout]     |
[INFO] [stdout]     = note: `#[warn(dead_code)]` (part of `#[warn(unused)]`) on by default
[INFO] [stdout] 
[INFO] [stdout] 
[INFO] [stderr] error: could not compile `buttercup-eye-tracking` (bin "buttercup-cluster-replay")
[INFO] [stderr] 
[INFO] [stderr] Caused by:
[INFO] [stderr]   process didn't exit successfully: `/opt/rustwide/rustup-home/toolchains/3154cc1a3e6424e44f438a95007d043ed5ceaaf6/bin/rustc --crate-name buttercup_cluster_replay --edition=2021 src/bin/buttercup_cluster_replay.rs --error-format=json --json=diagnostic-rendered-ansi,artifacts,future-incompat,unused-externs-silent --crate-type bin --emit=dep-info,metadata -C embed-bitcode=no -C debuginfo=2 --cfg 'feature="checkerboard"' --cfg 'feature="default"' --check-cfg 'cfg(docsrs,test)' --check-cfg 'cfg(feature, values("checkerboard", "default", "sam31"))' -C metadata=1464a90e1fb246a5 -C extra-filename=-ece2d0c9e793859b --out-dir /opt/rustwide/target/debug/build/buttercup-eye-tracking/ece2d0c9e793859b/out -L dependency=/opt/rustwide/target/debug/build/adler2/ee8704cd74c29624/out -L dependency=/opt/rustwide/target/debug/build/ahash/ede25cc72baf93de/out -L dependency=/opt/rustwide/target/debug/build/bitflags/12164dedcc9c97c0/out -L dependency=/opt/rustwide/target/debug/build/block-buffer/0af5b8fc335d25d4/out -L dependency=/opt/rustwide/target/debug/build/byteorder/d92705dd1d5353b1/out -L dependency=/opt/rustwide/target/debug/build/calloop-wayland-source/d45a79e663ce04e5/out -L dependency=/opt/rustwide/target/debug/build/calloop/a4e6c03ecfe426f9/out -L dependency=/opt/rustwide/target/debug/build/cfg-if/190c9021fd162845/out -L dependency=/opt/rustwide/target/debug/build/cpufeatures/1ae956ba346ebd12/out -L dependency=/opt/rustwide/target/debug/build/crc32fast/31ecd786fe404797/out -L dependency=/opt/rustwide/target/debug/build/crypto-common/cee4772f604dd209/out -L dependency=/opt/rustwide/target/debug/build/cursor-icon/77a4dd94d128bfe7/out -L dependency=/opt/rustwide/target/debug/build/digest/b8e47c3f88c5586a/out -L dependency=/opt/rustwide/target/debug/build/dlib/ebcb5615f60f55e5/out -L dependency=/opt/rustwide/target/debug/build/downcast-rs/e66389dcb14c8a87/out -L dependency=/opt/rustwide/target/debug/build/dpi/4b998743676558d9/out -L dependency=/opt/rustwide/target/debug/build/fastrand/f97ae5f035b5782d/out -L dependency=/opt/rustwide/target/debug/build/flate2/e2b2e507d69a2614/out -L dependency=/opt/rustwide/target/debug/build/generic-array/ce25ba0e196dbb97/out -L dependency=/opt/rustwide/target/debug/build/getrandom/ae89f6bbef94bfc1/out -L dependency=/opt/rustwide/target/debug/build/itoa/488dcf4f13423b18/out -L dependency=/opt/rustwide/target/debug/build/libc/5b122225efee376b/out -L dependency=/opt/rustwide/target/debug/build/libloading/d21983df834c79db/out -L dependency=/opt/rustwide/target/debug/build/libm/89e5b3015da8f563/out -L dependency=/opt/rustwide/target/debug/build/linux-raw-sys/9692f5d5f45da725/out -L dependency=/opt/rustwide/target/debug/build/linux-raw-sys/d4bc5dcbcaabc690/out -L dependency=/opt/rustwide/target/debug/build/log/88d33b7e65e7d5e3/out -L dependency=/opt/rustwide/target/debug/build/memchr/1479ae024ac081f3/out -L dependency=/opt/rustwide/target/debug/build/memmap2/2a224007f359de1f/out -L dependency=/opt/rustwide/target/debug/build/miniz_oxide/61b8e5f8d53c984d/out -L dependency=/opt/rustwide/target/debug/build/num-traits/f66f4b200fc490bc/out -L dependency=/opt/rustwide/target/debug/build/once_cell/6f8123b0c2eed634/out -L dependency=/opt/rustwide/target/debug/build/opencv/577bcdab83292e60/out -L dependency=/opt/rustwide/target/debug/build/pin-project-lite/7176d3be2b7ee2e1/out -L dependency=/opt/rustwide/target/debug/build/polling/d49e92b7ffb957d6/out -L dependency=/opt/rustwide/target/debug/build/raw-window-handle/4edc1522fa5f26cd/out -L dependency=/opt/rustwide/target/debug/build/rustix/4d1fa17d92378b01/out -L dependency=/opt/rustwide/target/debug/build/rustix/f19430358f6be132/out -L dependency=/opt/rustwide/target/debug/build/scoped-tls/668d833244126a72/out -L dependency=/opt/rustwide/target/debug/build/serde/5df93112ae22a5ee/out -L dependency=/opt/rustwide/target/debug/build/serde_core/f93df072facdd6a4/out -L dependency=/opt/rustwide/target/debug/build/serde_derive/0c976aff251b4cac/out -L dependency=/opt/rustwide/target/debug/build/serde_json/1d33e9e7be165e5c/out -L dependency=/opt/rustwide/target/debug/build/sha2/e6ba27803e849420/out -L dependency=/opt/rustwide/target/debug/build/simd-adler32/954d3bb8ff2d18b7/out -L dependency=/opt/rustwide/target/debug/build/slab/101f873bca723251/out -L dependency=/opt/rustwide/target/debug/build/smallvec/4f8e4a825041d312/out -L dependency=/opt/rustwide/target/debug/build/smithay-client-toolkit/159b15546bf7a7f9/out -L dependency=/opt/rustwide/target/debug/build/smol_str/a073e469c77ae8b8/out -L dependency=/opt/rustwide/target/debug/build/softbuffer/475f868ab2c883ca/out -L dependency=/opt/rustwide/target/debug/build/thiserror-impl/8e2f7bde397532f4/out -L dependency=/opt/rustwide/target/debug/build/thiserror/d012026e48231d3b/out -L dependency=/opt/rustwide/target/debug/build/tracing-core/edae20f9cc641218/out -L dependency=/opt/rustwide/target/debug/build/tracing/eace84a9257377b7/out -L dependency=/opt/rustwide/target/debug/build/typenum/4c820b3e2b4e41c0/out -L dependency=/opt/rustwide/target/debug/build/wayland-backend/60dd2592be22b491/out -L dependency=/opt/rustwide/target/debug/build/wayland-client/b39de0a6628b402e/out -L dependency=/opt/rustwide/target/debug/build/wayland-csd-frame/60d502e3e192fc89/out -L dependency=/opt/rustwide/target/debug/build/wayland-cursor/7e962a4fe3a20ff1/out -L dependency=/opt/rustwide/target/debug/build/wayland-protocols-plasma/40957c739a5a4553/out -L dependency=/opt/rustwide/target/debug/build/wayland-protocols-wlr/1d493f2a5fdbc018/out -L dependency=/opt/rustwide/target/debug/build/wayland-protocols/a6cae1b924b34710/out -L dependency=/opt/rustwide/target/debug/build/wayland-scanner/83f93335aef3c1d0/out -L dependency=/opt/rustwide/target/debug/build/wayland-sys/a0f4e750881977aa/out -L dependency=/opt/rustwide/target/debug/build/winit/fd1017cea92b99fb/out -L dependency=/opt/rustwide/target/debug/build/xcursor/f4a9ae5329ece2e6/out -L dependency=/opt/rustwide/target/debug/build/xkbcommon-dl/15337b4e179dfd11/out -L dependency=/opt/rustwide/target/debug/build/xkeysym/4386b6ce81738058/out -L dependency=/opt/rustwide/target/debug/build/zerocopy/6a56c99072cf491d/out -L dependency=/opt/rustwide/target/debug/build/zip/78e6779843c490bf/out -L dependency=/opt/rustwide/target/debug/build/zmij/93cb3e10a525d438/out --extern buttercup_eye_tracking=/opt/rustwide/target/debug/build/buttercup-eye-tracking/f9454922c86dd369/out/libbuttercup_eye_tracking-f9454922c86dd369.rmeta --extern libc=/opt/rustwide/target/debug/build/libc/5b122225efee376b/out/liblibc-5b122225efee376b.rmeta --extern libloading=/opt/rustwide/target/debug/build/libloading/d21983df834c79db/out/liblibloading-d21983df834c79db.rmeta --extern libm=/opt/rustwide/target/debug/build/libm/89e5b3015da8f563/out/liblibm-89e5b3015da8f563.rmeta --extern opencv=/opt/rustwide/target/debug/build/opencv/577bcdab83292e60/out/libopencv-577bcdab83292e60.rmeta --extern serde=/opt/rustwide/target/debug/build/serde/5df93112ae22a5ee/out/libserde-5df93112ae22a5ee.rmeta --extern serde_json=/opt/rustwide/target/debug/build/serde_json/1d33e9e7be165e5c/out/libserde_json-1d33e9e7be165e5c.rmeta --extern sha2=/opt/rustwide/target/debug/build/sha2/e6ba27803e849420/out/libsha2-e6ba27803e849420.rmeta --extern softbuffer=/opt/rustwide/target/debug/build/softbuffer/475f868ab2c883ca/out/libsoftbuffer-475f868ab2c883ca.rmeta --extern wayland_client=/opt/rustwide/target/debug/build/wayland-client/b39de0a6628b402e/out/libwayland_client-b39de0a6628b402e.rmeta --extern winit=/opt/rustwide/target/debug/build/winit/fd1017cea92b99fb/out/libwinit-fd1017cea92b99fb.rmeta --extern zip=/opt/rustwide/target/debug/build/zip/78e6779843c490bf/out/libzip-78e6779843c490bf.rmeta --cap-lints=forbid --force-warn=unused_crate_dependencies -L native=/opt/rustwide/target/debug/build/opencv/236fa947ad7da4f7/out -L /usr/lib/x86_64-linux-gnu` (signal: 9, SIGKILL: kill)
[INFO] [stderr] error: could not compile `buttercup-eye-tracking` (bin "buttercup-eye-viewer" test)
[INFO] [stderr] 
[INFO] [stderr] Caused by:
[INFO] [stderr]   process didn't exit successfully: `/opt/rustwide/rustup-home/toolchains/3154cc1a3e6424e44f438a95007d043ed5ceaaf6/bin/rustc --crate-name buttercup_eye_viewer --edition=2021 src/main.rs --error-format=json --json=diagnostic-rendered-ansi,artifacts,future-incompat,unused-externs-silent --emit=dep-info,metadata -C embed-bitcode=no -C debuginfo=2 --test --cfg 'feature="checkerboard"' --cfg 'feature="default"' --check-cfg 'cfg(docsrs,test)' --check-cfg 'cfg(feature, values("checkerboard", "default", "sam31"))' -C metadata=e15212a289a6091c -C extra-filename=-605a2e03443fb6fb --out-dir /opt/rustwide/target/debug/build/buttercup-eye-tracking/605a2e03443fb6fb/out -L dependency=/opt/rustwide/target/debug/build/adler2/ee8704cd74c29624/out -L dependency=/opt/rustwide/target/debug/build/ahash/ede25cc72baf93de/out -L dependency=/opt/rustwide/target/debug/build/bitflags/12164dedcc9c97c0/out -L dependency=/opt/rustwide/target/debug/build/block-buffer/0af5b8fc335d25d4/out -L dependency=/opt/rustwide/target/debug/build/byteorder/d92705dd1d5353b1/out -L dependency=/opt/rustwide/target/debug/build/calloop-wayland-source/d45a79e663ce04e5/out -L dependency=/opt/rustwide/target/debug/build/calloop/a4e6c03ecfe426f9/out -L dependency=/opt/rustwide/target/debug/build/cfg-if/190c9021fd162845/out -L dependency=/opt/rustwide/target/debug/build/cpufeatures/1ae956ba346ebd12/out -L dependency=/opt/rustwide/target/debug/build/crc32fast/31ecd786fe404797/out -L dependency=/opt/rustwide/target/debug/build/crypto-common/cee4772f604dd209/out -L dependency=/opt/rustwide/target/debug/build/cursor-icon/77a4dd94d128bfe7/out -L dependency=/opt/rustwide/target/debug/build/digest/b8e47c3f88c5586a/out -L dependency=/opt/rustwide/target/debug/build/dlib/ebcb5615f60f55e5/out -L dependency=/opt/rustwide/target/debug/build/downcast-rs/e66389dcb14c8a87/out -L dependency=/opt/rustwide/target/debug/build/dpi/4b998743676558d9/out -L dependency=/opt/rustwide/target/debug/build/fastrand/f97ae5f035b5782d/out -L dependency=/opt/rustwide/target/debug/build/flate2/e2b2e507d69a2614/out -L dependency=/opt/rustwide/target/debug/build/generic-array/ce25ba0e196dbb97/out -L dependency=/opt/rustwide/target/debug/build/getrandom/ae89f6bbef94bfc1/out -L dependency=/opt/rustwide/target/debug/build/itoa/488dcf4f13423b18/out -L dependency=/opt/rustwide/target/debug/build/libc/5b122225efee376b/out -L dependency=/opt/rustwide/target/debug/build/libloading/d21983df834c79db/out -L dependency=/opt/rustwide/target/debug/build/libm/89e5b3015da8f563/out -L dependency=/opt/rustwide/target/debug/build/linux-raw-sys/9692f5d5f45da725/out -L dependency=/opt/rustwide/target/debug/build/linux-raw-sys/d4bc5dcbcaabc690/out -L dependency=/opt/rustwide/target/debug/build/log/88d33b7e65e7d5e3/out -L dependency=/opt/rustwide/target/debug/build/memchr/1479ae024ac081f3/out -L dependency=/opt/rustwide/target/debug/build/memmap2/2a224007f359de1f/out -L dependency=/opt/rustwide/target/debug/build/miniz_oxide/61b8e5f8d53c984d/out -L dependency=/opt/rustwide/target/debug/build/num-traits/f66f4b200fc490bc/out -L dependency=/opt/rustwide/target/debug/build/once_cell/6f8123b0c2eed634/out -L dependency=/opt/rustwide/target/debug/build/opencv/577bcdab83292e60/out -L dependency=/opt/rustwide/target/debug/build/pin-project-lite/7176d3be2b7ee2e1/out -L dependency=/opt/rustwide/target/debug/build/polling/d49e92b7ffb957d6/out -L dependency=/opt/rustwide/target/debug/build/raw-window-handle/4edc1522fa5f26cd/out -L dependency=/opt/rustwide/target/debug/build/rustix/4d1fa17d92378b01/out -L dependency=/opt/rustwide/target/debug/build/rustix/f19430358f6be132/out -L dependency=/opt/rustwide/target/debug/build/scoped-tls/668d833244126a72/out -L dependency=/opt/rustwide/target/debug/build/serde/5df93112ae22a5ee/out -L dependency=/opt/rustwide/target/debug/build/serde_core/f93df072facdd6a4/out -L dependency=/opt/rustwide/target/debug/build/serde_derive/0c976aff251b4cac/out -L dependency=/opt/rustwide/target/debug/build/serde_json/1d33e9e7be165e5c/out -L dependency=/opt/rustwide/target/debug/build/sha2/e6ba27803e849420/out -L dependency=/opt/rustwide/target/debug/build/simd-adler32/954d3bb8ff2d18b7/out -L dependency=/opt/rustwide/target/debug/build/slab/101f873bca723251/out -L dependency=/opt/rustwide/target/debug/build/smallvec/4f8e4a825041d312/out -L dependency=/opt/rustwide/target/debug/build/smithay-client-toolkit/159b15546bf7a7f9/out -L dependency=/opt/rustwide/target/debug/build/smol_str/a073e469c77ae8b8/out -L dependency=/opt/rustwide/target/debug/build/softbuffer/475f868ab2c883ca/out -L dependency=/opt/rustwide/target/debug/build/thiserror-impl/8e2f7bde397532f4/out -L dependency=/opt/rustwide/target/debug/build/thiserror/d012026e48231d3b/out -L dependency=/opt/rustwide/target/debug/build/tracing-core/edae20f9cc641218/out -L dependency=/opt/rustwide/target/debug/build/tracing/eace84a9257377b7/out -L dependency=/opt/rustwide/target/debug/build/typenum/4c820b3e2b4e41c0/out -L dependency=/opt/rustwide/target/debug/build/wayland-backend/60dd2592be22b491/out -L dependency=/opt/rustwide/target/debug/build/wayland-client/b39de0a6628b402e/out -L dependency=/opt/rustwide/target/debug/build/wayland-csd-frame/60d502e3e192fc89/out -L dependency=/opt/rustwide/target/debug/build/wayland-cursor/7e962a4fe3a20ff1/out -L dependency=/opt/rustwide/target/debug/build/wayland-protocols-plasma/40957c739a5a4553/out -L dependency=/opt/rustwide/target/debug/build/wayland-protocols-wlr/1d493f2a5fdbc018/out -L dependency=/opt/rustwide/target/debug/build/wayland-protocols/a6cae1b924b34710/out -L dependency=/opt/rustwide/target/debug/build/wayland-scanner/83f93335aef3c1d0/out -L dependency=/opt/rustwide/target/debug/build/wayland-sys/a0f4e750881977aa/out -L dependency=/opt/rustwide/target/debug/build/winit/fd1017cea92b99fb/out -L dependency=/opt/rustwide/target/debug/build/xcursor/f4a9ae5329ece2e6/out -L dependency=/opt/rustwide/target/debug/build/xkbcommon-dl/15337b4e179dfd11/out -L dependency=/opt/rustwide/target/debug/build/xkeysym/4386b6ce81738058/out -L dependency=/opt/rustwide/target/debug/build/zerocopy/6a56c99072cf491d/out -L dependency=/opt/rustwide/target/debug/build/zip/78e6779843c490bf/out -L dependency=/opt/rustwide/target/debug/build/zmij/93cb3e10a525d438/out --extern buttercup_eye_tracking=/opt/rustwide/target/debug/build/buttercup-eye-tracking/f9454922c86dd369/out/libbuttercup_eye_tracking-f9454922c86dd369.rmeta --extern libc=/opt/rustwide/target/debug/build/libc/5b122225efee376b/out/liblibc-5b122225efee376b.rmeta --extern libloading=/opt/rustwide/target/debug/build/libloading/d21983df834c79db/out/liblibloading-d21983df834c79db.rmeta --extern libm=/opt/rustwide/target/debug/build/libm/89e5b3015da8f563/out/liblibm-89e5b3015da8f563.rmeta --extern opencv=/opt/rustwide/target/debug/build/opencv/577bcdab83292e60/out/libopencv-577bcdab83292e60.rmeta --extern serde=/opt/rustwide/target/debug/build/serde/5df93112ae22a5ee/out/libserde-5df93112ae22a5ee.rmeta --extern serde_json=/opt/rustwide/target/debug/build/serde_json/1d33e9e7be165e5c/out/libserde_json-1d33e9e7be165e5c.rmeta --extern sha2=/opt/rustwide/target/debug/build/sha2/e6ba27803e849420/out/libsha2-e6ba27803e849420.rmeta --extern softbuffer=/opt/rustwide/target/debug/build/softbuffer/475f868ab2c883ca/out/libsoftbuffer-475f868ab2c883ca.rmeta --extern wayland_client=/opt/rustwide/target/debug/build/wayland-client/b39de0a6628b402e/out/libwayland_client-b39de0a6628b402e.rmeta --extern winit=/opt/rustwide/target/debug/build/winit/fd1017cea92b99fb/out/libwinit-fd1017cea92b99fb.rmeta --extern zip=/opt/rustwide/target/debug/build/zip/78e6779843c490bf/out/libzip-78e6779843c490bf.rmeta --cap-lints=forbid --force-warn=unused_crate_dependencies -L native=/opt/rustwide/target/debug/build/opencv/236fa947ad7da4f7/out -L /usr/lib/x86_64-linux-gnu` (signal: 9, SIGKILL: kill)
[INFO] [stderr] error: could not compile `buttercup-eye-tracking` (lib test); 1 warning emitted
[INFO] [stderr] 
[INFO] [stderr] Caused by:
[INFO] [stderr]   process didn't exit successfully: `/opt/rustwide/rustup-home/toolchains/3154cc1a3e6424e44f438a95007d043ed5ceaaf6/bin/rustc --crate-name buttercup_eye_tracking --edition=2021 src/lib.rs --error-format=json --json=diagnostic-rendered-ansi,artifacts,future-incompat,unused-externs-silent --emit=dep-info,metadata -C embed-bitcode=no -C debuginfo=2 --test --cfg 'feature="checkerboard"' --cfg 'feature="default"' --check-cfg 'cfg(docsrs,test)' --check-cfg 'cfg(feature, values("checkerboard", "default", "sam31"))' -C metadata=3ea6f9aa928411f2 -C extra-filename=-aad3bd9011ef8959 --out-dir /opt/rustwide/target/debug/build/buttercup-eye-tracking/aad3bd9011ef8959/out -L dependency=/opt/rustwide/target/debug/build/adler2/ee8704cd74c29624/out -L dependency=/opt/rustwide/target/debug/build/ahash/ede25cc72baf93de/out -L dependency=/opt/rustwide/target/debug/build/bitflags/12164dedcc9c97c0/out -L dependency=/opt/rustwide/target/debug/build/block-buffer/0af5b8fc335d25d4/out -L dependency=/opt/rustwide/target/debug/build/byteorder/d92705dd1d5353b1/out -L dependency=/opt/rustwide/target/debug/build/calloop-wayland-source/d45a79e663ce04e5/out -L dependency=/opt/rustwide/target/debug/build/calloop/a4e6c03ecfe426f9/out -L dependency=/opt/rustwide/target/debug/build/cfg-if/190c9021fd162845/out -L dependency=/opt/rustwide/target/debug/build/cpufeatures/1ae956ba346ebd12/out -L dependency=/opt/rustwide/target/debug/build/crc32fast/31ecd786fe404797/out -L dependency=/opt/rustwide/target/debug/build/crypto-common/cee4772f604dd209/out -L dependency=/opt/rustwide/target/debug/build/cursor-icon/77a4dd94d128bfe7/out -L dependency=/opt/rustwide/target/debug/build/digest/b8e47c3f88c5586a/out -L dependency=/opt/rustwide/target/debug/build/dlib/ebcb5615f60f55e5/out -L dependency=/opt/rustwide/target/debug/build/downcast-rs/e66389dcb14c8a87/out -L dependency=/opt/rustwide/target/debug/build/dpi/4b998743676558d9/out -L dependency=/opt/rustwide/target/debug/build/fastrand/f97ae5f035b5782d/out -L dependency=/opt/rustwide/target/debug/build/flate2/e2b2e507d69a2614/out -L dependency=/opt/rustwide/target/debug/build/generic-array/ce25ba0e196dbb97/out -L dependency=/opt/rustwide/target/debug/build/getrandom/ae89f6bbef94bfc1/out -L dependency=/opt/rustwide/target/debug/build/itoa/488dcf4f13423b18/out -L dependency=/opt/rustwide/target/debug/build/libc/5b122225efee376b/out -L dependency=/opt/rustwide/target/debug/build/libloading/d21983df834c79db/out -L dependency=/opt/rustwide/target/debug/build/linux-raw-sys/9692f5d5f45da725/out -L dependency=/opt/rustwide/target/debug/build/linux-raw-sys/d4bc5dcbcaabc690/out -L dependency=/opt/rustwide/target/debug/build/log/88d33b7e65e7d5e3/out -L dependency=/opt/rustwide/target/debug/build/memchr/1479ae024ac081f3/out -L dependency=/opt/rustwide/target/debug/build/memmap2/2a224007f359de1f/out -L dependency=/opt/rustwide/target/debug/build/miniz_oxide/61b8e5f8d53c984d/out -L dependency=/opt/rustwide/target/debug/build/num-traits/f66f4b200fc490bc/out -L dependency=/opt/rustwide/target/debug/build/once_cell/6f8123b0c2eed634/out -L dependency=/opt/rustwide/target/debug/build/pin-project-lite/7176d3be2b7ee2e1/out -L dependency=/opt/rustwide/target/debug/build/polling/d49e92b7ffb957d6/out -L dependency=/opt/rustwide/target/debug/build/raw-window-handle/4edc1522fa5f26cd/out -L dependency=/opt/rustwide/target/debug/build/rustix/4d1fa17d92378b01/out -L dependency=/opt/rustwide/target/debug/build/rustix/f19430358f6be132/out -L dependency=/opt/rustwide/target/debug/build/scoped-tls/668d833244126a72/out -L dependency=/opt/rustwide/target/debug/build/serde_core/f93df072facdd6a4/out -L dependency=/opt/rustwide/target/debug/build/serde_derive/0c976aff251b4cac/out -L dependency=/opt/rustwide/target/debug/build/simd-adler32/954d3bb8ff2d18b7/out -L dependency=/opt/rustwide/target/debug/build/slab/101f873bca723251/out -L dependency=/opt/rustwide/target/debug/build/smallvec/4f8e4a825041d312/out -L dependency=/opt/rustwide/target/debug/build/smithay-client-toolkit/159b15546bf7a7f9/out -L dependency=/opt/rustwide/target/debug/build/smol_str/a073e469c77ae8b8/out -L dependency=/opt/rustwide/target/debug/build/thiserror-impl/8e2f7bde397532f4/out -L dependency=/opt/rustwide/target/debug/build/thiserror/d012026e48231d3b/out -L dependency=/opt/rustwide/target/debug/build/tracing-core/edae20f9cc641218/out -L dependency=/opt/rustwide/target/debug/build/tracing/eace84a9257377b7/out -L dependency=/opt/rustwide/target/debug/build/typenum/4c820b3e2b4e41c0/out -L dependency=/opt/rustwide/target/debug/build/wayland-backend/60dd2592be22b491/out -L dependency=/opt/rustwide/target/debug/build/wayland-client/b39de0a6628b402e/out -L dependency=/opt/rustwide/target/debug/build/wayland-csd-frame/60d502e3e192fc89/out -L dependency=/opt/rustwide/target/debug/build/wayland-cursor/7e962a4fe3a20ff1/out -L dependency=/opt/rustwide/target/debug/build/wayland-protocols-plasma/40957c739a5a4553/out -L dependency=/opt/rustwide/target/debug/build/wayland-protocols-wlr/1d493f2a5fdbc018/out -L dependency=/opt/rustwide/target/debug/build/wayland-protocols/a6cae1b924b34710/out -L dependency=/opt/rustwide/target/debug/build/wayland-scanner/83f93335aef3c1d0/out -L dependency=/opt/rustwide/target/debug/build/wayland-sys/a0f4e750881977aa/out -L dependency=/opt/rustwide/target/debug/build/xcursor/f4a9ae5329ece2e6/out -L dependency=/opt/rustwide/target/debug/build/xkbcommon-dl/15337b4e179dfd11/out -L dependency=/opt/rustwide/target/debug/build/xkeysym/4386b6ce81738058/out -L dependency=/opt/rustwide/target/debug/build/zerocopy/6a56c99072cf491d/out -L dependency=/opt/rustwide/target/debug/build/zmij/93cb3e10a525d438/out --extern libc=/opt/rustwide/target/debug/build/libc/5b122225efee376b/out/liblibc-5b122225efee376b.rmeta --extern libloading=/opt/rustwide/target/debug/build/libloading/d21983df834c79db/out/liblibloading-d21983df834c79db.rmeta --extern libm=/opt/rustwide/target/debug/build/libm/89e5b3015da8f563/out/liblibm-89e5b3015da8f563.rmeta --extern opencv=/opt/rustwide/target/debug/build/opencv/577bcdab83292e60/out/libopencv-577bcdab83292e60.rmeta --extern serde=/opt/rustwide/target/debug/build/serde/5df93112ae22a5ee/out/libserde-5df93112ae22a5ee.rmeta --extern serde_json=/opt/rustwide/target/debug/build/serde_json/1d33e9e7be165e5c/out/libserde_json-1d33e9e7be165e5c.rmeta --extern sha2=/opt/rustwide/target/debug/build/sha2/e6ba27803e849420/out/libsha2-e6ba27803e849420.rmeta --extern softbuffer=/opt/rustwide/target/debug/build/softbuffer/475f868ab2c883ca/out/libsoftbuffer-475f868ab2c883ca.rmeta --extern wayland_client=/opt/rustwide/target/debug/build/wayland-client/b39de0a6628b402e/out/libwayland_client-b39de0a6628b402e.rmeta --extern winit=/opt/rustwide/target/debug/build/winit/fd1017cea92b99fb/out/libwinit-fd1017cea92b99fb.rmeta --extern zip=/opt/rustwide/target/debug/build/zip/78e6779843c490bf/out/libzip-78e6779843c490bf.rmeta --cap-lints=forbid --force-warn=unused_crate_dependencies -L native=/opt/rustwide/target/debug/build/opencv/236fa947ad7da4f7/out -L /usr/lib/x86_64-linux-gnu` (signal: 9, SIGKILL: kill)
[INFO] [stdout] For more information about this error, try `rustc --explain E0433`.
[INFO] [stdout] 
[INFO] [stderr] error: could not compile `buttercup-eye-tracking` (bin "buttercup_sign_expert_trial") due to 2 previous errors; 2 warnings emitted
[INFO] [stdout] For more information about this error, try `rustc --explain E0433`.
[INFO] [stdout] 
[INFO] [stderr] error: could not compile `buttercup-eye-tracking` (bin "buttercup_eye_student") due to 2 previous errors; 1 warning emitted
[INFO] [stdout] For more information about this error, try `rustc --explain E0433`.
[INFO] [stdout] 
[INFO] [stderr] error: could not compile `buttercup-eye-tracking` (bin "buttercup_stereo_conic_eval" test) due to 2 previous errors; 1 warning emitted
[INFO] running `Command { std: "docker" "inspect" "d5b812791fe54df9e1e6656eb88f7d9b621494103145a2568e54691ee7ad573a", kill_on_drop: false }`
[INFO] running `Command { std: "docker" "rm" "-f" "d5b812791fe54df9e1e6656eb88f7d9b621494103145a2568e54691ee7ad573a", kill_on_drop: false }`
[INFO] [stdout] d5b812791fe54df9e1e6656eb88f7d9b621494103145a2568e54691ee7ad573a
