[INFO] cloning repository https://github.com/rnortman/brenn-component-demo
[INFO] running `Command { std: "git" "-c" "credential.helper=" "-c" "credential.helper=/workspace/cargo-home/bin/git-credential-null" "clone" "--bare" "https://github.com/rnortman/brenn-component-demo" "/workspace/cache/git-repos/https%3A%2F%2Fgithub.com%2Frnortman%2Fbrenn-component-demo", kill_on_drop: false }`
[INFO] [stderr] Cloning into bare repository '/workspace/cache/git-repos/https%3A%2F%2Fgithub.com%2Frnortman%2Fbrenn-component-demo'...
[INFO] running `Command { std: "git" "rev-parse" "HEAD", kill_on_drop: false }`
[INFO] [stdout] 525203b85c040945ad5b612bf1c5de76fa6ac31e
[INFO] checking rnortman/brenn-component-demo against 3154cc1a3e6424e44f438a95007d043ed5ceaaf6 for pr-133502-30
[INFO] running `Command { std: "git" "clone" "/workspace/cache/git-repos/https%3A%2F%2Fgithub.com%2Frnortman%2Fbrenn-component-demo" "/workspace/builds/worker-1-tc2/source", kill_on_drop: false }`
[INFO] [stderr] Cloning into '/workspace/builds/worker-1-tc2/source'...
[INFO] [stderr] done.
[INFO] started tweaking git repo https://github.com/rnortman/brenn-component-demo
[INFO] finished tweaking git repo https://github.com/rnortman/brenn-component-demo
[INFO] tweaked toml for git repo https://github.com/rnortman/brenn-component-demo written to /workspace/builds/worker-1-tc2/source/Cargo.toml
[INFO] validating manifest of git repo https://github.com/rnortman/brenn-component-demo on toolchain 3154cc1a3e6424e44f438a95007d043ed5ceaaf6
[INFO] running `Command { std: CARGO_HOME="/workspace/cargo-home" RUSTUP_HOME="/workspace/rustup-home" "/workspace/cargo-home/bin/cargo" "+3154cc1a3e6424e44f438a95007d043ed5ceaaf6" "metadata" "--manifest-path" "Cargo.toml" "--no-deps", kill_on_drop: false }`
[INFO] crate git repo https://github.com/rnortman/brenn-component-demo already has a lockfile, it will not be regenerated
[INFO] running `Command { std: CARGO_HOME="/workspace/cargo-home" RUSTUP_HOME="/workspace/rustup-home" "/workspace/cargo-home/bin/cargo" "+3154cc1a3e6424e44f438a95007d043ed5ceaaf6" "fetch" "--manifest-path" "Cargo.toml", kill_on_drop: false }`
[INFO] running `Command { std: "docker" "create" "-v" "/var/lib/crater-agent-workspace/builds/worker-1-tc2/source:/opt/rustwide/workdir:ro,Z" "-v" "/var/lib/crater-agent-workspace/builds/worker-1-tc2/target:/opt/rustwide/target:rw,Z" "-v" "/var/lib/crater-agent-workspace/cargo-home:/opt/rustwide/cargo-home:ro,Z" "-v" "/var/lib/crater-agent-workspace/rustup-home:/opt/rustwide/rustup-home:ro,Z" "-m" "1610612736" "--network" "none" "ghcr.io/rust-lang/crates-build-env/linux@sha256:77db811e55d90add9212f6832c23229e3de5f1c1f9905e8cb07319ea15df73ac" "sleep" "infinity", kill_on_drop: false }`
[INFO] [stdout] 5e7bf16daf290162e3f0bfc40bf3da4ba76832dd68616bdb6e28a3e4dbd9e54a
[INFO] running `Command { std: "docker" "start" "5e7bf16daf290162e3f0bfc40bf3da4ba76832dd68616bdb6e28a3e4dbd9e54a", kill_on_drop: false }`
[INFO] running `Command { std: "docker" "inspect" "5e7bf16daf290162e3f0bfc40bf3da4ba76832dd68616bdb6e28a3e4dbd9e54a", kill_on_drop: false }`
[INFO] running `Command { std: "docker" "exec" "-e" "SOURCE_DIR=/opt/rustwide/workdir" "-e" "CARGO_HOME=/opt/rustwide/cargo-home" "-e" "RUSTUP_HOME=/opt/rustwide/rustup-home" "-e" "CARGO_TARGET_DIR=/opt/rustwide/target" "-w" "/opt/rustwide/workdir" "--user" "0:0" "5e7bf16daf290162e3f0bfc40bf3da4ba76832dd68616bdb6e28a3e4dbd9e54a" "/opt/rustwide/cargo-home/bin/cargo" "+3154cc1a3e6424e44f438a95007d043ed5ceaaf6" "metadata" "--no-deps" "--format-version=1", kill_on_drop: false }`
[INFO] running `Command { std: "docker" "inspect" "5e7bf16daf290162e3f0bfc40bf3da4ba76832dd68616bdb6e28a3e4dbd9e54a", kill_on_drop: false }`
[INFO] running `Command { std: "docker" "exec" "-e" "SOURCE_DIR=/opt/rustwide/workdir" "-e" "CARGO_HOME=/opt/rustwide/cargo-home" "-e" "RUSTUP_HOME=/opt/rustwide/rustup-home" "-e" "CARGO_TARGET_DIR=/opt/rustwide/target" "-e" "CARGO_INCREMENTAL=0" "-e" "RUST_BACKTRACE=full" "-e" "RUSTFLAGS=--cap-lints=forbid" "-e" "RUSTDOCFLAGS=--cap-lints=forbid" "-w" "/opt/rustwide/workdir" "--user" "0:0" "5e7bf16daf290162e3f0bfc40bf3da4ba76832dd68616bdb6e28a3e4dbd9e54a" "/opt/rustwide/cargo-home/bin/cargo" "+3154cc1a3e6424e44f438a95007d043ed5ceaaf6" "check" "--frozen" "--all" "--all-targets" "--message-format=json", kill_on_drop: false }`
[INFO] [stderr]     Checking demo-counter v0.1.0 (/opt/rustwide/workdir/demo-counter)
[INFO] [stderr]     Checking demo-tests v0.1.0 (/opt/rustwide/workdir/tests)
[INFO] [stderr]     Checking demo-panel v0.1.0 (/opt/rustwide/workdir/demo-panel)
[INFO] [stdout] error[E0583]: file not found for module `spec`
[INFO] [stdout]   --> demo-counter/src/lib.rs:10:1
[INFO] [stdout]    |
[INFO] [stdout] 10 | mod spec;
[INFO] [stdout]    | ^^^^^^^^^
[INFO] [stdout]    |
[INFO] [stdout]    = help: to create the module `spec`, create file "demo-counter/src/spec.rs" or "demo-counter/src/spec/mod.rs"
[INFO] [stdout]    = note: if there is a `mod spec` elsewhere in the crate already, import it with `use crate::...` instead
[INFO] [stdout] 
[INFO] [stdout] 
[INFO] [stdout] error[E0432]: unresolved import `brenn_guest`
[INFO] [stdout]   --> demo-counter/src/lib.rs:12:5
[INFO] [stdout]    |
[INFO] [stdout] 12 | use brenn_guest::{Activation, Error, OutPort, Processor};
[INFO] [stdout]    |     ^^^^^^^^^^^ use of unresolved module or unlinked crate `brenn_guest`
[INFO] [stdout]    |
[INFO] [stdout]    = help: if you wanted to use a crate named `brenn_guest`, use `cargo add brenn_guest` to add it to your `Cargo.toml`
[INFO] [stdout] 
[INFO] [stdout] 
[INFO] [stdout] error[E0432]: unresolved import `brenn_page_harness`
[INFO] [stdout]  --> tests/src/lib.rs:9:5
[INFO] [stdout]   |
[INFO] [stdout] 9 | use brenn_page_harness::{Declared, Kind};
[INFO] [stdout]   |     ^^^^^^^^^^^^^^^^^^ use of unresolved module or unlinked crate `brenn_page_harness`
[INFO] [stdout]   |
[INFO] [stdout]   = help: if you wanted to use a crate named `brenn_page_harness`, use `cargo add brenn_page_harness` to add it to your `Cargo.toml`
[INFO] [stdout] 
[INFO] [stdout] 
[INFO] [stdout] error[E0432]: unresolved import `serde`
[INFO] [stdout]   --> demo-counter/src/lib.rs:13:5
[INFO] [stdout]    |
[INFO] [stdout] 13 | use serde::{Deserialize, Serialize};
[INFO] [stdout]    |     ^^^^^ use of unresolved module or unlinked crate `serde`
[INFO] [stdout]    |
[INFO] [stdout]    = help: if you wanted to use a crate named `serde`, use `cargo add serde` to add it to your `Cargo.toml`
[INFO] [stdout] 
[INFO] [stdout] 
[INFO] [stdout] error[E0433]: cannot find module or crate `brenn_guest` in this scope
[INFO] [stdout]   --> demo-counter/src/lib.rs:82:1
[INFO] [stdout]    |
[INFO] [stdout] 82 | brenn_guest::export_processor!(DemoCounter);
[INFO] [stdout]    | ^^^^^^^^^^^ use of unresolved module or unlinked crate `brenn_guest`
[INFO] [stdout] 
[INFO] [stdout] 
[INFO] [stdout] For more information about this error, try `rustc --explain E0432`.
[INFO] [stdout] 
[INFO] [stderr] error: could not compile `demo-tests` (lib) due to 1 previous error
[INFO] [stderr] warning: build failed, waiting for other jobs to finish...
[INFO] [stdout] error[E0583]: file not found for module `spec`
[INFO] [stdout]   --> demo-panel/src/lib.rs:14:1
[INFO] [stdout]    |
[INFO] [stdout] 14 | mod spec;
[INFO] [stdout]    | ^^^^^^^^^
[INFO] [stdout]    |
[INFO] [stdout]    = help: to create the module `spec`, create file "demo-panel/src/spec.rs" or "demo-panel/src/spec/mod.rs"
[INFO] [stdout]    = note: if there is a `mod spec` elsewhere in the crate already, import it with `use crate::...` instead
[INFO] [stdout] 
[INFO] [stdout] 
[INFO] [stdout] error[E0433]: cannot find module or crate `brenn_envelope` in this scope
[INFO] [stdout]   --> tests/src/counter_backend.rs:10:5
[INFO] [stdout]    |
[INFO] [stdout] 10 | use brenn_envelope::testutils::{NOW_MS, envelope};
[INFO] [stdout]    |     ^^^^^^^^^^^^^^ use of unresolved module or unlinked crate `brenn_envelope`
[INFO] [stdout]    |
[INFO] [stdout]    = help: if you wanted to use a crate named `brenn_envelope`, use `cargo add brenn_envelope` to add it to your `Cargo.toml`
[INFO] [stdout] 
[INFO] [stdout] 
[INFO] [stdout] error[E0432]: unresolved import `brenn_page_harness`
[INFO] [stdout]  --> tests/src/lib.rs:9:5
[INFO] [stdout]   |
[INFO] [stdout] 9 | use brenn_page_harness::{Declared, Kind};
[INFO] [stdout]   |     ^^^^^^^^^^^^^^^^^^ use of unresolved module or unlinked crate `brenn_page_harness`
[INFO] [stdout]   |
[INFO] [stdout]   = help: if you wanted to use a crate named `brenn_page_harness`, use `cargo add brenn_page_harness` to add it to your `Cargo.toml`
[INFO] [stdout] 
[INFO] [stdout] 
[INFO] [stdout] error[E0433]: cannot find module or crate `brenn_wasm` in this scope
[INFO] [stdout]   --> tests/src/counter_backend.rs:11:5
[INFO] [stdout]    |
[INFO] [stdout] 11 | use brenn_wasm::{
[INFO] [stdout]    |     ^^^^^^^^^^ use of unresolved module or unlinked crate `brenn_wasm`
[INFO] [stdout]    |
[INFO] [stdout]    = help: if you wanted to use a crate named `brenn_wasm`, use `cargo add brenn_wasm` to add it to your `Cargo.toml`
[INFO] [stdout] 
[INFO] [stdout] 
[INFO] [stdout] error[E0433]: cannot find module or crate `brenn_wasm_dispatch` in this scope
[INFO] [stdout]   --> tests/src/counter_backend.rs:15:5
[INFO] [stdout]    |
[INFO] [stdout] 15 | use brenn_wasm_dispatch::tests::{allow_all, noop_proc_alerter, test_out_spec};
[INFO] [stdout]    |     ^^^^^^^^^^^^^^^^^^^ use of unresolved module or unlinked crate `brenn_wasm_dispatch`
[INFO] [stdout]    |
[INFO] [stdout]    = help: if you wanted to use a crate named `brenn_wasm_dispatch`, use `cargo add brenn_wasm_dispatch` to add it to your `Cargo.toml`
[INFO] [stdout] 
[INFO] [stdout] 
[INFO] [stdout] error[E0433]: cannot find module or crate `brenn_envelope` in this scope
[INFO] [stdout]   --> tests/src/counter_page.rs:10:5
[INFO] [stdout]    |
[INFO] [stdout] 10 | use brenn_envelope::testutils::{NOW_MS, envelope};
[INFO] [stdout]    |     ^^^^^^^^^^^^^^ use of unresolved module or unlinked crate `brenn_envelope`
[INFO] [stdout]    |
[INFO] [stdout]    = help: if you wanted to use a crate named `brenn_envelope`, use `cargo add brenn_envelope` to add it to your `Cargo.toml`
[INFO] [stdout] 
[INFO] [stdout] 
[INFO] [stdout] error[E0432]: unresolved import `brenn_wasm`
[INFO] [stdout]   --> tests/src/counter_backend.rs:11:5
[INFO] [stdout]    |
[INFO] [stdout] 11 | use brenn_wasm::{
[INFO] [stdout]    |     ^^^^^^^^^^ use of unresolved module or unlinked crate `brenn_wasm`
[INFO] [stdout]    |
[INFO] [stdout]    = help: if you wanted to use a crate named `brenn_wasm`, use `cargo add brenn_wasm` to add it to your `Cargo.toml`
[INFO] [stdout] 
[INFO] [stdout] 
[INFO] [stdout] error[E0432]: unresolved import `brenn_page_harness`
[INFO] [stdout]   --> tests/src/counter_page.rs:11:5
[INFO] [stdout]    |
[INFO] [stdout] 11 | use brenn_page_harness::{Harness, Page, types};
[INFO] [stdout]    |     ^^^^^^^^^^^^^^^^^^ use of unresolved module or unlinked crate `brenn_page_harness`
[INFO] [stdout]    |
[INFO] [stdout]    = help: if you wanted to use a crate named `brenn_page_harness`, use `cargo add brenn_page_harness` to add it to your `Cargo.toml`
[INFO] [stdout] 
[INFO] [stdout] 
[INFO] [stdout] error[E0432]: unresolved import `brenn_page_harness`
[INFO] [stdout]   --> tests/src/panel.rs:12:5
[INFO] [stdout]    |
[INFO] [stdout] 12 | use brenn_page_harness::{Harness, Page, ROOT, delivery_on, gesture, mount, ports, types};
[INFO] [stdout]    |     ^^^^^^^^^^^^^^^^^^ use of unresolved module or unlinked crate `brenn_page_harness`
[INFO] [stdout]    |
[INFO] [stdout]    = help: if you wanted to use a crate named `brenn_page_harness`, use `cargo add brenn_page_harness` to add it to your `Cargo.toml`
[INFO] [stdout] 
[INFO] [stdout] 
[INFO] [stdout] error[E0583]: file not found for module `spec`
[INFO] [stdout]   --> demo-counter/src/lib.rs:10:1
[INFO] [stdout]    |
[INFO] [stdout] 10 | mod spec;
[INFO] [stdout]    | ^^^^^^^^^
[INFO] [stdout]    |
[INFO] [stdout]    = help: to create the module `spec`, create file "demo-counter/src/spec.rs" or "demo-counter/src/spec/mod.rs"
[INFO] [stdout]    = note: if there is a `mod spec` elsewhere in the crate already, import it with `use crate::...` instead
[INFO] [stdout] 
[INFO] [stdout] 
[INFO] [stdout] error[E0433]: cannot find module or crate `brenn_guest` in this scope
[INFO] [stdout]   --> demo-counter/src/lib.rs:61:26
[INFO] [stdout]    |
[INFO] [stdout] 61 | fn latest_total(window: &brenn_guest::PortWindow) -> Result<u64, Error> {
[INFO] [stdout]    |                          ^^^^^^^^^^^ use of unresolved module or unlinked crate `brenn_guest`
[INFO] [stdout]    |
[INFO] [stdout]    = help: if you wanted to use a crate named `brenn_guest`, use `cargo add brenn_guest` to add it to your `Cargo.toml`
[INFO] [stdout] 
[INFO] [stdout] 
[INFO] [stdout] error[E0433]: cannot find module or crate `serde_json` in this scope
[INFO] [stdout]   --> demo-counter/src/lib.rs:70:24
[INFO] [stdout]    |
[INFO] [stdout] 70 |     let total: Total = serde_json::from_str(&envelope.body).map_err(|e| {
[INFO] [stdout]    |                        ^^^^^^^^^^ use of unresolved module or unlinked crate `serde_json`
[INFO] [stdout]    |
[INFO] [stdout]    = help: if you wanted to use a crate named `serde_json`, use `cargo add serde_json` to add it to your `Cargo.toml`
[INFO] [stdout] 
[INFO] [stdout] 
[INFO] [stdout] Some errors have detailed explanations: E0432, E0433, E0583.
[INFO] [stdout] 
[INFO] [stdout] For more information about an error, try `rustc --explain E0432`.
[INFO] [stdout] 
[INFO] [stdout] error[E0432]: unresolved import `brenn_guest`
[INFO] [stdout]   --> demo-panel/src/lib.rs:16:5
[INFO] [stdout]    |
[INFO] [stdout] 16 | use brenn_guest::{Activation, Error, OutPort, Processor, RetainedState, StateLoss};
[INFO] [stdout]    |     ^^^^^^^^^^^ use of unresolved module or unlinked crate `brenn_guest`
[INFO] [stdout]    |
[INFO] [stdout]    = help: if you wanted to use a crate named `brenn_guest`, use `cargo add brenn_guest` to add it to your `Cargo.toml`
[INFO] [stdout] 
[INFO] [stdout] 
[INFO] [stdout] error[E0432]: unresolved import `serde`
[INFO] [stdout]   --> demo-panel/src/lib.rs:17:5
[INFO] [stdout]    |
[INFO] [stdout] 17 | use serde::{Deserialize, Serialize};
[INFO] [stdout]    |     ^^^^^ use of unresolved module or unlinked crate `serde`
[INFO] [stdout]    |
[INFO] [stdout]    = help: if you wanted to use a crate named `serde`, use `cargo add serde` to add it to your `Cargo.toml`
[INFO] [stdout] 
[INFO] [stdout] 
[INFO] [stdout] error[E0433]: cannot find module or crate `brenn_guest` in this scope
[INFO] [stdout]    --> demo-panel/src/lib.rs:163:1
[INFO] [stdout]     |
[INFO] [stdout] 163 | brenn_guest::export_processor!(DemoPanel);
[INFO] [stdout]     | ^^^^^^^^^^^ use of unresolved module or unlinked crate `brenn_guest`
[INFO] [stdout] 
[INFO] [stdout] 
[INFO] [stderr] error: could not compile `demo-counter` (lib) due to 6 previous errors
[INFO] [stdout] error[E0432]: unresolved import `brenn_guest`
[INFO] [stdout]   --> demo-counter/src/lib.rs:12:5
[INFO] [stdout]    |
[INFO] [stdout] 12 | use brenn_guest::{Activation, Error, OutPort, Processor};
[INFO] [stdout]    |     ^^^^^^^^^^^ use of unresolved module or unlinked crate `brenn_guest`
[INFO] [stdout]    |
[INFO] [stdout]    = help: if you wanted to use a crate named `brenn_guest`, use `cargo add brenn_guest` to add it to your `Cargo.toml`
[INFO] [stdout] 
[INFO] [stdout] 
[INFO] [stdout] error[E0432]: unresolved import `serde`
[INFO] [stdout]   --> demo-counter/src/lib.rs:13:5
[INFO] [stdout]    |
[INFO] [stdout] 13 | use serde::{Deserialize, Serialize};
[INFO] [stdout]    |     ^^^^^ use of unresolved module or unlinked crate `serde`
[INFO] [stdout]    |
[INFO] [stdout]    = help: if you wanted to use a crate named `serde`, use `cargo add serde` to add it to your `Cargo.toml`
[INFO] [stdout] 
[INFO] [stdout] 
[INFO] [stdout] error[E0433]: cannot find module or crate `brenn_guest` in this scope
[INFO] [stdout]   --> demo-counter/src/lib.rs:82:1
[INFO] [stdout]    |
[INFO] [stdout] 82 | brenn_guest::export_processor!(DemoCounter);
[INFO] [stdout]    | ^^^^^^^^^^^ use of unresolved module or unlinked crate `brenn_guest`
[INFO] [stdout] 
[INFO] [stdout] 
[INFO] [stdout] error[E0433]: cannot find module or crate `brenn_guest` in this scope
[INFO] [stdout]   --> demo-panel/src/lib.rs:82:27
[INFO] [stdout]    |
[INFO] [stdout] 82 |     if activation.sync_is(brenn_guest::MOUNT) {
[INFO] [stdout]    |                           ^^^^^^^^^^^ use of unresolved module or unlinked crate `brenn_guest`
[INFO] [stdout]    |
[INFO] [stdout]    = help: if you wanted to use a crate named `brenn_guest`, use `cargo add brenn_guest` to add it to your `Cargo.toml`
[INFO] [stdout] 
[INFO] [stdout] 
[INFO] [stdout] error[E0433]: cannot find module or crate `serde_json` in this scope
[INFO] [stdout]    --> demo-panel/src/lib.rs:109:32
[INFO] [stdout]     |
[INFO] [stdout] 109 |             let total: Total = serde_json::from_str(&envelope.body).map_err(|e| {
[INFO] [stdout]     |                                ^^^^^^^^^^ use of unresolved module or unlinked crate `serde_json`
[INFO] [stdout]     |
[INFO] [stdout]     = help: if you wanted to use a crate named `serde_json`, use `cargo add serde_json` to add it to your `Cargo.toml`
[INFO] [stdout] 
[INFO] [stdout] 
[INFO] [stdout] Some errors have detailed explanations: E0432, E0433, E0583.
[INFO] [stdout] 
[INFO] [stdout] For more information about an error, try `rustc --explain E0432`.
[INFO] [stdout] 
[INFO] [stderr] error: could not compile `demo-panel` (lib test) due to 6 previous errors
[INFO] [stdout] error[E0583]: file not found for module `spec`
[INFO] [stdout]   --> demo-panel/src/lib.rs:14:1
[INFO] [stdout]    |
[INFO] [stdout] 14 | mod spec;
[INFO] [stdout]    | ^^^^^^^^^
[INFO] [stdout]    |
[INFO] [stdout]    = help: to create the module `spec`, create file "demo-panel/src/spec.rs" or "demo-panel/src/spec/mod.rs"
[INFO] [stdout]    = note: if there is a `mod spec` elsewhere in the crate already, import it with `use crate::...` instead
[INFO] [stdout] 
[INFO] [stdout] 
[INFO] [stdout] error[E0432]: unresolved import `brenn_guest`
[INFO] [stdout]   --> demo-panel/src/lib.rs:16:5
[INFO] [stdout]    |
[INFO] [stdout] 16 | use brenn_guest::{Activation, Error, OutPort, Processor, RetainedState, StateLoss};
[INFO] [stdout]    |     ^^^^^^^^^^^ use of unresolved module or unlinked crate `brenn_guest`
[INFO] [stdout]    |
[INFO] [stdout]    = help: if you wanted to use a crate named `brenn_guest`, use `cargo add brenn_guest` to add it to your `Cargo.toml`
[INFO] [stdout] 
[INFO] [stdout] 
[INFO] [stdout] error[E0432]: unresolved import `serde`
[INFO] [stdout]   --> demo-panel/src/lib.rs:17:5
[INFO] [stdout]    |
[INFO] [stdout] 17 | use serde::{Deserialize, Serialize};
[INFO] [stdout]    |     ^^^^^ use of unresolved module or unlinked crate `serde`
[INFO] [stdout]    |
[INFO] [stdout]    = help: if you wanted to use a crate named `serde`, use `cargo add serde` to add it to your `Cargo.toml`
[INFO] [stdout] 
[INFO] [stdout] 
[INFO] [stdout] error[E0433]: cannot find module or crate `brenn_guest` in this scope
[INFO] [stdout]    --> demo-panel/src/lib.rs:163:1
[INFO] [stdout]     |
[INFO] [stdout] 163 | brenn_guest::export_processor!(DemoPanel);
[INFO] [stdout]     | ^^^^^^^^^^^ use of unresolved module or unlinked crate `brenn_guest`
[INFO] [stdout] 
[INFO] [stdout] 
[INFO] [stdout] Some errors have detailed explanations: E0432, E0433.
[INFO] [stdout] 
[INFO] [stdout] For more information about an error, try `rustc --explain E0432`.
[INFO] [stdout] 
[INFO] [stderr] error: could not compile `demo-tests` (lib test) due to 8 previous errors
[INFO] [stdout] error[E0433]: cannot find module or crate `brenn_guest` in this scope
[INFO] [stdout]   --> demo-counter/src/lib.rs:61:26
[INFO] [stdout]    |
[INFO] [stdout] 61 | fn latest_total(window: &brenn_guest::PortWindow) -> Result<u64, Error> {
[INFO] [stdout]    |                          ^^^^^^^^^^^ use of unresolved module or unlinked crate `brenn_guest`
[INFO] [stdout]    |
[INFO] [stdout]    = help: if you wanted to use a crate named `brenn_guest`, use `cargo add brenn_guest` to add it to your `Cargo.toml`
[INFO] [stdout] 
[INFO] [stdout] 
[INFO] [stdout] error[E0433]: cannot find module or crate `serde_json` in this scope
[INFO] [stdout]   --> demo-counter/src/lib.rs:70:24
[INFO] [stdout]    |
[INFO] [stdout] 70 |     let total: Total = serde_json::from_str(&envelope.body).map_err(|e| {
[INFO] [stdout]    |                        ^^^^^^^^^^ use of unresolved module or unlinked crate `serde_json`
[INFO] [stdout]    |
[INFO] [stdout]    = help: if you wanted to use a crate named `serde_json`, use `cargo add serde_json` to add it to your `Cargo.toml`
[INFO] [stdout] 
[INFO] [stdout] 
[INFO] [stdout] Some errors have detailed explanations: E0432, E0433, E0583.
[INFO] [stdout] 
[INFO] [stdout] For more information about an error, try `rustc --explain E0432`.
[INFO] [stdout] 
[INFO] [stdout] error[E0433]: cannot find module or crate `brenn_guest` in this scope
[INFO] [stdout]   --> demo-panel/src/lib.rs:82:27
[INFO] [stdout]    |
[INFO] [stdout] 82 |     if activation.sync_is(brenn_guest::MOUNT) {
[INFO] [stdout]    |                           ^^^^^^^^^^^ use of unresolved module or unlinked crate `brenn_guest`
[INFO] [stdout]    |
[INFO] [stdout]    = help: if you wanted to use a crate named `brenn_guest`, use `cargo add brenn_guest` to add it to your `Cargo.toml`
[INFO] [stdout] 
[INFO] [stdout] 
[INFO] [stdout] error[E0433]: cannot find module or crate `serde_json` in this scope
[INFO] [stdout]    --> demo-panel/src/lib.rs:109:32
[INFO] [stdout]     |
[INFO] [stdout] 109 |             let total: Total = serde_json::from_str(&envelope.body).map_err(|e| {
[INFO] [stdout]     |                                ^^^^^^^^^^ use of unresolved module or unlinked crate `serde_json`
[INFO] [stdout]     |
[INFO] [stdout]     = help: if you wanted to use a crate named `serde_json`, use `cargo add serde_json` to add it to your `Cargo.toml`
[INFO] [stdout] 
[INFO] [stdout] 
[INFO] [stdout] Some errors have detailed explanations: E0432, E0433, E0583.
[INFO] [stdout] 
[INFO] [stdout] For more information about an error, try `rustc --explain E0432`.
[INFO] [stdout] 
[INFO] [stderr] error: could not compile `demo-counter` (lib test) due to 6 previous errors
[INFO] [stderr] error: could not compile `demo-panel` (lib) due to 6 previous errors
[INFO] running `Command { std: "docker" "inspect" "5e7bf16daf290162e3f0bfc40bf3da4ba76832dd68616bdb6e28a3e4dbd9e54a", kill_on_drop: false }`
[INFO] running `Command { std: "docker" "rm" "-f" "5e7bf16daf290162e3f0bfc40bf3da4ba76832dd68616bdb6e28a3e4dbd9e54a", kill_on_drop: false }`
[INFO] [stdout] 5e7bf16daf290162e3f0bfc40bf3da4ba76832dd68616bdb6e28a3e4dbd9e54a
