[INFO] cloning repository https://github.com/rlundquist3/hardware-synth
[INFO] running `Command { std: "git" "-c" "credential.helper=" "-c" "credential.helper=/workspace/cargo-home/bin/git-credential-null" "clone" "--bare" "https://github.com/rlundquist3/hardware-synth" "/workspace/cache/git-repos/https%3A%2F%2Fgithub.com%2Frlundquist3%2Fhardware-synth", kill_on_drop: false }`
[INFO] [stderr] Cloning into bare repository '/workspace/cache/git-repos/https%3A%2F%2Fgithub.com%2Frlundquist3%2Fhardware-synth'...
[INFO] running `Command { std: "git" "rev-parse" "HEAD", kill_on_drop: false }`
[INFO] [stdout] 4bf5e263369998185f329aeac01095f524167971
[INFO] checking rlundquist3/hardware-synth against 3154cc1a3e6424e44f438a95007d043ed5ceaaf6 for pr-133502-30
[INFO] running `Command { std: "git" "clone" "/workspace/cache/git-repos/https%3A%2F%2Fgithub.com%2Frlundquist3%2Fhardware-synth" "/workspace/builds/worker-3-tc2/source", kill_on_drop: false }`
[INFO] [stderr] Cloning into '/workspace/builds/worker-3-tc2/source'...
[INFO] [stderr] done.
[INFO] removed /workspace/builds/worker-3-tc2/source/.cargo/config.toml
[INFO] removed /workspace/builds/worker-3-tc2/source/rust-toolchain
[INFO] started tweaking git repo https://github.com/rlundquist3/hardware-synth
[INFO] finished tweaking git repo https://github.com/rlundquist3/hardware-synth
[INFO] tweaked toml for git repo https://github.com/rlundquist3/hardware-synth written to /workspace/builds/worker-3-tc2/source/Cargo.toml
[INFO] validating manifest of git repo https://github.com/rlundquist3/hardware-synth on toolchain 3154cc1a3e6424e44f438a95007d043ed5ceaaf6
[INFO] running `Command { std: CARGO_HOME="/workspace/cargo-home" RUSTUP_HOME="/workspace/rustup-home" "/workspace/cargo-home/bin/cargo" "+3154cc1a3e6424e44f438a95007d043ed5ceaaf6" "metadata" "--manifest-path" "Cargo.toml" "--no-deps", kill_on_drop: false }`
[INFO] crate git repo https://github.com/rlundquist3/hardware-synth already has a lockfile, it will not be regenerated
[INFO] running `Command { std: CARGO_HOME="/workspace/cargo-home" RUSTUP_HOME="/workspace/rustup-home" "/workspace/cargo-home/bin/cargo" "+3154cc1a3e6424e44f438a95007d043ed5ceaaf6" "fetch" "--manifest-path" "Cargo.toml", kill_on_drop: false }`
[INFO] running `Command { std: "docker" "create" "-v" "/var/lib/crater-agent-workspace/builds/worker-3-tc2/source:/opt/rustwide/workdir:ro,Z" "-v" "/var/lib/crater-agent-workspace/builds/worker-3-tc2/target:/opt/rustwide/target:rw,Z" "-v" "/var/lib/crater-agent-workspace/cargo-home:/opt/rustwide/cargo-home:ro,Z" "-v" "/var/lib/crater-agent-workspace/rustup-home:/opt/rustwide/rustup-home:ro,Z" "-m" "1610612736" "--network" "none" "ghcr.io/rust-lang/crates-build-env/linux@sha256:77db811e55d90add9212f6832c23229e3de5f1c1f9905e8cb07319ea15df73ac" "sleep" "infinity", kill_on_drop: false }`
[INFO] [stdout] 648d74040d1fd01a0d724354d1e63070e0cf89b4d6de6392d75e52a52d10d80a
[INFO] running `Command { std: "docker" "start" "648d74040d1fd01a0d724354d1e63070e0cf89b4d6de6392d75e52a52d10d80a", kill_on_drop: false }`
[INFO] running `Command { std: "docker" "inspect" "648d74040d1fd01a0d724354d1e63070e0cf89b4d6de6392d75e52a52d10d80a", kill_on_drop: false }`
[INFO] running `Command { std: "docker" "exec" "-e" "SOURCE_DIR=/opt/rustwide/workdir" "-e" "CARGO_HOME=/opt/rustwide/cargo-home" "-e" "RUSTUP_HOME=/opt/rustwide/rustup-home" "-e" "CARGO_TARGET_DIR=/opt/rustwide/target" "-w" "/opt/rustwide/workdir" "--user" "0:0" "648d74040d1fd01a0d724354d1e63070e0cf89b4d6de6392d75e52a52d10d80a" "/opt/rustwide/cargo-home/bin/cargo" "+3154cc1a3e6424e44f438a95007d043ed5ceaaf6" "metadata" "--no-deps" "--format-version=1", kill_on_drop: false }`
[INFO] running `Command { std: "docker" "inspect" "648d74040d1fd01a0d724354d1e63070e0cf89b4d6de6392d75e52a52d10d80a", kill_on_drop: false }`
[INFO] running `Command { std: "docker" "exec" "-e" "SOURCE_DIR=/opt/rustwide/workdir" "-e" "CARGO_HOME=/opt/rustwide/cargo-home" "-e" "RUSTUP_HOME=/opt/rustwide/rustup-home" "-e" "CARGO_TARGET_DIR=/opt/rustwide/target" "-e" "CARGO_INCREMENTAL=0" "-e" "RUST_BACKTRACE=full" "-e" "RUSTFLAGS=--cap-lints=forbid" "-e" "RUSTDOCFLAGS=--cap-lints=forbid" "-w" "/opt/rustwide/workdir" "--user" "0:0" "648d74040d1fd01a0d724354d1e63070e0cf89b4d6de6392d75e52a52d10d80a" "/opt/rustwide/cargo-home/bin/cargo" "+3154cc1a3e6424e44f438a95007d043ed5ceaaf6" "check" "--frozen" "--all" "--all-targets" "--message-format=json", kill_on_drop: false }`
[INFO] [stderr]    Compiling unicode-ident v1.0.25
[INFO] [stderr]    Compiling defmt v1.1.1
[INFO] [stderr]    Compiling defmt-macros v1.1.1
[INFO] [stderr]    Compiling autocfg v1.5.1
[INFO] [stderr]    Compiling semver-parser v0.7.0
[INFO] [stderr]    Compiling heapless v0.9.3
[INFO] [stderr]    Compiling memchr v2.8.3
[INFO] [stderr]    Compiling embedded-hal-async v1.0.0
[INFO] [stderr]    Compiling cortex-m v0.7.9
[INFO] [stderr]    Compiling cortex-m-macros v0.7.8
[INFO] [stderr]    Compiling litrs v1.0.0
[INFO] [stderr]    Compiling portable-atomic v1.15.0
[INFO] [stderr]     Checking byteorder v1.5.0
[INFO] [stderr]    Compiling embassy-time-driver v0.2.2
[INFO] [stderr]    Compiling thiserror v2.0.20
[INFO] [stderr]     Checking bitflags v1.3.2
[INFO] [stderr]    Compiling proc-macro2 v1.0.107
[INFO] [stderr]    Compiling embassy-time-queue-utils v0.3.2
[INFO] [stderr]     Checking stable_deref_trait v1.2.1
[INFO] [stderr]     Checking embedded-hal v1.0.0
[INFO] [stderr]    Compiling regex-syntax v0.8.11
[INFO] [stderr]     Checking nb v1.1.0
[INFO] [stderr]    Compiling az v1.2.1
[INFO] [stderr]    Compiling embassy-sync v0.8.0
[INFO] [stderr]    Compiling cortex-m-rt v0.7.6
[INFO] [stderr]    Compiling embedded-io-async v0.6.1
[INFO] [stderr]    Compiling syn v1.0.109
[INFO] [stderr]    Compiling semver v0.9.0
[INFO] [stderr]     Checking hash32 v0.3.1
[INFO] [stderr]    Compiling embassy-hal-internal v0.4.0
[INFO] [stderr]    Compiling vcell v0.1.3
[INFO] [stderr]    Compiling nb v0.1.3
[INFO] [stderr]     Checking critical-section v1.2.0
[INFO] [stderr]    Compiling num-traits v0.2.19
[INFO] [stderr]    Compiling rustc_version v0.2.3
[INFO] [stderr]    Compiling void v1.0.2
[INFO] [stderr]    Compiling volatile-register v0.2.2
[INFO] [stderr]    Compiling embedded-hal v0.2.7
[INFO] [stderr]    Compiling stm32-metapac v21.0.0
[INFO] [stderr]    Compiling bitfield v0.13.2
[INFO] [stderr]    Compiling aho-corasick v1.1.5
[INFO] [stderr]    Compiling embassy-hal-internal v0.5.0
[INFO] [stderr]    Compiling document-features v0.2.12
[INFO] [stderr]    Compiling quote v1.0.47
[INFO] [stderr]    Compiling bare-metal v0.2.5
[INFO] [stderr]    Compiling fnv v1.0.7
[INFO] [stderr]    Compiling strsim v0.11.1
[INFO] [stderr]    Compiling ident_case v1.0.1
[INFO] [stderr]    Compiling version_check v0.9.5
[INFO] [stderr]    Compiling bitflags v2.13.2
[INFO] [stderr]    Compiling glob v0.3.4
[INFO] [stderr]    Compiling syn v2.0.119
[INFO] [stderr]    Compiling syn v3.0.6
[INFO] [stderr]     Checking futures-core v0.3.34
[INFO] [stderr]    Compiling prettyplease v0.3.0
[INFO] [stderr]     Checking embassy-executor-timer-queue v0.1.0
[INFO] [stderr]    Compiling libc v0.2.189
[INFO] [stderr]    Compiling minimal-lexical v0.2.1
[INFO] [stderr]     Checking cfg-if v1.0.5
[INFO] [stderr]    Compiling clang-sys v1.9.1
[INFO] [stderr]    Compiling libloading v0.8.9
[INFO] [stderr]    Compiling proc-macro-error-attr v1.0.4
[INFO] [stderr]    Compiling nom v7.1.3
[INFO] [stderr]     Checking embedded-io v0.6.1
[INFO] [stderr]    Compiling shlex v2.0.1
[INFO] [stderr]    Compiling bindgen v0.73.2
[INFO] [stderr]     Checking futures-sink v0.3.34
[INFO] [stderr]    Compiling daisy-embassy v0.3.0
[INFO] [stderr]    Compiling embassy-executor v0.10.0
[INFO] [stderr]    Compiling proc-macro-error v1.0.4
[INFO] [stderr]     Checking as-slice v0.2.1
[INFO] [stderr]    Compiling find-msvc-tools v0.1.12
[INFO] [stderr]     Checking embedded-storage v0.3.1
[INFO] [stderr]    Compiling pulldown-cmark v0.11.3
[INFO] [stderr]    Compiling rustc-hash v2.1.3
[INFO] [stderr]     Checking micromath v2.1.0
[INFO] [stderr]    Compiling log v0.4.34
[INFO] [stderr]    Compiling cc v1.4.6
[INFO] [stderr]     Checking embedded-storage-async v0.4.1
[INFO] [stderr]     Checking aligned v0.4.3
[INFO] [stderr]     Checking pin-project-lite v0.2.17
[INFO] [stderr]     Checking embassy-futures v0.1.2
[INFO] [stderr]     Checking rand_core v0.10.1
[INFO] [stderr]     Checking futures-task v0.3.34
[INFO] [stderr]    Compiling unicase v2.9.0
[INFO] [stderr]     Checking rand_xoshiro v0.8.1
[INFO] [stderr]     Checking futures-util v0.3.34
[INFO] [stderr]     Checking block-device-driver v0.2.0
[INFO] [stderr]     Checking float-cmp v0.9.0
[INFO] [stderr]     Checking chrono v0.4.45
[INFO] [stderr]     Checking embedded-can v0.4.1
[INFO] [stderr]     Checking embedded-hal-nb v1.0.0
[INFO] [stderr]     Checking stm32-fmc v0.4.0
[INFO] [stderr]     Checking static_assertions v1.1.0
[INFO] [stderr]     Checking bit_field v0.10.3
[INFO] [stderr]     Checking rand_core v0.6.4
[INFO] [stderr]     Checking rand_core v0.9.5
[INFO] [stderr]     Checking sdio-host v0.9.0
[INFO] [stderr]    Compiling regex-automata v0.4.18
[INFO] [stderr]     Checking grounded v0.2.1
[INFO] [stderr]     Checking embedded-graphics-core v0.4.1
[INFO] [stderr]     Checking static_cell v2.1.1
[INFO] [stderr]     Checking display-interface v0.5.0
[INFO] [stderr]     Checking cordyceps v0.3.5
[INFO] [stderr]     Checking wm8731 v0.1.0
[INFO] [stderr]     Checking embedded-graphics v0.8.2
[INFO] [stderr]     Checking synth-core v0.1.0 (/opt/rustwide/workdir/synth-core)
[INFO] [stdout] warning: unused import: `self`
[INFO] [stdout]  --> synth-core/src/chain.rs:5:19
[INFO] [stdout]   |
[INFO] [stdout] 5 |     buffer_pool::{self, BufferPool},
[INFO] [stdout]   |                   ^^^^
[INFO] [stdout]   |
[INFO] [stdout]   = note: `#[warn(unused_imports)]` (part of `#[warn(unused)]`) on by default
[INFO] [stdout] 
[INFO] [stdout] 
[INFO] [stdout] warning: unused import: `alloc::boxed::Box`
[INFO] [stdout]   --> synth-core/src/effects/mod.rs:11:5
[INFO] [stdout]    |
[INFO] [stdout] 11 | use alloc::boxed::Box;
[INFO] [stdout]    |     ^^^^^^^^^^^^^^^^^
[INFO] [stdout] 
[INFO] [stdout] 
[INFO] [stdout] warning: unused import: `micromath::F32Ext`
[INFO] [stdout]   --> synth-core/src/engines/fm/fm_synth_voice.rs:10:5
[INFO] [stdout]    |
[INFO] [stdout] 10 | use micromath::F32Ext;
[INFO] [stdout]    |     ^^^^^^^^^^^^^^^^^
[INFO] [stdout] 
[INFO] [stdout] 
[INFO] [stderr]     Checking byte-slice-cast v1.2.3
[INFO] [stdout] warning: constant `MAX_DELAY_SECS` is never used
[INFO] [stdout]  --> synth-core/src/effects/effect_components/universal_comb_filter.rs:4:7
[INFO] [stdout]   |
[INFO] [stdout] 4 | const MAX_DELAY_SECS: f32 = 1.0;
[INFO] [stdout]   |       ^^^^^^^^^^^^^^
[INFO] [stdout]   |
[INFO] [stdout]   = note: `#[warn(dead_code)]` (part of `#[warn(unused)]`) on by default
[INFO] [stdout] 
[INFO] [stdout] 
[INFO] [stdout] warning: function `new_ffcf` is never used
[INFO] [stdout]   --> synth-core/src/effects/effect_components/universal_comb_filter.rs:51:8
[INFO] [stdout]    |
[INFO] [stdout] 51 | pub fn new_ffcf(gain: f32, ff: f32, buffer_pool: &mut BufferPool) -> UCF {
[INFO] [stdout]    |        ^^^^^^^^
[INFO] [stdout] 
[INFO] [stdout] 
[INFO] [stdout] warning: function `new_fbcf` is never used
[INFO] [stdout]   --> synth-core/src/effects/effect_components/universal_comb_filter.rs:55:8
[INFO] [stdout]    |
[INFO] [stdout] 55 | pub fn new_fbcf(gain: f32, fb: f32, buffer_pool: &mut BufferPool) -> UCF {
[INFO] [stdout]    |        ^^^^^^^^
[INFO] [stdout] 
[INFO] [stdout] 
[INFO] [stdout] warning: function `new_delay_line` is never used
[INFO] [stdout]   --> synth-core/src/effects/effect_components/universal_comb_filter.rs:59:8
[INFO] [stdout]    |
[INFO] [stdout] 59 | pub fn new_delay_line(delay_samples: u32, buffer_pool: &mut BufferPool) -> UCF {
[INFO] [stdout]    |        ^^^^^^^^^^^^^^
[INFO] [stdout] 
[INFO] [stdout] 
[INFO] [stderr]    Compiling darling_core v0.20.11
[INFO] [stderr]     Checking display-interface-spi v0.5.0
[INFO] [stderr]     Checking display-interface-i2c v0.5.0
[INFO] [stdout] warning: unused import: `self`
[INFO] [stdout]  --> synth-core/src/chain.rs:5:19
[INFO] [stdout]   |
[INFO] [stdout] 5 |     buffer_pool::{self, BufferPool},
[INFO] [stdout]   |                   ^^^^
[INFO] [stdout]   |
[INFO] [stdout]   = note: `#[warn(unused_imports)]` (part of `#[warn(unused)]`) on by default
[INFO] [stdout] 
[INFO] [stdout] 
[INFO] [stdout] warning: unused import: `alloc::boxed::Box`
[INFO] [stdout]   --> synth-core/src/effects/mod.rs:11:5
[INFO] [stdout]    |
[INFO] [stdout] 11 | use alloc::boxed::Box;
[INFO] [stdout]    |     ^^^^^^^^^^^^^^^^^
[INFO] [stdout] 
[INFO] [stdout] 
[INFO] [stdout] warning: unused import: `micromath::F32Ext`
[INFO] [stdout]   --> synth-core/src/engines/fm/fm_synth_voice.rs:10:5
[INFO] [stdout]    |
[INFO] [stdout] 10 | use micromath::F32Ext;
[INFO] [stdout]    |     ^^^^^^^^^^^^^^^^^
[INFO] [stdout] 
[INFO] [stdout] 
[INFO] [stderr]     Checking spin v0.9.9
[INFO] [stderr]     Checking approx v0.5.1
[INFO] [stderr]     Checking emballoc v0.3.0
[INFO] [stdout] warning: constant `MAX_DELAY_SECS` is never used
[INFO] [stdout]  --> synth-core/src/effects/effect_components/universal_comb_filter.rs:4:7
[INFO] [stdout]   |
[INFO] [stdout] 4 | const MAX_DELAY_SECS: f32 = 1.0;
[INFO] [stdout]   |       ^^^^^^^^^^^^^^
[INFO] [stdout]   |
[INFO] [stdout]   = note: `#[warn(dead_code)]` (part of `#[warn(unused)]`) on by default
[INFO] [stdout] 
[INFO] [stdout] 
[INFO] [stdout] warning: function `new_ffcf` is never used
[INFO] [stdout]   --> synth-core/src/effects/effect_components/universal_comb_filter.rs:51:8
[INFO] [stdout]    |
[INFO] [stdout] 51 | pub fn new_ffcf(gain: f32, ff: f32, buffer_pool: &mut BufferPool) -> UCF {
[INFO] [stdout]    |        ^^^^^^^^
[INFO] [stdout] 
[INFO] [stdout] 
[INFO] [stdout] warning: function `new_fbcf` is never used
[INFO] [stdout]   --> synth-core/src/effects/effect_components/universal_comb_filter.rs:55:8
[INFO] [stdout]    |
[INFO] [stdout] 55 | pub fn new_fbcf(gain: f32, fb: f32, buffer_pool: &mut BufferPool) -> UCF {
[INFO] [stdout]    |        ^^^^^^^^
[INFO] [stdout] 
[INFO] [stdout] 
[INFO] [stdout] warning: function `new_delay_line` is never used
[INFO] [stdout]   --> synth-core/src/effects/effect_components/universal_comb_filter.rs:59:8
[INFO] [stdout]    |
[INFO] [stdout] 59 | pub fn new_delay_line(delay_samples: u32, buffer_pool: &mut BufferPool) -> UCF {
[INFO] [stdout]    |        ^^^^^^^^^^^^^^
[INFO] [stdout] 
[INFO] [stdout] 
[INFO] [stdout] warning: unused import: `self`
[INFO] [stdout]  --> synth-core/src/chain.rs:5:19
[INFO] [stdout]   |
[INFO] [stdout] 5 |     buffer_pool::{self, BufferPool},
[INFO] [stdout]   |                   ^^^^
[INFO] [stdout]   |
[INFO] [stdout]   = note: `#[warn(unused_imports)]` (part of `#[warn(unused)]`) on by default
[INFO] [stdout] 
[INFO] [stdout] 
[INFO] [stdout] warning: unused import: `alloc::boxed::Box`
[INFO] [stdout]   --> synth-core/src/effects/mod.rs:11:5
[INFO] [stdout]    |
[INFO] [stdout] 11 | use alloc::boxed::Box;
[INFO] [stdout]    |     ^^^^^^^^^^^^^^^^^
[INFO] [stdout] 
[INFO] [stdout] 
[INFO] [stdout] warning: unused import: `micromath::F32Ext`
[INFO] [stdout]   --> synth-core/src/engines/fm/fm_synth_voice.rs:10:5
[INFO] [stdout]    |
[INFO] [stdout] 10 | use micromath::F32Ext;
[INFO] [stdout]    |     ^^^^^^^^^^^^^^^^^
[INFO] [stdout] 
[INFO] [stdout] 
[INFO] [stderr]    Compiling cexpr v0.6.0
[INFO] [stdout] warning: unused import: `micromath::F32Ext`
[INFO] [stdout]  --> synth-core/src/utils.rs:1:5
[INFO] [stdout]   |
[INFO] [stdout] 1 | use micromath::F32Ext;
[INFO] [stdout]   |     ^^^^^^^^^^^^^^^^^
[INFO] [stdout] 
[INFO] [stdout] 
[INFO] [stdout] warning: unused import: `micromath::F32Ext`
[INFO] [stdout]  --> synth-core/src/oscillator.rs:2:5
[INFO] [stdout]   |
[INFO] [stdout] 2 | use micromath::F32Ext;
[INFO] [stdout]   |     ^^^^^^^^^^^^^^^^^
[INFO] [stdout] 
[INFO] [stdout] 
[INFO] [stdout] warning: unused import: `micromath::F32Ext`
[INFO] [stdout]  --> synth-core/src/effects/effect_components/lfo_delay_line.rs:8:5
[INFO] [stdout]   |
[INFO] [stdout] 8 | use micromath::F32Ext;
[INFO] [stdout]   |     ^^^^^^^^^^^^^^^^^
[INFO] [stdout] 
[INFO] [stdout] 
[INFO] [stdout] warning: unused import: `micromath::F32Ext`
[INFO] [stdout]  --> synth-core/src/effects/filters/band_pass.rs:2:5
[INFO] [stdout]   |
[INFO] [stdout] 2 | use micromath::F32Ext;
[INFO] [stdout]   |     ^^^^^^^^^^^^^^^^^
[INFO] [stdout] 
[INFO] [stdout] 
[INFO] [stdout] warning: unused import: `micromath::F32Ext`
[INFO] [stdout]  --> synth-core/src/effects/filters/high_pass.rs:2:5
[INFO] [stdout]   |
[INFO] [stdout] 2 | use micromath::F32Ext;
[INFO] [stdout]   |     ^^^^^^^^^^^^^^^^^
[INFO] [stdout] 
[INFO] [stdout] 
[INFO] [stdout] warning: unused import: `micromath::F32Ext`
[INFO] [stdout]  --> synth-core/src/effects/filters/low_pass.rs:2:5
[INFO] [stdout]   |
[INFO] [stdout] 2 | use micromath::F32Ext;
[INFO] [stdout]   |     ^^^^^^^^^^^^^^^^^
[INFO] [stdout] 
[INFO] [stdout] 
[INFO] [stdout] warning: unused import: `micromath::F32Ext`
[INFO] [stdout]  --> synth-core/src/effects/reverb.rs:3:5
[INFO] [stdout]   |
[INFO] [stdout] 3 | use micromath::F32Ext;
[INFO] [stdout]   |     ^^^^^^^^^^^^^^^^^
[INFO] [stdout] 
[INFO] [stdout] 
[INFO] [stdout] warning: unused import: `micromath::F32Ext`
[INFO] [stdout]   --> synth-core/src/effects/soft_clipper.rs:13:5
[INFO] [stdout]    |
[INFO] [stdout] 13 | use micromath::F32Ext;
[INFO] [stdout]    |     ^^^^^^^^^^^^^^^^^
[INFO] [stdout] 
[INFO] [stdout] 
[INFO] [stdout] warning: constant `MAX_DELAY_SECS` is never used
[INFO] [stdout]  --> synth-core/src/effects/effect_components/universal_comb_filter.rs:4:7
[INFO] [stdout]   |
[INFO] [stdout] 4 | const MAX_DELAY_SECS: f32 = 1.0;
[INFO] [stdout]   |       ^^^^^^^^^^^^^^
[INFO] [stdout]   |
[INFO] [stdout]   = note: `#[warn(dead_code)]` (part of `#[warn(unused)]`) on by default
[INFO] [stdout] 
[INFO] [stdout] 
[INFO] [stdout] warning: function `new_ffcf` is never used
[INFO] [stdout]   --> synth-core/src/effects/effect_components/universal_comb_filter.rs:51:8
[INFO] [stdout]    |
[INFO] [stdout] 51 | pub fn new_ffcf(gain: f32, ff: f32, buffer_pool: &mut BufferPool) -> UCF {
[INFO] [stdout]    |        ^^^^^^^^
[INFO] [stdout] 
[INFO] [stdout] 
[INFO] [stdout] warning: function `new_fbcf` is never used
[INFO] [stdout]   --> synth-core/src/effects/effect_components/universal_comb_filter.rs:55:8
[INFO] [stdout]    |
[INFO] [stdout] 55 | pub fn new_fbcf(gain: f32, fb: f32, buffer_pool: &mut BufferPool) -> UCF {
[INFO] [stdout]    |        ^^^^^^^^
[INFO] [stdout] 
[INFO] [stdout] 
[INFO] [stdout] warning: function `new_delay_line` is never used
[INFO] [stdout]   --> synth-core/src/effects/effect_components/universal_comb_filter.rs:59:8
[INFO] [stdout]    |
[INFO] [stdout] 59 | pub fn new_delay_line(delay_samples: u32, buffer_pool: &mut BufferPool) -> UCF {
[INFO] [stdout]    |        ^^^^^^^^^^^^^^
[INFO] [stdout] 
[INFO] [stdout] 
[INFO] [stderr]    Compiling cortex-m-rt-macros v0.7.6
[INFO] [stderr]    Compiling embedded-layout-macros v0.3.1
[INFO] [stderr]     Checking embedded-layout v0.4.2
[INFO] [stderr]     Checking synth-gui v0.1.0 (/opt/rustwide/workdir/synth-gui)
[INFO] [stdout] warning: unused import: `micromath::F32Ext`
[INFO] [stdout]   --> synth-gui/src/lfo.rs:13:5
[INFO] [stdout]    |
[INFO] [stdout] 13 | use micromath::F32Ext;
[INFO] [stdout]    |     ^^^^^^^^^^^^^^^^^
[INFO] [stdout]    |
[INFO] [stdout]    = note: `#[warn(unused_imports)]` (part of `#[warn(unused)]`) on by default
[INFO] [stdout] 
[INFO] [stdout] 
[INFO] [stderr]    Compiling darling_macro v0.20.11
[INFO] [stderr]    Compiling darling v0.20.11
[INFO] [stderr]    Compiling embassy-executor-macros v0.8.0
[INFO] [stderr]    Compiling regex v1.13.1
[INFO] [stderr]    Compiling thiserror-impl v2.0.20
[INFO] [stderr]    Compiling trait-set v0.3.0
[INFO] [stderr]    Compiling maybe-async-cfg v0.2.4
[INFO] [stderr]    Compiling defmt-parser v1.0.0
[INFO] [stderr]     Checking ssd1306 v0.10.0
[INFO] [stderr]     Checking embedded-io v0.7.1
[INFO] [stderr]     Checking embassy-time v0.5.1
[INFO] [stderr]     Checking defmt v0.3.100
[INFO] [stderr]     Checking embassy-net-driver v0.2.0
[INFO] [stderr]     Checking embedded-io-async v0.7.0
[INFO] [stderr]     Checking defmt-serial v0.14.0
[INFO] [stderr]     Checking embassy-usb-driver v0.2.2
[INFO] [stderr]     Checking embassy-embedded-hal v0.6.0
[INFO] [stderr]     Checking embassy-usb-synopsys-otg v0.3.3
[INFO] [stderr]    Compiling embassy-stm32 v0.6.0
[INFO] [stderr]    Compiling rust-tinyusb-host v0.1.0 (https://github.com/rlundquist3/rust-tinyusb-host.git?rev=2e15a2f#2e15a2f0)
[INFO] [stderr] warning: rust-tinyusb-host@0.1.0: cc: warning: '-mcpu=' is deprecated; use '-mtune=' or '-march=' instead
[INFO] [stderr] warning: rust-tinyusb-host@0.1.0: cc: error: unrecognized command-line option '-mthumb'
[INFO] [stderr] warning: rust-tinyusb-host@0.1.0: cc: error: unrecognized command-line option '-mfloat-abi=hard'
[INFO] [stderr] warning: rust-tinyusb-host@0.1.0: cc: error: unrecognized command-line option '-mfpu=fpv5-d16'
[INFO] [stderr] error: failed to run custom build command for `rust-tinyusb-host v0.1.0 (https://github.com/rlundquist3/rust-tinyusb-host.git?rev=2e15a2f#2e15a2f0)`
[INFO] [stderr] note: To improve backtraces for build dependencies, set the CARGO_PROFILE_DEV_BUILD_OVERRIDE_DEBUG=true environment variable to enable debug information generation.
[INFO] [stderr] 
[INFO] [stderr] Caused by:
[INFO] [stderr]   process didn't exit successfully: `/opt/rustwide/target/debug/build/rust-tinyusb-host/254dcd1071d46079/out/build_script_build` (exit status: 1)
[INFO] [stderr]   --- stdout
[INFO] [stderr]   cargo:rerun-if-changed=tinyusb
[INFO] [stderr]   cargo:rerun-if-env-changed=CC_FORCE_DISABLE
[INFO] [stderr]   CC_FORCE_DISABLE = None
[INFO] [stderr]   cargo:rerun-if-env-changed=CC_x86_64-unknown-linux-gnu
[INFO] [stderr]   CC_x86_64-unknown-linux-gnu = None
[INFO] [stderr]   cargo:rerun-if-env-changed=CC_x86_64_unknown_linux_gnu
[INFO] [stderr]   CC_x86_64_unknown_linux_gnu = None
[INFO] [stderr]   cargo:rerun-if-env-changed=HOST_CC
[INFO] [stderr]   HOST_CC = None
[INFO] [stderr]   cargo:rerun-if-env-changed=CC
[INFO] [stderr]   CC = None
[INFO] [stderr]   cargo:rerun-if-env-changed=CC_ENABLE_DEBUG_OUTPUT
[INFO] [stderr]   cargo:rerun-if-env-changed=CRATE_CC_NO_DEFAULTS
[INFO] [stderr]   CRATE_CC_NO_DEFAULTS = None
[INFO] [stderr]   cargo:rerun-if-env-changed=CRATE_CC_NO_DEFAULTS
[INFO] [stderr]   CRATE_CC_NO_DEFAULTS = None
[INFO] [stderr]   cargo:rerun-if-env-changed=CFLAGS
[INFO] [stderr]   CFLAGS = None
[INFO] [stderr]   cargo:rerun-if-env-changed=HOST_CFLAGS
[INFO] [stderr]   HOST_CFLAGS = None
[INFO] [stderr]   cargo:rerun-if-env-changed=CFLAGS_x86_64_unknown_linux_gnu
[INFO] [stderr]   CFLAGS_x86_64_unknown_linux_gnu = None
[INFO] [stderr]   cargo:rerun-if-env-changed=CFLAGS_x86_64-unknown-linux-gnu
[INFO] [stderr]   CFLAGS_x86_64-unknown-linux-gnu = None
[INFO] [stderr]   cargo:rerun-if-env-changed=CFLAGS
[INFO] [stderr]   CFLAGS = None
[INFO] [stderr]   cargo:rerun-if-env-changed=HOST_CFLAGS
[INFO] [stderr]   HOST_CFLAGS = None
[INFO] [stderr]   cargo:rerun-if-env-changed=CFLAGS_x86_64_unknown_linux_gnu
[INFO] [stderr]   CFLAGS_x86_64_unknown_linux_gnu = None
[INFO] [stderr]   cargo:rerun-if-env-changed=CFLAGS_x86_64-unknown-linux-gnu
[INFO] [stderr]   CFLAGS_x86_64-unknown-linux-gnu = None
[INFO] [stderr]   cargo:warning=cc: warning: '-mcpu=' is deprecated; use '-mtune=' or '-march=' instead
[INFO] [stderr]   cargo:warning=cc: error: unrecognized command-line option '-mthumb'
[INFO] [stderr]   cargo:warning=cc: error: unrecognized command-line option '-mfloat-abi=hard'
[INFO] [stderr]   cargo:warning=cc: error: unrecognized command-line option '-mfpu=fpv5-d16'
[INFO] [stderr] 
[INFO] [stderr]   --- stderr
[INFO] [stderr] 
[INFO] [stderr] 
[INFO] [stderr]   error occurred in cc-rs: command did not execute successfully (status code exit status: 1): LC_ALL="C" "cc" "-O3" "-ffunction-sections" "-fdata-sections" "-fPIC" "-g" "-gdwarf-4" "-fno-omit-frame-pointer" "-mno-omit-leaf-frame-pointer" "-m64" "-I" "tinyusb" "-I" "tinyusb/src" "-I" "tinyusb/CMSIS_5/CMSIS/Core/Include" "-I" "tinyusb/cmsis-device-h7/Include" "-Wall" "-Wextra" "-DSTM32H750xx" "-mcpu=cortex-m7" "-mthumb" "-mfloat-abi=hard" "-mfpu=fpv5-d16" "-Os" "-ffunction-sections" "-fdata-sections" "-o" "/opt/rustwide/target/debug/build/rust-tinyusb-host/6a10caadcb9e6730/out/70cee5e76272647e-tusb.o" "-c" "tinyusb/src/tusb.c"
[INFO] [stderr] 
[INFO] [stderr] 
[INFO] [stderr] warning: build failed, waiting for other jobs to finish...
[INFO] running `Command { std: "docker" "inspect" "648d74040d1fd01a0d724354d1e63070e0cf89b4d6de6392d75e52a52d10d80a", kill_on_drop: false }`
[INFO] running `Command { std: "docker" "rm" "-f" "648d74040d1fd01a0d724354d1e63070e0cf89b4d6de6392d75e52a52d10d80a", kill_on_drop: false }`
[INFO] [stdout] 648d74040d1fd01a0d724354d1e63070e0cf89b4d6de6392d75e52a52d10d80a
