[INFO] cloning repository https://github.com/rkozlowski/TigerSetup
[INFO] running `Command { std: "git" "-c" "credential.helper=" "-c" "credential.helper=/workspace/cargo-home/bin/git-credential-null" "clone" "--bare" "https://github.com/rkozlowski/TigerSetup" "/workspace/cache/git-repos/https%3A%2F%2Fgithub.com%2Frkozlowski%2FTigerSetup", kill_on_drop: false }`
[INFO] [stderr] Cloning into bare repository '/workspace/cache/git-repos/https%3A%2F%2Fgithub.com%2Frkozlowski%2FTigerSetup'...
[INFO] running `Command { std: "git" "rev-parse" "HEAD", kill_on_drop: false }`
[INFO] [stdout] 2904004f1fc0754a372404cd7d780cbe3f514865
[INFO] checking rkozlowski/TigerSetup against 3154cc1a3e6424e44f438a95007d043ed5ceaaf6 for pr-133502-30
[INFO] running `Command { std: "git" "clone" "/workspace/cache/git-repos/https%3A%2F%2Fgithub.com%2Frkozlowski%2FTigerSetup" "/workspace/builds/worker-6-tc2/source", kill_on_drop: false }`
[INFO] [stderr] Cloning into '/workspace/builds/worker-6-tc2/source'...
[INFO] [stderr] done.
[INFO] removed /workspace/builds/worker-6-tc2/source/.cargo/config.toml
[INFO] started tweaking git repo https://github.com/rkozlowski/TigerSetup
[INFO] finished tweaking git repo https://github.com/rkozlowski/TigerSetup
[INFO] tweaked toml for git repo https://github.com/rkozlowski/TigerSetup written to /workspace/builds/worker-6-tc2/source/Cargo.toml
[INFO] validating manifest of git repo https://github.com/rkozlowski/TigerSetup on toolchain 3154cc1a3e6424e44f438a95007d043ed5ceaaf6
[INFO] running `Command { std: CARGO_HOME="/workspace/cargo-home" RUSTUP_HOME="/workspace/rustup-home" "/workspace/cargo-home/bin/cargo" "+3154cc1a3e6424e44f438a95007d043ed5ceaaf6" "metadata" "--manifest-path" "Cargo.toml" "--no-deps", kill_on_drop: false }`
[INFO] crate git repo https://github.com/rkozlowski/TigerSetup already has a lockfile, it will not be regenerated
[INFO] running `Command { std: CARGO_HOME="/workspace/cargo-home" RUSTUP_HOME="/workspace/rustup-home" "/workspace/cargo-home/bin/cargo" "+3154cc1a3e6424e44f438a95007d043ed5ceaaf6" "fetch" "--manifest-path" "Cargo.toml", kill_on_drop: false }`
[INFO] running `Command { std: "docker" "create" "-v" "/var/lib/crater-agent-workspace/builds/worker-6-tc2/source:/opt/rustwide/workdir:ro,Z" "-v" "/var/lib/crater-agent-workspace/builds/worker-6-tc2/target:/opt/rustwide/target:rw,Z" "-v" "/var/lib/crater-agent-workspace/cargo-home:/opt/rustwide/cargo-home:ro,Z" "-v" "/var/lib/crater-agent-workspace/rustup-home:/opt/rustwide/rustup-home:ro,Z" "-m" "1610612736" "--network" "none" "ghcr.io/rust-lang/crates-build-env/linux@sha256:77db811e55d90add9212f6832c23229e3de5f1c1f9905e8cb07319ea15df73ac" "sleep" "infinity", kill_on_drop: false }`
[INFO] [stdout] a952ace028c4daf57f7f5cec03bd4f0de3483a66a27231d3caba00452f865070
[INFO] running `Command { std: "docker" "start" "a952ace028c4daf57f7f5cec03bd4f0de3483a66a27231d3caba00452f865070", kill_on_drop: false }`
[INFO] running `Command { std: "docker" "inspect" "a952ace028c4daf57f7f5cec03bd4f0de3483a66a27231d3caba00452f865070", kill_on_drop: false }`
[INFO] running `Command { std: "docker" "exec" "-e" "SOURCE_DIR=/opt/rustwide/workdir" "-e" "CARGO_HOME=/opt/rustwide/cargo-home" "-e" "RUSTUP_HOME=/opt/rustwide/rustup-home" "-e" "CARGO_TARGET_DIR=/opt/rustwide/target" "-w" "/opt/rustwide/workdir" "--user" "0:0" "a952ace028c4daf57f7f5cec03bd4f0de3483a66a27231d3caba00452f865070" "/opt/rustwide/cargo-home/bin/cargo" "+3154cc1a3e6424e44f438a95007d043ed5ceaaf6" "metadata" "--no-deps" "--format-version=1", kill_on_drop: false }`
[INFO] running `Command { std: "docker" "inspect" "a952ace028c4daf57f7f5cec03bd4f0de3483a66a27231d3caba00452f865070", kill_on_drop: false }`
[INFO] running `Command { std: "docker" "exec" "-e" "SOURCE_DIR=/opt/rustwide/workdir" "-e" "CARGO_HOME=/opt/rustwide/cargo-home" "-e" "RUSTUP_HOME=/opt/rustwide/rustup-home" "-e" "CARGO_TARGET_DIR=/opt/rustwide/target" "-e" "CARGO_INCREMENTAL=0" "-e" "RUST_BACKTRACE=full" "-e" "RUSTFLAGS=--cap-lints=forbid" "-e" "RUSTDOCFLAGS=--cap-lints=forbid" "-w" "/opt/rustwide/workdir" "--user" "0:0" "a952ace028c4daf57f7f5cec03bd4f0de3483a66a27231d3caba00452f865070" "/opt/rustwide/cargo-home/bin/cargo" "+3154cc1a3e6424e44f438a95007d043ed5ceaaf6" "check" "--frozen" "--all" "--all-targets" "--message-format=json", kill_on_drop: false }`
[INFO] [stderr]    Compiling either v1.18.0
[INFO] [stderr]    Compiling anyhow v1.0.104
[INFO] [stderr]    Compiling serde_core v1.0.229
[INFO] [stderr]    Compiling lazy_static v1.5.0
[INFO] [stderr]    Compiling beef v0.5.2
[INFO] [stderr]    Compiling regex-automata v0.4.18
[INFO] [stderr]    Compiling logos-codegen v0.15.1
[INFO] [stderr]    Compiling unicode-width v0.1.14
[INFO] [stderr]    Compiling thiserror v2.0.20
[INFO] [stderr]    Compiling prettyplease v0.2.37
[INFO] [stderr]    Compiling linux-raw-sys v0.12.1
[INFO] [stderr]    Compiling syn v3.0.5
[INFO] [stderr]    Compiling cc v1.4.5
[INFO] [stderr]    Compiling miette-derive v7.6.0
[INFO] [stderr]     Checking windows-link v0.2.1
[INFO] [stderr]    Compiling zstd-safe v8.0.0
[INFO] [stderr]    Compiling indexmap v2.14.2
[INFO] [stderr]     Checking windows-sys v0.61.2
[INFO] [stderr]    Compiling hashbrown v0.15.5
[INFO] [stderr]    Compiling fixedbitset v0.5.7
[INFO] [stderr]    Compiling once_cell v1.21.4
[INFO] [stderr]    Compiling fastrand v2.5.0
[INFO] [stderr]    Compiling itertools v0.14.0
[INFO] [stderr]    Compiling multimap v0.10.1
[INFO] [stderr]     Checking hashbrown v0.17.1
[INFO] [stderr]     Checking sha2 v0.10.9
[INFO] [stderr]     Checking bytes v1.12.1
[INFO] [stderr]    Compiling libc v0.2.189
[INFO] [stderr]     Checking zlib-rs v0.6.7
[INFO] [stderr]    Compiling rustix v1.1.4
[INFO] [stderr]     Checking smallvec v1.16.0
[INFO] [stderr]     Checking arraydeque v0.5.1
[INFO] [stderr]    Compiling petgraph v0.8.3
[INFO] [stderr]     Checking serde_json v1.0.151
[INFO] [stderr]     Checking hashlink v0.12.1
[INFO] [stderr]    Compiling miette v7.6.0
[INFO] [stderr]     Checking clap_builder v4.6.6
[INFO] [stderr]     Checking yaml-rust2 v0.12.0
[INFO] [stderr]    Compiling zstd-sys v2.1.0+zstd.1.5.7
[INFO] [stderr]    Compiling libsqlite3-sys v0.38.2
[INFO] [stderr]     Checking serde_spanned v1.1.1
[INFO] [stderr]     Checking toml_datetime v1.1.1+spec-1.1.0
[INFO] [stderr]     Checking tigersetup-test-prereq v0.15.0 (/opt/rustwide/workdir/crates/tigersetup-test-prereq)
[INFO] [stderr]     Checking getrandom v0.4.3
[INFO] [stderr]     Checking tempfile v3.27.0
[INFO] [stderr]     Checking flate2 v1.1.10
[INFO] [stderr]    Compiling logos-derive v0.15.1
[INFO] [stderr]     Checking toml v1.1.5+spec-1.1.0
[INFO] [stderr]    Compiling logos v0.15.1
[INFO] [stderr]     Checking zip v8.6.0
[INFO] [stderr]    Compiling prost-derive v0.14.4
[INFO] [stderr]    Compiling logos-codegen v0.16.1
[INFO] [stderr]    Compiling regex v1.13.1
[INFO] [stderr]    Compiling thiserror-impl v2.0.20
[INFO] [stderr]    Compiling serde_derive v1.0.229
[INFO] [stderr]    Compiling clap_derive v4.6.4
[INFO] [stderr]    Compiling prost v0.14.4
[INFO] [stderr]    Compiling prost-types v0.14.4
[INFO] [stderr]    Compiling embed-resource v3.0.11
[INFO] [stderr]    Compiling tigersetup-loader v0.15.0 (/opt/rustwide/workdir/crates/tigersetup-loader)
[INFO] [stderr]    Compiling tigersetup-build v0.15.0 (/opt/rustwide/workdir/crates/tigersetup-build)
[INFO] [stderr]    Compiling tigersetup-setup v0.15.0 (/opt/rustwide/workdir/crates/tigersetup-setup)
[INFO] [stderr]     Checking clap v4.6.6
[INFO] [stderr]    Compiling logos-derive v0.16.1
[INFO] [stderr]    Compiling logos v0.16.1
[INFO] [stderr]    Compiling protox-parse v0.9.0
[INFO] [stderr]    Compiling prost-reflect v0.16.5
[INFO] [stderr]    Compiling prost-build v0.14.4
[INFO] [stderr] warning: tigersetup-loader@0.15.0: cc: fatal error: cannot specify '-o' with '-c', '-S' or '-E' with multiple files
[INFO] [stderr] warning: tigersetup-loader@0.15.0: compilation terminated.
[INFO] [stderr] warning: tigersetup-loader@0.15.0: ToolExecError: command did not execute successfully (status code exit status: 1): LC_ALL="C" "cc" "-Os" "-ffunction-sections" "-fdata-sections" "-fPIC" "-m64" "-std=c11" "-I" "/opt/rustwide/cargo-home/registry/src/index.crates.io-1949cf8c6b5b557f/zstd-sys-2.1.0+zstd.1.5.7/zstd/lib" "-Werror" "-Wall" "-Wextra" "/guard:cf" "/GS" "/Gw" "/Oi" "/FI/opt/rustwide/workdir/crates/tigersetup-loader/src/zstd_alloc.h" "-DZSTD_LEGACY_SUPPORT=0" "-DZSTD_LIB_DEPRECATED=0" "-DZSTD_STRIP_ERROR_STRINGS=1" "-DZSTD_NO_UNUSED_FUNCTIONS=1" "-DZSTD_NO_TRACE=1" "-DZSTD_TRACE=0" "-DZSTD_DISABLE_ASM=1" "-DDYNAMIC_BMI2=0" "-DZSTDLIB_VISIBLE=" "-DZSTDLIB_HIDDEN=" "-DZSTD_DEPS_MALLOC=1" "-DXXH_NO_STDLIB=1" "-DHUF_FORCE_DECOMPRESS_X1=1" "-DZSTD_FORCE_DECOMPRESS_SEQUENCES_SHORT=1" "-DZSTD_NO_INLINE=1" "-o" "/opt/rustwide/target/debug/build/tigersetup-loader/d3fd74ca78af04de/out/zstd/5d514542362f799f-debug.o" "-c" "/opt/rustwide/cargo-home/registry/src/index.crates.io-1949cf8c6b5b557f/zstd-sys-2.1.0+zstd.1.5.7/zstd/lib/common/debug.c"cargo:warning=cc: fatal error: cannot specify '-o' with '-c', '-S' or '-E' with multiple files
[INFO] [stderr] warning: tigersetup-loader@0.15.0: compilation terminated.
[INFO] [stderr] warning: tigersetup-loader@0.15.0: ToolExecError: command did not execute successfully (status code exit status: 1): LC_ALL="C" "cc" "-Os" "-ffunction-sections" "-fdata-sections" "-fPIC" "-m64" "-std=c11" "-I" "/opt/rustwide/cargo-home/registry/src/index.crates.io-1949cf8c6b5b557f/zstd-sys-2.1.0+zstd.1.5.7/zstd/lib" "-Werror" "-Wall" "-Wextra" "/guard:cf" "/GS" "/Gw" "/Oi" "/FI/opt/rustwide/workdir/crates/tigersetup-loader/src/zstd_alloc.h" "-DZSTD_LEGACY_SUPPORT=0" "-DZSTD_LIB_DEPRECATED=0" "-DZSTD_STRIP_ERROR_STRINGS=1" "-DZSTD_NO_UNUSED_FUNCTIONS=1" "-DZSTD_NO_TRACE=1" "-DZSTD_TRACE=0" "-DZSTD_DISABLE_ASM=1" "-DDYNAMIC_BMI2=0" "-DZSTDLIB_VISIBLE=" "-DZSTDLIB_HIDDEN=" "-DZSTD_DEPS_MALLOC=1" "-DXXH_NO_STDLIB=1" "-DHUF_FORCE_DECOMPRESS_X1=1" "-DZSTD_FORCE_DECOMPRESS_SEQUENCES_SHORT=1" "-DZSTD_NO_INLINE=1" "-o" "/opt/rustwide/target/debug/build/tigersetup-loader/d3fd74ca78af04de/out/zstd/5d514542362f799f-entropy_common.o" "-c" "/opt/rustwide/cargo-home/registry/src/index.crates.io-1949cf8c6b5b557f/zstd-sys-2.1.0+zstd.1.5.7/zstd/lib/common/entropy_common.c"cargo:warning=cc: fatal error: cannot specify '-o' with '-c', '-S' or '-E' with multiple files
[INFO] [stderr] warning: tigersetup-loader@0.15.0: compilation terminated.
[INFO] [stderr] warning: tigersetup-loader@0.15.0: ToolExecError: command did not execute successfully (status code exit status: 1): LC_ALL="C" "cc" "-Os" "-ffunction-sections" "-fdata-sections" "-fPIC" "-m64" "-std=c11" "-I" "/opt/rustwide/cargo-home/registry/src/index.crates.io-1949cf8c6b5b557f/zstd-sys-2.1.0+zstd.1.5.7/zstd/lib" "-Werror" "-Wall" "-Wextra" "/guard:cf" "/GS" "/Gw" "/Oi" "/FI/opt/rustwide/workdir/crates/tigersetup-loader/src/zstd_alloc.h" "-DZSTD_LEGACY_SUPPORT=0" "-DZSTD_LIB_DEPRECATED=0" "-DZSTD_STRIP_ERROR_STRINGS=1" "-DZSTD_NO_UNUSED_FUNCTIONS=1" "-DZSTD_NO_TRACE=1" "-DZSTD_TRACE=0" "-DZSTD_DISABLE_ASM=1" "-DDYNAMIC_BMI2=0" "-DZSTDLIB_VISIBLE=" "-DZSTDLIB_HIDDEN=" "-DZSTD_DEPS_MALLOC=1" "-DXXH_NO_STDLIB=1" "-DHUF_FORCE_DECOMPRESS_X1=1" "-DZSTD_FORCE_DECOMPRESS_SEQUENCES_SHORT=1" "-DZSTD_NO_INLINE=1" "-o" "/opt/rustwide/target/debug/build/tigersetup-loader/d3fd74ca78af04de/out/zstd/5d514542362f799f-error_private.o" "-c" "/opt/rustwide/cargo-home/registry/src/index.crates.io-1949cf8c6b5b557f/zstd-sys-2.1.0+zstd.1.5.7/zstd/lib/common/error_private.c"cargo:warning=cc: fatal error: cannot specify '-o' with '-c', '-S' or '-E' with multiple files
[INFO] [stderr] warning: tigersetup-loader@0.15.0: compilation terminated.
[INFO] [stderr] warning: tigersetup-loader@0.15.0: ToolExecError: command did not execute successfully (status code exit status: 1): LC_ALL="C" "cc" "-Os" "-ffunction-sections" "-fdata-sections" "-fPIC" "-m64" "-std=c11" "-I" "/opt/rustwide/cargo-home/registry/src/index.crates.io-1949cf8c6b5b557f/zstd-sys-2.1.0+zstd.1.5.7/zstd/lib" "-Werror" "-Wall" "-Wextra" "/guard:cf" "/GS" "/Gw" "/Oi" "/FI/opt/rustwide/workdir/crates/tigersetup-loader/src/zstd_alloc.h" "-DZSTD_LEGACY_SUPPORT=0" "-DZSTD_LIB_DEPRECATED=0" "-DZSTD_STRIP_ERROR_STRINGS=1" "-DZSTD_NO_UNUSED_FUNCTIONS=1" "-DZSTD_NO_TRACE=1" "-DZSTD_TRACE=0" "-DZSTD_DISABLE_ASM=1" "-DDYNAMIC_BMI2=0" "-DZSTDLIB_VISIBLE=" "-DZSTDLIB_HIDDEN=" "-DZSTD_DEPS_MALLOC=1" "-DXXH_NO_STDLIB=1" "-DHUF_FORCE_DECOMPRESS_X1=1" "-DZSTD_FORCE_DECOMPRESS_SEQUENCES_SHORT=1" "-DZSTD_NO_INLINE=1" "-o" "/opt/rustwide/target/debug/build/tigersetup-loader/d3fd74ca78af04de/out/zstd/5d514542362f799f-fse_decompress.o" "-c" "/opt/rustwide/cargo-home/registry/src/index.crates.io-1949cf8c6b5b557f/zstd-sys-2.1.0+zstd.1.5.7/zstd/lib/common/fse_decompress.c"cargo:warning=cc: fatal error: cannot specify '-o' with '-c', '-S' or '-E' with multiple files
[INFO] [stderr] warning: tigersetup-loader@0.15.0: compilation terminated.
[INFO] [stderr] warning: tigersetup-loader@0.15.0: ToolExecError: command did not execute successfully (status code exit status: 1): LC_ALL="C" "cc" "-Os" "-ffunction-sections" "-fdata-sections" "-fPIC" "-m64" "-std=c11" "-I" "/opt/rustwide/cargo-home/registry/src/index.crates.io-1949cf8c6b5b557f/zstd-sys-2.1.0+zstd.1.5.7/zstd/lib" "-Werror" "-Wall" "-Wextra" "/guard:cf" "/GS" "/Gw" "/Oi" "/FI/opt/rustwide/workdir/crates/tigersetup-loader/src/zstd_alloc.h" "-DZSTD_LEGACY_SUPPORT=0" "-DZSTD_LIB_DEPRECATED=0" "-DZSTD_STRIP_ERROR_STRINGS=1" "-DZSTD_NO_UNUSED_FUNCTIONS=1" "-DZSTD_NO_TRACE=1" "-DZSTD_TRACE=0" "-DZSTD_DISABLE_ASM=1" "-DDYNAMIC_BMI2=0" "-DZSTDLIB_VISIBLE=" "-DZSTDLIB_HIDDEN=" "-DZSTD_DEPS_MALLOC=1" "-DXXH_NO_STDLIB=1" "-DHUF_FORCE_DECOMPRESS_X1=1" "-DZSTD_FORCE_DECOMPRESS_SEQUENCES_SHORT=1" "-DZSTD_NO_INLINE=1" "-o" "/opt/rustwide/target/debug/build/tigersetup-loader/d3fd74ca78af04de/out/zstd/5d514542362f799f-xxhash.o" "-c" "/opt/rustwide/cargo-home/registry/src/index.crates.io-1949cf8c6b5b557f/zstd-sys-2.1.0+zstd.1.5.7/zstd/lib/common/xxhash.c"cargo:warning=cc: fatal error: cannot specify '-o' with '-c', '-S' or '-E' with multiple files
[INFO] [stderr] warning: tigersetup-loader@0.15.0: compilation terminated.
[INFO] [stderr] warning: tigersetup-loader@0.15.0: ToolExecError: command did not execute successfully (status code exit status: 1): LC_ALL="C" "cc" "-Os" "-ffunction-sections" "-fdata-sections" "-fPIC" "-m64" "-std=c11" "-I" "/opt/rustwide/cargo-home/registry/src/index.crates.io-1949cf8c6b5b557f/zstd-sys-2.1.0+zstd.1.5.7/zstd/lib" "-Werror" "-Wall" "-Wextra" "/guard:cf" "/GS" "/Gw" "/Oi" "/FI/opt/rustwide/workdir/crates/tigersetup-loader/src/zstd_alloc.h" "-DZSTD_LEGACY_SUPPORT=0" "-DZSTD_LIB_DEPRECATED=0" "-DZSTD_STRIP_ERROR_STRINGS=1" "-DZSTD_NO_UNUSED_FUNCTIONS=1" "-DZSTD_NO_TRACE=1" "-DZSTD_TRACE=0" "-DZSTD_DISABLE_ASM=1" "-DDYNAMIC_BMI2=0" "-DZSTDLIB_VISIBLE=" "-DZSTDLIB_HIDDEN=" "-DZSTD_DEPS_MALLOC=1" "-DXXH_NO_STDLIB=1" "-DHUF_FORCE_DECOMPRESS_X1=1" "-DZSTD_FORCE_DECOMPRESS_SEQUENCES_SHORT=1" "-DZSTD_NO_INLINE=1" "-o" "/opt/rustwide/target/debug/build/tigersetup-loader/d3fd74ca78af04de/out/zstd/5d514542362f799f-zstd_common.o" "-c" "/opt/rustwide/cargo-home/registry/src/index.crates.io-1949cf8c6b5b557f/zstd-sys-2.1.0+zstd.1.5.7/zstd/lib/common/zstd_common.c"cargo:warning=cc: fatal error: cannot specify '-o' with '-c', '-S' or '-E' with multiple files
[INFO] [stderr] warning: tigersetup-loader@0.15.0: compilation terminated.
[INFO] [stderr] warning: tigersetup-loader@0.15.0: ToolExecError: command did not execute successfully (status code exit status: 1): LC_ALL="C" "cc" "-Os" "-ffunction-sections" "-fdata-sections" "-fPIC" "-m64" "-std=c11" "-I" "/opt/rustwide/cargo-home/registry/src/index.crates.io-1949cf8c6b5b557f/zstd-sys-2.1.0+zstd.1.5.7/zstd/lib" "-Werror" "-Wall" "-Wextra" "/guard:cf" "/GS" "/Gw" "/Oi" "/FI/opt/rustwide/workdir/crates/tigersetup-loader/src/zstd_alloc.h" "-DZSTD_LEGACY_SUPPORT=0" "-DZSTD_LIB_DEPRECATED=0" "-DZSTD_STRIP_ERROR_STRINGS=1" "-DZSTD_NO_UNUSED_FUNCTIONS=1" "-DZSTD_NO_TRACE=1" "-DZSTD_TRACE=0" "-DZSTD_DISABLE_ASM=1" "-DDYNAMIC_BMI2=0" "-DZSTDLIB_VISIBLE=" "-DZSTDLIB_HIDDEN=" "-DZSTD_DEPS_MALLOC=1" "-DXXH_NO_STDLIB=1" "-DHUF_FORCE_DECOMPRESS_X1=1" "-DZSTD_FORCE_DECOMPRESS_SEQUENCES_SHORT=1" "-DZSTD_NO_INLINE=1" "-o" "/opt/rustwide/target/debug/build/tigersetup-loader/d3fd74ca78af04de/out/zstd/c8fe719e4d3f2c1c-huf_decompress.o" "-c" "/opt/rustwide/cargo-home/registry/src/index.crates.io-1949cf8c6b5b557f/zstd-sys-2.1.0+zstd.1.5.7/zstd/lib/decompress/huf_decompress.c"cargo:warning=cc: fatal error: cannot specify '-o' with '-c', '-S' or '-E' with multiple files
[INFO] [stderr] warning: tigersetup-loader@0.15.0: compilation terminated.
[INFO] [stderr] warning: tigersetup-loader@0.15.0: ToolExecError: command did not execute successfully (status code exit status: 1): LC_ALL="C" "cc" "-Os" "-ffunction-sections" "-fdata-sections" "-fPIC" "-m64" "-std=c11" "-I" "/opt/rustwide/cargo-home/registry/src/index.crates.io-1949cf8c6b5b557f/zstd-sys-2.1.0+zstd.1.5.7/zstd/lib" "-Werror" "-Wall" "-Wextra" "/guard:cf" "/GS" "/Gw" "/Oi" "/FI/opt/rustwide/workdir/crates/tigersetup-loader/src/zstd_alloc.h" "-DZSTD_LEGACY_SUPPORT=0" "-DZSTD_LIB_DEPRECATED=0" "-DZSTD_STRIP_ERROR_STRINGS=1" "-DZSTD_NO_UNUSED_FUNCTIONS=1" "-DZSTD_NO_TRACE=1" "-DZSTD_TRACE=0" "-DZSTD_DISABLE_ASM=1" "-DDYNAMIC_BMI2=0" "-DZSTDLIB_VISIBLE=" "-DZSTDLIB_HIDDEN=" "-DZSTD_DEPS_MALLOC=1" "-DXXH_NO_STDLIB=1" "-DHUF_FORCE_DECOMPRESS_X1=1" "-DZSTD_FORCE_DECOMPRESS_SEQUENCES_SHORT=1" "-DZSTD_NO_INLINE=1" "-o" "/opt/rustwide/target/debug/build/tigersetup-loader/d3fd74ca78af04de/out/zstd/c8fe719e4d3f2c1c-zstd_ddict.o" "-c" "/opt/rustwide/cargo-home/registry/src/index.crates.io-1949cf8c6b5b557f/zstd-sys-2.1.0+zstd.1.5.7/zstd/lib/decompress/zstd_ddict.c"cargo:warning=cc: fatal error: cannot specify '-o' with '-c', '-S' or '-E' with multiple files
[INFO] [stderr] warning: tigersetup-loader@0.15.0: compilation terminated.
[INFO] [stderr] warning: tigersetup-loader@0.15.0: ToolExecError: command did not execute successfully (status code exit status: 1): LC_ALL="C" "cc" "-Os" "-ffunction-sections" "-fdata-sections" "-fPIC" "-m64" "-std=c11" "-I" "/opt/rustwide/cargo-home/registry/src/index.crates.io-1949cf8c6b5b557f/zstd-sys-2.1.0+zstd.1.5.7/zstd/lib" "-Werror" "-Wall" "-Wextra" "/guard:cf" "/GS" "/Gw" "/Oi" "/FI/opt/rustwide/workdir/crates/tigersetup-loader/src/zstd_alloc.h" "-DZSTD_LEGACY_SUPPORT=0" "-DZSTD_LIB_DEPRECATED=0" "-DZSTD_STRIP_ERROR_STRINGS=1" "-DZSTD_NO_UNUSED_FUNCTIONS=1" "-DZSTD_NO_TRACE=1" "-DZSTD_TRACE=0" "-DZSTD_DISABLE_ASM=1" "-DDYNAMIC_BMI2=0" "-DZSTDLIB_VISIBLE=" "-DZSTDLIB_HIDDEN=" "-DZSTD_DEPS_MALLOC=1" "-DXXH_NO_STDLIB=1" "-DHUF_FORCE_DECOMPRESS_X1=1" "-DZSTD_FORCE_DECOMPRESS_SEQUENCES_SHORT=1" "-DZSTD_NO_INLINE=1" "-o" "/opt/rustwide/target/debug/build/tigersetup-loader/d3fd74ca78af04de/out/zstd/c8fe719e4d3f2c1c-zstd_decompress.o" "-c" "/opt/rustwide/cargo-home/registry/src/index.crates.io-1949cf8c6b5b557f/zstd-sys-2.1.0+zstd.1.5.7/zstd/lib/decompress/zstd_decompress.c"cargo:warning=cc: fatal error: cannot specify '-o' with '-c', '-S' or '-E' with multiple files
[INFO] [stderr] warning: tigersetup-loader@0.15.0: compilation terminated.
[INFO] [stderr] warning: tigersetup-loader@0.15.0: ToolExecError: command did not execute successfully (status code exit status: 1): LC_ALL="C" "cc" "-Os" "-ffunction-sections" "-fdata-sections" "-fPIC" "-m64" "-std=c11" "-I" "/opt/rustwide/cargo-home/registry/src/index.crates.io-1949cf8c6b5b557f/zstd-sys-2.1.0+zstd.1.5.7/zstd/lib" "-Werror" "-Wall" "-Wextra" "/guard:cf" "/GS" "/Gw" "/Oi" "/FI/opt/rustwide/workdir/crates/tigersetup-loader/src/zstd_alloc.h" "-DZSTD_LEGACY_SUPPORT=0" "-DZSTD_LIB_DEPRECATED=0" "-DZSTD_STRIP_ERROR_STRINGS=1" "-DZSTD_NO_UNUSED_FUNCTIONS=1" "-DZSTD_NO_TRACE=1" "-DZSTD_TRACE=0" "-DZSTD_DISABLE_ASM=1" "-DDYNAMIC_BMI2=0" "-DZSTDLIB_VISIBLE=" "-DZSTDLIB_HIDDEN=" "-DZSTD_DEPS_MALLOC=1" "-DXXH_NO_STDLIB=1" "-DHUF_FORCE_DECOMPRESS_X1=1" "-DZSTD_FORCE_DECOMPRESS_SEQUENCES_SHORT=1" "-DZSTD_NO_INLINE=1" "-o" "/opt/rustwide/target/debug/build/tigersetup-loader/d3fd74ca78af04de/out/zstd/c8fe719e4d3f2c1c-zstd_decompress_block.o" "-c" "/opt/rustwide/cargo-home/registry/src/index.crates.io-1949cf8c6b5b557f/zstd-sys-2.1.0+zstd.1.5.7/zstd/lib/decompress/zstd_decompress_block.c"
[INFO] [stderr] error: failed to run custom build command for `tigersetup-loader v0.15.0 (/opt/rustwide/workdir/crates/tigersetup-loader)`
[INFO] [stderr] note: To improve backtraces for build dependencies, set the CARGO_PROFILE_DEV_BUILD_OVERRIDE_DEBUG=true environment variable to enable debug information generation.
[INFO] [stderr] 
[INFO] [stderr] Caused by:
[INFO] [stderr]   process didn't exit successfully: `/opt/rustwide/target/debug/build/tigersetup-loader/8fbbfdb543c1dc2f/out/build_script_build` (exit status: 1)
[INFO] [stderr]   --- stdout
[INFO] [stderr]   cargo:rerun-if-changed=/opt/rustwide/workdir/crates/build-support/app.manifest
[INFO] [stderr]   cargo:rerun-if-changed=/opt/rustwide/workdir/docs/assets/TigerSetup.ico
[INFO] [stderr]   cargo:rerun-if-changed=/opt/rustwide/workdir/crates/build-support/version_resource.rs
[INFO] [stderr]   cargo:rerun-if-changed=build.rs
[INFO] [stderr]   cargo:rerun-if-env-changed=CARGO_PKG_VERSION
[INFO] [stderr]   cargo:rerun-if-changed=/opt/rustwide/workdir/crates/tigersetup-loader/src/loader.c
[INFO] [stderr]   cargo:rerun-if-changed=/opt/rustwide/workdir/crates/tigersetup-loader/src/zstd_alloc.h
[INFO] [stderr]   cargo:rerun-if-changed=/opt/rustwide/workdir/crates/tigersetup-loader/tests/fake-engine.c
[INFO] [stderr]   cargo:rerun-if-changed=/opt/rustwide/cargo-home/registry/src/index.crates.io-1949cf8c6b5b557f/zstd-sys-2.1.0+zstd.1.5.7/zstd/lib/common/debug.c
[INFO] [stderr]   cargo:rerun-if-changed=/opt/rustwide/cargo-home/registry/src/index.crates.io-1949cf8c6b5b557f/zstd-sys-2.1.0+zstd.1.5.7/zstd/lib/common/entropy_common.c
[INFO] [stderr]   cargo:rerun-if-changed=/opt/rustwide/cargo-home/registry/src/index.crates.io-1949cf8c6b5b557f/zstd-sys-2.1.0+zstd.1.5.7/zstd/lib/common/error_private.c
[INFO] [stderr]   cargo:rerun-if-changed=/opt/rustwide/cargo-home/registry/src/index.crates.io-1949cf8c6b5b557f/zstd-sys-2.1.0+zstd.1.5.7/zstd/lib/common/fse_decompress.c
[INFO] [stderr]   cargo:rerun-if-changed=/opt/rustwide/cargo-home/registry/src/index.crates.io-1949cf8c6b5b557f/zstd-sys-2.1.0+zstd.1.5.7/zstd/lib/common/xxhash.c
[INFO] [stderr]   cargo:rerun-if-changed=/opt/rustwide/cargo-home/registry/src/index.crates.io-1949cf8c6b5b557f/zstd-sys-2.1.0+zstd.1.5.7/zstd/lib/common/zstd_common.c
[INFO] [stderr]   cargo:rerun-if-changed=/opt/rustwide/cargo-home/registry/src/index.crates.io-1949cf8c6b5b557f/zstd-sys-2.1.0+zstd.1.5.7/zstd/lib/decompress/huf_decompress.c
[INFO] [stderr]   cargo:rerun-if-changed=/opt/rustwide/cargo-home/registry/src/index.crates.io-1949cf8c6b5b557f/zstd-sys-2.1.0+zstd.1.5.7/zstd/lib/decompress/zstd_ddict.c
[INFO] [stderr]   cargo:rerun-if-changed=/opt/rustwide/cargo-home/registry/src/index.crates.io-1949cf8c6b5b557f/zstd-sys-2.1.0+zstd.1.5.7/zstd/lib/decompress/zstd_decompress.c
[INFO] [stderr]   cargo:rerun-if-changed=/opt/rustwide/cargo-home/registry/src/index.crates.io-1949cf8c6b5b557f/zstd-sys-2.1.0+zstd.1.5.7/zstd/lib/decompress/zstd_decompress_block.c
[INFO] [stderr]   cargo:warning=cc: fatal error: cannot specify '-o' with '-c', '-S' or '-E' with multiple files
[INFO] [stderr]   cargo:warning=compilation terminated.
[INFO] [stderr]   exit status: 1
[INFO] [stderr]   cargo:warning=ToolExecError: command did not execute successfully (status code exit status: 1): LC_ALL="C" "cc" "-Os" "-ffunction-sections" "-fdata-sections" "-fPIC" "-m64" "-std=c11" "-I" "/opt/rustwide/cargo-home/registry/src/index.crates.io-1949cf8c6b5b557f/zstd-sys-2.1.0+zstd.1.5.7/zstd/lib" "-Werror" "-Wall" "-Wextra" "/guard:cf" "/GS" "/Gw" "/Oi" "/FI/opt/rustwide/workdir/crates/tigersetup-loader/src/zstd_alloc.h" "-DZSTD_LEGACY_SUPPORT=0" "-DZSTD_LIB_DEPRECATED=0" "-DZSTD_STRIP_ERROR_STRINGS=1" "-DZSTD_NO_UNUSED_FUNCTIONS=1" "-DZSTD_NO_TRACE=1" "-DZSTD_TRACE=0" "-DZSTD_DISABLE_ASM=1" "-DDYNAMIC_BMI2=0" "-DZSTDLIB_VISIBLE=" "-DZSTDLIB_HIDDEN=" "-DZSTD_DEPS_MALLOC=1" "-DXXH_NO_STDLIB=1" "-DHUF_FORCE_DECOMPRESS_X1=1" "-DZSTD_FORCE_DECOMPRESS_SEQUENCES_SHORT=1" "-DZSTD_NO_INLINE=1" "-o" "/opt/rustwide/target/debug/build/tigersetup-loader/d3fd74ca78af04de/out/zstd/5d514542362f799f-debug.o" "-c" "/opt/rustwide/cargo-home/registry/src/index.crates.io-1949cf8c6b5b557f/zstd-sys-2.1.0+zstd.1.5.7/zstd/lib/common/debug.c"cargo:warning=cc: fatal error: cannot specify '-o' with '-c', '-S' or '-E' with multiple files
[INFO] [stderr]   cargo:warning=compilation terminated.
[INFO] [stderr] 
[INFO] [stderr]   exit status: 1
[INFO] [stderr]   cargo:warning=ToolExecError: command did not execute successfully (status code exit status: 1): LC_ALL="C" "cc" "-Os" "-ffunction-sections" "-fdata-sections" "-fPIC" "-m64" "-std=c11" "-I" "/opt/rustwide/cargo-home/registry/src/index.crates.io-1949cf8c6b5b557f/zstd-sys-2.1.0+zstd.1.5.7/zstd/lib" "-Werror" "-Wall" "-Wextra" "/guard:cf" "/GS" "/Gw" "/Oi" "/FI/opt/rustwide/workdir/crates/tigersetup-loader/src/zstd_alloc.h" "-DZSTD_LEGACY_SUPPORT=0" "-DZSTD_LIB_DEPRECATED=0" "-DZSTD_STRIP_ERROR_STRINGS=1" "-DZSTD_NO_UNUSED_FUNCTIONS=1" "-DZSTD_NO_TRACE=1" "-DZSTD_TRACE=0" "-DZSTD_DISABLE_ASM=1" "-DDYNAMIC_BMI2=0" "-DZSTDLIB_VISIBLE=" "-DZSTDLIB_HIDDEN=" "-DZSTD_DEPS_MALLOC=1" "-DXXH_NO_STDLIB=1" "-DHUF_FORCE_DECOMPRESS_X1=1" "-DZSTD_FORCE_DECOMPRESS_SEQUENCES_SHORT=1" "-DZSTD_NO_INLINE=1" "-o" "/opt/rustwide/target/debug/build/tigersetup-loader/d3fd74ca78af04de/out/zstd/5d514542362f799f-entropy_common.o" "-c" "/opt/rustwide/cargo-home/registry/src/index.crates.io-1949cf8c6b5b557f/zstd-sys-2.1.0+zstd.1.5.7/zstd/lib/common/entropy_common.c"cargo:warning=cc: fatal error: cannot specify '-o' with '-c', '-S' or '-E' with multiple files
[INFO] [stderr]   cargo:warning=compilation terminated.
[INFO] [stderr] 
[INFO] [stderr]   exit status: 1
[INFO] [stderr]   cargo:warning=ToolExecError: command did not execute successfully (status code exit status: 1): LC_ALL="C" "cc" "-Os" "-ffunction-sections" "-fdata-sections" "-fPIC" "-m64" "-std=c11" "-I" "/opt/rustwide/cargo-home/registry/src/index.crates.io-1949cf8c6b5b557f/zstd-sys-2.1.0+zstd.1.5.7/zstd/lib" "-Werror" "-Wall" "-Wextra" "/guard:cf" "/GS" "/Gw" "/Oi" "/FI/opt/rustwide/workdir/crates/tigersetup-loader/src/zstd_alloc.h" "-DZSTD_LEGACY_SUPPORT=0" "-DZSTD_LIB_DEPRECATED=0" "-DZSTD_STRIP_ERROR_STRINGS=1" "-DZSTD_NO_UNUSED_FUNCTIONS=1" "-DZSTD_NO_TRACE=1" "-DZSTD_TRACE=0" "-DZSTD_DISABLE_ASM=1" "-DDYNAMIC_BMI2=0" "-DZSTDLIB_VISIBLE=" "-DZSTDLIB_HIDDEN=" "-DZSTD_DEPS_MALLOC=1" "-DXXH_NO_STDLIB=1" "-DHUF_FORCE_DECOMPRESS_X1=1" "-DZSTD_FORCE_DECOMPRESS_SEQUENCES_SHORT=1" "-DZSTD_NO_INLINE=1" "-o" "/opt/rustwide/target/debug/build/tigersetup-loader/d3fd74ca78af04de/out/zstd/5d514542362f799f-error_private.o" "-c" "/opt/rustwide/cargo-home/registry/src/index.crates.io-1949cf8c6b5b557f/zstd-sys-2.1.0+zstd.1.5.7/zstd/lib/common/error_private.c"cargo:warning=cc: fatal error: cannot specify '-o' with '-c', '-S' or '-E' with multiple files
[INFO] [stderr]   cargo:warning=compilation terminated.
[INFO] [stderr] 
[INFO] [stderr]   exit status: 1
[INFO] [stderr]   cargo:warning=ToolExecError: command did not execute successfully (status code exit status: 1): LC_ALL="C" "cc" "-Os" "-ffunction-sections" "-fdata-sections" "-fPIC" "-m64" "-std=c11" "-I" "/opt/rustwide/cargo-home/registry/src/index.crates.io-1949cf8c6b5b557f/zstd-sys-2.1.0+zstd.1.5.7/zstd/lib" "-Werror" "-Wall" "-Wextra" "/guard:cf" "/GS" "/Gw" "/Oi" "/FI/opt/rustwide/workdir/crates/tigersetup-loader/src/zstd_alloc.h" "-DZSTD_LEGACY_SUPPORT=0" "-DZSTD_LIB_DEPRECATED=0" "-DZSTD_STRIP_ERROR_STRINGS=1" "-DZSTD_NO_UNUSED_FUNCTIONS=1" "-DZSTD_NO_TRACE=1" "-DZSTD_TRACE=0" "-DZSTD_DISABLE_ASM=1" "-DDYNAMIC_BMI2=0" "-DZSTDLIB_VISIBLE=" "-DZSTDLIB_HIDDEN=" "-DZSTD_DEPS_MALLOC=1" "-DXXH_NO_STDLIB=1" "-DHUF_FORCE_DECOMPRESS_X1=1" "-DZSTD_FORCE_DECOMPRESS_SEQUENCES_SHORT=1" "-DZSTD_NO_INLINE=1" "-o" "/opt/rustwide/target/debug/build/tigersetup-loader/d3fd74ca78af04de/out/zstd/5d514542362f799f-fse_decompress.o" "-c" "/opt/rustwide/cargo-home/registry/src/index.crates.io-1949cf8c6b5b557f/zstd-sys-2.1.0+zstd.1.5.7/zstd/lib/common/fse_decompress.c"cargo:warning=cc: fatal error: cannot specify '-o' with '-c', '-S' or '-E' with multiple files
[INFO] [stderr]   cargo:warning=compilation terminated.
[INFO] [stderr] 
[INFO] [stderr]   exit status: 1
[INFO] [stderr]   cargo:warning=ToolExecError: command did not execute successfully (status code exit status: 1): LC_ALL="C" "cc" "-Os" "-ffunction-sections" "-fdata-sections" "-fPIC" "-m64" "-std=c11" "-I" "/opt/rustwide/cargo-home/registry/src/index.crates.io-1949cf8c6b5b557f/zstd-sys-2.1.0+zstd.1.5.7/zstd/lib" "-Werror" "-Wall" "-Wextra" "/guard:cf" "/GS" "/Gw" "/Oi" "/FI/opt/rustwide/workdir/crates/tigersetup-loader/src/zstd_alloc.h" "-DZSTD_LEGACY_SUPPORT=0" "-DZSTD_LIB_DEPRECATED=0" "-DZSTD_STRIP_ERROR_STRINGS=1" "-DZSTD_NO_UNUSED_FUNCTIONS=1" "-DZSTD_NO_TRACE=1" "-DZSTD_TRACE=0" "-DZSTD_DISABLE_ASM=1" "-DDYNAMIC_BMI2=0" "-DZSTDLIB_VISIBLE=" "-DZSTDLIB_HIDDEN=" "-DZSTD_DEPS_MALLOC=1" "-DXXH_NO_STDLIB=1" "-DHUF_FORCE_DECOMPRESS_X1=1" "-DZSTD_FORCE_DECOMPRESS_SEQUENCES_SHORT=1" "-DZSTD_NO_INLINE=1" "-o" "/opt/rustwide/target/debug/build/tigersetup-loader/d3fd74ca78af04de/out/zstd/5d514542362f799f-xxhash.o" "-c" "/opt/rustwide/cargo-home/registry/src/index.crates.io-1949cf8c6b5b557f/zstd-sys-2.1.0+zstd.1.5.7/zstd/lib/common/xxhash.c"cargo:warning=cc: fatal error: cannot specify '-o' with '-c', '-S' or '-E' with multiple files
[INFO] [stderr]   cargo:warning=compilation terminated.
[INFO] [stderr] 
[INFO] [stderr]   exit status: 1
[INFO] [stderr]   cargo:warning=ToolExecError: command did not execute successfully (status code exit status: 1): LC_ALL="C" "cc" "-Os" "-ffunction-sections" "-fdata-sections" "-fPIC" "-m64" "-std=c11" "-I" "/opt/rustwide/cargo-home/registry/src/index.crates.io-1949cf8c6b5b557f/zstd-sys-2.1.0+zstd.1.5.7/zstd/lib" "-Werror" "-Wall" "-Wextra" "/guard:cf" "/GS" "/Gw" "/Oi" "/FI/opt/rustwide/workdir/crates/tigersetup-loader/src/zstd_alloc.h" "-DZSTD_LEGACY_SUPPORT=0" "-DZSTD_LIB_DEPRECATED=0" "-DZSTD_STRIP_ERROR_STRINGS=1" "-DZSTD_NO_UNUSED_FUNCTIONS=1" "-DZSTD_NO_TRACE=1" "-DZSTD_TRACE=0" "-DZSTD_DISABLE_ASM=1" "-DDYNAMIC_BMI2=0" "-DZSTDLIB_VISIBLE=" "-DZSTDLIB_HIDDEN=" "-DZSTD_DEPS_MALLOC=1" "-DXXH_NO_STDLIB=1" "-DHUF_FORCE_DECOMPRESS_X1=1" "-DZSTD_FORCE_DECOMPRESS_SEQUENCES_SHORT=1" "-DZSTD_NO_INLINE=1" "-o" "/opt/rustwide/target/debug/build/tigersetup-loader/d3fd74ca78af04de/out/zstd/5d514542362f799f-zstd_common.o" "-c" "/opt/rustwide/cargo-home/registry/src/index.crates.io-1949cf8c6b5b557f/zstd-sys-2.1.0+zstd.1.5.7/zstd/lib/common/zstd_common.c"cargo:warning=cc: fatal error: cannot specify '-o' with '-c', '-S' or '-E' with multiple files
[INFO] [stderr]   cargo:warning=compilation terminated.
[INFO] [stderr] 
[INFO] [stderr]   exit status: 1
[INFO] [stderr]   cargo:warning=ToolExecError: command did not execute successfully (status code exit status: 1): LC_ALL="C" "cc" "-Os" "-ffunction-sections" "-fdata-sections" "-fPIC" "-m64" "-std=c11" "-I" "/opt/rustwide/cargo-home/registry/src/index.crates.io-1949cf8c6b5b557f/zstd-sys-2.1.0+zstd.1.5.7/zstd/lib" "-Werror" "-Wall" "-Wextra" "/guard:cf" "/GS" "/Gw" "/Oi" "/FI/opt/rustwide/workdir/crates/tigersetup-loader/src/zstd_alloc.h" "-DZSTD_LEGACY_SUPPORT=0" "-DZSTD_LIB_DEPRECATED=0" "-DZSTD_STRIP_ERROR_STRINGS=1" "-DZSTD_NO_UNUSED_FUNCTIONS=1" "-DZSTD_NO_TRACE=1" "-DZSTD_TRACE=0" "-DZSTD_DISABLE_ASM=1" "-DDYNAMIC_BMI2=0" "-DZSTDLIB_VISIBLE=" "-DZSTDLIB_HIDDEN=" "-DZSTD_DEPS_MALLOC=1" "-DXXH_NO_STDLIB=1" "-DHUF_FORCE_DECOMPRESS_X1=1" "-DZSTD_FORCE_DECOMPRESS_SEQUENCES_SHORT=1" "-DZSTD_NO_INLINE=1" "-o" "/opt/rustwide/target/debug/build/tigersetup-loader/d3fd74ca78af04de/out/zstd/c8fe719e4d3f2c1c-huf_decompress.o" "-c" "/opt/rustwide/cargo-home/registry/src/index.crates.io-1949cf8c6b5b557f/zstd-sys-2.1.0+zstd.1.5.7/zstd/lib/decompress/huf_decompress.c"cargo:warning=cc: fatal error: cannot specify '-o' with '-c', '-S' or '-E' with multiple files
[INFO] [stderr]   cargo:warning=compilation terminated.
[INFO] [stderr] 
[INFO] [stderr]   exit status: 1
[INFO] [stderr]   cargo:warning=ToolExecError: command did not execute successfully (status code exit status: 1): LC_ALL="C" "cc" "-Os" "-ffunction-sections" "-fdata-sections" "-fPIC" "-m64" "-std=c11" "-I" "/opt/rustwide/cargo-home/registry/src/index.crates.io-1949cf8c6b5b557f/zstd-sys-2.1.0+zstd.1.5.7/zstd/lib" "-Werror" "-Wall" "-Wextra" "/guard:cf" "/GS" "/Gw" "/Oi" "/FI/opt/rustwide/workdir/crates/tigersetup-loader/src/zstd_alloc.h" "-DZSTD_LEGACY_SUPPORT=0" "-DZSTD_LIB_DEPRECATED=0" "-DZSTD_STRIP_ERROR_STRINGS=1" "-DZSTD_NO_UNUSED_FUNCTIONS=1" "-DZSTD_NO_TRACE=1" "-DZSTD_TRACE=0" "-DZSTD_DISABLE_ASM=1" "-DDYNAMIC_BMI2=0" "-DZSTDLIB_VISIBLE=" "-DZSTDLIB_HIDDEN=" "-DZSTD_DEPS_MALLOC=1" "-DXXH_NO_STDLIB=1" "-DHUF_FORCE_DECOMPRESS_X1=1" "-DZSTD_FORCE_DECOMPRESS_SEQUENCES_SHORT=1" "-DZSTD_NO_INLINE=1" "-o" "/opt/rustwide/target/debug/build/tigersetup-loader/d3fd74ca78af04de/out/zstd/c8fe719e4d3f2c1c-zstd_ddict.o" "-c" "/opt/rustwide/cargo-home/registry/src/index.crates.io-1949cf8c6b5b557f/zstd-sys-2.1.0+zstd.1.5.7/zstd/lib/decompress/zstd_ddict.c"cargo:warning=cc: fatal error: cannot specify '-o' with '-c', '-S' or '-E' with multiple files
[INFO] [stderr]   cargo:warning=compilation terminated.
[INFO] [stderr] 
[INFO] [stderr]   exit status: 1
[INFO] [stderr]   cargo:warning=ToolExecError: command did not execute successfully (status code exit status: 1): LC_ALL="C" "cc" "-Os" "-ffunction-sections" "-fdata-sections" "-fPIC" "-m64" "-std=c11" "-I" "/opt/rustwide/cargo-home/registry/src/index.crates.io-1949cf8c6b5b557f/zstd-sys-2.1.0+zstd.1.5.7/zstd/lib" "-Werror" "-Wall" "-Wextra" "/guard:cf" "/GS" "/Gw" "/Oi" "/FI/opt/rustwide/workdir/crates/tigersetup-loader/src/zstd_alloc.h" "-DZSTD_LEGACY_SUPPORT=0" "-DZSTD_LIB_DEPRECATED=0" "-DZSTD_STRIP_ERROR_STRINGS=1" "-DZSTD_NO_UNUSED_FUNCTIONS=1" "-DZSTD_NO_TRACE=1" "-DZSTD_TRACE=0" "-DZSTD_DISABLE_ASM=1" "-DDYNAMIC_BMI2=0" "-DZSTDLIB_VISIBLE=" "-DZSTDLIB_HIDDEN=" "-DZSTD_DEPS_MALLOC=1" "-DXXH_NO_STDLIB=1" "-DHUF_FORCE_DECOMPRESS_X1=1" "-DZSTD_FORCE_DECOMPRESS_SEQUENCES_SHORT=1" "-DZSTD_NO_INLINE=1" "-o" "/opt/rustwide/target/debug/build/tigersetup-loader/d3fd74ca78af04de/out/zstd/c8fe719e4d3f2c1c-zstd_decompress.o" "-c" "/opt/rustwide/cargo-home/registry/src/index.crates.io-1949cf8c6b5b557f/zstd-sys-2.1.0+zstd.1.5.7/zstd/lib/decompress/zstd_decompress.c"cargo:warning=cc: fatal error: cannot specify '-o' with '-c', '-S' or '-E' with multiple files
[INFO] [stderr]   cargo:warning=compilation terminated.
[INFO] [stderr] 
[INFO] [stderr]   exit status: 1
[INFO] [stderr]   cargo:warning=ToolExecError: command did not execute successfully (status code exit status: 1): LC_ALL="C" "cc" "-Os" "-ffunction-sections" "-fdata-sections" "-fPIC" "-m64" "-std=c11" "-I" "/opt/rustwide/cargo-home/registry/src/index.crates.io-1949cf8c6b5b557f/zstd-sys-2.1.0+zstd.1.5.7/zstd/lib" "-Werror" "-Wall" "-Wextra" "/guard:cf" "/GS" "/Gw" "/Oi" "/FI/opt/rustwide/workdir/crates/tigersetup-loader/src/zstd_alloc.h" "-DZSTD_LEGACY_SUPPORT=0" "-DZSTD_LIB_DEPRECATED=0" "-DZSTD_STRIP_ERROR_STRINGS=1" "-DZSTD_NO_UNUSED_FUNCTIONS=1" "-DZSTD_NO_TRACE=1" "-DZSTD_TRACE=0" "-DZSTD_DISABLE_ASM=1" "-DDYNAMIC_BMI2=0" "-DZSTDLIB_VISIBLE=" "-DZSTDLIB_HIDDEN=" "-DZSTD_DEPS_MALLOC=1" "-DXXH_NO_STDLIB=1" "-DHUF_FORCE_DECOMPRESS_X1=1" "-DZSTD_FORCE_DECOMPRESS_SEQUENCES_SHORT=1" "-DZSTD_NO_INLINE=1" "-o" "/opt/rustwide/target/debug/build/tigersetup-loader/d3fd74ca78af04de/out/zstd/c8fe719e4d3f2c1c-zstd_decompress_block.o" "-c" "/opt/rustwide/cargo-home/registry/src/index.crates.io-1949cf8c6b5b557f/zstd-sys-2.1.0+zstd.1.5.7/zstd/lib/decompress/zstd_decompress_block.c"
[INFO] [stderr] 
[INFO] [stderr]   --- stderr
[INFO] [stderr] 
[INFO] [stderr] 
[INFO] [stderr]   error occurred in cc-rs: command did not execute successfully (status code exit status: 1): LC_ALL="C" "cc" "-Os" "-ffunction-sections" "-fdata-sections" "-fPIC" "-m64" "-std=c11" "-I" "/opt/rustwide/cargo-home/registry/src/index.crates.io-1949cf8c6b5b557f/zstd-sys-2.1.0+zstd.1.5.7/zstd/lib" "-Werror" "-Wall" "-Wextra" "/guard:cf" "/GS" "/Gw" "/Oi" "/FI/opt/rustwide/workdir/crates/tigersetup-loader/src/zstd_alloc.h" "-DZSTD_LEGACY_SUPPORT=0" "-DZSTD_LIB_DEPRECATED=0" "-DZSTD_STRIP_ERROR_STRINGS=1" "-DZSTD_NO_UNUSED_FUNCTIONS=1" "-DZSTD_NO_TRACE=1" "-DZSTD_TRACE=0" "-DZSTD_DISABLE_ASM=1" "-DDYNAMIC_BMI2=0" "-DZSTDLIB_VISIBLE=" "-DZSTDLIB_HIDDEN=" "-DZSTD_DEPS_MALLOC=1" "-DXXH_NO_STDLIB=1" "-DHUF_FORCE_DECOMPRESS_X1=1" "-DZSTD_FORCE_DECOMPRESS_SEQUENCES_SHORT=1" "-DZSTD_NO_INLINE=1" "-o" "/opt/rustwide/target/debug/build/tigersetup-loader/d3fd74ca78af04de/out/zstd/c8fe719e4d3f2c1c-zstd_decompress_block.o" "-c" "/opt/rustwide/cargo-home/registry/src/index.crates.io-1949cf8c6b5b557f/zstd-sys-2.1.0+zstd.1.5.7/zstd/lib/decompress/zstd_decompress_block.c"
[INFO] [stderr] 
[INFO] [stderr] 
[INFO] [stderr] warning: build failed, waiting for other jobs to finish...
[INFO] running `Command { std: "docker" "inspect" "a952ace028c4daf57f7f5cec03bd4f0de3483a66a27231d3caba00452f865070", kill_on_drop: false }`
[INFO] running `Command { std: "docker" "rm" "-f" "a952ace028c4daf57f7f5cec03bd4f0de3483a66a27231d3caba00452f865070", kill_on_drop: false }`
[INFO] [stdout] a952ace028c4daf57f7f5cec03bd4f0de3483a66a27231d3caba00452f865070
