[INFO] cloning repository https://github.com/rillewis-hub/paks-vpn
[INFO] running `Command { std: "git" "-c" "credential.helper=" "-c" "credential.helper=/workspace/cargo-home/bin/git-credential-null" "clone" "--bare" "https://github.com/rillewis-hub/paks-vpn" "/workspace/cache/git-repos/https%3A%2F%2Fgithub.com%2Frillewis-hub%2Fpaks-vpn", kill_on_drop: false }`
[INFO] [stderr] Cloning into bare repository '/workspace/cache/git-repos/https%3A%2F%2Fgithub.com%2Frillewis-hub%2Fpaks-vpn'...
[INFO] running `Command { std: "git" "rev-parse" "HEAD", kill_on_drop: false }`
[INFO] [stdout] d594f8ba82d86e05ac4a30c7a50d1cbd32bab3fc
[INFO] checking rillewis-hub/paks-vpn against 3154cc1a3e6424e44f438a95007d043ed5ceaaf6 for pr-133502-30
[INFO] running `Command { std: "git" "clone" "/workspace/cache/git-repos/https%3A%2F%2Fgithub.com%2Frillewis-hub%2Fpaks-vpn" "/workspace/builds/worker-0-tc2/source", kill_on_drop: false }`
[INFO] [stderr] Cloning into '/workspace/builds/worker-0-tc2/source'...
[INFO] [stderr] done.
[INFO] started tweaking git repo https://github.com/rillewis-hub/paks-vpn
[INFO] finished tweaking git repo https://github.com/rillewis-hub/paks-vpn
[INFO] tweaked toml for git repo https://github.com/rillewis-hub/paks-vpn written to /workspace/builds/worker-0-tc2/source/Cargo.toml
[INFO] validating manifest of git repo https://github.com/rillewis-hub/paks-vpn on toolchain 3154cc1a3e6424e44f438a95007d043ed5ceaaf6
[INFO] running `Command { std: CARGO_HOME="/workspace/cargo-home" RUSTUP_HOME="/workspace/rustup-home" "/workspace/cargo-home/bin/cargo" "+3154cc1a3e6424e44f438a95007d043ed5ceaaf6" "metadata" "--manifest-path" "Cargo.toml" "--no-deps", kill_on_drop: false }`
[INFO] crate git repo https://github.com/rillewis-hub/paks-vpn already has a lockfile, it will not be regenerated
[INFO] running `Command { std: CARGO_HOME="/workspace/cargo-home" RUSTUP_HOME="/workspace/rustup-home" "/workspace/cargo-home/bin/cargo" "+3154cc1a3e6424e44f438a95007d043ed5ceaaf6" "fetch" "--manifest-path" "Cargo.toml", kill_on_drop: false }`
[INFO] running `Command { std: "docker" "create" "-v" "/var/lib/crater-agent-workspace/builds/worker-0-tc2/source:/opt/rustwide/workdir:ro,Z" "-v" "/var/lib/crater-agent-workspace/builds/worker-0-tc2/target:/opt/rustwide/target:rw,Z" "-v" "/var/lib/crater-agent-workspace/cargo-home:/opt/rustwide/cargo-home:ro,Z" "-v" "/var/lib/crater-agent-workspace/rustup-home:/opt/rustwide/rustup-home:ro,Z" "-m" "1610612736" "--network" "none" "ghcr.io/rust-lang/crates-build-env/linux@sha256:77db811e55d90add9212f6832c23229e3de5f1c1f9905e8cb07319ea15df73ac" "sleep" "infinity", kill_on_drop: false }`
[INFO] [stdout] daa18e84b18f1d5cc19075fb1c341c2235fd53b01003e0a2f59647315fe4ba33
[INFO] running `Command { std: "docker" "start" "daa18e84b18f1d5cc19075fb1c341c2235fd53b01003e0a2f59647315fe4ba33", kill_on_drop: false }`
[INFO] running `Command { std: "docker" "inspect" "daa18e84b18f1d5cc19075fb1c341c2235fd53b01003e0a2f59647315fe4ba33", kill_on_drop: false }`
[INFO] running `Command { std: "docker" "exec" "-e" "SOURCE_DIR=/opt/rustwide/workdir" "-e" "CARGO_HOME=/opt/rustwide/cargo-home" "-e" "RUSTUP_HOME=/opt/rustwide/rustup-home" "-e" "CARGO_TARGET_DIR=/opt/rustwide/target" "-w" "/opt/rustwide/workdir" "--user" "0:0" "daa18e84b18f1d5cc19075fb1c341c2235fd53b01003e0a2f59647315fe4ba33" "/opt/rustwide/cargo-home/bin/cargo" "+3154cc1a3e6424e44f438a95007d043ed5ceaaf6" "metadata" "--no-deps" "--format-version=1", kill_on_drop: false }`
[INFO] running `Command { std: "docker" "inspect" "daa18e84b18f1d5cc19075fb1c341c2235fd53b01003e0a2f59647315fe4ba33", kill_on_drop: false }`
[INFO] running `Command { std: "docker" "exec" "-e" "SOURCE_DIR=/opt/rustwide/workdir" "-e" "CARGO_HOME=/opt/rustwide/cargo-home" "-e" "RUSTUP_HOME=/opt/rustwide/rustup-home" "-e" "CARGO_TARGET_DIR=/opt/rustwide/target" "-e" "CARGO_INCREMENTAL=0" "-e" "RUST_BACKTRACE=full" "-e" "RUSTFLAGS=--cap-lints=forbid" "-e" "RUSTDOCFLAGS=--cap-lints=forbid" "-w" "/opt/rustwide/workdir" "--user" "0:0" "daa18e84b18f1d5cc19075fb1c341c2235fd53b01003e0a2f59647315fe4ba33" "/opt/rustwide/cargo-home/bin/cargo" "+3154cc1a3e6424e44f438a95007d043ed5ceaaf6" "check" "--frozen" "--all" "--all-targets" "--message-format=json", kill_on_drop: false }`
[INFO] [stderr]    Compiling quote v1.0.42
[INFO] [stderr]    Compiling wasm-bindgen-shared v0.2.106
[INFO] [stderr]    Compiling bumpalo v3.19.0
[INFO] [stderr]     Checking unicode-ident v1.0.22
[INFO] [stderr]     Checking once_cell v1.21.3
[INFO] [stderr]    Compiling icu_properties_data v2.1.2
[INFO] [stderr]     Checking futures-core v0.3.31
[INFO] [stderr]    Compiling serde_json v1.0.145
[INFO] [stderr]    Compiling wasm-bindgen v0.2.106
[INFO] [stderr]     Checking form_urlencoded v1.2.2
[INFO] [stderr]     Checking futures-sink v0.3.31
[INFO] [stderr]     Checking bytes v1.11.0
[INFO] [stderr]    Compiling libc v0.2.178
[INFO] [stderr]     Checking chrono v0.4.42
[INFO] [stderr]     Checking tokio v1.48.0
[INFO] [stderr]     Checking matchit v0.7.3
[INFO] [stderr]     Checking futures-channel v0.3.31
[INFO] [stderr]    Compiling syn v2.0.111
[INFO] [stderr]     Checking http v1.4.0
[INFO] [stderr]     Checking http-body v1.0.1
[INFO] [stderr]     Checking getrandom v0.2.16
[INFO] [stderr]    Compiling synstructure v0.13.2
[INFO] [stderr]    Compiling wasm-bindgen-macro-support v0.2.106
[INFO] [stderr]    Compiling zerovec-derive v0.11.2
[INFO] [stderr]    Compiling displaydoc v0.2.5
[INFO] [stderr]    Compiling serde_derive v1.0.228
[INFO] [stderr]    Compiling futures-macro v0.3.31
[INFO] [stderr]    Compiling async-trait v0.1.89
[INFO] [stderr]    Compiling pin-project-internal v1.1.10
[INFO] [stderr]    Compiling zerofrom-derive v0.1.6
[INFO] [stderr]    Compiling yoke-derive v0.8.1
[INFO] [stderr]     Checking futures-util v0.3.31
[INFO] [stderr]     Checking pin-project v1.1.10
[INFO] [stderr]     Checking zerofrom v0.1.6
[INFO] [stderr]     Checking yoke v0.8.1
[INFO] [stderr]     Checking zerovec v0.11.5
[INFO] [stderr]     Checking zerotrie v0.2.3
[INFO] [stderr]    Compiling wasm-bindgen-macro v0.2.106
[INFO] [stderr]     Checking tinystr v0.8.2
[INFO] [stderr]     Checking potential_utf v0.1.4
[INFO] [stderr]     Checking icu_collections v2.1.1
[INFO] [stderr]     Checking icu_locale_core v2.1.1
[INFO] [stderr]     Checking js-sys v0.3.83
[INFO] [stderr]     Checking console_error_panic_hook v0.1.7
[INFO] [stderr]     Checking serde v1.0.228
[INFO] [stderr]     Checking icu_provider v2.1.1
[INFO] [stderr]     Checking serde_urlencoded v0.7.1
[INFO] [stderr]     Checking icu_normalizer v2.1.1
[INFO] [stderr]     Checking icu_properties v2.1.2
[INFO] [stderr]     Checking idna_adapter v1.2.1
[INFO] [stderr]     Checking idna v1.1.0
[INFO] [stderr]     Checking url v2.5.7
[INFO] [stderr]     Checking web-sys v0.3.83
[INFO] [stderr]     Checking wasm-bindgen-futures v0.4.56
[INFO] [stderr]     Checking serde-wasm-bindgen v0.6.5
[INFO] [stderr]     Checking worker-sys v0.7.1
[INFO] [stderr]     Checking wasm-streams v0.4.2
[INFO] [stderr]    Compiling worker-macros v0.7.1
[INFO] [stderr]     Checking worker v0.7.1
[INFO] [stderr]     Checking zks-tunnel-relay v0.1.0 (/opt/rustwide/workdir)
[INFO] [stdout] error[E0433]: cannot find module or crate `flate2` in this scope
[INFO] [stdout]   --> src/message_optimizer.rs:66:13
[INFO] [stdout]    |
[INFO] [stdout] 66 |         use flate2::write::GzEncoder;
[INFO] [stdout]    |             ^^^^^^ use of unresolved module or unlinked crate `flate2`
[INFO] [stdout]    |
[INFO] [stdout]    = help: if you wanted to use a crate named `flate2`, use `cargo add flate2` to add it to your `Cargo.toml`
[INFO] [stdout] 
[INFO] [stdout] 
[INFO] [stdout] error[E0433]: cannot find module or crate `flate2` in this scope
[INFO] [stdout]   --> src/message_optimizer.rs:66:13
[INFO] [stdout]    |
[INFO] [stdout] 66 |         use flate2::write::GzEncoder;
[INFO] [stdout]    |             ^^^^^^ use of unresolved module or unlinked crate `flate2`
[INFO] [stdout]    |
[INFO] [stdout]    = help: if you wanted to use a crate named `flate2`, use `cargo add flate2` to add it to your `Cargo.toml`
[INFO] [stdout] 
[INFO] [stdout] 
[INFO] [stdout] error[E0433]: cannot find module or crate `flate2` in this scope
[INFO] [stdout]   --> src/message_optimizer.rs:91:13
[INFO] [stdout]    |
[INFO] [stdout] 91 |         use flate2::read::GzDecoder;
[INFO] [stdout]    |             ^^^^^^ use of unresolved module or unlinked crate `flate2`
[INFO] [stdout]    |
[INFO] [stdout]    = help: if you wanted to use a crate named `flate2`, use `cargo add flate2` to add it to your `Cargo.toml`
[INFO] [stdout] 
[INFO] [stdout] 
[INFO] [stdout] error[E0432]: unresolved import `flate2`
[INFO] [stdout]   --> src/message_optimizer.rs:67:13
[INFO] [stdout]    |
[INFO] [stdout] 67 |         use flate2::Compression;
[INFO] [stdout]    |             ^^^^^^ use of unresolved module or unlinked crate `flate2`
[INFO] [stdout]    |
[INFO] [stdout]    = help: if you wanted to use a crate named `flate2`, use `cargo add flate2` to add it to your `Cargo.toml`
[INFO] [stdout] 
[INFO] [stdout] 
[INFO] [stdout] error[E0433]: cannot find module or crate `flate2` in this scope
[INFO] [stdout]   --> src/message_optimizer.rs:91:13
[INFO] [stdout]    |
[INFO] [stdout] 91 |         use flate2::read::GzDecoder;
[INFO] [stdout]    |             ^^^^^^ use of unresolved module or unlinked crate `flate2`
[INFO] [stdout]    |
[INFO] [stdout]    = help: if you wanted to use a crate named `flate2`, use `cargo add flate2` to add it to your `Cargo.toml`
[INFO] [stdout] 
[INFO] [stdout] 
[INFO] [stdout] error[E0432]: unresolved import `flate2`
[INFO] [stdout]   --> src/message_optimizer.rs:67:13
[INFO] [stdout]    |
[INFO] [stdout] 67 |         use flate2::Compression;
[INFO] [stdout]    |             ^^^^^^ use of unresolved module or unlinked crate `flate2`
[INFO] [stdout]    |
[INFO] [stdout]    = help: if you wanted to use a crate named `flate2`, use `cargo add flate2` to add it to your `Cargo.toml`
[INFO] [stdout] 
[INFO] [stdout] 
[INFO] [stdout] Some errors have detailed explanations: E0432, E0433.
[INFO] [stdout] 
[INFO] [stdout] For more information about an error, try `rustc --explain E0432`.
[INFO] [stdout] 
[INFO] [stdout] Some errors have detailed explanations: E0432, E0433.
[INFO] [stdout] 
[INFO] [stdout] For more information about an error, try `rustc --explain E0432`.
[INFO] [stdout] 
[INFO] [stderr] error: could not compile `zks-tunnel-relay` (lib test) due to 3 previous errors
[INFO] [stderr] warning: build failed, waiting for other jobs to finish...
[INFO] [stderr] error: could not compile `zks-tunnel-relay` (lib) due to 3 previous errors
[INFO] running `Command { std: "docker" "inspect" "daa18e84b18f1d5cc19075fb1c341c2235fd53b01003e0a2f59647315fe4ba33", kill_on_drop: false }`
[INFO] running `Command { std: "docker" "rm" "-f" "daa18e84b18f1d5cc19075fb1c341c2235fd53b01003e0a2f59647315fe4ba33", kill_on_drop: false }`
[INFO] [stdout] daa18e84b18f1d5cc19075fb1c341c2235fd53b01003e0a2f59647315fe4ba33
