[INFO] cloning repository https://github.com/resuite/gpui-pre
[INFO] running `Command { std: "git" "-c" "credential.helper=" "-c" "credential.helper=/workspace/cargo-home/bin/git-credential-null" "clone" "--bare" "https://github.com/resuite/gpui-pre" "/workspace/cache/git-repos/https%3A%2F%2Fgithub.com%2Fresuite%2Fgpui-pre", kill_on_drop: false }`
[INFO] [stderr] Cloning into bare repository '/workspace/cache/git-repos/https%3A%2F%2Fgithub.com%2Fresuite%2Fgpui-pre'...
[INFO] running `Command { std: "git" "rev-parse" "HEAD", kill_on_drop: false }`
[INFO] [stdout] ad44e46c0636649e9173d0b14557ef197675a403
[INFO] checking resuite/gpui-pre against 3154cc1a3e6424e44f438a95007d043ed5ceaaf6+rustflags=-Znext-solver=coherence for pr-133502-30
[INFO] running `Command { std: "git" "clone" "/workspace/cache/git-repos/https%3A%2F%2Fgithub.com%2Fresuite%2Fgpui-pre" "/workspace/builds/worker-3-tc1/source", kill_on_drop: false }`
[INFO] [stderr] Cloning into '/workspace/builds/worker-3-tc1/source'...
[INFO] [stderr] done.
[INFO] started tweaking git repo https://github.com/resuite/gpui-pre
[INFO] finished tweaking git repo https://github.com/resuite/gpui-pre
[INFO] tweaked toml for git repo https://github.com/resuite/gpui-pre written to /workspace/builds/worker-3-tc1/source/Cargo.toml
[INFO] validating manifest of git repo https://github.com/resuite/gpui-pre on toolchain 3154cc1a3e6424e44f438a95007d043ed5ceaaf6
[INFO] running `Command { std: CARGO_HOME="/workspace/cargo-home" RUSTUP_HOME="/workspace/rustup-home" "/workspace/cargo-home/bin/cargo" "+3154cc1a3e6424e44f438a95007d043ed5ceaaf6" "metadata" "--manifest-path" "Cargo.toml" "--no-deps", kill_on_drop: false }`
[INFO] crate git repo https://github.com/resuite/gpui-pre already has a lockfile, it will not be regenerated
[INFO] running `Command { std: CARGO_HOME="/workspace/cargo-home" RUSTUP_HOME="/workspace/rustup-home" "/workspace/cargo-home/bin/cargo" "+3154cc1a3e6424e44f438a95007d043ed5ceaaf6" "fetch" "--manifest-path" "Cargo.toml", kill_on_drop: false }`
[INFO] [stderr]     Updating crates.io index
[INFO] [stderr]  Downloading crates ...
[INFO] [stderr]   Downloaded async-compression v0.4.46
[INFO] [stderr]   Downloaded compression-codecs v0.4.41
[INFO] [stderr]   Downloaded hdrhistogram v7.6.0
[INFO] running `Command { std: "docker" "create" "-v" "/var/lib/crater-agent-workspace/builds/worker-3-tc1/source:/opt/rustwide/workdir:ro,Z" "-v" "/var/lib/crater-agent-workspace/builds/worker-3-tc1/target:/opt/rustwide/target:rw,Z" "-v" "/var/lib/crater-agent-workspace/cargo-home:/opt/rustwide/cargo-home:ro,Z" "-v" "/var/lib/crater-agent-workspace/rustup-home:/opt/rustwide/rustup-home:ro,Z" "-m" "1610612736" "--network" "none" "ghcr.io/rust-lang/crates-build-env/linux@sha256:77db811e55d90add9212f6832c23229e3de5f1c1f9905e8cb07319ea15df73ac" "sleep" "infinity", kill_on_drop: false }`
[INFO] [stdout] 2ec7be190de2c7e5a3c6d7747112b9aeeafea98cc4d727755652f37c1309510e
[INFO] running `Command { std: "docker" "start" "2ec7be190de2c7e5a3c6d7747112b9aeeafea98cc4d727755652f37c1309510e", kill_on_drop: false }`
[INFO] running `Command { std: "docker" "inspect" "2ec7be190de2c7e5a3c6d7747112b9aeeafea98cc4d727755652f37c1309510e", kill_on_drop: false }`
[INFO] running `Command { std: "docker" "exec" "-e" "SOURCE_DIR=/opt/rustwide/workdir" "-e" "CARGO_HOME=/opt/rustwide/cargo-home" "-e" "RUSTUP_HOME=/opt/rustwide/rustup-home" "-e" "CARGO_TARGET_DIR=/opt/rustwide/target" "-w" "/opt/rustwide/workdir" "--user" "0:0" "2ec7be190de2c7e5a3c6d7747112b9aeeafea98cc4d727755652f37c1309510e" "/opt/rustwide/cargo-home/bin/cargo" "+3154cc1a3e6424e44f438a95007d043ed5ceaaf6" "metadata" "--no-deps" "--format-version=1", kill_on_drop: false }`
[INFO] running `Command { std: "docker" "inspect" "2ec7be190de2c7e5a3c6d7747112b9aeeafea98cc4d727755652f37c1309510e", kill_on_drop: false }`
[INFO] running `Command { std: "docker" "exec" "-e" "SOURCE_DIR=/opt/rustwide/workdir" "-e" "CARGO_HOME=/opt/rustwide/cargo-home" "-e" "RUSTUP_HOME=/opt/rustwide/rustup-home" "-e" "CARGO_TARGET_DIR=/opt/rustwide/target" "-e" "CARGO_INCREMENTAL=0" "-e" "RUST_BACKTRACE=full" "-e" "RUSTFLAGS=--cap-lints=forbid -Znext-solver=coherence" "-e" "RUSTDOCFLAGS=--cap-lints=forbid" "-w" "/opt/rustwide/workdir" "--user" "0:0" "2ec7be190de2c7e5a3c6d7747112b9aeeafea98cc4d727755652f37c1309510e" "/opt/rustwide/cargo-home/bin/cargo" "+3154cc1a3e6424e44f438a95007d043ed5ceaaf6" "check" "--frozen" "--all" "--all-targets" "--message-format=json", kill_on_drop: false }`
[INFO] [stderr]    Compiling typeid v1.0.3
[INFO] [stderr]    Compiling erased-serde v0.4.10
[INFO] [stderr]     Checking smallvec v1.16.1
[INFO] [stderr]    Compiling crossbeam-utils v0.8.23
[INFO] [stderr]     Checking arrayvec v0.7.8
[INFO] [stderr]     Checking miniz_oxide v0.9.1
[INFO] [stderr]     Checking futures-core v0.3.34
[INFO] [stderr]    Compiling crc32fast v1.5.1
[INFO] [stderr]    Compiling syn v3.0.5
[INFO] [stderr]     Checking serde_fmt v1.1.0
[INFO] [stderr]     Checking bytemuck v1.25.2
[INFO] [stderr]    Compiling zerocopy v0.8.57
[INFO] [stderr]    Compiling zerocopy-derive v0.8.57
[INFO] [stderr]     Checking indexmap v2.14.2
[INFO] [stderr]     Checking futures-sink v0.3.34
[INFO] [stderr]    Compiling crossbeam-epoch v0.9.21
[INFO] [stderr]    Compiling toml_datetime v1.1.1+spec-1.1.0
[INFO] [stderr]    Compiling crossbeam-deque v0.8.8
[INFO] [stderr]     Checking futures-channel v0.3.34
[INFO] [stderr]    Compiling serde_json v1.0.151
[INFO] [stderr]     Checking lyon_geom v1.0.19
[INFO] [stderr]     Checking polycool v0.4.0
[INFO] [stderr]     Checking ttf-parser v0.25.1
[INFO] [stderr]     Checking parking_lot_core v0.9.12
[INFO] [stderr]     Checking flate2 v1.1.10
[INFO] [stderr]    Compiling anyhow v1.0.104
[INFO] [stderr]    Compiling serde_spanned v1.1.1
[INFO] [stderr]    Compiling pulp v0.22.3
[INFO] [stderr]     Checking zune-core v0.5.3
[INFO] [stderr]     Checking weezl v0.1.12
[INFO] [stderr]     Checking libbz2-rs-sys v0.2.5
[INFO] [stderr]    Compiling toml_writer v1.1.2+spec-1.1.0
[INFO] [stderr]    Compiling find-msvc-tools v0.1.12
[INFO] [stderr]     Checking roxmltree v0.20.0
[INFO] [stderr]     Checking quick-error v2.0.1
[INFO] [stderr]    Compiling serde v1.0.229
[INFO] [stderr]     Checking either v1.18.0
[INFO] [stderr]     Checking fastrand v2.5.0
[INFO] [stderr]    Compiling object v0.37.3
[INFO] [stderr]     Checking lyon_path v1.0.19
[INFO] [stderr]     Checking value-bag-serde1 v1.14.1
[INFO] [stderr]    Compiling cc v1.4.5
[INFO] [stderr]     Checking tinyvec v1.13.2
[INFO] [stderr]    Compiling toml v1.1.6+spec-1.1.0
[INFO] [stderr]     Checking value-bag v1.14.1
[INFO] [stderr]     Checking zune-jpeg v0.5.15
[INFO] [stderr]     Checking tiny-skia-path v0.11.4
[INFO] [stderr]     Checking form_urlencoded v1.2.2
[INFO] [stderr]     Checking bzip2 v0.6.1
[INFO] [stderr]     Checking kurbo v0.13.1
[INFO] [stderr]     Checking parking_lot v0.12.5
[INFO] [stderr]     Checking rayon-core v1.13.0
[INFO] [stderr]     Checking num-complex v0.4.6
[INFO] [stderr]     Checking fontconfig-parser v0.5.8
[INFO] [stderr]     Checking raw-cpuid v11.6.0
[INFO] [stderr]     Checking unicode-script v0.5.8
[INFO] [stderr]     Checking log v0.4.34
[INFO] [stderr]     Checking color_quant v1.1.0
[INFO] [stderr]     Checking unicode-ccc v0.4.0
[INFO] [stderr]    Compiling rustc-hash v2.1.3
[INFO] [stderr]     Checking byteorder v1.5.0
[INFO] [stderr]     Checking pulp-wasm-simd-flag v0.1.1
[INFO] [stderr]     Checking unicode-properties v0.1.4
[INFO] [stderr]    Compiling gpui-pre-ztracing v0.3.4
[INFO] [stderr]    Compiling heapless v0.9.3
[INFO] [stderr]     Checking reborrow v0.5.5
[INFO] [stderr]     Checking gpui-pre-util v0.3.4
[INFO] [stderr]     Checking tracing-log v0.2.0
[INFO] [stderr]     Checking gimli v0.32.3
[INFO] [stderr]     Checking unicode-bidi-mirroring v0.4.0
[INFO] [stderr]     Checking rayon v1.12.0
[INFO] [stderr]     Checking hash32 v0.3.1
[INFO] [stderr]     Checking gpui-pre-collections v0.3.4
[INFO] [stderr]     Checking tracing-subscriber v0.3.23
[INFO] [stderr]    Compiling derive_more-impl v2.1.1
[INFO] [stderr]     Checking simplecss v0.2.2
[INFO] [stderr]     Checking image-webp v0.2.4
[INFO] [stderr]     Checking svgtypes v0.16.1
[INFO] [stderr]     Checking png v0.17.16
[INFO] [stderr]     Checking compression-codecs v0.4.41
[INFO] [stderr]     Checking gif v0.14.2
[INFO] [stderr]    Compiling embed-resource v3.0.11
[INFO] [stderr]     Checking tracing v0.1.44
[INFO] [stderr]     Checking pin-project v1.1.13
[INFO] [stderr]    Compiling toml_edit v0.25.15+spec-1.1.0
[INFO] [stderr]     Checking getrandom v0.4.3
[INFO] [stderr]     Checking event-listener v5.4.2
[INFO] [stderr]     Checking spin v0.9.9
[INFO] [stderr]     Checking zune-inflate v0.2.54
[INFO] [stderr]     Checking roxmltree v0.21.1
[INFO] [stderr]     Checking lebe v0.5.3
[INFO] [stderr]     Checking sha1_smol v1.0.1
[INFO] [stderr]     Checking data-url v0.3.2
[INFO] [stderr]     Checking bit_field v0.10.3
[INFO] [stderr]     Checking float_next_after v1.0.0
[INFO] [stderr]     Checking rustc-demangle v0.1.28
[INFO] [stderr]     Checking imagesize v0.14.0
[INFO] [stderr]     Checking unicode-vo v0.1.0
[INFO] [stderr]     Checking fax v0.2.7
[INFO] [stderr]     Checking xmlwriter v0.1.0
[INFO] [stderr]    Compiling gpui-pre-ztracing-macro v0.3.4
[INFO] [stderr]     Checking pico-args v0.5.0
[INFO] [stderr]     Checking lyon_tessellation v1.0.22
[INFO] [stderr]     Checking uuid v1.26.1
[INFO] [stderr]     Checking moxcms v0.8.1
[INFO] [stderr]     Checking tiny-skia v0.11.4
[INFO] [stderr]     Checking rustybuzz v0.20.1
[INFO] [stderr]     Checking fontdb v0.23.0
[INFO] [stderr]     Checking flume v0.12.0
[INFO] [stderr]     Checking event-listener-strategy v0.5.4
[INFO] [stderr]    Compiling gpui-pre v0.3.4 (/opt/rustwide/workdir/crates/gpui-pre)
[INFO] [stderr]    Compiling proc-macro-crate v3.5.0
[INFO] [stderr]     Checking async-compression v0.4.46
[INFO] [stderr]    Compiling strum_macros v0.28.0
[INFO] [stderr]     Checking lyon_algorithms v1.0.21
[INFO] [stderr]     Checking futures-lite v2.6.1
[INFO] [stderr]     Checking concurrent-queue v2.5.0
[INFO] [stderr]     Checking crossbeam-queue v0.3.14
[INFO] [stderr]     Checking png v0.18.1
[INFO] [stderr]     Checking qoi v0.4.1
[INFO] [stderr]     Checking rgb v0.8.53
[INFO] [stderr]    Compiling gpui-pre-derive-refineable v0.3.4
[INFO] [stderr]    Compiling profiling-procmacros v1.0.18
[INFO] [stderr]    Compiling enumn v0.1.14
[INFO] [stderr]     Checking fixedbitset v0.5.7
[INFO] [stderr]    Compiling linktime-proc-macro v0.2.3
[INFO] [stderr]     Checking atomic v0.5.3
[INFO] [stderr]     Checking link-section v0.19.3
[INFO] [stderr]     Checking svg_fmt v0.4.5
[INFO] [stderr]     Checking addr2line v0.25.1
[INFO] [stderr]     Checking pollster v0.2.5
[INFO] [stderr]     Checking etagere v0.2.15
[INFO] [stderr]     Checking accesskit v0.24.1
[INFO] [stderr]     Checking profiling v1.0.18
[INFO] [stderr]    Compiling gpui-pre-macros v0.3.4
[INFO] [stderr]     Checking async-channel v2.5.0
[INFO] [stderr]     Checking futures-concurrency v7.7.1
[INFO] [stderr]     Checking lyon v1.0.19
[INFO] [stderr]    Compiling serde_derive_internals v0.30.0
[INFO] [stderr]     Checking gpui-pre-refineable v0.3.4
[INFO] [stderr]     Checking regex v1.13.1
[INFO] [stderr]     Checking itertools v0.14.0
[INFO] [stderr]     Checking taffy v0.13.0
[INFO] [stderr]     Checking ctor v1.0.13
[INFO] [stderr]     Checking spin v0.10.1
[INFO] [stderr]     Checking num_cpus v1.17.0
[INFO] [stderr]     Checking waker-fn v1.2.0
[INFO] [stderr]     Checking inventory v0.3.24
[INFO] [stderr]     Checking pollster v0.4.0
[INFO] [stderr]     Checking seahash v4.1.0
[INFO] [stderr]     Checking raw-window-handle v0.6.2
[INFO] [stderr]     Checking derive_more v2.1.1
[INFO] [stderr]    Compiling gpui-pre-windows v0.3.4 (/opt/rustwide/workdir/crates/gpui-pre-windows)
[INFO] [stderr]     Checking strum v0.28.0
[INFO] [stderr]     Checking usvg v0.46.0
[INFO] [stderr]    Compiling serde_derive v1.0.229
[INFO] [stderr]    Compiling zerovec-derive v0.11.6
[INFO] [stderr]    Compiling displaydoc v0.2.7
[INFO] [stderr]    Compiling futures-macro v0.3.34
[INFO] [stderr]    Compiling ref-cast-impl v1.0.27
[INFO] [stderr]    Compiling schemars_derive v1.2.2
[INFO] [stderr]    Compiling thiserror-impl v2.0.20
[INFO] [stderr]     Checking ref-cast v1.0.27
[INFO] [stderr]     Checking zerotrie v0.2.5
[INFO] [stderr]     Checking futures-util v0.3.34
[INFO] [stderr]     Checking backtrace v0.3.76
[INFO] [stderr]     Checking zerovec v0.11.8
[INFO] [stderr]     Checking thiserror v2.0.20
[INFO] [stderr]     Checking ppv-lite86 v0.2.21
[INFO] [stderr]     Checking half v2.7.1
[INFO] [stderr]     Checking tiff v0.11.3
[INFO] [stderr]     Checking tinystr v0.8.4
[INFO] [stderr]     Checking potential_utf v0.1.6
[INFO] [stderr]     Checking icu_collections v2.3.0
[INFO] [stderr]     Checking resvg v0.46.0
[INFO] [stderr]     Checking rand_chacha v0.9.0
[INFO] [stderr]     Checking icu_locale_core v2.3.0
[INFO] [stderr]     Checking rand v0.9.5
[INFO] [stderr]     Checking exr v1.74.2
[INFO] [stderr]     Checking icu_provider v2.3.1
[INFO] [stderr]     Checking icu_normalizer v2.3.0
[INFO] [stderr]     Checking icu_properties v2.3.0
[INFO] [stderr]     Checking chrono v0.4.45
[INFO] [stderr]     Checking serde_urlencoded v0.7.1
[INFO] [stderr]     Checking schemars v1.2.2
[INFO] [stderr]    Compiling gpui-pre-perf v0.3.4
[INFO] [stderr]     Checking futures-executor v0.3.34
[INFO] [stderr]     Checking gpui-pre-shared-string v0.3.4
[INFO] [stderr]     Checking futures v0.3.34
[INFO] [stderr]     Checking idna_adapter v1.2.2
[INFO] [stderr]     Checking postage v0.5.0
[INFO] [stderr]     Checking idna v1.1.0
[INFO] [stderr]    Compiling gpui-pre-util-macros v0.3.4
[INFO] [stderr]     Checking url v2.5.8
[INFO] [stderr]     Checking gpui-pre-zlog v0.3.4
[INFO] [stderr]     Checking gpui-pre-scheduler v0.3.4
[INFO] [stderr]     Checking gpui-pre-sum-tree v0.3.4
[INFO] [stderr]     Checking gpui-pre-http-client v0.3.4
[INFO] [stderr]     Checking image v0.25.10
[INFO] [stdout] error: couldn't read `crates/gpui-pre/src/../../../assets/fonts/ibm-plex-sans/IBMPlexSans-Regular.ttf`: No such file or directory (os error 2)
[INFO] [stdout]    --> crates/gpui-pre/src/svg_renderer.rs:364:9
[INFO] [stdout]     |
[INFO] [stdout] 364 |         include_bytes!("../../../assets/fonts/ibm-plex-sans/IBMPlexSans-Regular.ttf");
[INFO] [stdout]     |         ^^^^^^^^^^^^^^^^^^^^^^^^^^^^^^^^^^^^^^^^^^^^^^^^^^^^^^^^^^^^^^^^^^^^^^^^^^^^^
[INFO] [stdout] 
[INFO] [stdout] 
[INFO] [stdout] error: couldn't read `crates/gpui-pre/src/../../../assets/fonts/lilex/Lilex-Regular.ttf`: No such file or directory (os error 2)
[INFO] [stdout]    --> crates/gpui-pre/src/svg_renderer.rs:365:34
[INFO] [stdout]     |
[INFO] [stdout] 365 |     const LILEX_REGULAR: &[u8] = include_bytes!("../../../assets/fonts/lilex/Lilex-Regular.ttf");
[INFO] [stdout]     |                                  ^^^^^^^^^^^^^^^^^^^^^^^^^^^^^^^^^^^^^^^^^^^^^^^^^^^^^^^^^^^^^^^
[INFO] [stdout] 
[INFO] [stdout] 
[INFO] [stdout] error[E0433]: cannot find module or crate `proptest` in this scope
[INFO] [stdout]   --> crates/gpui-pre/src/test.rs:30:5
[INFO] [stdout]    |
[INFO] [stdout] 30 | use proptest::prelude::{Just, Strategy, any};
[INFO] [stdout]    |     ^^^^^^^^ use of unresolved module or unlinked crate `proptest`
[INFO] [stdout]    |
[INFO] [stdout]    = help: if you wanted to use a crate named `proptest`, use `cargo add proptest` to add it to your `Cargo.toml`
[INFO] [stdout] 
[INFO] [stdout] 
[INFO] [stdout] error[E0432]: unresolved import `backtrace`
[INFO] [stdout]     --> crates/gpui-pre/src/app/entity_map.rs:1126:13
[INFO] [stdout]      |
[INFO] [stdout] 1126 |         use backtrace::{BacktraceFmt, BytesOrWideString, PrintFmt};
[INFO] [stdout]      |             ^^^^^^^^^
[INFO] [stdout]      |
[INFO] [stdout] help: a similar path exists
[INFO] [stdout]      |
[INFO] [stdout] 1126 |         use std::backtrace::{BacktraceFmt, BytesOrWideString, PrintFmt};
[INFO] [stdout]      |             +++++
[INFO] [stdout] 
[INFO] [stdout] 
[INFO] [stdout] error[E0432]: unresolved import `proptest`
[INFO] [stdout]   --> crates/gpui-pre/src/gpui.rs:66:9
[INFO] [stdout]    |
[INFO] [stdout] 66 | pub use proptest;
[INFO] [stdout]    |         ^^^^^^^^ no external crate `proptest`
[INFO] [stdout] 
[INFO] [stdout] 
[INFO] [stdout] error[E0433]: cannot find `FakeHttpClient` in `http_client`
[INFO] [stdout]    --> crates/gpui-pre/src/app/headless_app_context.rs:90:40
[INFO] [stdout]     |
[INFO] [stdout]  90 |         let http_client = http_client::FakeHttpClient::with_404_response();
[INFO] [stdout]     |                                        ^^^^^^^^^^^^^^ could not find `FakeHttpClient` in `http_client`
[INFO] [stdout]     |
[INFO] [stdout] note: found an item that was configured out
[INFO] [stdout]    --> /opt/rustwide/cargo-home/registry/src/index.crates.io-1949cf8c6b5b557f/gpui-pre-http-client-0.3.4/src/http_client.rs:424:12
[INFO] [stdout]     |
[INFO] [stdout] 423 | #[cfg(feature = "test-support")]
[INFO] [stdout]     |       ------------------------ the item is gated behind the `test-support` feature
[INFO] [stdout] 424 | pub struct FakeHttpClient {
[INFO] [stdout]     |            ^^^^^^^^^^^^^^
[INFO] [stdout] help: a trait with a similar name exists
[INFO] [stdout]     |
[INFO] [stdout]  90 -         let http_client = http_client::FakeHttpClient::with_404_response();
[INFO] [stdout]  90 +         let http_client = http_client::HttpClient::with_404_response();
[INFO] [stdout]     |
[INFO] [stdout] 
[INFO] [stdout] 
[INFO] [stdout] error[E0433]: cannot find `FakeHttpClient` in `http_client`
[INFO] [stdout]    --> crates/gpui-pre/src/app/test_app.rs:91:40
[INFO] [stdout]     |
[INFO] [stdout]  91 |         let http_client = http_client::FakeHttpClient::with_404_response();
[INFO] [stdout]     |                                        ^^^^^^^^^^^^^^ could not find `FakeHttpClient` in `http_client`
[INFO] [stdout]     |
[INFO] [stdout] note: found an item that was configured out
[INFO] [stdout]    --> /opt/rustwide/cargo-home/registry/src/index.crates.io-1949cf8c6b5b557f/gpui-pre-http-client-0.3.4/src/http_client.rs:424:12
[INFO] [stdout]     |
[INFO] [stdout] 423 | #[cfg(feature = "test-support")]
[INFO] [stdout]     |       ------------------------ the item is gated behind the `test-support` feature
[INFO] [stdout] 424 | pub struct FakeHttpClient {
[INFO] [stdout]     |            ^^^^^^^^^^^^^^
[INFO] [stdout] help: a trait with a similar name exists
[INFO] [stdout]     |
[INFO] [stdout]  91 -         let http_client = http_client::FakeHttpClient::with_404_response();
[INFO] [stdout]  91 +         let http_client = http_client::HttpClient::with_404_response();
[INFO] [stdout]     |
[INFO] [stdout] 
[INFO] [stdout] 
[INFO] [stdout] error[E0433]: cannot find `FakeHttpClient` in `http_client`
[INFO] [stdout]    --> crates/gpui-pre/src/app/test_context.rs:133:40
[INFO] [stdout]     |
[INFO] [stdout] 133 |         let http_client = http_client::FakeHttpClient::with_404_response();
[INFO] [stdout]     |                                        ^^^^^^^^^^^^^^ could not find `FakeHttpClient` in `http_client`
[INFO] [stdout]     |
[INFO] [stdout] note: found an item that was configured out
[INFO] [stdout]    --> /opt/rustwide/cargo-home/registry/src/index.crates.io-1949cf8c6b5b557f/gpui-pre-http-client-0.3.4/src/http_client.rs:424:12
[INFO] [stdout]     |
[INFO] [stdout] 423 | #[cfg(feature = "test-support")]
[INFO] [stdout]     |       ------------------------ the item is gated behind the `test-support` feature
[INFO] [stdout] 424 | pub struct FakeHttpClient {
[INFO] [stdout]     |            ^^^^^^^^^^^^^^
[INFO] [stdout] help: a trait with a similar name exists
[INFO] [stdout]     |
[INFO] [stdout] 133 -         let http_client = http_client::FakeHttpClient::with_404_response();
[INFO] [stdout] 133 +         let http_client = http_client::HttpClient::with_404_response();
[INFO] [stdout]     |
[INFO] [stdout] 
[INFO] [stdout] 
[INFO] [stdout] error[E0433]: cannot find `FakeHttpClient` in `http_client`
[INFO] [stdout]    --> crates/gpui-pre/src/executor.rs:557:40
[INFO] [stdout]     |
[INFO] [stdout] 557 |         let http_client = http_client::FakeHttpClient::with_404_response();
[INFO] [stdout]     |                                        ^^^^^^^^^^^^^^ could not find `FakeHttpClient` in `http_client`
[INFO] [stdout]     |
[INFO] [stdout] note: found an item that was configured out
[INFO] [stdout]    --> /opt/rustwide/cargo-home/registry/src/index.crates.io-1949cf8c6b5b557f/gpui-pre-http-client-0.3.4/src/http_client.rs:424:12
[INFO] [stdout]     |
[INFO] [stdout] 423 | #[cfg(feature = "test-support")]
[INFO] [stdout]     |       ------------------------ the item is gated behind the `test-support` feature
[INFO] [stdout] 424 | pub struct FakeHttpClient {
[INFO] [stdout]     |            ^^^^^^^^^^^^^^
[INFO] [stdout] help: a trait with a similar name exists
[INFO] [stdout]     |
[INFO] [stdout] 557 -         let http_client = http_client::FakeHttpClient::with_404_response();
[INFO] [stdout] 557 +         let http_client = http_client::HttpClient::with_404_response();
[INFO] [stdout]     |
[INFO] [stdout] 
[INFO] [stdout] 
[INFO] [stdout] error[E0433]: cannot find module or crate `proptest` in this scope
[INFO] [stdout]   --> crates/gpui-pre/src/test.rs:58:17
[INFO] [stdout]    |
[INFO] [stdout] 58 |     mut config: proptest::test_runner::Config,
[INFO] [stdout]    |                 ^^^^^^^^ use of unresolved module or unlinked crate `proptest`
[INFO] [stdout]    |
[INFO] [stdout]    = help: if you wanted to use a crate named `proptest`, use `cargo add proptest` to add it to your `Cargo.toml`
[INFO] [stdout] 
[INFO] [stdout] 
[INFO] [stdout] error[E0433]: cannot find module or crate `proptest` in this scope
[INFO] [stdout]   --> crates/gpui-pre/src/test.rs:59:6
[INFO] [stdout]    |
[INFO] [stdout] 59 | ) -> proptest::test_runner::Config {
[INFO] [stdout]    |      ^^^^^^^^ use of unresolved module or unlinked crate `proptest`
[INFO] [stdout]    |
[INFO] [stdout]    = help: if you wanted to use a crate named `proptest`, use `cargo add proptest` to add it to your `Cargo.toml`
[INFO] [stdout] 
[INFO] [stdout] 
[INFO] [stdout] error[E0433]: cannot find module or crate `proptest` in this scope
[INFO] [stdout]   --> crates/gpui-pre/src/test.rs:64:23
[INFO] [stdout]    |
[INFO] [stdout] 64 |     config.rng_seed = proptest::test_runner::RngSeed::Fixed(seed);
[INFO] [stdout]    |                       ^^^^^^^^ use of unresolved module or unlinked crate `proptest`
[INFO] [stdout]    |
[INFO] [stdout]    = help: if you wanted to use a crate named `proptest`, use `cargo add proptest` to add it to your `Cargo.toml`
[INFO] [stdout] 
[INFO] [stdout] 
[INFO] [stdout] error[E0433]: cannot find module or crate `backtrace` in this scope
[INFO] [stdout]    --> crates/gpui-pre/src/app/entity_map.rs:950:39
[INFO] [stdout]     |
[INFO] [stdout] 950 |     handles: HashMap<HandleId, Option<backtrace::Backtrace>>,
[INFO] [stdout]     |                                       ^^^^^^^^^ use of unresolved module or unlinked crate `backtrace`
[INFO] [stdout]     |
[INFO] [stdout]     = help: if you wanted to use a crate named `backtrace`, use `cargo add backtrace` to add it to your `Cargo.toml`
[INFO] [stdout] help: consider importing this module
[INFO] [stdout]     |
[INFO] [stdout]   1 + use std::backtrace;
[INFO] [stdout]     |
[INFO] [stdout] 
[INFO] [stdout] 
[INFO] [stdout] error[E0433]: cannot find module or crate `backtrace` in this scope
[INFO] [stdout]    --> crates/gpui-pre/src/app/entity_map.rs:978:33
[INFO] [stdout]     |
[INFO] [stdout] 978 |             LEAK_BACKTRACE.then(backtrace::Backtrace::new_unresolved),
[INFO] [stdout]     |                                 ^^^^^^^^^ use of unresolved module or unlinked crate `backtrace`
[INFO] [stdout]     |
[INFO] [stdout]     = help: if you wanted to use a crate named `backtrace`, use `cargo add backtrace` to add it to your `Cargo.toml`
[INFO] [stdout] help: consider importing this struct
[INFO] [stdout]     |
[INFO] [stdout]   1 + use std::backtrace::Backtrace;
[INFO] [stdout]     |
[INFO] [stdout] help: if you import `Backtrace`, refer to it directly
[INFO] [stdout]     |
[INFO] [stdout] 978 -             LEAK_BACKTRACE.then(backtrace::Backtrace::new_unresolved),
[INFO] [stdout] 978 +             LEAK_BACKTRACE.then(Backtrace::new_unresolved),
[INFO] [stdout]     |
[INFO] [stdout] 
[INFO] [stdout] 
[INFO] [stdout] error[E0433]: cannot find module or crate `backtrace` in this scope
[INFO] [stdout]     --> crates/gpui-pre/src/app/entity_map.rs:1121:27
[INFO] [stdout]      |
[INFO] [stdout] 1121 | struct BacktraceFormatter(backtrace::Backtrace);
[INFO] [stdout]      |                           ^^^^^^^^^ use of unresolved module or unlinked crate `backtrace`
[INFO] [stdout]      |
[INFO] [stdout]      = help: if you wanted to use a crate named `backtrace`, use `cargo add backtrace` to add it to your `Cargo.toml`
[INFO] [stdout] help: consider importing this module
[INFO] [stdout]      |
[INFO] [stdout]    1 + use std::backtrace;
[INFO] [stdout]      |
[INFO] [stdout] 
[INFO] [stdout] 
[INFO] [stdout] Some errors have detailed explanations: E0432, E0433.
[INFO] [stdout] 
[INFO] [stdout] For more information about an error, try `rustc --explain E0432`.
[INFO] [stdout] 
[INFO] [stderr] error: could not compile `gpui-pre` (lib test) due to 15 previous errors
[INFO] [stderr] warning: build failed, waiting for other jobs to finish...
[INFO] running `Command { std: "docker" "inspect" "2ec7be190de2c7e5a3c6d7747112b9aeeafea98cc4d727755652f37c1309510e", kill_on_drop: false }`
[INFO] running `Command { std: "docker" "rm" "-f" "2ec7be190de2c7e5a3c6d7747112b9aeeafea98cc4d727755652f37c1309510e", kill_on_drop: false }`
[INFO] [stdout] 2ec7be190de2c7e5a3c6d7747112b9aeeafea98cc4d727755652f37c1309510e
