[INFO] cloning repository https://github.com/regexident/git-assist
[INFO] running `Command { std: "git" "-c" "credential.helper=" "-c" "credential.helper=/workspace/cargo-home/bin/git-credential-null" "clone" "--bare" "https://github.com/regexident/git-assist" "/workspace/cache/git-repos/https%3A%2F%2Fgithub.com%2Fregexident%2Fgit-assist", kill_on_drop: false }`
[INFO] [stderr] Cloning into bare repository '/workspace/cache/git-repos/https%3A%2F%2Fgithub.com%2Fregexident%2Fgit-assist'...
[INFO] running `Command { std: "git" "rev-parse" "HEAD", kill_on_drop: false }`
[INFO] [stdout] ea71c2de2ee8b0c25614cd015f0a2a8545bfb5fe
[INFO] checking regexident/git-assist against 3154cc1a3e6424e44f438a95007d043ed5ceaaf6 for pr-133502-30
[INFO] running `Command { std: "git" "clone" "/workspace/cache/git-repos/https%3A%2F%2Fgithub.com%2Fregexident%2Fgit-assist" "/workspace/builds/worker-7-tc2/source", kill_on_drop: false }`
[INFO] [stderr] Cloning into '/workspace/builds/worker-7-tc2/source'...
[INFO] [stderr] done.
[INFO] started tweaking git repo https://github.com/regexident/git-assist
[INFO] finished tweaking git repo https://github.com/regexident/git-assist
[INFO] tweaked toml for git repo https://github.com/regexident/git-assist written to /workspace/builds/worker-7-tc2/source/Cargo.toml
[INFO] validating manifest of git repo https://github.com/regexident/git-assist on toolchain 3154cc1a3e6424e44f438a95007d043ed5ceaaf6
[INFO] running `Command { std: CARGO_HOME="/workspace/cargo-home" RUSTUP_HOME="/workspace/rustup-home" "/workspace/cargo-home/bin/cargo" "+3154cc1a3e6424e44f438a95007d043ed5ceaaf6" "metadata" "--manifest-path" "Cargo.toml" "--no-deps", kill_on_drop: false }`
[INFO] crate git repo https://github.com/regexident/git-assist already has a lockfile, it will not be regenerated
[INFO] running `Command { std: CARGO_HOME="/workspace/cargo-home" RUSTUP_HOME="/workspace/rustup-home" "/workspace/cargo-home/bin/cargo" "+3154cc1a3e6424e44f438a95007d043ed5ceaaf6" "fetch" "--manifest-path" "Cargo.toml", kill_on_drop: false }`
[INFO] running `Command { std: "docker" "create" "-v" "/var/lib/crater-agent-workspace/builds/worker-7-tc2/source:/opt/rustwide/workdir:ro,Z" "-v" "/var/lib/crater-agent-workspace/builds/worker-7-tc2/target:/opt/rustwide/target:rw,Z" "-v" "/var/lib/crater-agent-workspace/cargo-home:/opt/rustwide/cargo-home:ro,Z" "-v" "/var/lib/crater-agent-workspace/rustup-home:/opt/rustwide/rustup-home:ro,Z" "-m" "1610612736" "--network" "none" "ghcr.io/rust-lang/crates-build-env/linux@sha256:77db811e55d90add9212f6832c23229e3de5f1c1f9905e8cb07319ea15df73ac" "sleep" "infinity", kill_on_drop: false }`
[INFO] [stdout] ec922c7b36b78ce37f59fd5dca14eeab37c9940841fd84f731a216e8029e0cfc
[INFO] running `Command { std: "docker" "start" "ec922c7b36b78ce37f59fd5dca14eeab37c9940841fd84f731a216e8029e0cfc", kill_on_drop: false }`
[INFO] running `Command { std: "docker" "inspect" "ec922c7b36b78ce37f59fd5dca14eeab37c9940841fd84f731a216e8029e0cfc", kill_on_drop: false }`
[INFO] running `Command { std: "docker" "exec" "-e" "SOURCE_DIR=/opt/rustwide/workdir" "-e" "CARGO_HOME=/opt/rustwide/cargo-home" "-e" "RUSTUP_HOME=/opt/rustwide/rustup-home" "-e" "CARGO_TARGET_DIR=/opt/rustwide/target" "-w" "/opt/rustwide/workdir" "--user" "0:0" "ec922c7b36b78ce37f59fd5dca14eeab37c9940841fd84f731a216e8029e0cfc" "/opt/rustwide/cargo-home/bin/cargo" "+3154cc1a3e6424e44f438a95007d043ed5ceaaf6" "metadata" "--no-deps" "--format-version=1", kill_on_drop: false }`
[INFO] running `Command { std: "docker" "inspect" "ec922c7b36b78ce37f59fd5dca14eeab37c9940841fd84f731a216e8029e0cfc", kill_on_drop: false }`
[INFO] running `Command { std: "docker" "exec" "-e" "SOURCE_DIR=/opt/rustwide/workdir" "-e" "CARGO_HOME=/opt/rustwide/cargo-home" "-e" "RUSTUP_HOME=/opt/rustwide/rustup-home" "-e" "CARGO_TARGET_DIR=/opt/rustwide/target" "-e" "CARGO_INCREMENTAL=0" "-e" "RUST_BACKTRACE=full" "-e" "RUSTFLAGS=--cap-lints=forbid" "-e" "RUSTDOCFLAGS=--cap-lints=forbid" "-w" "/opt/rustwide/workdir" "--user" "0:0" "ec922c7b36b78ce37f59fd5dca14eeab37c9940841fd84f731a216e8029e0cfc" "/opt/rustwide/cargo-home/bin/cargo" "+3154cc1a3e6424e44f438a95007d043ed5ceaaf6" "check" "--frozen" "--all" "--all-targets" "--message-format=json", kill_on_drop: false }`
[INFO] [stderr]     Checking subtle v2.6.1
[INFO] [stderr]    Compiling serde_core v1.0.229
[INFO] [stderr]     Checking smallvec v1.15.2
[INFO] [stderr]     Checking base64ct v1.8.3
[INFO] [stderr]    Compiling generic-array v0.14.9
[INFO] [stderr]    Compiling syn v3.0.3
[INFO] [stderr]    Compiling serde v1.0.229
[INFO] [stderr]    Compiling num-traits v0.2.19
[INFO] [stderr]    Compiling zeroize_derive v1.5.0
[INFO] [stderr]     Checking getrandom v0.2.17
[INFO] [stderr]    Compiling synstructure v0.13.2
[INFO] [stderr]    Compiling zerovec-derive v0.11.3
[INFO] [stderr]     Checking mio v1.2.2
[INFO] [stderr]    Compiling cc v1.4.0
[INFO] [stderr]    Compiling futures-macro v0.3.33
[INFO] [stderr]    Compiling zerocopy v0.8.55
[INFO] [stderr]     Checking futures-io v0.3.33
[INFO] [stderr]    Compiling tracing-attributes v0.1.31
[INFO] [stderr]    Compiling camino v1.2.5
[INFO] [stderr]    Compiling serde_json v1.0.151
[INFO] [stderr]     Checking rand_core v0.6.4
[INFO] [stderr]    Compiling curve25519-dalek-derive v0.1.1
[INFO] [stderr]    Compiling num-bigint-dig v0.8.6
[INFO] [stderr]     Checking spin v0.9.9
[INFO] [stderr]     Checking pem-rfc7468 v0.7.0
[INFO] [stderr]     Checking lazy_static v1.5.0
[INFO] [stderr]    Compiling rustix v1.1.4
[INFO] [stderr]     Checking signal-hook v0.3.18
[INFO] [stderr]    Compiling derive_more-impl v2.1.1
[INFO] [stderr]     Checking ff v0.13.1
[INFO] [stderr]     Checking parking_lot_core v0.9.12
[INFO] [stderr]     Checking group v0.13.0
[INFO] [stderr]     Checking linux-raw-sys v0.12.1
[INFO] [stderr]    Compiling zerofrom-derive v0.1.7
[INFO] [stderr]    Compiling yoke-derive v0.8.2
[INFO] [stderr]     Checking signal-hook-mio v0.2.5
[INFO] [stderr]     Checking futures-util v0.3.33
[INFO] [stderr]     Checking zeroize v1.9.0
[INFO] [stderr]     Checking dirs-sys v0.5.0
[INFO] [stderr]     Checking parking_lot v0.12.5
[INFO] [stderr]     Checking der v0.7.10
[INFO] [stderr]     Checking rustls-pki-types v1.15.1
[INFO] [stderr]    Compiling snafu-derive v0.8.9
[INFO] [stderr]    Compiling pin-project-internal v1.1.13
[INFO] [stderr]     Checking derive_more v2.1.1
[INFO] [stderr]     Checking crypto-common v0.1.6
[INFO] [stderr]     Checking block-buffer v0.10.4
[INFO] [stderr]     Checking num-integer v0.1.46
[INFO] [stderr]     Checking crypto-bigint v0.5.5
[INFO] [stderr]     Checking rustls-native-certs v0.8.4
[INFO] [stderr]     Checking digest v0.10.7
[INFO] [stderr]    Compiling openssl v0.10.81
[INFO] [stderr]     Checking clap_builder v4.6.5
[INFO] [stderr]     Checking tracing v0.1.44
[INFO] [stderr]     Checking hmac v0.12.1
[INFO] [stderr]     Checking signature v2.2.0
[INFO] [stderr]     Checking sha2 v0.10.9
[INFO] [stderr]     Checking hkdf v0.12.4
[INFO] [stderr]     Checking rfc6979 v0.4.0
[INFO] [stderr]     Checking num-iter v0.1.46
[INFO] [stderr]     Checking num-bigint v0.4.8
[INFO] [stderr]     Checking spki v0.7.3
[INFO] [stderr]     Checking crossterm v0.29.0
[INFO] [stderr]     Checking fuzzy-matcher v0.3.7
[INFO] [stderr]     Checking arc-swap v1.9.2
[INFO] [stderr]     Checking dirs v6.0.0
[INFO] [stderr]     Checking pkcs8 v0.10.2
[INFO] [stderr]     Checking secrecy v0.10.3
[INFO] [stderr]     Checking http-body-util v0.1.4
[INFO] [stderr]     Checking sec1 v0.7.3
[INFO] [stderr]     Checking ed25519 v2.2.3
[INFO] [stderr]    Compiling ring v0.17.14
[INFO] [stderr]    Compiling libz-sys v1.1.29
[INFO] [stderr]    Compiling openssl-sys v0.9.117
[INFO] [stderr]    Compiling libgit2-sys v0.18.7+1.9.6
[INFO] [stderr]     Checking zerofrom v0.1.8
[INFO] [stderr]     Checking pkcs1 v0.7.5
[INFO] [stderr]     Checking pin-project v1.1.13
[INFO] [stderr]     Checking yoke v0.8.3
[INFO] [stderr]     Checking serde_path_to_error v0.1.20
[INFO] [stderr]    Compiling getset v0.1.7
[INFO] [stderr]     Checking zerovec v0.11.6
[INFO] [stderr]    Compiling openssl-macros v0.1.1
[INFO] [stderr]     Checking nom v8.0.0
[INFO] [stderr]     Checking web-time v1.1.0
[INFO] [stderr]     Checking inquire v0.9.4
[INFO] [stderr]     Checking shellexpand v3.1.2
[INFO] [stderr]     Checking num-bigint v0.5.1
[INFO] [stderr]     Checking elliptic-curve v0.13.8
[INFO] [stderr]    Compiling semver v1.0.28
[INFO] [stderr]    Compiling cargo-platform v0.3.3
[INFO] [stderr]     Checking potential_utf v0.1.5
[INFO] [stderr]     Checking snafu v0.8.9
[INFO] [stderr]     Checking primeorder v0.13.6
[INFO] [stderr]     Checking ecdsa v0.16.9
[INFO] [stderr]    Compiling rustc_version v0.4.1
[INFO] [stderr]    Compiling curve25519-dalek v4.1.3
[INFO] [stderr]    Compiling curve25519-dalek v5.0.0
[INFO] [stderr]     Checking p384 v0.13.1
[INFO] [stderr]     Checking p256 v0.13.2
[INFO] [stderr]     Checking futures-executor v0.3.33
[INFO] [stderr]     Checking futures v0.3.33
[INFO] [stderr]    Compiling rustls v0.23.43
[INFO] [stderr]    Compiling serde_derive v1.0.229
[INFO] [stderr]    Compiling displaydoc v0.2.7
[INFO] [stderr]    Compiling tokio-macros v2.7.2
[INFO] [stderr]    Compiling thiserror-impl v2.0.19
[INFO] [stderr]    Compiling async-trait v0.1.91
[INFO] [stderr]     Checking ed25519-dalek v2.2.0
[INFO] [stderr]    Compiling clap_derive v4.6.4
[INFO] [stderr]     Checking rustls-webpki v0.103.13
[INFO] [stderr]     Checking tinystr v0.8.3
[INFO] [stderr]     Checking zerotrie v0.2.4
[INFO] [stderr]     Checking icu_collections v2.2.0
[INFO] [stderr]     Checking icu_locale_core v2.2.0
[INFO] [stderr]     Checking tokio v1.53.1
[INFO] [stderr]     Checking thiserror v2.0.19
[INFO] [stderr]     Checking simple_asn1 v0.6.4
[INFO] [stderr]     Checking icu_provider v2.2.0
[INFO] [stderr]     Checking icu_properties v2.2.0
[INFO] [stderr]     Checking ppv-lite86 v0.2.21
[INFO] [stderr]     Checking icu_normalizer v2.2.0
[INFO] [stderr]     Checking clap v4.6.5
[INFO] [stderr]     Checking rand_chacha v0.3.1
[INFO] [stderr]     Checking rand v0.8.7
[INFO] [stderr]     Checking idna_adapter v1.2.2
[INFO] [stderr]     Checking idna v1.1.0
[INFO] [stderr]     Checking http-serde v2.1.1
[INFO] [stderr]     Checking serde_urlencoded v0.7.1
[INFO] [stderr]     Checking chrono v0.4.45
[INFO] [stderr]     Checking url v2.5.8
[INFO] [stderr]    Compiling cargo_metadata v0.23.1
[INFO] [stderr]     Checking hyper v1.11.0
[INFO] [stderr]     Checking tokio-util v0.7.19
[INFO] [stderr]     Checking rsa v0.9.10
[INFO] [stderr]     Checking git-url-parse v0.6.0
[INFO] [stdout] error[E0271]: type mismatch resolving `UrlSpecParser::path_abempty_parser<'url>::{opaque#0}<'url> == _`
[INFO] [stdout]    --> /opt/rustwide/cargo-home/registry/src/index.crates.io-1949cf8c6b5b557f/git-url-parse-0.6.0/src/types/spec.rs:374:10
[INFO] [stdout]     |
[INFO] [stdout] 374 |       ) -> impl Parser<
[INFO] [stdout]     |  __________^
[INFO] [stdout] 375 | |         &'url str,
[INFO] [stdout] 376 | |         Output = <dyn Parser<&'url str, Output = &'url str, Error = nom::error::Error<&'url str>> as Parser<
[INFO] [stdout] 377 | |             &'url str,
[INFO] [stdout] 378 | |         >>::Output,
[INFO] [stdout] 379 | |         Error = nom::error::Error<&'url str>,
[INFO] [stdout] 380 | |     >{
[INFO] [stdout]     | |_____^ types differ
[INFO] [stdout] 
[INFO] [stdout] 
[INFO] [stdout] error[E0271]: type mismatch resolving `UrlSpecParser::path_ssh_parser<'url>::{opaque#0}<'url> == _`
[INFO] [stdout]    --> /opt/rustwide/cargo-home/registry/src/index.crates.io-1949cf8c6b5b557f/git-url-parse-0.6.0/src/types/spec.rs:398:10
[INFO] [stdout]     |
[INFO] [stdout] 398 |       ) -> impl Parser<
[INFO] [stdout]     |  __________^
[INFO] [stdout] 399 | |         &'url str,
[INFO] [stdout] 400 | |         Output = <dyn Parser<&'url str, Output = &'url str, Error = nom::error::Error<&'url str>> as Parser<
[INFO] [stdout] 401 | |             &'url str,
[INFO] [stdout] 402 | |         >>::Output,
[INFO] [stdout] 403 | |         Error = nom::error::Error<&'url str>,
[INFO] [stdout] 404 | |     >{
[INFO] [stdout]     | |_____^ types differ
[INFO] [stdout] 
[INFO] [stdout] 
[INFO] [stdout] error[E0271]: type mismatch resolving `UrlSpecParser::path_rootless_parser<'url>::{opaque#0}<'url> == _`
[INFO] [stdout]    --> /opt/rustwide/cargo-home/registry/src/index.crates.io-1949cf8c6b5b557f/git-url-parse-0.6.0/src/types/spec.rs:422:10
[INFO] [stdout]     |
[INFO] [stdout] 422 |       ) -> impl Parser<
[INFO] [stdout]     |  __________^
[INFO] [stdout] 423 | |         &'url str,
[INFO] [stdout] 424 | |         Output = <dyn Parser<&'url str, Output = &'url str, Error = nom::error::Error<&'url str>> as Parser<
[INFO] [stdout] 425 | |             &'url str,
[INFO] [stdout] 426 | |         >>::Output,
[INFO] [stdout] 427 | |         Error = nom::error::Error<&'url str>,
[INFO] [stdout] 428 | |     >{
[INFO] [stdout]     | |_____^ types differ
[INFO] [stdout] 
[INFO] [stdout] 
[INFO] [stdout] error[E0271]: type mismatch resolving `UrlSpecParser::short_git_scheme_parser<'url>::{opaque#0}<'url> == _`
[INFO] [stdout]    --> /opt/rustwide/cargo-home/registry/src/index.crates.io-1949cf8c6b5b557f/git-url-parse-0.6.0/src/types/spec.rs:444:43
[INFO] [stdout]     |
[INFO] [stdout] 444 |       fn short_git_scheme_parser<'url>() -> impl Parser<
[INFO] [stdout]     |  ___________________________________________^
[INFO] [stdout] 445 | |         &'url str,
[INFO] [stdout] 446 | |         Output = <dyn Parser<
[INFO] [stdout] 447 | |             &'url str,
[INFO] [stdout] ...   |
[INFO] [stdout] 451 | |         Error = nom::error::Error<&'url str>,
[INFO] [stdout] 452 | |     > {
[INFO] [stdout]     | |_____^ types differ
[INFO] [stdout] 
[INFO] [stdout] 
[INFO] [stderr]     Checking tower v0.5.3
[INFO] [stdout] error[E0599]: the method `map` exists for associated type `<impl Parser<&str, Output = _, Error = Error<_>> as Parser<_>>::Output`, but its trait bounds were not satisfied
[INFO] [stdout]   --> /opt/rustwide/cargo-home/registry/src/index.crates.io-1949cf8c6b5b557f/git-url-parse-0.6.0/src/types/spec.rs:79:42
[INFO] [stdout]    |
[INFO] [stdout] 79 |                 return Ok((input, scheme.map(|s| s.to_string())));
[INFO] [stdout]    |                                          ^^^ method cannot be called due to unsatisfied trait bounds
[INFO] [stdout]    |
[INFO] [stdout]    = note: the following trait bounds were not satisfied:
[INFO] [stdout]            `<impl Parser<&str, Output = <(dyn Parser<&str, Error = nom::error::Error<&str>, Output = Option<&str>> + 'static) as Parser<&str>>::Output, Error = nom::error::Error<&str>> as Parser<&str>>::Output: FnOnce<(_,)>`
[INFO] [stdout]            which is required by `<impl Parser<&str, Output = <(dyn Parser<&str, Error = nom::error::Error<&str>, Output = Option<&str>> + 'static) as Parser<&str>>::Output, Error = nom::error::Error<&str>> as Parser<&str>>::Output: Parser<_>`
[INFO] [stdout]            `<impl Parser<&str, Output = <(dyn Parser<&str, Error = nom::error::Error<&str>, Output = Option<&str>> + 'static) as Parser<&str>>::Output, Error = nom::error::Error<&str>> as Parser<&str>>::Output: Fn<(_,)>`
[INFO] [stdout]            which is required by `&<impl Parser<&str, Output = <(dyn Parser<&str, Error = nom::error::Error<&str>, Output = Option<&str>> + 'static) as Parser<&str>>::Output, Error = nom::error::Error<&str>> as Parser<&str>>::Output: Parser<_>`
[INFO] [stdout]            `<impl Parser<&str, Output = <(dyn Parser<&str, Error = nom::error::Error<&str>, Output = Option<&str>> + 'static) as Parser<&str>>::Output, Error = nom::error::Error<&str>> as Parser<&str>>::Output: FnMut<(_,)>`
[INFO] [stdout]            which is required by `&mut <impl Parser<&str, Output = <(dyn Parser<&str, Error = nom::error::Error<&str>, Output = Option<&str>> + 'static) as Parser<&str>>::Output, Error = nom::error::Error<&str>> as Parser<&str>>::Output: Parser<_>`
[INFO] [stdout]            `<impl Parser<&str, Output = <(dyn Parser<&str, Error = nom::error::Error<&str>, Output = Option<&str>> + 'static) as Parser<&str>>::Output, Error = nom::error::Error<&str>> as Parser<&str>>::Output: Iterator`
[INFO] [stdout]            which is required by `&mut <impl Parser<&str, Output = <(dyn Parser<&str, Error = nom::error::Error<&str>, Output = Option<&str>> + 'static) as Parser<&str>>::Output, Error = nom::error::Error<&str>> as Parser<&str>>::Output: Iterator`
[INFO] [stdout]    = note: the full name for the type has been written to '/opt/rustwide/target/debug/build/git-url-parse/04a72f80d1bb8adf/out/git_url_parse-04a72f80d1bb8adf.long-type-14783159253600408658.txt'
[INFO] [stdout]    = note: consider using `--verbose` to print the full type name to the console
[INFO] [stdout] 
[INFO] [stdout] 
[INFO] [stdout] error[E0277]: the trait bound `Choice<(_, _, _)>: Parser<_>` is not satisfied
[INFO] [stdout]    --> /opt/rustwide/cargo-home/registry/src/index.crates.io-1949cf8c6b5b557f/git-url-parse-0.6.0/src/types/spec.rs:144:17
[INFO] [stdout]     |
[INFO] [stdout] 143 |               verify(
[INFO] [stdout]     |               ------ required by a bound introduced by this call
[INFO] [stdout] 144 | /                 alt((
[INFO] [stdout] 145 | |                     //preceded(tag("//"), Self::path_abempty_parser()),
[INFO] [stdout] 146 | |                     Self::path_abempty_parser(),
[INFO] [stdout] 147 | |                     Self::path_rootless_parser(),
[INFO] [stdout] 148 | |                     Self::path_ssh_parser(),
[INFO] [stdout] 149 | |                 )),
[INFO] [stdout]     | |__________________^ the trait `Parser<_>` is not implemented for `Choice<(impl Parser<&str, Output = _, Error = Error<_>>, _, _)>`
[INFO] [stdout]     |
[INFO] [stdout]     = help: the following other types implement trait `Parser<Input>`:
[INFO] [stdout]               Choice<&mut [A]>
[INFO] [stdout]               Choice<(A, B)>
[INFO] [stdout]               Choice<(A, B, C)>
[INFO] [stdout]               Choice<(A, B, C, D)>
[INFO] [stdout]               Choice<(A, B, C, D, E)>
[INFO] [stdout]               Choice<(A, B, C, D, E, F)>
[INFO] [stdout]               Choice<(A, B, C, D, E, F, G)>
[INFO] [stdout]               Choice<(A, B, C, D, E, F, G, H)>
[INFO] [stdout]             and 15 others
[INFO] [stdout] note: required by a bound in `verify`
[INFO] [stdout]    --> /opt/rustwide/cargo-home/registry/src/index.crates.io-1949cf8c6b5b557f/nom-8.0.0/src/combinator/mod.rs:500:6
[INFO] [stdout]     |
[INFO] [stdout] 495 | pub fn verify<I: Clone, O2, E: ParseError<I>, F, G>(
[INFO] [stdout] ...
[INFO] [stdout] 500 |   F: Parser<I, Error = E>,
[INFO] [stdout]     |      ^^^^^^^^^^^^^^^^^^^^ required by this bound in `verify`
[INFO] [stdout]     = note: the full name for the type has been written to '/opt/rustwide/target/debug/build/git-url-parse/04a72f80d1bb8adf/out/git_url_parse-04a72f80d1bb8adf.long-type-10766440103921278228.txt'
[INFO] [stdout]     = note: consider using `--verbose` to print the full type name to the console
[INFO] [stdout] 
[INFO] [stdout] 
[INFO] [stdout] error: the type `impl Parser<_, Output = <Choice<(impl Parser<&str, Output = <(dyn Parser<&str, Error = nom::error::Error<&str>, Output = &str> + 'static) as Parser<&str>>::Output, Error = nom::error::Error<&str>>, impl Parser<&str, Output = <(dyn Parser<&str, Error = nom::error::Error<&str>, Output = &str> + 'static) as Parser<&str>>::Output, Error = nom::error::Error<&str>>, impl Parser<&str, Output = <(dyn Parser<&str, Error = nom::error::Error<&str>, Output = &str> + 'static) as Parser<&str>>::Output, Error = nom::error::Error<&str>>)> as Parser<_>>::Output, Error = _>` is not well-formed
[INFO] [stdout]    --> /opt/rustwide/cargo-home/registry/src/index.crates.io-1949cf8c6b5b557f/git-url-parse-0.6.0/src/types/spec.rs:143:13
[INFO] [stdout]     |
[INFO] [stdout] 143 | /             verify(
[INFO] [stdout] 144 | |                 alt((
[INFO] [stdout] 145 | |                     //preceded(tag("//"), Self::path_abempty_parser()),
[INFO] [stdout] 146 | |                     Self::path_abempty_parser(),
[INFO] [stdout] ...   |
[INFO] [stdout] 150 | |                 |s: &str| !s.is_empty(),
[INFO] [stdout] 151 | |             ),
[INFO] [stdout]     | |_____________^
[INFO] [stdout] 
[INFO] [stdout] 
[INFO] [stdout] error: the type `nom::error::Context<impl Parser<_, Output = <Choice<(impl Parser<&str, Output = <(dyn Parser<&str, Error = nom::error::Error<&str>, Output = &str> + 'static) as Parser<&str>>::Output, Error = nom::error::Error<&str>>, impl Parser<&str, Output = <(dyn Parser<&str, Error = nom::error::Error<&str>, Output = &str> + 'static) as Parser<&str>>::Output, Error = nom::error::Error<&str>>, impl Parser<&str, Output = <(dyn Parser<&str, Error = nom::error::Error<&str>, Output = &str> + 'static) as Parser<&str>>::Output, Error = nom::error::Error<&str>>)> as Parser<_>>::Output, Error = _>>` is not well-formed
[INFO] [stdout]    --> /opt/rustwide/cargo-home/registry/src/index.crates.io-1949cf8c6b5b557f/git-url-parse-0.6.0/src/types/spec.rs:141:29
[INFO] [stdout]     |
[INFO] [stdout] 141 |           let (input, path) = context(
[INFO] [stdout]     |  _____________________________^
[INFO] [stdout] 142 | |             "Top of path parsers",
[INFO] [stdout] 143 | |             verify(
[INFO] [stdout] 144 | |                 alt((
[INFO] [stdout] ...   |
[INFO] [stdout] 151 | |             ),
[INFO] [stdout] 152 | |         )
[INFO] [stdout]     | |_________^
[INFO] [stdout] 
[INFO] [stdout] 
[INFO] [stdout] error: the type `&mut nom::error::Context<impl Parser<_, Output = <Choice<(impl Parser<&str, Output = <(dyn Parser<&str, Error = nom::error::Error<&str>, Output = &str> + 'static) as Parser<&str>>::Output, Error = nom::error::Error<&str>>, impl Parser<&str, Output = <(dyn Parser<&str, Error = nom::error::Error<&str>, Output = &str> + 'static) as Parser<&str>>::Output, Error = nom::error::Error<&str>>, impl Parser<&str, Output = <(dyn Parser<&str, Error = nom::error::Error<&str>, Output = &str> + 'static) as Parser<&str>>::Output, Error = nom::error::Error<&str>>)> as Parser<_>>::Output, Error = _>>` is not well-formed
[INFO] [stdout]    --> /opt/rustwide/cargo-home/registry/src/index.crates.io-1949cf8c6b5b557f/git-url-parse-0.6.0/src/types/spec.rs:153:10
[INFO] [stdout]     |
[INFO] [stdout] 153 |         .parse(input)?;
[INFO] [stdout]     |          ^^^^^
[INFO] [stdout] 
[INFO] [stdout] 
[INFO] [stdout] error: the type `Result<(_, <impl Parser<_, Output = <Choice<(impl Parser<&str, Output = <(dyn Parser<&str, Error = nom::error::Error<&str>, Output = &str> + 'static) as Parser<&str>>::Output, Error = nom::error::Error<&str>>, impl Parser<&str, Output = <(dyn Parser<&str, Error = nom::error::Error<&str>, Output = &str> + 'static) as Parser<&str>>::Output, Error = nom::error::Error<&str>>, impl Parser<&str, Output = <(dyn Parser<&str, Error = nom::error::Error<&str>, Output = &str> + 'static) as Parser<&str>>::Output, Error = nom::error::Error<&str>>)> as Parser<_>>::Output, Error = _> as Parser<_>>::Output), nom::Err<_>>` is not well-formed
[INFO] [stdout]    --> /opt/rustwide/cargo-home/registry/src/index.crates.io-1949cf8c6b5b557f/git-url-parse-0.6.0/src/types/spec.rs:153:10
[INFO] [stdout]     |
[INFO] [stdout] 153 |         .parse(input)?;
[INFO] [stdout]     |          ^^^^^
[INFO] [stdout] 
[INFO] [stdout] 
[INFO] [stdout] error: the type `Result<(&str, <impl Parser<&str, Output = <Choice<(impl Parser<&str, Output = <(dyn Parser<&str, Error = nom::error::Error<&str>, Output = &str> + 'static) as Parser<&str>>::Output, Error = nom::error::Error<&str>>, impl Parser<&str, Output = <(dyn Parser<&str, Error = nom::error::Error<&str>, Output = &str> + 'static) as Parser<&str>>::Output, Error = nom::error::Error<&str>>, impl Parser<&str, Output = <(dyn Parser<&str, Error = nom::error::Error<&str>, Output = &str> + 'static) as Parser<&str>>::Output, Error = nom::error::Error<&str>>)> as Parser<&str>>::Output, Error = _> as Parser<&str>>::Output), nom::Err<_>>` is not well-formed
[INFO] [stdout]    --> /opt/rustwide/cargo-home/registry/src/index.crates.io-1949cf8c6b5b557f/git-url-parse-0.6.0/src/types/spec.rs:141:29
[INFO] [stdout]     |
[INFO] [stdout] 141 |           let (input, path) = context(
[INFO] [stdout]     |  _____________________________^
[INFO] [stdout] 142 | |             "Top of path parsers",
[INFO] [stdout] 143 | |             verify(
[INFO] [stdout] 144 | |                 alt((
[INFO] [stdout] ...   |
[INFO] [stdout] 153 | |         .parse(input)?;
[INFO] [stdout]     | |_____________________^
[INFO] [stdout] 
[INFO] [stdout] 
[INFO] [stdout] error: the type `ControlFlow<Result<!, nom::Err<_>>, (&str, <impl Parser<&str, Output = <Choice<(impl Parser<&str, Output = <(dyn Parser<&str, Error = nom::error::Error<&str>, Output = &str> + 'static) as Parser<&str>>::Output, Error = nom::error::Error<&str>>, impl Parser<&str, Output = <(dyn Parser<&str, Error = nom::error::Error<&str>, Output = &str> + 'static) as Parser<&str>>::Output, Error = nom::error::Error<&str>>, impl Parser<&str, Output = <(dyn Parser<&str, Error = nom::error::Error<&str>, Output = &str> + 'static) as Parser<&str>>::Output, Error = nom::error::Error<&str>>)> as Parser<&str>>::Output, Error = _> as Parser<&str>>::Output)>` is not well-formed
[INFO] [stdout]    --> /opt/rustwide/cargo-home/registry/src/index.crates.io-1949cf8c6b5b557f/git-url-parse-0.6.0/src/types/spec.rs:141:29
[INFO] [stdout]     |
[INFO] [stdout] 141 |           let (input, path) = context(
[INFO] [stdout]     |  _____________________________^
[INFO] [stdout] 142 | |             "Top of path parsers",
[INFO] [stdout] 143 | |             verify(
[INFO] [stdout] 144 | |                 alt((
[INFO] [stdout] ...   |
[INFO] [stdout] 153 | |         .parse(input)?;
[INFO] [stdout]     | |______________________^
[INFO] [stdout] 
[INFO] [stdout] 
[INFO] [stdout] error[E0599]: the method `to_string` exists for associated type `<impl Parser<&str, Output = _, Error = Error<_>> as Parser<_>>::Output`, but its trait bounds were not satisfied
[INFO] [stdout]    --> /opt/rustwide/cargo-home/registry/src/index.crates.io-1949cf8c6b5b557f/git-url-parse-0.6.0/src/types/spec.rs:157:24
[INFO] [stdout]     |
[INFO] [stdout] 157 |             path: path.to_string(),
[INFO] [stdout]     |                        ^^^^^^^^^ method cannot be called due to unsatisfied trait bounds
[INFO] [stdout]     |
[INFO] [stdout]     = note: the following trait bounds were not satisfied:
[INFO] [stdout]             `<impl Parser<&str, Output = <Choice<(impl Parser<&str, Output = <(dyn Parser<&str, Error = nom::error::Error<&str>, Output = &str> + 'static) as Parser<&str>>::Output, Error = nom::error::Error<&str>>, impl Parser<&str, Output = <(dyn Parser<&str, Error = nom::error::Error<&str>, Output = &str> + 'static) as Parser<&str>>::Output, Error = nom::error::Error<&str>>, impl Parser<&str, Output = <(dyn Parser<&str, Error = nom::error::Error<&str>, Output = &str> + 'static) as Parser<&str>>::Output, Error = nom::error::Error<&str>>)> as Parser<&str>>::Output, Error = nom::error::Error<&str>> as Parser<&str>>::Output: std::fmt::Display`
[INFO] [stdout]             which is required by `<impl Parser<&str, Output = <Choice<(impl Parser<&str, Output = <(dyn Parser<&str, Error = nom::error::Error<&str>, Output = &str> + 'static) as Parser<&str>>::Output, Error = nom::error::Error<&str>>, impl Parser<&str, Output = <(dyn Parser<&str, Error = nom::error::Error<&str>, Output = &str> + 'static) as Parser<&str>>::Output, Error = nom::error::Error<&str>>, impl Parser<&str, Output = <(dyn Parser<&str, Error = nom::error::Error<&str>, Output = &str> + 'static) as Parser<&str>>::Output, Error = nom::error::Error<&str>>)> as Parser<&str>>::Output, Error = nom::error::Error<&str>> as Parser<&str>>::Output: ToString`
[INFO] [stdout]     = note: the full name for the type has been written to '/opt/rustwide/target/debug/build/git-url-parse/04a72f80d1bb8adf/out/git_url_parse-04a72f80d1bb8adf.long-type-11561667421534702868.txt'
[INFO] [stdout]     = note: consider using `--verbose` to print the full type name to the console
[INFO] [stdout] 
[INFO] [stdout] 
[INFO] [stderr]     Checking jsonwebtoken v10.4.0
[INFO] [stderr]     Checking tokio-rustls v0.26.4
[INFO] [stdout] Some errors have detailed explanations: E0271, E0277, E0599.
[INFO] [stdout] 
[INFO] [stdout] For more information about an error, try `rustc --explain E0271`.
[INFO] [stdout] 
[INFO] [stderr] error: could not compile `git-url-parse` (lib) due to 13 previous errors
[INFO] [stderr] warning: build failed, waiting for other jobs to finish...
[INFO] running `Command { std: "docker" "inspect" "ec922c7b36b78ce37f59fd5dca14eeab37c9940841fd84f731a216e8029e0cfc", kill_on_drop: false }`
[INFO] running `Command { std: "docker" "rm" "-f" "ec922c7b36b78ce37f59fd5dca14eeab37c9940841fd84f731a216e8029e0cfc", kill_on_drop: false }`
[INFO] [stdout] ec922c7b36b78ce37f59fd5dca14eeab37c9940841fd84f731a216e8029e0cfc
