[INFO] cloning repository https://github.com/reezex0-ux/weekly-usage-bar
[INFO] running `Command { std: "git" "-c" "credential.helper=" "-c" "credential.helper=/workspace/cargo-home/bin/git-credential-null" "clone" "--bare" "https://github.com/reezex0-ux/weekly-usage-bar" "/workspace/cache/git-repos/https%3A%2F%2Fgithub.com%2Freezex0-ux%2Fweekly-usage-bar", kill_on_drop: false }`
[INFO] [stderr] Cloning into bare repository '/workspace/cache/git-repos/https%3A%2F%2Fgithub.com%2Freezex0-ux%2Fweekly-usage-bar'...
[INFO] running `Command { std: "git" "rev-parse" "HEAD", kill_on_drop: false }`
[INFO] [stdout] 4b8ac563762b3a1b5201abad2f76e86875e79373
[INFO] checking reezex0-ux/weekly-usage-bar against 3154cc1a3e6424e44f438a95007d043ed5ceaaf6+rustflags=-Znext-solver=coherence for pr-133502-30
[INFO] running `Command { std: "git" "clone" "/workspace/cache/git-repos/https%3A%2F%2Fgithub.com%2Freezex0-ux%2Fweekly-usage-bar" "/workspace/builds/worker-1-tc1/source", kill_on_drop: false }`
[INFO] [stderr] Cloning into '/workspace/builds/worker-1-tc1/source'...
[INFO] [stderr] done.
[INFO] started tweaking git repo https://github.com/reezex0-ux/weekly-usage-bar
[INFO] finished tweaking git repo https://github.com/reezex0-ux/weekly-usage-bar
[INFO] tweaked toml for git repo https://github.com/reezex0-ux/weekly-usage-bar written to /workspace/builds/worker-1-tc1/source/Cargo.toml
[INFO] validating manifest of git repo https://github.com/reezex0-ux/weekly-usage-bar on toolchain 3154cc1a3e6424e44f438a95007d043ed5ceaaf6
[INFO] running `Command { std: CARGO_HOME="/workspace/cargo-home" RUSTUP_HOME="/workspace/rustup-home" "/workspace/cargo-home/bin/cargo" "+3154cc1a3e6424e44f438a95007d043ed5ceaaf6" "metadata" "--manifest-path" "Cargo.toml" "--no-deps", kill_on_drop: false }`
[INFO] crate git repo https://github.com/reezex0-ux/weekly-usage-bar already has a lockfile, it will not be regenerated
[INFO] running `Command { std: CARGO_HOME="/workspace/cargo-home" RUSTUP_HOME="/workspace/rustup-home" "/workspace/cargo-home/bin/cargo" "+3154cc1a3e6424e44f438a95007d043ed5ceaaf6" "fetch" "--manifest-path" "Cargo.toml", kill_on_drop: false }`
[INFO] running `Command { std: "docker" "create" "-v" "/var/lib/crater-agent-workspace/builds/worker-1-tc1/source:/opt/rustwide/workdir:ro,Z" "-v" "/var/lib/crater-agent-workspace/builds/worker-1-tc1/target:/opt/rustwide/target:rw,Z" "-v" "/var/lib/crater-agent-workspace/cargo-home:/opt/rustwide/cargo-home:ro,Z" "-v" "/var/lib/crater-agent-workspace/rustup-home:/opt/rustwide/rustup-home:ro,Z" "-m" "1610612736" "--network" "none" "ghcr.io/rust-lang/crates-build-env/linux@sha256:77db811e55d90add9212f6832c23229e3de5f1c1f9905e8cb07319ea15df73ac" "sleep" "infinity", kill_on_drop: false }`
[INFO] [stdout] d0f4dd94725bf9ecb66b8f788609111a5acf1714c547779e1deef1f03ac95ed0
[INFO] running `Command { std: "docker" "start" "d0f4dd94725bf9ecb66b8f788609111a5acf1714c547779e1deef1f03ac95ed0", kill_on_drop: false }`
[INFO] running `Command { std: "docker" "inspect" "d0f4dd94725bf9ecb66b8f788609111a5acf1714c547779e1deef1f03ac95ed0", kill_on_drop: false }`
[INFO] running `Command { std: "docker" "exec" "-e" "SOURCE_DIR=/opt/rustwide/workdir" "-e" "CARGO_HOME=/opt/rustwide/cargo-home" "-e" "RUSTUP_HOME=/opt/rustwide/rustup-home" "-e" "CARGO_TARGET_DIR=/opt/rustwide/target" "-w" "/opt/rustwide/workdir" "--user" "0:0" "d0f4dd94725bf9ecb66b8f788609111a5acf1714c547779e1deef1f03ac95ed0" "/opt/rustwide/cargo-home/bin/cargo" "+3154cc1a3e6424e44f438a95007d043ed5ceaaf6" "metadata" "--no-deps" "--format-version=1", kill_on_drop: false }`
[INFO] running `Command { std: "docker" "inspect" "d0f4dd94725bf9ecb66b8f788609111a5acf1714c547779e1deef1f03ac95ed0", kill_on_drop: false }`
[INFO] running `Command { std: "docker" "exec" "-e" "SOURCE_DIR=/opt/rustwide/workdir" "-e" "CARGO_HOME=/opt/rustwide/cargo-home" "-e" "RUSTUP_HOME=/opt/rustwide/rustup-home" "-e" "CARGO_TARGET_DIR=/opt/rustwide/target" "-e" "CARGO_INCREMENTAL=0" "-e" "RUST_BACKTRACE=full" "-e" "RUSTFLAGS=--cap-lints=forbid -Znext-solver=coherence" "-e" "RUSTDOCFLAGS=--cap-lints=forbid" "-w" "/opt/rustwide/workdir" "--user" "0:0" "d0f4dd94725bf9ecb66b8f788609111a5acf1714c547779e1deef1f03ac95ed0" "/opt/rustwide/cargo-home/bin/cargo" "+3154cc1a3e6424e44f438a95007d043ed5ceaaf6" "check" "--frozen" "--all" "--all-targets" "--message-format=json", kill_on_drop: false }`
[INFO] [stderr]    Compiling proc-macro2 v1.0.107
[INFO] [stderr]    Compiling quote v1.0.47
[INFO] [stderr]    Compiling windows_x86_64_gnu v0.52.6
[INFO] [stderr]    Compiling num-traits v0.2.19
[INFO] [stderr]    Compiling serde_core v1.0.229
[INFO] [stderr]     Checking iana-time-zone v0.1.65
[INFO] [stderr]     Checking windows-targets v0.52.6
[INFO] [stderr]     Checking windows-sys v0.59.0
[INFO] [stderr]    Compiling syn v3.0.5
[INFO] [stderr]     Checking chrono v0.4.45
[INFO] [stderr]     Checking serde_json v1.0.151
[INFO] [stderr]    Compiling serde_derive v1.0.229
[INFO] [stderr]     Checking serde v1.0.229
[INFO] [stderr]     Checking weekly-usage-bar v0.1.0 (/opt/rustwide/workdir)
[INFO] [stdout] error: Weekly Usage Bar currently supports Windows only.
[INFO] [stdout]  --> src/main.rs:4:1
[INFO] [stdout]   |
[INFO] [stdout] 4 | compile_error!("Weekly Usage Bar currently supports Windows only.");
[INFO] [stdout]   | ^^^^^^^^^^^^^^^^^^^^^^^^^^^^^^^^^^^^^^^^^^^^^^^^^^^^^^^^^^^^^^^^^^^
[INFO] [stdout] 
[INFO] [stdout] 
[INFO] [stdout] error: Weekly Usage Bar currently supports Windows only.
[INFO] [stdout]  --> src/main.rs:4:1
[INFO] [stdout]   |
[INFO] [stdout] 4 | compile_error!("Weekly Usage Bar currently supports Windows only.");
[INFO] [stdout]   | ^^^^^^^^^^^^^^^^^^^^^^^^^^^^^^^^^^^^^^^^^^^^^^^^^^^^^^^^^^^^^^^^^^^
[INFO] [stdout] 
[INFO] [stdout] 
[INFO] [stdout] error[E0433]: cannot find `windows` in `os`
[INFO] [stdout]  --> src/codex.rs:4:9
[INFO] [stdout]   |
[INFO] [stdout] 4 |     os::windows::process::CommandExt,
[INFO] [stdout]   |         ^^^^^^^ could not find `windows` in `os`
[INFO] [stdout]   |
[INFO] [stdout] note: found an item that was configured out
[INFO] [stdout]  --> /rustc/3154cc1a3e6424e44f438a95007d043ed5ceaaf6/library/std/src/os/mod.rs:62:4
[INFO] [stdout]   |
[INFO] [stdout]   = note: the item is gated behind the `windows` feature
[INFO] [stdout] 
[INFO] [stdout] 
[INFO] [stdout] error[E0433]: cannot find `windows` in `os`
[INFO] [stdout]  --> src/codex.rs:4:9
[INFO] [stdout]   |
[INFO] [stdout] 4 |     os::windows::process::CommandExt,
[INFO] [stdout]   |         ^^^^^^^ could not find `windows` in `os`
[INFO] [stdout]   |
[INFO] [stdout] note: found an item that was configured out
[INFO] [stdout]  --> /rustc/3154cc1a3e6424e44f438a95007d043ed5ceaaf6/library/std/src/os/mod.rs:62:4
[INFO] [stdout]   |
[INFO] [stdout]   = note: the item is gated behind the `windows` feature
[INFO] [stdout] 
[INFO] [stdout] 
[INFO] [stdout] error[E0599]: no method named `creation_flags` found for mutable reference `&mut Command` in the current scope
[INFO] [stdout]   --> src/codex.rs:70:10
[INFO] [stdout]    |
[INFO] [stdout] 65 |     Command::new(executable)
[INFO] [stdout] 66 |         .args(app_server_args())
[INFO] [stdout] 67 |         .stdin(Stdio::piped())
[INFO] [stdout] 68 |         .stdout(Stdio::piped())
[INFO] [stdout] 69 |         .stderr(Stdio::null())
[INFO] [stdout] 70 |         .creation_flags(CREATE_NO_WINDOW)
[INFO] [stdout]    |          ^^^^^^^^^^^^^^ method not found in `&mut Command`
[INFO] [stdout] 
[INFO] [stdout] 
[INFO] [stdout] error[E0599]: no method named `creation_flags` found for mutable reference `&mut Command` in the current scope
[INFO] [stdout]   --> src/codex.rs:70:10
[INFO] [stdout]    |
[INFO] [stdout] 65 |     Command::new(executable)
[INFO] [stdout] 66 |         .args(app_server_args())
[INFO] [stdout] 67 |         .stdin(Stdio::piped())
[INFO] [stdout] 68 |         .stdout(Stdio::piped())
[INFO] [stdout] 69 |         .stderr(Stdio::null())
[INFO] [stdout] 70 |         .creation_flags(CREATE_NO_WINDOW)
[INFO] [stdout]    |          ^^^^^^^^^^^^^^ method not found in `&mut Command`
[INFO] [stdout] 
[INFO] [stdout] 
[INFO] [stdout] Some errors have detailed explanations: E0433, E0599.
[INFO] [stdout] 
[INFO] [stdout] For more information about an error, try `rustc --explain E0433`.
[INFO] [stdout] 
[INFO] [stderr] error: could not compile `weekly-usage-bar` (bin "weekly-usage-bar") due to 3 previous errors
[INFO] [stderr] warning: build failed, waiting for other jobs to finish...
[INFO] [stdout] Some errors have detailed explanations: E0433, E0599.
[INFO] [stdout] 
[INFO] [stdout] For more information about an error, try `rustc --explain E0433`.
[INFO] [stdout] 
[INFO] [stderr] error: could not compile `weekly-usage-bar` (bin "weekly-usage-bar" test) due to 3 previous errors
[INFO] running `Command { std: "docker" "inspect" "d0f4dd94725bf9ecb66b8f788609111a5acf1714c547779e1deef1f03ac95ed0", kill_on_drop: false }`
[INFO] running `Command { std: "docker" "rm" "-f" "d0f4dd94725bf9ecb66b8f788609111a5acf1714c547779e1deef1f03ac95ed0", kill_on_drop: false }`
[INFO] [stdout] d0f4dd94725bf9ecb66b8f788609111a5acf1714c547779e1deef1f03ac95ed0
