[INFO] cloning repository https://github.com/redmoon0x/openpaw
[INFO] running `Command { std: "git" "-c" "credential.helper=" "-c" "credential.helper=/workspace/cargo-home/bin/git-credential-null" "clone" "--bare" "https://github.com/redmoon0x/openpaw" "/workspace/cache/git-repos/https%3A%2F%2Fgithub.com%2Fredmoon0x%2Fopenpaw", kill_on_drop: false }`
[INFO] [stderr] Cloning into bare repository '/workspace/cache/git-repos/https%3A%2F%2Fgithub.com%2Fredmoon0x%2Fopenpaw'...
[INFO] running `Command { std: "git" "rev-parse" "HEAD", kill_on_drop: false }`
[INFO] [stdout] be8952ed7bf15d5bb2f44855e756941fd71f7b99
[INFO] checking redmoon0x/openpaw against 3154cc1a3e6424e44f438a95007d043ed5ceaaf6+rustflags=-Znext-solver=coherence for pr-133502-30
[INFO] running `Command { std: "git" "clone" "/workspace/cache/git-repos/https%3A%2F%2Fgithub.com%2Fredmoon0x%2Fopenpaw" "/workspace/builds/worker-1-tc1/source", kill_on_drop: false }`
[INFO] [stderr] Cloning into '/workspace/builds/worker-1-tc1/source'...
[INFO] [stderr] done.
[INFO] started tweaking git repo https://github.com/redmoon0x/openpaw
[INFO] finished tweaking git repo https://github.com/redmoon0x/openpaw
[INFO] tweaked toml for git repo https://github.com/redmoon0x/openpaw written to /workspace/builds/worker-1-tc1/source/Cargo.toml
[INFO] validating manifest of git repo https://github.com/redmoon0x/openpaw on toolchain 3154cc1a3e6424e44f438a95007d043ed5ceaaf6
[INFO] running `Command { std: CARGO_HOME="/workspace/cargo-home" RUSTUP_HOME="/workspace/rustup-home" "/workspace/cargo-home/bin/cargo" "+3154cc1a3e6424e44f438a95007d043ed5ceaaf6" "metadata" "--manifest-path" "Cargo.toml" "--no-deps", kill_on_drop: false }`
[INFO] crate git repo https://github.com/redmoon0x/openpaw already has a lockfile, it will not be regenerated
[INFO] running `Command { std: CARGO_HOME="/workspace/cargo-home" RUSTUP_HOME="/workspace/rustup-home" "/workspace/cargo-home/bin/cargo" "+3154cc1a3e6424e44f438a95007d043ed5ceaaf6" "fetch" "--manifest-path" "Cargo.toml", kill_on_drop: false }`
[INFO] [stderr]     Blocking waiting for file lock on package cache
[INFO] [stderr]     Updating crates.io index
[INFO] [stderr]     Blocking waiting for file lock on package cache
[INFO] [stderr]  Downloading crates ...
[INFO] [stderr]   Downloaded teloxide-macros v0.10.0
[INFO] [stderr]   Downloaded teloxide v0.17.0
[INFO] [stderr]   Downloaded rc-box v1.3.0
[INFO] [stderr]   Downloaded erasable v1.3.0
[INFO] [stderr]   Downloaded dptree v0.5.1
[INFO] [stderr]   Downloaded teloxide-core v0.13.0
[INFO] [stderr]   Downloaded postgres v0.19.13
[INFO] [stderr]   Downloaded rusqlite v0.38.0
[INFO] [stderr]   Downloaded bufstream v0.1.4
[INFO] [stderr]   Downloaded imap-proto v0.10.2
[INFO] [stderr]   Downloaded imap v2.4.1
[INFO] [stderr]   Downloaded nom v5.1.3
[INFO] [stderr]   Downloaded lexical-core v0.7.6
[INFO] [stderr]   Downloaded libsqlite3-sys v0.36.0
[INFO] [stderr]   Downloaded sqlite-wasm-rs v0.5.3
[INFO] running `Command { std: "docker" "create" "-v" "/var/lib/crater-agent-workspace/builds/worker-1-tc1/source:/opt/rustwide/workdir:ro,Z" "-v" "/var/lib/crater-agent-workspace/builds/worker-1-tc1/target:/opt/rustwide/target:rw,Z" "-v" "/var/lib/crater-agent-workspace/cargo-home:/opt/rustwide/cargo-home:ro,Z" "-v" "/var/lib/crater-agent-workspace/rustup-home:/opt/rustwide/rustup-home:ro,Z" "-m" "1610612736" "--network" "none" "ghcr.io/rust-lang/crates-build-env/linux@sha256:77db811e55d90add9212f6832c23229e3de5f1c1f9905e8cb07319ea15df73ac" "sleep" "infinity", kill_on_drop: false }`
[INFO] [stdout] a8545834c2b2953e81919c00b823e0ec0471bc06d3395cec306d93d53894bbfc
[INFO] running `Command { std: "docker" "start" "a8545834c2b2953e81919c00b823e0ec0471bc06d3395cec306d93d53894bbfc", kill_on_drop: false }`
[INFO] running `Command { std: "docker" "inspect" "a8545834c2b2953e81919c00b823e0ec0471bc06d3395cec306d93d53894bbfc", kill_on_drop: false }`
[INFO] running `Command { std: "docker" "exec" "-e" "SOURCE_DIR=/opt/rustwide/workdir" "-e" "CARGO_HOME=/opt/rustwide/cargo-home" "-e" "RUSTUP_HOME=/opt/rustwide/rustup-home" "-e" "CARGO_TARGET_DIR=/opt/rustwide/target" "-w" "/opt/rustwide/workdir" "--user" "0:0" "a8545834c2b2953e81919c00b823e0ec0471bc06d3395cec306d93d53894bbfc" "/opt/rustwide/cargo-home/bin/cargo" "+3154cc1a3e6424e44f438a95007d043ed5ceaaf6" "metadata" "--no-deps" "--format-version=1", kill_on_drop: false }`
[INFO] running `Command { std: "docker" "inspect" "a8545834c2b2953e81919c00b823e0ec0471bc06d3395cec306d93d53894bbfc", kill_on_drop: false }`
[INFO] running `Command { std: "docker" "exec" "-e" "SOURCE_DIR=/opt/rustwide/workdir" "-e" "CARGO_HOME=/opt/rustwide/cargo-home" "-e" "RUSTUP_HOME=/opt/rustwide/rustup-home" "-e" "CARGO_TARGET_DIR=/opt/rustwide/target" "-e" "CARGO_INCREMENTAL=0" "-e" "RUST_BACKTRACE=full" "-e" "RUSTFLAGS=--cap-lints=forbid -Znext-solver=coherence" "-e" "RUSTDOCFLAGS=--cap-lints=forbid" "-w" "/opt/rustwide/workdir" "--user" "0:0" "a8545834c2b2953e81919c00b823e0ec0471bc06d3395cec306d93d53894bbfc" "/opt/rustwide/cargo-home/bin/cargo" "+3154cc1a3e6424e44f438a95007d043ed5ceaaf6" "check" "--frozen" "--all" "--all-targets" "--message-format=json", kill_on_drop: false }`
[INFO] [stderr]     Checking memchr v2.8.0
[INFO] [stderr]    Compiling futures-macro v0.3.32
[INFO] [stderr]    Compiling cmake v0.1.58
[INFO] [stderr]     Checking tokio v1.52.3
[INFO] [stderr]     Checking tracing v0.1.44
[INFO] [stderr]    Compiling ring v0.17.14
[INFO] [stderr]    Compiling aws-lc-rs v1.17.0
[INFO] [stderr]     Checking crypto-common v0.1.7
[INFO] [stderr]     Checking serde v1.0.228
[INFO] [stderr]    Compiling darling_core v0.23.0
[INFO] [stderr]    Compiling rustls v0.23.40
[INFO] [stderr]     Checking cmov v0.5.3
[INFO] [stderr]     Checking crypto-common v0.2.1
[INFO] [stderr]     Checking either v1.15.0
[INFO] [stderr]    Compiling num-traits v0.2.19
[INFO] [stderr]    Compiling mime_guess v2.0.5
[INFO] [stderr]     Checking idna v1.1.0
[INFO] [stderr]    Compiling ar_archive_writer v0.5.1
[INFO] [stderr]     Checking getrandom v0.3.4
[INFO] [stderr]     Checking webpki-roots v1.0.7
[INFO] [stderr]    Compiling erasable v1.3.0
[INFO] [stderr]    Compiling aws-lc-sys v0.41.0
[INFO] [stderr]     Checking ctutils v0.4.2
[INFO] [stderr]     Checking aho-corasick v1.1.4
[INFO] [stderr]    Compiling lexical-core v0.7.6
[INFO] [stderr]     Checking rand_core v0.9.5
[INFO] [stderr]     Checking digest v0.10.7
[INFO] [stderr]     Checking serde_json v1.0.149
[INFO] [stderr]     Checking signal-hook v0.3.18
[INFO] [stderr]     Checking serde_urlencoded v0.7.1
[INFO] [stderr]     Checking url v2.5.8
[INFO] [stderr]    Compiling stacker v0.1.24
[INFO] [stderr]    Compiling nom v5.1.3
[INFO] [stderr]     Checking http-range-header v0.4.2
[INFO] [stderr]    Compiling instability v0.3.12
[INFO] [stderr]     Checking arrayvec v0.5.2
[INFO] [stderr]     Checking signal-hook-mio v0.2.5
[INFO] [stderr]    Compiling derive_more-impl v1.0.0
[INFO] [stderr]     Checking rustix v0.38.44
[INFO] [stderr]     Checking futures-util v0.3.32
[INFO] [stderr]     Checking rand_chacha v0.9.0
[INFO] [stderr]     Checking chrono v0.4.44
[INFO] [stderr]     Checking itertools v0.13.0
[INFO] [stderr]     Checking castaway v0.2.4
[INFO] [stderr]    Compiling strum_macros v0.26.4
[INFO] [stderr]     Checking inout v0.1.4
[INFO] [stderr]     Checking digest v0.11.3
[INFO] [stderr]     Checking regex-automata v0.4.14
[INFO] [stderr]    Compiling libsqlite3-sys v0.36.0
[INFO] [stderr]    Compiling psm v0.1.31
[INFO] [stderr]     Checking hmac v0.13.0
[INFO] [stderr]     Checking sha2 v0.11.0
[INFO] [stderr]     Checking md-5 v0.11.0
[INFO] [stderr]    Compiling proc-macro-error-attr2 v2.0.0
[INFO] [stderr]    Compiling include_dir_macros v0.7.4
[INFO] [stderr]     Checking bytemuck v1.25.0
[INFO] [stderr]     Checking rgb v0.8.53
[INFO] [stderr]     Checking hashbrown v0.16.1
[INFO] [stderr]    Compiling proc-macro-error2 v2.0.1
[INFO] [stderr]    Compiling include_dir v0.7.4
[INFO] [stderr]     Checking crossterm v0.28.1
[INFO] [stderr]     Checking cipher v0.4.4
[INFO] [stderr]     Checking compact_str v0.8.1
[INFO] [stderr]     Checking postgres-protocol v0.6.11
[INFO] [stderr]     Checking rand v0.9.4
[INFO] [stderr]     Checking rc-box v1.3.0
[INFO] [stderr]     Checking unicode-truncate v1.1.0
[INFO] [stderr]     Checking rayon-core v1.13.0
[INFO] [stderr]     Checking sha1 v0.10.6
[INFO] [stderr]     Checking universal-hash v0.5.1
[INFO] [stderr]     Checking uuid v1.23.1
[INFO] [stderr]    Compiling thiserror-impl v1.0.69
[INFO] [stderr]     Checking postgres-types v0.2.13
[INFO] [stderr]     Checking whoami v2.1.2
[INFO] [stderr]     Checking winnow v1.0.3
[INFO] [stderr]     Checking data-encoding v2.11.0
[INFO] [stderr]     Checking colored v3.1.1
[INFO] [stderr]    Compiling pulldown-cmark v0.13.3
[INFO] [stderr]     Checking take_mut v0.2.2
[INFO] [stderr]     Checking takecell v0.1.1
[INFO] [stderr]     Checking rayon v1.12.0
[INFO] [stderr]     Checking dirs-sys v0.5.0
[INFO] [stderr]     Checking tungstenite v0.26.2
[INFO] [stderr]     Checking poly1305 v0.8.0
[INFO] [stderr]     Checking hashlink v0.11.0
[INFO] [stderr]     Checking strum v0.26.3
[INFO] [stderr]     Checking derive_more v1.0.0
[INFO] [stderr]     Checking toml_parser v1.1.2+spec-1.1.0
[INFO] [stderr]     Checking chacha20 v0.9.1
[INFO] [stderr]    Compiling aquamarine v0.6.0
[INFO] [stderr]     Checking email-encoding v0.4.1
[INFO] [stderr]     Checking nom v8.0.0
[INFO] [stderr]    Compiling darling_macro v0.23.0
[INFO] [stderr]     Checking axum-core v0.5.6
[INFO] [stderr]     Checking thiserror v1.0.69
[INFO] [stderr]     Checking console v0.15.11
[INFO] [stderr]     Checking getopts v0.2.24
[INFO] [stderr]     Checking aead v0.5.2
[INFO] [stderr]    Compiling darling v0.23.0
[INFO] [stderr]    Compiling serde_with_macros v3.20.0
[INFO] [stderr]    Compiling teloxide-macros v0.10.0
[INFO] [stderr]    Compiling clap_derive v4.6.1
[INFO] [stderr]     Checking futures-executor v0.3.32
[INFO] [stderr]     Checking imap-proto v0.10.2
[INFO] [stderr]     Checking futures v0.3.32
[INFO] [stderr]     Checking dptree v0.5.1
[INFO] [stderr]     Checking tracing-log v0.2.0
[INFO] [stderr]     Checking toml_datetime v1.1.1+spec-1.1.0
[INFO] [stderr]     Checking serde_spanned v1.1.1
[INFO] [stderr]     Checking hostname v0.4.2
[INFO] [stderr]     Checking bufstream v0.1.4
[INFO] [stderr]     Checking ratatui v0.29.0
[INFO] [stderr]     Checking quoted_printable v0.5.2
[INFO] [stderr]     Checking email_address v0.2.9
[INFO] [stderr]     Checking toml v1.1.2+spec-1.1.0
[INFO] [stderr]     Checking dialoguer v0.11.0
[INFO] [stderr]     Checking chacha20poly1305 v0.10.1
[INFO] [stderr]     Checking chrono-tz v0.10.4
[INFO] [stderr]     Checking regex v1.12.3
[INFO] [stderr]     Checking matchers v0.2.0
[INFO] [stderr]     Checking serde_with v3.20.0
[INFO] [stderr]     Checking tracing-subscriber v0.3.23
[INFO] [stderr]     Checking dirs v6.0.0
[INFO] [stderr]     Checking sha2 v0.10.9
[INFO] [stderr]     Checking crossbeam-channel v0.5.15
[INFO] [stderr]     Checking imap v2.4.1
[INFO] [stderr]     Checking which v8.0.2
[INFO] [stderr]     Checking md5 v0.7.0
[INFO] [stderr]     Checking tokio-util v0.7.18
[INFO] [stderr]     Checking tower v0.5.3
[INFO] [stderr]     Checking tokio-native-tls v0.3.1
[INFO] [stderr]     Checking tokio-stream v0.1.18
[INFO] [stderr]     Checking sysinfo v0.33.1
[INFO] [stderr]     Checking clap v4.6.1
[INFO] [stderr]     Checking h2 v0.4.14
[INFO] [stderr]     Checking tower-http v0.6.10
[INFO] [stderr]     Checking tokio-postgres v0.7.17
[INFO] [stderr]     Checking tui-input v0.11.1
[INFO] [stderr]     Checking postgres v0.19.13
[INFO] [stderr]     Checking hyper v1.9.0
[INFO] [stderr]     Checking hyper-util v0.1.20
[INFO] [stderr]     Checking hyper-tls v0.6.0
[INFO] [stderr]     Checking axum v0.8.9
[INFO] [stderr]     Checking rusqlite v0.38.0
[INFO] [stderr]     Checking rustls-webpki v0.103.13
[INFO] [stderr]     Checking tokio-rustls v0.26.4
[INFO] [stderr]     Checking tokio-tungstenite v0.26.2
[INFO] [stderr]     Checking hyper-rustls v0.27.9
[INFO] [stderr]     Checking lettre v0.11.22
[INFO] [stderr]     Checking reqwest v0.12.28
[INFO] [stderr]     Checking teloxide-core v0.13.0
[INFO] [stderr]     Checking teloxide v0.17.0
[INFO] [stderr]     Checking openpaw v0.1.0 (/opt/rustwide/workdir)
[INFO] [stdout] error[E0433]: cannot find type `Command` in this scope
[INFO] [stdout]   --> src/service.rs:65:13
[INFO] [stdout]    |
[INFO] [stdout] 65 |             Command::new("systemctl")
[INFO] [stdout]    |             ^^^^^^^ use of undeclared type `Command`
[INFO] [stdout]    |
[INFO] [stdout] help: consider importing one of these items
[INFO] [stdout]    |
[INFO] [stdout]  1 + use crate::agent::commands::Command;
[INFO] [stdout]    |
[INFO] [stdout]  1 + use std::process::Command;
[INFO] [stdout]    |
[INFO] [stdout]  1 + use clap::Command;
[INFO] [stdout]    |
[INFO] [stdout]  1 + use crossterm::Command;
[INFO] [stdout]    |
[INFO] [stdout]    = and 1 other candidate
[INFO] [stdout] 
[INFO] [stdout] 
[INFO] [stdout] error[E0433]: cannot find type `Command` in this scope
[INFO] [stdout]   --> src/service.rs:84:13
[INFO] [stdout]    |
[INFO] [stdout] 84 |             Command::new("systemctl")
[INFO] [stdout]    |             ^^^^^^^ use of undeclared type `Command`
[INFO] [stdout]    |
[INFO] [stdout] help: consider importing one of these items
[INFO] [stdout]    |
[INFO] [stdout]  1 + use crate::agent::commands::Command;
[INFO] [stdout]    |
[INFO] [stdout]  1 + use std::process::Command;
[INFO] [stdout]    |
[INFO] [stdout]  1 + use clap::Command;
[INFO] [stdout]    |
[INFO] [stdout]  1 + use crossterm::Command;
[INFO] [stdout]    |
[INFO] [stdout]    = and 1 other candidate
[INFO] [stdout] 
[INFO] [stdout] 
[INFO] [stdout] error[E0433]: cannot find type `Command` in this scope
[INFO] [stdout]    --> src/service.rs:108:13
[INFO] [stdout]     |
[INFO] [stdout] 108 |             Command::new("systemctl")
[INFO] [stdout]     |             ^^^^^^^ use of undeclared type `Command`
[INFO] [stdout]     |
[INFO] [stdout] help: consider importing one of these items
[INFO] [stdout]     |
[INFO] [stdout]   1 + use crate::agent::commands::Command;
[INFO] [stdout]     |
[INFO] [stdout]   1 + use std::process::Command;
[INFO] [stdout]     |
[INFO] [stdout]   1 + use clap::Command;
[INFO] [stdout]     |
[INFO] [stdout]   1 + use crossterm::Command;
[INFO] [stdout]     |
[INFO] [stdout]     = and 1 other candidate
[INFO] [stdout] 
[INFO] [stdout] 
[INFO] [stdout] warning: unused imports: `ClearType` and `Clear`
[INFO] [stdout]  --> src/channels/cli.rs:7:22
[INFO] [stdout]   |
[INFO] [stdout] 7 |     terminal::{self, Clear, ClearType},
[INFO] [stdout]   |                      ^^^^^  ^^^^^^^^^
[INFO] [stdout]   |
[INFO] [stdout]   = note: `#[warn(unused_imports)]` (part of `#[warn(unused)]`) on by default
[INFO] [stdout] 
[INFO] [stdout] 
[INFO] [stdout] error[E0433]: cannot find type `Command` in this scope
[INFO] [stdout]   --> src/service.rs:65:13
[INFO] [stdout]    |
[INFO] [stdout] 65 |             Command::new("systemctl")
[INFO] [stdout]    |             ^^^^^^^ use of undeclared type `Command`
[INFO] [stdout]    |
[INFO] [stdout]    = note: struct `crate::providers::gemini_cli::tests::Command` exists but is inaccessible
[INFO] [stdout] help: consider importing one of these items
[INFO] [stdout]    |
[INFO] [stdout]  1 + use crate::agent::commands::Command;
[INFO] [stdout]    |
[INFO] [stdout]  1 + use std::process::Command;
[INFO] [stdout]    |
[INFO] [stdout]  1 + use clap::Command;
[INFO] [stdout]    |
[INFO] [stdout]  1 + use crossterm::Command;
[INFO] [stdout]    |
[INFO] [stdout]    = and 1 other candidate
[INFO] [stdout] 
[INFO] [stdout] 
[INFO] [stdout] warning: unused import: `crate::channels::email::EmailChannel`
[INFO] [stdout]    --> src/daemon.rs:527:5
[INFO] [stdout]     |
[INFO] [stdout] 527 | use crate::channels::email::EmailChannel;
[INFO] [stdout]     |     ^^^^^^^^^^^^^^^^^^^^^^^^^^^^^^^^^^^^
[INFO] [stdout] 
[INFO] [stdout] 
[INFO] [stdout] error[E0433]: cannot find type `Command` in this scope
[INFO] [stdout]   --> src/service.rs:84:13
[INFO] [stdout]    |
[INFO] [stdout] 84 |             Command::new("systemctl")
[INFO] [stdout]    |             ^^^^^^^ use of undeclared type `Command`
[INFO] [stdout]    |
[INFO] [stdout]    = note: struct `crate::providers::gemini_cli::tests::Command` exists but is inaccessible
[INFO] [stdout] help: consider importing one of these items
[INFO] [stdout]    |
[INFO] [stdout]  1 + use crate::agent::commands::Command;
[INFO] [stdout]    |
[INFO] [stdout]  1 + use std::process::Command;
[INFO] [stdout]    |
[INFO] [stdout]  1 + use clap::Command;
[INFO] [stdout]    |
[INFO] [stdout]  1 + use crossterm::Command;
[INFO] [stdout]    |
[INFO] [stdout]    = and 1 other candidate
[INFO] [stdout] 
[INFO] [stdout] 
[INFO] [stdout] warning: unused imports: `CircuitAwareFallbackProvider` and `FallbackProvider`
[INFO] [stdout]   --> src/providers/factory.rs:13:34
[INFO] [stdout]    |
[INFO] [stdout] 13 | use crate::providers::fallback::{CircuitAwareFallbackProvider, FallbackProvider};
[INFO] [stdout]    |                                  ^^^^^^^^^^^^^^^^^^^^^^^^^^^^  ^^^^^^^^^^^^^^^^
[INFO] [stdout] 
[INFO] [stdout] 
[INFO] [stdout] warning: unused import: `crate::observability::ObserverMetric`
[INFO] [stdout]    --> src/providers/fallback.rs:212:9
[INFO] [stdout]     |
[INFO] [stdout] 212 |     use crate::observability::ObserverMetric;
[INFO] [stdout]     |         ^^^^^^^^^^^^^^^^^^^^^^^^^^^^^^^^^^^^
[INFO] [stdout] 
[INFO] [stdout] 
[INFO] [stdout] warning: unused import: `tokio::process::Command`
[INFO] [stdout]   --> src/tools/i2c.rs:36:9
[INFO] [stdout]    |
[INFO] [stdout] 36 |     use tokio::process::Command;
[INFO] [stdout]    |         ^^^^^^^^^^^^^^^^^^^^^^^
[INFO] [stdout] 
[INFO] [stdout] 
[INFO] [stdout] error[E0433]: cannot find type `Command` in this scope
[INFO] [stdout]    --> src/service.rs:108:13
[INFO] [stdout]     |
[INFO] [stdout] 108 |             Command::new("systemctl")
[INFO] [stdout]     |             ^^^^^^^ use of undeclared type `Command`
[INFO] [stdout]     |
[INFO] [stdout]     = note: struct `crate::providers::gemini_cli::tests::Command` exists but is inaccessible
[INFO] [stdout] help: consider importing one of these items
[INFO] [stdout]     |
[INFO] [stdout]   1 + use crate::agent::commands::Command;
[INFO] [stdout]     |
[INFO] [stdout]   1 + use std::process::Command;
[INFO] [stdout]     |
[INFO] [stdout]   1 + use clap::Command;
[INFO] [stdout]     |
[INFO] [stdout]   1 + use crossterm::Command;
[INFO] [stdout]     |
[INFO] [stdout]     = and 1 other candidate
[INFO] [stdout] 
[INFO] [stdout] 
[INFO] [stdout] warning: unused imports: `ClearType` and `Clear`
[INFO] [stdout]  --> src/channels/cli.rs:7:22
[INFO] [stdout]   |
[INFO] [stdout] 7 |     terminal::{self, Clear, ClearType},
[INFO] [stdout]   |                      ^^^^^  ^^^^^^^^^
[INFO] [stdout]   |
[INFO] [stdout]   = note: `#[warn(unused_imports)]` (part of `#[warn(unused)]`) on by default
[INFO] [stdout] 
[INFO] [stdout] 
[INFO] [stdout] warning: unused import: `crate::channels::email::EmailChannel`
[INFO] [stdout]    --> src/daemon.rs:527:5
[INFO] [stdout]     |
[INFO] [stdout] 527 | use crate::channels::email::EmailChannel;
[INFO] [stdout]     |     ^^^^^^^^^^^^^^^^^^^^^^^^^^^^^^^^^^^^
[INFO] [stdout] 
[INFO] [stdout] 
[INFO] [stdout] warning: unused imports: `CircuitAwareFallbackProvider` and `FallbackProvider`
[INFO] [stdout]   --> src/providers/factory.rs:13:34
[INFO] [stdout]    |
[INFO] [stdout] 13 | use crate::providers::fallback::{CircuitAwareFallbackProvider, FallbackProvider};
[INFO] [stdout]    |                                  ^^^^^^^^^^^^^^^^^^^^^^^^^^^^  ^^^^^^^^^^^^^^^^
[INFO] [stdout] 
[INFO] [stdout] 
[INFO] [stdout] warning: unused import: `crate::observability::ObserverMetric`
[INFO] [stdout]    --> src/providers/fallback.rs:212:9
[INFO] [stdout]     |
[INFO] [stdout] 212 |     use crate::observability::ObserverMetric;
[INFO] [stdout]     |         ^^^^^^^^^^^^^^^^^^^^^^^^^^^^^^^^^^^^
[INFO] [stdout] 
[INFO] [stdout] 
[INFO] [stdout] warning: unused import: `tokio::process::Command`
[INFO] [stdout]   --> src/tools/i2c.rs:36:9
[INFO] [stdout]    |
[INFO] [stdout] 36 |     use tokio::process::Command;
[INFO] [stdout]    |         ^^^^^^^^^^^^^^^^^^^^^^^
[INFO] [stdout] 
[INFO] [stdout] 
[INFO] [stdout] warning: unused variable: `raw`
[INFO] [stdout]    --> src/channels/email.rs:359:13
[INFO] [stdout]     |
[INFO] [stdout] 359 |         let raw = b"From: \"John Doe\"\r\n <john@example.com>\r\nSubject: Hello\r\n";
[INFO] [stdout]     |             ^^^ help: if this is intentional, prefix it with an underscore: `_raw`
[INFO] [stdout]     |
[INFO] [stdout]     = note: `#[warn(unused_variables)]` (part of `#[warn(unused)]`) on by default
[INFO] [stdout] 
[INFO] [stdout] 
[INFO] [stdout] warning: unused variable: `provider`
[INFO] [stdout]    --> src/dialectic_enhanced.rs:254:5
[INFO] [stdout]     |
[INFO] [stdout] 254 |     provider: Option<Arc<dyn crate::providers::Provider>>,
[INFO] [stdout]     |     ^^^^^^^^ help: if this is intentional, prefix it with an underscore: `_provider`
[INFO] [stdout]     |
[INFO] [stdout]     = note: `#[warn(unused_variables)]` (part of `#[warn(unused)]`) on by default
[INFO] [stdout] 
[INFO] [stdout] 
[INFO] [stdout] warning: unused variable: `model_name`
[INFO] [stdout]    --> src/dialectic_enhanced.rs:255:5
[INFO] [stdout]     |
[INFO] [stdout] 255 |     model_name: Option<&str>,
[INFO] [stdout]     |     ^^^^^^^^^^ help: if this is intentional, prefix it with an underscore: `_model_name`
[INFO] [stdout] 
[INFO] [stdout] 
[INFO] [stdout] warning: unused variable: `i`
[INFO] [stdout]    --> src/dialectic_enhanced.rs:304:10
[INFO] [stdout]     |
[INFO] [stdout] 304 |     for (i, line) in lines.iter().enumerate() {
[INFO] [stdout]     |          ^ help: if this is intentional, prefix it with an underscore: `_i`
[INFO] [stdout] 
[INFO] [stdout] 
[INFO] [stdout] warning: unused variable: `provider`
[INFO] [stdout]    --> src/dialectic_enhanced.rs:254:5
[INFO] [stdout]     |
[INFO] [stdout] 254 |     provider: Option<Arc<dyn crate::providers::Provider>>,
[INFO] [stdout]     |     ^^^^^^^^ help: if this is intentional, prefix it with an underscore: `_provider`
[INFO] [stdout] 
[INFO] [stdout] 
[INFO] [stdout] warning: unused variable: `model_name`
[INFO] [stdout]    --> src/dialectic_enhanced.rs:255:5
[INFO] [stdout]     |
[INFO] [stdout] 255 |     model_name: Option<&str>,
[INFO] [stdout]     |     ^^^^^^^^^^ help: if this is intentional, prefix it with an underscore: `_model_name`
[INFO] [stdout] 
[INFO] [stdout] 
[INFO] [stdout] warning: unused variable: `i`
[INFO] [stdout]    --> src/dialectic_enhanced.rs:304:10
[INFO] [stdout]     |
[INFO] [stdout] 304 |     for (i, line) in lines.iter().enumerate() {
[INFO] [stdout]     |          ^ help: if this is intentional, prefix it with an underscore: `_i`
[INFO] [stdout] 
[INFO] [stdout] 
[INFO] [stdout] warning: unused variable: `limit`
[INFO] [stdout]   --> src/memory/mod.rs:95:26
[INFO] [stdout]    |
[INFO] [stdout] 95 |     fn get_recent(&self, limit: usize) -> Result<Vec<MemoryEntry>> {
[INFO] [stdout]    |                          ^^^^^ help: if this is intentional, prefix it with an underscore: `_limit`
[INFO] [stdout] 
[INFO] [stdout] 
[INFO] [stdout] warning: unused variable: `limit`
[INFO] [stdout]   --> src/memory/mod.rs:95:26
[INFO] [stdout]    |
[INFO] [stdout] 95 |     fn get_recent(&self, limit: usize) -> Result<Vec<MemoryEntry>> {
[INFO] [stdout]    |                          ^^^^^ help: if this is intentional, prefix it with an underscore: `_limit`
[INFO] [stdout] 
[INFO] [stdout] 
[INFO] [stdout] warning: unused variable: `reg_str`
[INFO] [stdout]   --> src/tools/i2c.rs:79:25
[INFO] [stdout]    |
[INFO] [stdout] 79 |                     let reg_str = format!("0x{:02x}", reg);
[INFO] [stdout]    |                         ^^^^^^^ help: if this is intentional, prefix it with an underscore: `_reg_str`
[INFO] [stdout] 
[INFO] [stdout] 
[INFO] [stdout] warning: unused variable: `reg_str`
[INFO] [stdout]   --> src/tools/i2c.rs:79:25
[INFO] [stdout]    |
[INFO] [stdout] 79 |                     let reg_str = format!("0x{:02x}", reg);
[INFO] [stdout]    |                         ^^^^^^^ help: if this is intentional, prefix it with an underscore: `_reg_str`
[INFO] [stdout] 
[INFO] [stdout] 
[INFO] [stdout] For more information about this error, try `rustc --explain E0433`.
[INFO] [stdout] 
[INFO] [stderr] error: could not compile `openpaw` (bin "openpaw") due to 3 previous errors; 10 warnings emitted
[INFO] [stderr] warning: build failed, waiting for other jobs to finish...
[INFO] [stdout] For more information about this error, try `rustc --explain E0433`.
[INFO] [stdout] 
[INFO] [stderr] error: could not compile `openpaw` (bin "openpaw" test) due to 3 previous errors; 11 warnings emitted
[INFO] [stderr] warning: unused dependency `dialoguer`
[INFO] [stderr]   --> Cargo.toml:43:15
[INFO] [stderr]    |
[INFO] [stderr] 43 | [dependencies.dialoguer]
[INFO] [stderr]    |               ^^^^^^^^^^
[INFO] [stderr]    |
[INFO] [stderr]    = note: `cargo::unused_dependencies` is set to `warn` by default
[INFO] [stderr] help: consider removing the dependency on `dialoguer`
[INFO] [stderr] warning: unused dependency `dotenvy`
[INFO] [stderr]  --> Cargo.toml:9:1
[INFO] [stderr]   |
[INFO] [stderr] 9 | dotenvy = "0.15.7"
[INFO] [stderr]   | ^^^^^^^^^^^^^^^^^^
[INFO] [stderr]   |
[INFO] [stderr] help: consider removing the dependency on `dotenvy`
[INFO] [stderr] warning: unused dependency `teloxide`
[INFO] [stderr]   --> Cargo.toml:89:15
[INFO] [stderr]    |
[INFO] [stderr] 89 | [dependencies.teloxide]
[INFO] [stderr]    |               ^^^^^^^^^
[INFO] [stderr]    |
[INFO] [stderr] help: consider removing the dependency on `teloxide`
[INFO] [stderr] warning: `openpaw` (manifest) generated 3 warnings
[INFO] running `Command { std: "docker" "inspect" "a8545834c2b2953e81919c00b823e0ec0471bc06d3395cec306d93d53894bbfc", kill_on_drop: false }`
[INFO] running `Command { std: "docker" "rm" "-f" "a8545834c2b2953e81919c00b823e0ec0471bc06d3395cec306d93d53894bbfc", kill_on_drop: false }`
[INFO] [stdout] a8545834c2b2953e81919c00b823e0ec0471bc06d3395cec306d93d53894bbfc
