[INFO] cloning repository https://github.com/realahmad07/Real-Layer
[INFO] running `Command { std: "git" "-c" "credential.helper=" "-c" "credential.helper=/workspace/cargo-home/bin/git-credential-null" "clone" "--bare" "https://github.com/realahmad07/Real-Layer" "/workspace/cache/git-repos/https%3A%2F%2Fgithub.com%2Frealahmad07%2FReal-Layer", kill_on_drop: false }`
[INFO] [stderr] Cloning into bare repository '/workspace/cache/git-repos/https%3A%2F%2Fgithub.com%2Frealahmad07%2FReal-Layer'...
[INFO] running `Command { std: "git" "rev-parse" "HEAD", kill_on_drop: false }`
[INFO] [stdout] d09adbd58e2d7f4323eac335eefbdc6eb5b2da87
[INFO] checking realahmad07/Real-Layer against 3154cc1a3e6424e44f438a95007d043ed5ceaaf6 for pr-133502-30
[INFO] running `Command { std: "git" "clone" "/workspace/cache/git-repos/https%3A%2F%2Fgithub.com%2Frealahmad07%2FReal-Layer" "/workspace/builds/worker-7-tc2/source", kill_on_drop: false }`
[INFO] [stderr] Cloning into '/workspace/builds/worker-7-tc2/source'...
[INFO] [stderr] done.
[INFO] removed /workspace/builds/worker-7-tc2/source/.cargo/config.toml
[INFO] started tweaking git repo https://github.com/realahmad07/Real-Layer
[INFO] finished tweaking git repo https://github.com/realahmad07/Real-Layer
[INFO] tweaked toml for git repo https://github.com/realahmad07/Real-Layer written to /workspace/builds/worker-7-tc2/source/Cargo.toml
[INFO] validating manifest of git repo https://github.com/realahmad07/Real-Layer on toolchain 3154cc1a3e6424e44f438a95007d043ed5ceaaf6
[INFO] running `Command { std: CARGO_HOME="/workspace/cargo-home" RUSTUP_HOME="/workspace/rustup-home" "/workspace/cargo-home/bin/cargo" "+3154cc1a3e6424e44f438a95007d043ed5ceaaf6" "metadata" "--manifest-path" "Cargo.toml" "--no-deps", kill_on_drop: false }`
[INFO] crate git repo https://github.com/realahmad07/Real-Layer already has a lockfile, it will not be regenerated
[INFO] running `Command { std: CARGO_HOME="/workspace/cargo-home" RUSTUP_HOME="/workspace/rustup-home" "/workspace/cargo-home/bin/cargo" "+3154cc1a3e6424e44f438a95007d043ed5ceaaf6" "fetch" "--manifest-path" "Cargo.toml", kill_on_drop: false }`
[INFO] running `Command { std: "docker" "create" "-v" "/var/lib/crater-agent-workspace/builds/worker-7-tc2/source:/opt/rustwide/workdir:ro,Z" "-v" "/var/lib/crater-agent-workspace/builds/worker-7-tc2/target:/opt/rustwide/target:rw,Z" "-v" "/var/lib/crater-agent-workspace/cargo-home:/opt/rustwide/cargo-home:ro,Z" "-v" "/var/lib/crater-agent-workspace/rustup-home:/opt/rustwide/rustup-home:ro,Z" "-m" "1610612736" "--network" "none" "ghcr.io/rust-lang/crates-build-env/linux@sha256:77db811e55d90add9212f6832c23229e3de5f1c1f9905e8cb07319ea15df73ac" "sleep" "infinity", kill_on_drop: false }`
[INFO] [stdout] 04ab3bb93f048d174d0fb83e08572d7cad224fe8d07d0edf0c895a2c23e42695
[INFO] running `Command { std: "docker" "start" "04ab3bb93f048d174d0fb83e08572d7cad224fe8d07d0edf0c895a2c23e42695", kill_on_drop: false }`
[INFO] running `Command { std: "docker" "inspect" "04ab3bb93f048d174d0fb83e08572d7cad224fe8d07d0edf0c895a2c23e42695", kill_on_drop: false }`
[INFO] running `Command { std: "docker" "exec" "-e" "SOURCE_DIR=/opt/rustwide/workdir" "-e" "CARGO_HOME=/opt/rustwide/cargo-home" "-e" "RUSTUP_HOME=/opt/rustwide/rustup-home" "-e" "CARGO_TARGET_DIR=/opt/rustwide/target" "-w" "/opt/rustwide/workdir" "--user" "0:0" "04ab3bb93f048d174d0fb83e08572d7cad224fe8d07d0edf0c895a2c23e42695" "/opt/rustwide/cargo-home/bin/cargo" "+3154cc1a3e6424e44f438a95007d043ed5ceaaf6" "metadata" "--no-deps" "--format-version=1", kill_on_drop: false }`
[INFO] running `Command { std: "docker" "inspect" "04ab3bb93f048d174d0fb83e08572d7cad224fe8d07d0edf0c895a2c23e42695", kill_on_drop: false }`
[INFO] running `Command { std: "docker" "exec" "-e" "SOURCE_DIR=/opt/rustwide/workdir" "-e" "CARGO_HOME=/opt/rustwide/cargo-home" "-e" "RUSTUP_HOME=/opt/rustwide/rustup-home" "-e" "CARGO_TARGET_DIR=/opt/rustwide/target" "-e" "CARGO_INCREMENTAL=0" "-e" "RUST_BACKTRACE=full" "-e" "RUSTFLAGS=--cap-lints=forbid" "-e" "RUSTDOCFLAGS=--cap-lints=forbid" "-w" "/opt/rustwide/workdir" "--user" "0:0" "04ab3bb93f048d174d0fb83e08572d7cad224fe8d07d0edf0c895a2c23e42695" "/opt/rustwide/cargo-home/bin/cargo" "+3154cc1a3e6424e44f438a95007d043ed5ceaaf6" "check" "--frozen" "--all" "--all-targets" "--message-format=json", kill_on_drop: false }`
[INFO] [stderr]     Checking futures-core v0.3.34
[INFO] [stderr]    Compiling zeroize_derive v1.5.0
[INFO] [stderr]    Compiling displaydoc v0.2.7
[INFO] [stderr]     Checking crypto-common v0.1.7
[INFO] [stderr]     Checking zerofrom v0.1.8
[INFO] [stderr]     Checking smallvec v1.16.0
[INFO] [stderr]     Checking tracing v0.1.44
[INFO] [stderr]    Compiling curve25519-dalek v4.1.3
[INFO] [stderr]    Compiling curve25519-dalek-derive v0.1.1
[INFO] [stderr]     Checking digest v0.10.7
[INFO] [stderr]     Checking futures-channel v0.3.34
[INFO] [stderr]     Checking yoke v0.8.3
[INFO] [stderr]     Checking socket2 v0.6.5
[INFO] [stderr]     Checking mio v1.2.3
[INFO] [stderr]     Checking unsigned-varint v0.8.0
[INFO] [stderr]     Checking zerovec v0.11.8
[INFO] [stderr]     Checking futures-util v0.3.34
[INFO] [stderr]    Compiling data-encoding v2.11.1
[INFO] [stderr]    Compiling prost-derive v0.14.4
[INFO] [stderr]     Checking zeroize v1.9.0
[INFO] [stderr]     Checking sha2 v0.10.9
[INFO] [stderr]     Checking tokio v1.53.1
[INFO] [stderr]     Checking zerotrie v0.2.5
[INFO] [stderr]     Checking hmac v0.12.1
[INFO] [stderr]    Compiling pin-project-internal v1.1.13
[INFO] [stderr]     Checking tinystr v0.8.4
[INFO] [stderr]     Checking potential_utf v0.1.6
[INFO] [stderr]     Checking icu_collections v2.3.0
[INFO] [stderr]     Checking icu_locale_core v2.3.0
[INFO] [stderr]    Compiling data-encoding-macro-internal v0.1.19
[INFO] [stderr]    Compiling match-lookup v0.1.3
[INFO] [stderr]     Checking const-str v0.4.3
[INFO] [stderr]     Checking form_urlencoded v1.2.2
[INFO] [stderr]     Checking data-encoding-macro v0.1.21
[INFO] [stderr]     Checking hkdf v0.12.4
[INFO] [stderr]     Checking base256emoji v1.0.2
[INFO] [stderr]     Checking multihash v0.19.5
[INFO] [stderr]     Checking prost v0.14.4
[INFO] [stderr]     Checking pin-project v1.1.13
[INFO] [stderr]     Checking ed25519-dalek v2.2.0
[INFO] [stderr]     Checking base-x v0.2.11
[INFO] [stderr]     Checking base45 v3.2.0
[INFO] [stderr]     Checking bs58 v0.5.1
[INFO] [stderr]     Checking serde v1.0.229
[INFO] [stderr]     Checking parking_lot_core v0.9.12
[INFO] [stderr]     Checking multibase v0.9.3
[INFO] [stderr]     Checking quick-protobuf v0.8.1
[INFO] [stderr]     Checking icu_provider v2.3.1
[INFO] [stderr]     Checking libp2p-identity v0.2.14
[INFO] [stderr]     Checking unsigned-varint v0.7.2
[INFO] [stderr]     Checking parking_lot v0.12.5
[INFO] [stderr]    Compiling num-traits v0.2.19
[INFO] [stderr]     Checking either v1.18.0
[INFO] [stderr]     Checking time v0.3.55
[INFO] [stderr]     Checking ring v0.17.14
[INFO] [stderr]     Checking icu_normalizer v2.3.0
[INFO] [stderr]     Checking icu_properties v2.3.0
[INFO] [stderr]     Checking rustls-pki-types v1.15.1
[INFO] [stderr]     Checking hashbrown v0.15.5
[INFO] [stderr]     Checking nom v7.1.3
[INFO] [stderr]    Compiling rustls v0.23.43
[INFO] [stderr]    Compiling libp2p-swarm-derive v0.35.1
[INFO] [stderr]     Checking hashlink v0.10.0
[INFO] [stderr]     Checking futures-executor v0.3.34
[INFO] [stderr]     Checking futures v0.3.34
[INFO] [stderr]     Checking multistream-select v0.13.0
[INFO] [stderr]     Checking rw-stream-sink v0.4.0
[INFO] [stderr]     Checking idna_adapter v1.2.2
[INFO] [stderr]    Compiling asn1-rs-derive v0.6.0
[INFO] [stderr]    Compiling thiserror-impl v1.0.69
[INFO] [stderr]     Checking idna v1.1.0
[INFO] [stderr]    Compiling asn1-rs-impl v0.2.0
[INFO] [stderr]     Checking rustls-webpki v0.103.15
[INFO] [stderr]    Compiling portable-atomic v1.15.0
[INFO] [stderr]     Checking url v2.5.8
[INFO] [stderr]     Checking netlink-packet-core v0.8.2
[INFO] [stderr]     Checking num-integer v0.1.47
[INFO] [stderr]    Compiling nix v0.30.1
[INFO] [stderr]    Compiling oid-registry v0.8.1
[INFO] [stderr]     Checking multiaddr v0.18.2
[INFO] [stderr]     Checking chacha20 v0.10.2
[INFO] [stderr]     Checking num-bigint v0.4.8
[INFO] [stderr]     Checking rusticata-macros v4.1.0
[INFO] [stderr]     Checking asn1-rs v0.7.2
[INFO] [stderr]     Checking getrandom v0.4.3
[INFO] [stderr]     Checking netlink-sys v0.8.8
[INFO] [stderr]    Compiling quinn-udp v0.5.15
[INFO] [stderr]     Checking libp2p-core v0.43.2
[INFO] [stderr]     Checking siphasher v1.0.3
[INFO] [stderr]     Checking thiserror v1.0.69
[INFO] [stderr]     Checking tinyvec v1.13.2
[INFO] [stderr]     Checking pem v3.0.6
[INFO] [stderr]     Checking fastbloom v0.17.0
[INFO] [stderr]     Checking netlink-proto v0.12.2
[INFO] [stderr]     Checking rand v0.10.2
[INFO] [stderr]     Checking yasna v0.5.2
[INFO] [stderr]     Checking netlink-packet-route v0.28.0
[INFO] [stderr]     Checking libp2p-swarm v0.47.1
[INFO] [stderr]     Checking rand_pcg v0.10.2
[INFO] [stderr]    Compiling quinn v0.11.11
[INFO] [stderr]     Checking lru-slab v0.1.2
[INFO] [stderr]     Checking rustc-hash v2.1.3
[INFO] [stderr]     Checking rcgen v0.13.2
[INFO] [stderr]     Checking der-parser v10.0.0
[INFO] [stderr]     Checking futures-bounded v0.2.4
[INFO] [stderr]     Checking asynchronous-codec v0.7.0
[INFO] [stderr]     Checking cipher v0.4.4
[INFO] [stderr]     Checking universal-hash v0.5.1
[INFO] [stderr]     Checking quick-protobuf-codec v0.3.1
[INFO] [stderr]     Checking socket2 v0.5.10
[INFO] [stderr]     Checking poly1305 v0.8.0
[INFO] [stderr]    Compiling serde_json v1.0.151
[INFO] [stderr]     Checking chacha20 v0.9.1
[INFO] [stderr]     Checking x509-parser v0.17.0
[INFO] [stderr]     Checking aead v0.5.2
[INFO] [stderr]     Checking x25519-dalek v2.0.1
[INFO] [stderr]     Checking chacha20poly1305 v0.10.1
[INFO] [stderr]     Checking thread_local v1.1.10
[INFO] [stderr]     Checking tracing-subscriber v0.3.23
[INFO] [stderr]     Checking libp2p-allow-block-list v0.6.0
[INFO] [stderr]     Checking libp2p-identify v0.47.0
[INFO] [stderr]     Checking libp2p-ping v0.47.0
[INFO] [stderr]     Checking libp2p-request-response v0.29.0
[INFO] [stderr]     Checking libp2p-connection-limits v0.6.0
[INFO] [stderr]     Checking futures-rustls v0.26.0
[INFO] [stderr]     Checking quinn-proto v0.11.17
[INFO] [stderr]     Checking libp2p-tls v0.6.2
[INFO] [stderr]     Checking rtnetlink v0.20.0
[INFO] [stderr]     Checking if-watch v3.2.2
[INFO] [stderr]     Checking libp2p-quic v0.13.1
[INFO] [stderr]     Checking libp2p v0.56.0
[INFO] [stderr]     Checking ghost-layer-network v0.1.0 (/opt/rustwide/workdir/network)
[INFO] [stdout] warning: unreachable call
[INFO] [stdout]   --> network/src/transport.rs:11:10
[INFO] [stdout]    |
[INFO] [stdout] 11 | #[derive(NetworkBehaviour)]
[INFO] [stdout]    |          ^^^^^^^^^^^^^^^^
[INFO] [stdout]    |          |
[INFO] [stdout]    |          unreachable call
[INFO] [stdout]    |          any code following this expression is unreachable
[INFO] [stdout]    |
[INFO] [stdout]    = note: `#[warn(unreachable_code)]` (part of `#[warn(unused)]`) on by default
[INFO] [stdout]    = note: this warning originates in the derive macro `NetworkBehaviour` (in Nightly builds, run with -Z macro-backtrace for more info)
[INFO] [stdout] 
[INFO] [stdout] 
[INFO] [stdout] warning: unreachable call
[INFO] [stdout]   --> network/src/transport.rs:11:10
[INFO] [stdout]    |
[INFO] [stdout] 11 | #[derive(NetworkBehaviour)]
[INFO] [stdout]    |          ^^^^^^^^^^^^^^^^
[INFO] [stdout]    |          |
[INFO] [stdout]    |          unreachable call
[INFO] [stdout]    |          any code following this expression is unreachable
[INFO] [stdout]    |
[INFO] [stdout]    = note: `#[warn(unreachable_code)]` (part of `#[warn(unused)]`) on by default
[INFO] [stdout]    = note: this warning originates in the derive macro `NetworkBehaviour` (in Nightly builds, run with -Z macro-backtrace for more info)
[INFO] [stdout] 
[INFO] [stdout] 
[INFO] [stderr]     Checking ghost-layer-relay v0.1.0 (/opt/rustwide/workdir/relay)
[INFO] [stderr]     Checking ghost-layer-client v0.1.0 (/opt/rustwide/workdir/client)
[INFO] [stdout] warning: unused imports: `DataPlaneMessageType`, `MtuPolicy`, `PacketPipeline`, `RouteManager`, `RoutingPolicy`, `TunDataPlane`, and `WindowsRouteManager`
[INFO] [stdout]  --> client/src/engine.rs:4:60
[INFO] [stdout]   |
[INFO] [stdout] 4 |     ConfiguredPeerDiscovery, DataPlane, DataPlaneEnvelope, DataPlaneMessageType, DiscoveryService,
[INFO] [stdout]   |                                                            ^^^^^^^^^^^^^^^^^^^^
[INFO] [stdout] 5 |     EncryptedChannel, HandshakeResponse, MtuPolicy, NetworkEvent, NetworkNode, NodeConfig,
[INFO] [stdout]   |                                          ^^^^^^^^^
[INFO] [stdout] 6 |     NodeIdentity, PacketPipeline, RouteBinding, RouteManager, RoutingPolicy, SessionInitiator,
[INFO] [stdout]   |                   ^^^^^^^^^^^^^^                ^^^^^^^^^^^^  ^^^^^^^^^^^^^
[INFO] [stdout] 7 |     TunDataPlane, WindowsRouteManager, CHANNEL_PROTOCOL_VERSION, DATA_PLANE_KIND,
[INFO] [stdout]   |     ^^^^^^^^^^^^  ^^^^^^^^^^^^^^^^^^^
[INFO] [stdout]   |
[INFO] [stdout]   = note: `#[warn(unused_imports)]` (part of `#[warn(unused)]`) on by default
[INFO] [stdout] 
[INFO] [stdout] 
[INFO] [stdout] error[E0282]: type annotations needed for `Option<_>`
[INFO] [stdout]    --> relay/src/main.rs:82:9
[INFO] [stdout]     |
[INFO] [stdout]  82 |     let mut tun_tx_channel = None;
[INFO] [stdout]     |         ^^^^^^^^^^^^^^^^^^
[INFO] [stdout] ...
[INFO] [stdout] 160 |             Some(payload) = async { if let Some(rx) = tun_tx_channel.as_mut() { rx.recv().await } else { futures::future::pending()...
[INFO] [stdout]     |                                                                                 -- type must be known at this point
[INFO] [stdout]     |
[INFO] [stdout] help: consider giving `tun_tx_channel` an explicit type, where the type for type parameter `T` is specified
[INFO] [stdout]     |
[INFO] [stdout]  82 |     let mut tun_tx_channel: Option<T> = None;
[INFO] [stdout]     |                           +++++++++++
[INFO] [stdout] 
[INFO] [stdout] 
[INFO] [stdout] warning: unreachable expression
[INFO] [stdout]    --> client/src/engine.rs:277:5
[INFO] [stdout]     |
[INFO] [stdout]  60 | /     loop {
[INFO] [stdout]  61 | |         tokio::select! {
[INFO] [stdout]  62 | |             Some(packet) = async { if let Some(rx) = tun_rx.as_mut() { rx.recv().await } else { futures::future::pending().await ...
[INFO] [stdout]  63 | |                 if let (Some(channel), Some(route), Some(exit)) = (active_channel.as_mut(), active_route.as_ref(), exit_peer.as_r...
[INFO] [stdout] ...   |
[INFO] [stdout] 276 | |     }
[INFO] [stdout]     | |_____- any code following this expression is unreachable
[INFO] [stdout] 277 |       Ok(())
[INFO] [stdout]     |       ^^^^^^ unreachable expression
[INFO] [stdout]     |
[INFO] [stdout]     = note: `#[warn(unreachable_code)]` (part of `#[warn(unused)]`) on by default
[INFO] [stdout] 
[INFO] [stdout] 
[INFO] [stdout] error[E0277]: the size for values of type `[u8]` cannot be known at compilation time
[INFO] [stdout]    --> relay/src/main.rs:160:18
[INFO] [stdout]     |
[INFO] [stdout] 160 | ...   Some(payload) = async { if let Some(rx) = tun_tx_channel.as_mut() { rx.recv().await } else { futures::future::pending().await...
[INFO] [stdout]     |            ^^^^^^^ doesn't have a size known at compile-time
[INFO] [stdout]     |
[INFO] [stdout]     = help: the trait `Sized` is not implemented for `[u8]`
[INFO] [stdout]     = note: all local variables must have a statically known size
[INFO] [stdout] 
[INFO] [stdout] 
[INFO] [stdout] error[E0277]: the size for values of type `[u8]` cannot be known at compilation time
[INFO] [stdout]    --> relay/src/main.rs:160:106
[INFO] [stdout]     |
[INFO] [stdout] 160 | ...() { rx.recv().await } else { futures::future::pending().await } } => {
[INFO] [stdout]     |                                  ^^^^^^^^^^^^^^^^^^^^^^^^^^ doesn't have a size known at compile-time
[INFO] [stdout]     |
[INFO] [stdout]     = help: the trait `Sized` is not implemented for `[u8]`
[INFO] [stdout] note: required by an implicit `Sized` bound in `Option`
[INFO] [stdout]    --> /rustc/3154cc1a3e6424e44f438a95007d043ed5ceaaf6/library/core/src/option.rs:598:0
[INFO] [stdout] 
[INFO] [stdout] 
[INFO] [stdout] error[E0277]: the size for values of type `[u8]` cannot be known at compilation time
[INFO] [stdout]    --> relay/src/main.rs:159:9
[INFO] [stdout]     |
[INFO] [stdout] 159 | / ...   tokio::select! {
[INFO] [stdout] 160 | | ...       Some(payload) = async { if let Some(rx) = tun_tx_channel.as_mut() { rx.recv().await } else { futures::future::pending()...
[INFO] [stdout] 161 | | ...           if let Some(forwarding) = exit_forwarding.values().next() {
[INFO] [stdout] 162 | | ...               if let Some(relay_session_id) = active_exit_relay_session {
[INFO] [stdout] ...   |
[INFO] [stdout] 701 | | ...   }
[INFO] [stdout]     | |_______^ doesn't have a size known at compile-time
[INFO] [stdout]     |
[INFO] [stdout]     = help: the trait `Sized` is not implemented for `[u8]`
[INFO] [stdout] note: required by an implicit `Sized` bound in `Option`
[INFO] [stdout]    --> /rustc/3154cc1a3e6424e44f438a95007d043ed5ceaaf6/library/core/src/option.rs:598:0
[INFO] [stdout]     = note: this error originates in the macro `$crate::select` which comes from the expansion of the macro `tokio::select` (in Nightly builds, run with -Z macro-backtrace for more info)
[INFO] [stdout] 
[INFO] [stdout] 
[INFO] [stdout] error[E0277]: the size for values of type `[u8]` cannot be known at compilation time
[INFO] [stdout]    --> relay/src/main.rs:159:9
[INFO] [stdout]     |
[INFO] [stdout] 159 | / ...   tokio::select! {
[INFO] [stdout] 160 | | ...       Some(payload) = async { if let Some(rx) = tun_tx_channel.as_mut() { rx.recv().await } else { futures::future::pending()...
[INFO] [stdout] 161 | | ...           if let Some(forwarding) = exit_forwarding.values().next() {
[INFO] [stdout] 162 | | ...               if let Some(relay_session_id) = active_exit_relay_session {
[INFO] [stdout] ...   |
[INFO] [stdout] 701 | | ...   }
[INFO] [stdout]     | |_______^ doesn't have a size known at compile-time
[INFO] [stdout]     |
[INFO] [stdout]     = help: the trait `Sized` is not implemented for `[u8]`
[INFO] [stdout] note: required by an implicit `Sized` bound in `Option`
[INFO] [stdout]    --> /rustc/3154cc1a3e6424e44f438a95007d043ed5ceaaf6/library/core/src/option.rs:598:0
[INFO] [stdout]     = note: this error originates in the macro `$crate::select` which comes from the expansion of the macro `tokio::select` (in Nightly builds, run with -Z macro-backtrace for more info)
[INFO] [stdout] 
[INFO] [stdout] 
[INFO] [stdout] error[E0277]: the size for values of type `[u8]` cannot be known at compilation time
[INFO] [stdout]    --> relay/src/main.rs:159:9
[INFO] [stdout]     |
[INFO] [stdout] 159 | / ...   tokio::select! {
[INFO] [stdout] 160 | | ...       Some(payload) = async { if let Some(rx) = tun_tx_channel.as_mut() { rx.recv().await } else { futures::future::pending()...
[INFO] [stdout] 161 | | ...           if let Some(forwarding) = exit_forwarding.values().next() {
[INFO] [stdout] 162 | | ...               if let Some(relay_session_id) = active_exit_relay_session {
[INFO] [stdout] ...   |
[INFO] [stdout] 701 | | ...   }
[INFO] [stdout]     | |_______^ doesn't have a size known at compile-time
[INFO] [stdout]     |
[INFO] [stdout]     = help: the trait `Sized` is not implemented for `[u8]`
[INFO] [stdout] note: required by an implicit `Sized` bound in `Option`
[INFO] [stdout]    --> /rustc/3154cc1a3e6424e44f438a95007d043ed5ceaaf6/library/core/src/option.rs:598:0
[INFO] [stdout]     = note: this error originates in the macro `$crate::macros::support::ready` which comes from the expansion of the macro `tokio::select` (in Nightly builds, run with -Z macro-backtrace for more info)
[INFO] [stdout] 
[INFO] [stdout] 
[INFO] [stdout] error[E0277]: the size for values of type `[u8]` cannot be known at compilation time
[INFO] [stdout]    --> relay/src/main.rs:159:9
[INFO] [stdout]     |
[INFO] [stdout] 159 | / ...   tokio::select! {
[INFO] [stdout] 160 | | ...       Some(payload) = async { if let Some(rx) = tun_tx_channel.as_mut() { rx.recv().await } else { futures::future::pending()...
[INFO] [stdout] 161 | | ...           if let Some(forwarding) = exit_forwarding.values().next() {
[INFO] [stdout] 162 | | ...               if let Some(relay_session_id) = active_exit_relay_session {
[INFO] [stdout] ...   |
[INFO] [stdout] 701 | | ...   }
[INFO] [stdout]     | |_______^ doesn't have a size known at compile-time
[INFO] [stdout]     |
[INFO] [stdout]     = help: the trait `Sized` is not implemented for `[u8]`
[INFO] [stdout] note: required by an implicit `Sized` bound in `Option`
[INFO] [stdout]    --> /rustc/3154cc1a3e6424e44f438a95007d043ed5ceaaf6/library/core/src/option.rs:598:0
[INFO] [stdout]     = note: this error originates in the macro `$crate::select` which comes from the expansion of the macro `tokio::select` (in Nightly builds, run with -Z macro-backtrace for more info)
[INFO] [stdout] 
[INFO] [stdout] 
[INFO] [stdout] error[E0277]: the size for values of type `[u8]` cannot be known at compilation time
[INFO] [stdout]    --> relay/src/main.rs:159:9
[INFO] [stdout]     |
[INFO] [stdout] 159 | / ...   tokio::select! {
[INFO] [stdout] 160 | | ...       Some(payload) = async { if let Some(rx) = tun_tx_channel.as_mut() { rx.recv().await } else { futures::future::pending()...
[INFO] [stdout] 161 | | ...           if let Some(forwarding) = exit_forwarding.values().next() {
[INFO] [stdout] 162 | | ...               if let Some(relay_session_id) = active_exit_relay_session {
[INFO] [stdout] ...   |
[INFO] [stdout] 701 | | ...   }
[INFO] [stdout]     | |_______^ doesn't have a size known at compile-time
[INFO] [stdout]     |
[INFO] [stdout]     = help: the trait `Sized` is not implemented for `[u8]`
[INFO] [stdout] note: required by an implicit `Sized` bound in `Option`
[INFO] [stdout]    --> /rustc/3154cc1a3e6424e44f438a95007d043ed5ceaaf6/library/core/src/option.rs:598:0
[INFO] [stdout]     = note: this error originates in the macro `$crate::select_variant` which comes from the expansion of the macro `tokio::select` (in Nightly builds, run with -Z macro-backtrace for more info)
[INFO] [stdout] 
[INFO] [stdout] 
[INFO] [stdout] error[E0277]: the size for values of type `[u8]` cannot be known at compilation time
[INFO] [stdout]    --> relay/src/main.rs:159:9
[INFO] [stdout]     |
[INFO] [stdout] 159 | / ...   tokio::select! {
[INFO] [stdout] 160 | | ...       Some(payload) = async { if let Some(rx) = tun_tx_channel.as_mut() { rx.recv().await } else { futures::future::pending()...
[INFO] [stdout] 161 | | ...           if let Some(forwarding) = exit_forwarding.values().next() {
[INFO] [stdout] 162 | | ...               if let Some(relay_session_id) = active_exit_relay_session {
[INFO] [stdout] ...   |
[INFO] [stdout] 701 | | ...   }
[INFO] [stdout]     | |_______^ doesn't have a size known at compile-time
[INFO] [stdout]     |
[INFO] [stdout]     = help: the trait `Sized` is not implemented for `[u8]`
[INFO] [stdout] note: required by an implicit `Sized` bound in `Option`
[INFO] [stdout]    --> /rustc/3154cc1a3e6424e44f438a95007d043ed5ceaaf6/library/core/src/option.rs:598:0
[INFO] [stdout]     = note: this error originates in the macro `$crate::select_variant` which comes from the expansion of the macro `tokio::select` (in Nightly builds, run with -Z macro-backtrace for more info)
[INFO] [stdout] 
[INFO] [stdout] 
[INFO] [stdout] warning: unused imports: `DataPlaneMessageType`, `MtuPolicy`, `PacketPipeline`, `RouteManager`, `RoutingPolicy`, `TunDataPlane`, and `WindowsRouteManager`
[INFO] [stdout]  --> client/src/engine.rs:4:60
[INFO] [stdout]   |
[INFO] [stdout] 4 |     ConfiguredPeerDiscovery, DataPlane, DataPlaneEnvelope, DataPlaneMessageType, DiscoveryService,
[INFO] [stdout]   |                                                            ^^^^^^^^^^^^^^^^^^^^
[INFO] [stdout] 5 |     EncryptedChannel, HandshakeResponse, MtuPolicy, NetworkEvent, NetworkNode, NodeConfig,
[INFO] [stdout]   |                                          ^^^^^^^^^
[INFO] [stdout] 6 |     NodeIdentity, PacketPipeline, RouteBinding, RouteManager, RoutingPolicy, SessionInitiator,
[INFO] [stdout]   |                   ^^^^^^^^^^^^^^                ^^^^^^^^^^^^  ^^^^^^^^^^^^^
[INFO] [stdout] 7 |     TunDataPlane, WindowsRouteManager, CHANNEL_PROTOCOL_VERSION, DATA_PLANE_KIND,
[INFO] [stdout]   |     ^^^^^^^^^^^^  ^^^^^^^^^^^^^^^^^^^
[INFO] [stdout]   |
[INFO] [stdout]   = note: `#[warn(unused_imports)]` (part of `#[warn(unused)]`) on by default
[INFO] [stdout] 
[INFO] [stdout] 
[INFO] [stdout] error[E0277]: the size for values of type `[u8]` cannot be known at compilation time
[INFO] [stdout]    --> relay/src/main.rs:159:9
[INFO] [stdout]     |
[INFO] [stdout] 159 | / ...   tokio::select! {
[INFO] [stdout] 160 | | ...       Some(payload) = async { if let Some(rx) = tun_tx_channel.as_mut() { rx.recv().await } else { futures::future::pending()...
[INFO] [stdout] 161 | | ...           if let Some(forwarding) = exit_forwarding.values().next() {
[INFO] [stdout] 162 | | ...               if let Some(relay_session_id) = active_exit_relay_session {
[INFO] [stdout] ...   |
[INFO] [stdout] 701 | | ...   }
[INFO] [stdout]     | |_______^ doesn't have a size known at compile-time
[INFO] [stdout]     |
[INFO] [stdout]     = help: the trait `Sized` is not implemented for `[u8]`
[INFO] [stdout] note: required by an implicit `Sized` bound in `Option`
[INFO] [stdout]    --> /rustc/3154cc1a3e6424e44f438a95007d043ed5ceaaf6/library/core/src/option.rs:598:0
[INFO] [stdout]     = note: this error originates in the macro `$crate::select_variant` which comes from the expansion of the macro `tokio::select` (in Nightly builds, run with -Z macro-backtrace for more info)
[INFO] [stdout] 
[INFO] [stdout] 
[INFO] [stdout] error[E0277]: the size for values of type `[u8]` cannot be known at compilation time
[INFO] [stdout]    --> relay/src/main.rs:159:9
[INFO] [stdout]     |
[INFO] [stdout] 159 | / ...   tokio::select! {
[INFO] [stdout] 160 | | ...       Some(payload) = async { if let Some(rx) = tun_tx_channel.as_mut() { rx.recv().await } else { futures::future::pending()...
[INFO] [stdout] 161 | | ...           if let Some(forwarding) = exit_forwarding.values().next() {
[INFO] [stdout] 162 | | ...               if let Some(relay_session_id) = active_exit_relay_session {
[INFO] [stdout] ...   |
[INFO] [stdout] 701 | | ...   }
[INFO] [stdout]     | |_______^ doesn't have a size known at compile-time
[INFO] [stdout]     |
[INFO] [stdout]     = help: the trait `Sized` is not implemented for `[u8]`
[INFO] [stdout] note: required by an implicit `Sized` bound in `Option`
[INFO] [stdout]    --> /rustc/3154cc1a3e6424e44f438a95007d043ed5ceaaf6/library/core/src/option.rs:598:0
[INFO] [stdout]     = note: this error originates in the macro `$crate::select` which comes from the expansion of the macro `tokio::select` (in Nightly builds, run with -Z macro-backtrace for more info)
[INFO] [stdout] 
[INFO] [stdout] 
[INFO] [stdout] error[E0277]: the size for values of type `[u8]` cannot be known at compilation time
[INFO] [stdout]    --> relay/src/main.rs:159:9
[INFO] [stdout]     |
[INFO] [stdout] 159 | / ...   tokio::select! {
[INFO] [stdout] 160 | | ...       Some(payload) = async { if let Some(rx) = tun_tx_channel.as_mut() { rx.recv().await } else { futures::future::pending()...
[INFO] [stdout] 161 | | ...           if let Some(forwarding) = exit_forwarding.values().next() {
[INFO] [stdout] 162 | | ...               if let Some(relay_session_id) = active_exit_relay_session {
[INFO] [stdout] ...   |
[INFO] [stdout] 701 | | ...   }
[INFO] [stdout]     | |_______^ doesn't have a size known at compile-time
[INFO] [stdout]     |
[INFO] [stdout]     = help: the trait `Sized` is not implemented for `[u8]`
[INFO] [stdout] note: required by an implicit `Sized` bound in `Option`
[INFO] [stdout]    --> /rustc/3154cc1a3e6424e44f438a95007d043ed5ceaaf6/library/core/src/option.rs:598:0
[INFO] [stdout]     = note: this error originates in the macro `$crate::select` which comes from the expansion of the macro `tokio::select` (in Nightly builds, run with -Z macro-backtrace for more info)
[INFO] [stdout] 
[INFO] [stdout] 
[INFO] [stdout] error[E0277]: the size for values of type `[u8]` cannot be known at compilation time
[INFO] [stdout]    --> relay/src/main.rs:159:9
[INFO] [stdout]     |
[INFO] [stdout] 159 | / ...   tokio::select! {
[INFO] [stdout] 160 | | ...       Some(payload) = async { if let Some(rx) = tun_tx_channel.as_mut() { rx.recv().await } else { futures::future::pending()...
[INFO] [stdout] 161 | | ...           if let Some(forwarding) = exit_forwarding.values().next() {
[INFO] [stdout] 162 | | ...               if let Some(relay_session_id) = active_exit_relay_session {
[INFO] [stdout] ...   |
[INFO] [stdout] 701 | | ...   }
[INFO] [stdout]     | |_______^ doesn't have a size known at compile-time
[INFO] [stdout]     |
[INFO] [stdout]     = help: the trait `Sized` is not implemented for `[u8]`
[INFO] [stdout] note: required by an implicit `Sized` bound in `Option`
[INFO] [stdout]    --> /rustc/3154cc1a3e6424e44f438a95007d043ed5ceaaf6/library/core/src/option.rs:598:0
[INFO] [stdout]     = note: this error originates in the macro `$crate::select` which comes from the expansion of the macro `tokio::select` (in Nightly builds, run with -Z macro-backtrace for more info)
[INFO] [stdout] 
[INFO] [stdout] 
[INFO] [stdout] error[E0277]: the size for values of type `[u8]` cannot be known at compilation time
[INFO] [stdout]    --> relay/src/main.rs:160:133
[INFO] [stdout]     |
[INFO] [stdout] 160 | ...ait } else { futures::future::pending().await } } => {
[INFO] [stdout]     |                                            ^^^^^ doesn't have a size known at compile-time
[INFO] [stdout]     |
[INFO] [stdout]     = help: the trait `Sized` is not implemented for `[u8]`
[INFO] [stdout] note: required by an implicit `Sized` bound in `Option`
[INFO] [stdout]    --> /rustc/3154cc1a3e6424e44f438a95007d043ed5ceaaf6/library/core/src/option.rs:598:0
[INFO] [stdout] 
[INFO] [stdout] 
[INFO] [stdout] error[E0277]: the size for values of type `[u8]` cannot be known at compilation time
[INFO] [stdout]    --> relay/src/main.rs:160:91
[INFO] [stdout]     |
[INFO] [stdout] 160 | ...) = tun_tx_channel.as_mut() { rx.recv().await } else { futures::future::pending().await } } => {
[INFO] [stdout]     |                                            ^^^^^ doesn't have a size known at compile-time
[INFO] [stdout]     |
[INFO] [stdout]     = help: the trait `Sized` is not implemented for `[u8]`
[INFO] [stdout] note: required by an implicit `Sized` bound in `Option`
[INFO] [stdout]    --> /rustc/3154cc1a3e6424e44f438a95007d043ed5ceaaf6/library/core/src/option.rs:598:0
[INFO] [stdout] 
[INFO] [stdout] 
[INFO] [stdout] error[E0282]: type annotations needed for `Option<_>`
[INFO] [stdout]    --> relay/src/main.rs:82:9
[INFO] [stdout]     |
[INFO] [stdout]  82 |     let mut tun_tx_channel = None;
[INFO] [stdout]     |         ^^^^^^^^^^^^^^^^^^
[INFO] [stdout] ...
[INFO] [stdout] 160 |             Some(payload) = async { if let Some(rx) = tun_tx_channel.as_mut() { rx.recv().await } else { futures::future::pending()...
[INFO] [stdout]     |                                                                                 -- type must be known at this point
[INFO] [stdout]     |
[INFO] [stdout] help: consider giving `tun_tx_channel` an explicit type, where the type for type parameter `T` is specified
[INFO] [stdout]     |
[INFO] [stdout]  82 |     let mut tun_tx_channel: Option<T> = None;
[INFO] [stdout]     |                           +++++++++++
[INFO] [stdout] 
[INFO] [stdout] 
[INFO] [stdout] error[E0277]: the size for values of type `[u8]` cannot be known at compilation time
[INFO] [stdout]    --> relay/src/main.rs:160:18
[INFO] [stdout]     |
[INFO] [stdout] 160 | ...   Some(payload) = async { if let Some(rx) = tun_tx_channel.as_mut() { rx.recv().await } else { futures::future::pending().await...
[INFO] [stdout]     |            ^^^^^^^ doesn't have a size known at compile-time
[INFO] [stdout]     |
[INFO] [stdout]     = help: the trait `Sized` is not implemented for `[u8]`
[INFO] [stdout]     = note: all local variables must have a statically known size
[INFO] [stdout] 
[INFO] [stdout] 
[INFO] [stdout] error[E0277]: the size for values of type `[u8]` cannot be known at compilation time
[INFO] [stdout]    --> relay/src/main.rs:160:106
[INFO] [stdout]     |
[INFO] [stdout] 160 | ...() { rx.recv().await } else { futures::future::pending().await } } => {
[INFO] [stdout]     |                                  ^^^^^^^^^^^^^^^^^^^^^^^^^^ doesn't have a size known at compile-time
[INFO] [stdout]     |
[INFO] [stdout]     = help: the trait `Sized` is not implemented for `[u8]`
[INFO] [stdout] note: required by an implicit `Sized` bound in `Option`
[INFO] [stdout]    --> /rustc/3154cc1a3e6424e44f438a95007d043ed5ceaaf6/library/core/src/option.rs:598:0
[INFO] [stdout] 
[INFO] [stdout] 
[INFO] [stdout] error[E0277]: the size for values of type `[u8]` cannot be known at compilation time
[INFO] [stdout]    --> relay/src/main.rs:159:9
[INFO] [stdout]     |
[INFO] [stdout] 159 | / ...   tokio::select! {
[INFO] [stdout] 160 | | ...       Some(payload) = async { if let Some(rx) = tun_tx_channel.as_mut() { rx.recv().await } else { futures::future::pending()...
[INFO] [stdout] 161 | | ...           if let Some(forwarding) = exit_forwarding.values().next() {
[INFO] [stdout] 162 | | ...               if let Some(relay_session_id) = active_exit_relay_session {
[INFO] [stdout] ...   |
[INFO] [stdout] 701 | | ...   }
[INFO] [stdout]     | |_______^ doesn't have a size known at compile-time
[INFO] [stdout]     |
[INFO] [stdout]     = help: the trait `Sized` is not implemented for `[u8]`
[INFO] [stdout] note: required by an implicit `Sized` bound in `Option`
[INFO] [stdout]    --> /rustc/3154cc1a3e6424e44f438a95007d043ed5ceaaf6/library/core/src/option.rs:598:0
[INFO] [stdout]     = note: this error originates in the macro `$crate::select` which comes from the expansion of the macro `tokio::select` (in Nightly builds, run with -Z macro-backtrace for more info)
[INFO] [stdout] 
[INFO] [stdout] 
[INFO] [stdout] error[E0277]: the size for values of type `[u8]` cannot be known at compilation time
[INFO] [stdout]    --> relay/src/main.rs:159:9
[INFO] [stdout]     |
[INFO] [stdout] 159 | / ...   tokio::select! {
[INFO] [stdout] 160 | | ...       Some(payload) = async { if let Some(rx) = tun_tx_channel.as_mut() { rx.recv().await } else { futures::future::pending()...
[INFO] [stdout] 161 | | ...           if let Some(forwarding) = exit_forwarding.values().next() {
[INFO] [stdout] 162 | | ...               if let Some(relay_session_id) = active_exit_relay_session {
[INFO] [stdout] ...   |
[INFO] [stdout] 701 | | ...   }
[INFO] [stdout]     | |_______^ doesn't have a size known at compile-time
[INFO] [stdout]     |
[INFO] [stdout]     = help: the trait `Sized` is not implemented for `[u8]`
[INFO] [stdout] note: required by an implicit `Sized` bound in `Option`
[INFO] [stdout]    --> /rustc/3154cc1a3e6424e44f438a95007d043ed5ceaaf6/library/core/src/option.rs:598:0
[INFO] [stdout]     = note: this error originates in the macro `$crate::select` which comes from the expansion of the macro `tokio::select` (in Nightly builds, run with -Z macro-backtrace for more info)
[INFO] [stdout] 
[INFO] [stdout] 
[INFO] [stdout] error[E0277]: the size for values of type `[u8]` cannot be known at compilation time
[INFO] [stdout]    --> relay/src/main.rs:159:9
[INFO] [stdout]     |
[INFO] [stdout] 159 | / ...   tokio::select! {
[INFO] [stdout] 160 | | ...       Some(payload) = async { if let Some(rx) = tun_tx_channel.as_mut() { rx.recv().await } else { futures::future::pending()...
[INFO] [stdout] 161 | | ...           if let Some(forwarding) = exit_forwarding.values().next() {
[INFO] [stdout] 162 | | ...               if let Some(relay_session_id) = active_exit_relay_session {
[INFO] [stdout] ...   |
[INFO] [stdout] 701 | | ...   }
[INFO] [stdout]     | |_______^ doesn't have a size known at compile-time
[INFO] [stdout]     |
[INFO] [stdout]     = help: the trait `Sized` is not implemented for `[u8]`
[INFO] [stdout] note: required by an implicit `Sized` bound in `Option`
[INFO] [stdout]    --> /rustc/3154cc1a3e6424e44f438a95007d043ed5ceaaf6/library/core/src/option.rs:598:0
[INFO] [stdout]     = note: this error originates in the macro `$crate::macros::support::ready` which comes from the expansion of the macro `tokio::select` (in Nightly builds, run with -Z macro-backtrace for more info)
[INFO] [stdout] 
[INFO] [stdout] 
[INFO] [stdout] error[E0277]: the size for values of type `[u8]` cannot be known at compilation time
[INFO] [stdout]    --> relay/src/main.rs:159:9
[INFO] [stdout]     |
[INFO] [stdout] 159 | / ...   tokio::select! {
[INFO] [stdout] 160 | | ...       Some(payload) = async { if let Some(rx) = tun_tx_channel.as_mut() { rx.recv().await } else { futures::future::pending()...
[INFO] [stdout] 161 | | ...           if let Some(forwarding) = exit_forwarding.values().next() {
[INFO] [stdout] 162 | | ...               if let Some(relay_session_id) = active_exit_relay_session {
[INFO] [stdout] ...   |
[INFO] [stdout] 701 | | ...   }
[INFO] [stdout]     | |_______^ doesn't have a size known at compile-time
[INFO] [stdout]     |
[INFO] [stdout]     = help: the trait `Sized` is not implemented for `[u8]`
[INFO] [stdout] note: required by an implicit `Sized` bound in `Option`
[INFO] [stdout]    --> /rustc/3154cc1a3e6424e44f438a95007d043ed5ceaaf6/library/core/src/option.rs:598:0
[INFO] [stdout]     = note: this error originates in the macro `$crate::select` which comes from the expansion of the macro `tokio::select` (in Nightly builds, run with -Z macro-backtrace for more info)
[INFO] [stdout] 
[INFO] [stdout] 
[INFO] [stdout] error[E0277]: the size for values of type `[u8]` cannot be known at compilation time
[INFO] [stdout]    --> relay/src/main.rs:159:9
[INFO] [stdout]     |
[INFO] [stdout] 159 | / ...   tokio::select! {
[INFO] [stdout] 160 | | ...       Some(payload) = async { if let Some(rx) = tun_tx_channel.as_mut() { rx.recv().await } else { futures::future::pending()...
[INFO] [stdout] 161 | | ...           if let Some(forwarding) = exit_forwarding.values().next() {
[INFO] [stdout] 162 | | ...               if let Some(relay_session_id) = active_exit_relay_session {
[INFO] [stdout] ...   |
[INFO] [stdout] 701 | | ...   }
[INFO] [stdout]     | |_______^ doesn't have a size known at compile-time
[INFO] [stdout]     |
[INFO] [stdout]     = help: the trait `Sized` is not implemented for `[u8]`
[INFO] [stdout] note: required by an implicit `Sized` bound in `Option`
[INFO] [stdout]    --> /rustc/3154cc1a3e6424e44f438a95007d043ed5ceaaf6/library/core/src/option.rs:598:0
[INFO] [stdout]     = note: this error originates in the macro `$crate::select_variant` which comes from the expansion of the macro `tokio::select` (in Nightly builds, run with -Z macro-backtrace for more info)
[INFO] [stdout] 
[INFO] [stdout] 
[INFO] [stdout] error[E0277]: the size for values of type `[u8]` cannot be known at compilation time
[INFO] [stdout]    --> relay/src/main.rs:159:9
[INFO] [stdout]     |
[INFO] [stdout] 159 | / ...   tokio::select! {
[INFO] [stdout] 160 | | ...       Some(payload) = async { if let Some(rx) = tun_tx_channel.as_mut() { rx.recv().await } else { futures::future::pending()...
[INFO] [stdout] 161 | | ...           if let Some(forwarding) = exit_forwarding.values().next() {
[INFO] [stdout] 162 | | ...               if let Some(relay_session_id) = active_exit_relay_session {
[INFO] [stdout] ...   |
[INFO] [stdout] 701 | | ...   }
[INFO] [stdout]     | |_______^ doesn't have a size known at compile-time
[INFO] [stdout]     |
[INFO] [stdout]     = help: the trait `Sized` is not implemented for `[u8]`
[INFO] [stdout] note: required by an implicit `Sized` bound in `Option`
[INFO] [stdout]    --> /rustc/3154cc1a3e6424e44f438a95007d043ed5ceaaf6/library/core/src/option.rs:598:0
[INFO] [stdout]     = note: this error originates in the macro `$crate::select_variant` which comes from the expansion of the macro `tokio::select` (in Nightly builds, run with -Z macro-backtrace for more info)
[INFO] [stdout] 
[INFO] [stdout] 
[INFO] [stdout] error[E0277]: the size for values of type `[u8]` cannot be known at compilation time
[INFO] [stdout]    --> relay/src/main.rs:159:9
[INFO] [stdout]     |
[INFO] [stdout] 159 | / ...   tokio::select! {
[INFO] [stdout] 160 | | ...       Some(payload) = async { if let Some(rx) = tun_tx_channel.as_mut() { rx.recv().await } else { futures::future::pending()...
[INFO] [stdout] 161 | | ...           if let Some(forwarding) = exit_forwarding.values().next() {
[INFO] [stdout] 162 | | ...               if let Some(relay_session_id) = active_exit_relay_session {
[INFO] [stdout] ...   |
[INFO] [stdout] 701 | | ...   }
[INFO] [stdout]     | |_______^ doesn't have a size known at compile-time
[INFO] [stdout]     |
[INFO] [stdout]     = help: the trait `Sized` is not implemented for `[u8]`
[INFO] [stdout] note: required by an implicit `Sized` bound in `Option`
[INFO] [stdout]    --> /rustc/3154cc1a3e6424e44f438a95007d043ed5ceaaf6/library/core/src/option.rs:598:0
[INFO] [stdout]     = note: this error originates in the macro `$crate::select_variant` which comes from the expansion of the macro `tokio::select` (in Nightly builds, run with -Z macro-backtrace for more info)
[INFO] [stdout] 
[INFO] [stdout] 
[INFO] [stdout] error[E0308]: mismatched types
[INFO] [stdout]    --> relay/src/main.rs:186:37
[INFO] [stdout]     |
[INFO] [stdout] 186 | ...                   payload,
[INFO] [stdout]     |                       ^^^^^^^ expected `Vec<u8>`, found `[u8]`
[INFO] [stdout]     |
[INFO] [stdout]     = note: expected struct `Vec<u8>`
[INFO] [stdout]                 found slice `[u8]`
[INFO] [stdout] help: try using a conversion method
[INFO] [stdout]     |
[INFO] [stdout] 186 |                                     payload: payload.to_vec(),
[INFO] [stdout]     |                                     ++++++++        +++++++++
[INFO] [stdout] 
[INFO] [stdout] 
[INFO] [stdout] error[E0277]: the size for values of type `[u8]` cannot be known at compilation time
[INFO] [stdout]    --> relay/src/main.rs:159:9
[INFO] [stdout]     |
[INFO] [stdout] 159 | / ...   tokio::select! {
[INFO] [stdout] 160 | | ...       Some(payload) = async { if let Some(rx) = tun_tx_channel.as_mut() { rx.recv().await } else { futures::future::pending()...
[INFO] [stdout] 161 | | ...           if let Some(forwarding) = exit_forwarding.values().next() {
[INFO] [stdout] 162 | | ...               if let Some(relay_session_id) = active_exit_relay_session {
[INFO] [stdout] ...   |
[INFO] [stdout] 701 | | ...   }
[INFO] [stdout]     | |_______^ doesn't have a size known at compile-time
[INFO] [stdout]     |
[INFO] [stdout]     = help: the trait `Sized` is not implemented for `[u8]`
[INFO] [stdout] note: required by an implicit `Sized` bound in `Option`
[INFO] [stdout]    --> /rustc/3154cc1a3e6424e44f438a95007d043ed5ceaaf6/library/core/src/option.rs:598:0
[INFO] [stdout]     = note: this error originates in the macro `$crate::select` which comes from the expansion of the macro `tokio::select` (in Nightly builds, run with -Z macro-backtrace for more info)
[INFO] [stdout] 
[INFO] [stdout] 
[INFO] [stdout] error[E0277]: the size for values of type `[u8]` cannot be known at compilation time
[INFO] [stdout]    --> relay/src/main.rs:159:9
[INFO] [stdout]     |
[INFO] [stdout] 159 | / ...   tokio::select! {
[INFO] [stdout] 160 | | ...       Some(payload) = async { if let Some(rx) = tun_tx_channel.as_mut() { rx.recv().await } else { futures::future::pending()...
[INFO] [stdout] 161 | | ...           if let Some(forwarding) = exit_forwarding.values().next() {
[INFO] [stdout] 162 | | ...               if let Some(relay_session_id) = active_exit_relay_session {
[INFO] [stdout] ...   |
[INFO] [stdout] 701 | | ...   }
[INFO] [stdout]     | |_______^ doesn't have a size known at compile-time
[INFO] [stdout]     |
[INFO] [stdout]     = help: the trait `Sized` is not implemented for `[u8]`
[INFO] [stdout] note: required by an implicit `Sized` bound in `Option`
[INFO] [stdout]    --> /rustc/3154cc1a3e6424e44f438a95007d043ed5ceaaf6/library/core/src/option.rs:598:0
[INFO] [stdout]     = note: this error originates in the macro `$crate::select` which comes from the expansion of the macro `tokio::select` (in Nightly builds, run with -Z macro-backtrace for more info)
[INFO] [stdout] 
[INFO] [stdout] 
[INFO] [stdout] error[E0277]: the size for values of type `[u8]` cannot be known at compilation time
[INFO] [stdout]    --> relay/src/main.rs:159:9
[INFO] [stdout]     |
[INFO] [stdout] 159 | / ...   tokio::select! {
[INFO] [stdout] 160 | | ...       Some(payload) = async { if let Some(rx) = tun_tx_channel.as_mut() { rx.recv().await } else { futures::future::pending()...
[INFO] [stdout] 161 | | ...           if let Some(forwarding) = exit_forwarding.values().next() {
[INFO] [stdout] 162 | | ...               if let Some(relay_session_id) = active_exit_relay_session {
[INFO] [stdout] ...   |
[INFO] [stdout] 701 | | ...   }
[INFO] [stdout]     | |_______^ doesn't have a size known at compile-time
[INFO] [stdout]     |
[INFO] [stdout]     = help: the trait `Sized` is not implemented for `[u8]`
[INFO] [stdout] note: required by an implicit `Sized` bound in `Option`
[INFO] [stdout]    --> /rustc/3154cc1a3e6424e44f438a95007d043ed5ceaaf6/library/core/src/option.rs:598:0
[INFO] [stdout]     = note: this error originates in the macro `$crate::select` which comes from the expansion of the macro `tokio::select` (in Nightly builds, run with -Z macro-backtrace for more info)
[INFO] [stdout] 
[INFO] [stdout] 
[INFO] [stdout] error[E0277]: the size for values of type `[u8]` cannot be known at compilation time
[INFO] [stdout]    --> relay/src/main.rs:160:133
[INFO] [stdout]     |
[INFO] [stdout] 160 | ...ait } else { futures::future::pending().await } } => {
[INFO] [stdout]     |                                            ^^^^^ doesn't have a size known at compile-time
[INFO] [stdout]     |
[INFO] [stdout]     = help: the trait `Sized` is not implemented for `[u8]`
[INFO] [stdout] note: required by an implicit `Sized` bound in `Option`
[INFO] [stdout]    --> /rustc/3154cc1a3e6424e44f438a95007d043ed5ceaaf6/library/core/src/option.rs:598:0
[INFO] [stdout] 
[INFO] [stdout] 
[INFO] [stdout] error[E0277]: the size for values of type `[u8]` cannot be known at compilation time
[INFO] [stdout]    --> relay/src/main.rs:160:91
[INFO] [stdout]     |
[INFO] [stdout] 160 | ...) = tun_tx_channel.as_mut() { rx.recv().await } else { futures::future::pending().await } } => {
[INFO] [stdout]     |                                            ^^^^^ doesn't have a size known at compile-time
[INFO] [stdout]     |
[INFO] [stdout]     = help: the trait `Sized` is not implemented for `[u8]`
[INFO] [stdout] note: required by an implicit `Sized` bound in `Option`
[INFO] [stdout]    --> /rustc/3154cc1a3e6424e44f438a95007d043ed5ceaaf6/library/core/src/option.rs:598:0
[INFO] [stdout] 
[INFO] [stdout] 
[INFO] [stdout] error[E0308]: mismatched types
[INFO] [stdout]    --> relay/src/main.rs:186:37
[INFO] [stdout]     |
[INFO] [stdout] 186 | ...                   payload,
[INFO] [stdout]     |                       ^^^^^^^ expected `Vec<u8>`, found `[u8]`
[INFO] [stdout]     |
[INFO] [stdout]     = note: expected struct `Vec<u8>`
[INFO] [stdout]                 found slice `[u8]`
[INFO] [stdout] help: try using a conversion method
[INFO] [stdout]     |
[INFO] [stdout] 186 |                                     payload: payload.to_vec(),
[INFO] [stdout]     |                                     ++++++++        +++++++++
[INFO] [stdout] 
[INFO] [stdout] 
[INFO] [stdout] warning: unreachable expression
[INFO] [stdout]    --> client/src/engine.rs:277:5
[INFO] [stdout]     |
[INFO] [stdout]  60 | /     loop {
[INFO] [stdout]  61 | |         tokio::select! {
[INFO] [stdout]  62 | |             Some(packet) = async { if let Some(rx) = tun_rx.as_mut() { rx.recv().await } else { futures::future::pending().await ...
[INFO] [stdout]  63 | |                 if let (Some(channel), Some(route), Some(exit)) = (active_channel.as_mut(), active_route.as_ref(), exit_peer.as_r...
[INFO] [stdout] ...   |
[INFO] [stdout] 276 | |     }
[INFO] [stdout]     | |_____- any code following this expression is unreachable
[INFO] [stdout] 277 |       Ok(())
[INFO] [stdout]     |       ^^^^^^ unreachable expression
[INFO] [stdout]     |
[INFO] [stdout]     = note: `#[warn(unreachable_code)]` (part of `#[warn(unused)]`) on by default
[INFO] [stdout] 
[INFO] [stdout] 
[INFO] [stdout] warning: unused variable: `remote_peer`
[INFO] [stdout]    --> client/src/engine.rs:162:68
[INFO] [stdout]     |
[INFO] [stdout] 162 |                         NetworkEvent::DiscoveryResponse { peer_id: remote_peer, payload, .. } => {
[INFO] [stdout]     |                                                                    ^^^^^^^^^^^ help: if this is intentional, prefix it with an underscore: `_remote_peer`
[INFO] [stdout]     |
[INFO] [stdout]     = note: `#[warn(unused_variables)]` (part of `#[warn(unused)]`) on by default
[INFO] [stdout] 
[INFO] [stdout] 
[INFO] [stdout] warning: function `open_configured_tun` is never used
[INFO] [stdout]    --> client/src/engine.rs:280:4
[INFO] [stdout]     |
[INFO] [stdout] 280 | fn open_configured_tun(
[INFO] [stdout]     |    ^^^^^^^^^^^^^^^^^^^
[INFO] [stdout]     |
[INFO] [stdout]     = note: `#[warn(dead_code)]` (part of `#[warn(unused)]`) on by default
[INFO] [stdout] 
[INFO] [stdout] 
[INFO] [stdout] warning: function `build_protocol_request` is never used
[INFO] [stdout]    --> client/src/engine.rs:301:4
[INFO] [stdout]     |
[INFO] [stdout] 301 | fn build_protocol_request(
[INFO] [stdout]     |    ^^^^^^^^^^^^^^^^^^^^^^
[INFO] [stdout] 
[INFO] [stdout] 
[INFO] [stdout] warning: function `dns_query` is never used
[INFO] [stdout]    --> client/src/engine.rs:358:4
[INFO] [stdout]     |
[INFO] [stdout] 358 | fn dns_query(name: &str) -> Vec<u8> {
[INFO] [stdout]     |    ^^^^^^^^^
[INFO] [stdout] 
[INFO] [stdout] 
[INFO] [stdout] warning: function `log_route` is never used
[INFO] [stdout]    --> client/src/engine.rs:368:4
[INFO] [stdout]     |
[INFO] [stdout] 368 | fn log_route(route: &Route) {
[INFO] [stdout]     |    ^^^^^^^^^
[INFO] [stdout] 
[INFO] [stdout] 
[INFO] [stdout] warning: unused variable: `remote_peer`
[INFO] [stdout]    --> client/src/engine.rs:162:68
[INFO] [stdout]     |
[INFO] [stdout] 162 |                         NetworkEvent::DiscoveryResponse { peer_id: remote_peer, payload, .. } => {
[INFO] [stdout]     |                                                                    ^^^^^^^^^^^ help: if this is intentional, prefix it with an underscore: `_remote_peer`
[INFO] [stdout]     |
[INFO] [stdout]     = note: `#[warn(unused_variables)]` (part of `#[warn(unused)]`) on by default
[INFO] [stdout] 
[INFO] [stdout] 
[INFO] [stdout] Some errors have detailed explanations: E0277, E0282, E0308.
[INFO] [stdout] 
[INFO] [stdout] For more information about an error, try `rustc --explain E0277`.
[INFO] [stdout] 
[INFO] [stderr] error: could not compile `ghost-layer-relay` (bin "ghost-layer-relay") due to 16 previous errors
[INFO] [stderr] warning: build failed, waiting for other jobs to finish...
[INFO] [stdout] warning: function `open_configured_tun` is never used
[INFO] [stdout]    --> client/src/engine.rs:280:4
[INFO] [stdout]     |
[INFO] [stdout] 280 | fn open_configured_tun(
[INFO] [stdout]     |    ^^^^^^^^^^^^^^^^^^^
[INFO] [stdout]     |
[INFO] [stdout]     = note: `#[warn(dead_code)]` (part of `#[warn(unused)]`) on by default
[INFO] [stdout] 
[INFO] [stdout] 
[INFO] [stdout] warning: function `build_protocol_request` is never used
[INFO] [stdout]    --> client/src/engine.rs:301:4
[INFO] [stdout]     |
[INFO] [stdout] 301 | fn build_protocol_request(
[INFO] [stdout]     |    ^^^^^^^^^^^^^^^^^^^^^^
[INFO] [stdout] 
[INFO] [stdout] 
[INFO] [stdout] warning: function `dns_query` is never used
[INFO] [stdout]    --> client/src/engine.rs:358:4
[INFO] [stdout]     |
[INFO] [stdout] 358 | fn dns_query(name: &str) -> Vec<u8> {
[INFO] [stdout]     |    ^^^^^^^^^
[INFO] [stdout] 
[INFO] [stdout] 
[INFO] [stdout] warning: function `log_route` is never used
[INFO] [stdout]    --> client/src/engine.rs:368:4
[INFO] [stdout]     |
[INFO] [stdout] 368 | fn log_route(route: &Route) {
[INFO] [stdout]     |    ^^^^^^^^^
[INFO] [stdout] 
[INFO] [stdout] 
[INFO] [stdout] Some errors have detailed explanations: E0277, E0282, E0308.
[INFO] [stdout] 
[INFO] [stdout] For more information about an error, try `rustc --explain E0277`.
[INFO] [stdout] 
[INFO] [stderr] error: could not compile `ghost-layer-relay` (bin "ghost-layer-relay" test) due to 16 previous errors
[INFO] running `Command { std: "docker" "inspect" "04ab3bb93f048d174d0fb83e08572d7cad224fe8d07d0edf0c895a2c23e42695", kill_on_drop: false }`
[INFO] running `Command { std: "docker" "rm" "-f" "04ab3bb93f048d174d0fb83e08572d7cad224fe8d07d0edf0c895a2c23e42695", kill_on_drop: false }`
[INFO] [stdout] 04ab3bb93f048d174d0fb83e08572d7cad224fe8d07d0edf0c895a2c23e42695
