[INFO] cloning repository https://github.com/rayzinnz/pst-analyser
[INFO] running `Command { std: "git" "-c" "credential.helper=" "-c" "credential.helper=/workspace/cargo-home/bin/git-credential-null" "clone" "--bare" "https://github.com/rayzinnz/pst-analyser" "/workspace/cache/git-repos/https%3A%2F%2Fgithub.com%2Frayzinnz%2Fpst-analyser", kill_on_drop: false }`
[INFO] [stderr] Cloning into bare repository '/workspace/cache/git-repos/https%3A%2F%2Fgithub.com%2Frayzinnz%2Fpst-analyser'...
[INFO] running `Command { std: "git" "rev-parse" "HEAD", kill_on_drop: false }`
[INFO] [stdout] 1094465bc87ea9cf5269511674b345188c78dacd
[INFO] checking rayzinnz/pst-analyser against 3154cc1a3e6424e44f438a95007d043ed5ceaaf6+rustflags=-Znext-solver=coherence for pr-133502-30
[INFO] running `Command { std: "git" "clone" "/workspace/cache/git-repos/https%3A%2F%2Fgithub.com%2Frayzinnz%2Fpst-analyser" "/workspace/builds/worker-3-tc1/source", kill_on_drop: false }`
[INFO] [stderr] Cloning into '/workspace/builds/worker-3-tc1/source'...
[INFO] [stderr] done.
[INFO] started tweaking git repo https://github.com/rayzinnz/pst-analyser
[INFO] finished tweaking git repo https://github.com/rayzinnz/pst-analyser
[INFO] tweaked toml for git repo https://github.com/rayzinnz/pst-analyser written to /workspace/builds/worker-3-tc1/source/Cargo.toml
[INFO] validating manifest of git repo https://github.com/rayzinnz/pst-analyser on toolchain 3154cc1a3e6424e44f438a95007d043ed5ceaaf6
[INFO] running `Command { std: CARGO_HOME="/workspace/cargo-home" RUSTUP_HOME="/workspace/rustup-home" "/workspace/cargo-home/bin/cargo" "+3154cc1a3e6424e44f438a95007d043ed5ceaaf6" "metadata" "--manifest-path" "Cargo.toml" "--no-deps", kill_on_drop: false }`
[INFO] crate git repo https://github.com/rayzinnz/pst-analyser already has a lockfile, it will not be regenerated
[INFO] running `Command { std: CARGO_HOME="/workspace/cargo-home" RUSTUP_HOME="/workspace/rustup-home" "/workspace/cargo-home/bin/cargo" "+3154cc1a3e6424e44f438a95007d043ed5ceaaf6" "fetch" "--manifest-path" "Cargo.toml", kill_on_drop: false }`
[INFO] [stderr]     Updating git repository `https://github.com/rayzinnz/rust-helper-lib.git`
[INFO] [stderr]     Updating git repository `https://github.com/rayzinnz/pst-reader.git`
[INFO] [stderr]     Updating crates.io index
[INFO] [stderr]     Blocking waiting for file lock on package cache
[INFO] [stderr]  Downloading crates ...
[INFO] [stderr]   Downloaded safe_arch v1.1.0
[INFO] [stderr]   Downloaded compressed-rtf v1.0.1
[INFO] [stderr]   Downloaded lru v0.18.2
[INFO] [stderr]   Downloaded astral-tl v0.7.11
[INFO] [stderr]   Downloaded simba v0.10.2
[INFO] [stderr]   Downloaded spin v0.10.1
[INFO] [stderr]   Downloaded wide v1.6.1
[INFO] [stderr]   Downloaded nalgebra v0.35.0
[INFO] [stderr]   Downloaded html-to-markdown-rs v3.10.6
[INFO] [stderr]   Downloaded glam v0.33.3
[INFO] [stderr]   Downloaded crc-fast v1.10.0
[INFO] running `Command { std: "docker" "create" "-v" "/var/lib/crater-agent-workspace/builds/worker-3-tc1/source:/opt/rustwide/workdir:ro,Z" "-v" "/var/lib/crater-agent-workspace/builds/worker-3-tc1/target:/opt/rustwide/target:rw,Z" "-v" "/var/lib/crater-agent-workspace/cargo-home:/opt/rustwide/cargo-home:ro,Z" "-v" "/var/lib/crater-agent-workspace/rustup-home:/opt/rustwide/rustup-home:ro,Z" "-m" "1610612736" "--network" "none" "ghcr.io/rust-lang/crates-build-env/linux@sha256:77db811e55d90add9212f6832c23229e3de5f1c1f9905e8cb07319ea15df73ac" "sleep" "infinity", kill_on_drop: false }`
[INFO] [stdout] b3d046a9304c98262396af8dad6773be0cc5d4fca03a80f47cffe9f9f82d1f1f
[INFO] running `Command { std: "docker" "start" "b3d046a9304c98262396af8dad6773be0cc5d4fca03a80f47cffe9f9f82d1f1f", kill_on_drop: false }`
[INFO] running `Command { std: "docker" "inspect" "b3d046a9304c98262396af8dad6773be0cc5d4fca03a80f47cffe9f9f82d1f1f", kill_on_drop: false }`
[INFO] running `Command { std: "docker" "exec" "-e" "SOURCE_DIR=/opt/rustwide/workdir" "-e" "CARGO_HOME=/opt/rustwide/cargo-home" "-e" "RUSTUP_HOME=/opt/rustwide/rustup-home" "-e" "CARGO_TARGET_DIR=/opt/rustwide/target" "-w" "/opt/rustwide/workdir" "--user" "0:0" "b3d046a9304c98262396af8dad6773be0cc5d4fca03a80f47cffe9f9f82d1f1f" "/opt/rustwide/cargo-home/bin/cargo" "+3154cc1a3e6424e44f438a95007d043ed5ceaaf6" "metadata" "--no-deps" "--format-version=1", kill_on_drop: false }`
[INFO] running `Command { std: "docker" "inspect" "b3d046a9304c98262396af8dad6773be0cc5d4fca03a80f47cffe9f9f82d1f1f", kill_on_drop: false }`
[INFO] running `Command { std: "docker" "exec" "-e" "SOURCE_DIR=/opt/rustwide/workdir" "-e" "CARGO_HOME=/opt/rustwide/cargo-home" "-e" "RUSTUP_HOME=/opt/rustwide/rustup-home" "-e" "CARGO_TARGET_DIR=/opt/rustwide/target" "-e" "CARGO_INCREMENTAL=0" "-e" "RUST_BACKTRACE=full" "-e" "RUSTFLAGS=--cap-lints=forbid -Znext-solver=coherence" "-e" "RUSTDOCFLAGS=--cap-lints=forbid" "-w" "/opt/rustwide/workdir" "--user" "0:0" "b3d046a9304c98262396af8dad6773be0cc5d4fca03a80f47cffe9f9f82d1f1f" "/opt/rustwide/cargo-home/bin/cargo" "+3154cc1a3e6424e44f438a95007d043ed5ceaaf6" "check" "--frozen" "--all" "--all-targets" "--message-format=json", kill_on_drop: false }`
[INFO] [stderr]    Compiling proc-macro2 v1.0.107
[INFO] [stderr]     Checking smallvec v1.15.2
[INFO] [stderr]    Compiling jobserver v0.1.35
[INFO] [stderr]     Checking errno v0.3.14
[INFO] [stderr]     Checking socket2 v0.6.5
[INFO] [stderr]    Compiling num-traits v0.2.19
[INFO] [stderr]     Checking hashbrown v0.17.1
[INFO] [stderr]     Checking mio v1.2.2
[INFO] [stderr]     Checking signal-hook-registry v1.4.8
[INFO] [stderr]     Checking parking_lot_core v0.9.12
[INFO] [stderr]    Compiling cc v1.4.2
[INFO] [stderr]    Compiling aws-lc-rs v1.18.0
[INFO] [stderr]     Checking zeroize v1.9.0
[INFO] [stderr]     Checking parking_lot v0.12.5
[INFO] [stderr]     Checking rustls-pki-types v1.15.1
[INFO] [stderr]    Compiling crunchy v0.2.4
[INFO] [stderr]     Checking phf_shared v0.13.1
[INFO] [stderr]     Checking new_debug_unreachable v1.0.6
[INFO] [stderr]    Compiling quote v1.0.47
[INFO] [stderr]    Compiling rustls v0.23.43
[INFO] [stderr]     Checking log v0.4.33
[INFO] [stderr]     Checking futures-task v0.3.34
[INFO] [stderr]    Compiling tiny-keccak v2.0.2
[INFO] [stderr]    Compiling syn v2.0.119
[INFO] [stderr]    Compiling syn v3.0.3
[INFO] [stderr]    Compiling string_cache_codegen v0.6.1
[INFO] [stderr]     Checking futures-util v0.3.34
[INFO] [stderr]     Checking precomputed-hash v0.1.1
[INFO] [stderr]     Checking indexmap v2.14.0
[INFO] [stderr]     Checking string_cache v0.9.0
[INFO] [stderr]    Compiling getrandom v0.2.17
[INFO] [stderr]    Compiling web_atoms v0.2.6
[INFO] [stderr]     Checking phf v0.13.1
[INFO] [stderr]     Checking futures-channel v0.3.34
[INFO] [stderr]    Compiling cmake v0.1.58
[INFO] [stderr]    Compiling phf_shared v0.14.0
[INFO] [stderr]    Compiling winnow v1.0.4
[INFO] [stderr]     Checking bitflags v2.13.1
[INFO] [stderr]    Compiling zerocopy v0.8.56
[INFO] [stderr]    Compiling once_cell v1.21.4
[INFO] [stderr]     Checking bytemuck v1.25.2
[INFO] [stderr]    Compiling const-random-macro v0.1.16
[INFO] [stderr]     Checking safe_arch v1.1.0
[INFO] [stderr]    Compiling phf_generator v0.14.0
[INFO] [stderr]    Compiling aws-lc-sys v0.44.0
[INFO] [stderr]    Compiling zstd-sys v2.0.16+zstd.1.5.7
[INFO] [stderr]    Compiling libsqlite3-sys v0.38.2
[INFO] [stderr]     Checking tendril v0.5.1
[INFO] [stderr]    Compiling ahash v0.8.12
[INFO] [stderr]    Compiling matrixmultiply v0.3.11
[INFO] [stderr]     Checking ipnet v2.12.1
[INFO] [stderr]    Compiling serde v1.0.229
[INFO] [stderr]    Compiling serde_json v1.0.151
[INFO] [stderr]    Compiling toml_parser v1.1.3+spec-1.1.0
[INFO] [stderr]    Compiling time-macros v0.2.32
[INFO] [stderr]     Checking rustls-native-certs v0.8.4
[INFO] [stderr]     Checking markup5ever v0.39.0
[INFO] [stderr]     Checking wide v1.6.1
[INFO] [stderr]    Compiling toml_edit v0.25.13+spec-1.1.0
[INFO] [stderr]     Checking const-random v0.1.18
[INFO] [stderr]     Checking num-integer v0.1.47
[INFO] [stderr]     Checking num-complex v0.4.6
[INFO] [stderr]    Compiling synstructure v0.13.2
[INFO] [stderr]    Compiling displaydoc v0.2.7
[INFO] [stderr]    Compiling tokio-macros v2.7.2
[INFO] [stderr]    Compiling thiserror-impl v2.0.20
[INFO] [stderr]     Checking tokio v1.53.1
[INFO] [stderr]    Compiling zerofrom-derive v0.1.7
[INFO] [stderr]    Compiling yoke-derive v0.8.2
[INFO] [stderr]    Compiling zerovec-derive v0.11.3
[INFO] [stderr]     Checking zerofrom v0.1.8
[INFO] [stderr]    Compiling tracing-attributes v0.1.31
[INFO] [stderr]     Checking yoke v0.8.3
[INFO] [stderr]     Checking zerotrie v0.2.4
[INFO] [stderr]     Checking thiserror v2.0.20
[INFO] [stderr]    Compiling phf_macros v0.14.0
[INFO] [stderr]     Checking zerovec v0.11.6
[INFO] [stderr]     Checking tracing v0.1.44
[INFO] [stderr]    Compiling serde_derive v1.0.229
[INFO] [stderr]     Checking tinystr v0.8.3
[INFO] [stderr]     Checking potential_utf v0.1.5
[INFO] [stderr]     Checking icu_collections v2.2.0
[INFO] [stderr]     Checking icu_locale_core v2.2.0
[INFO] [stderr]     Checking approx v0.5.1
[INFO] [stderr]     Checking num_threads v0.1.7
[INFO] [stderr]     Checking iana-time-zone v0.1.65
[INFO] [stderr]     Checking rawpointer v0.2.1
[INFO] [stderr]     Checking time v0.3.55
[INFO] [stderr]     Checking phf v0.14.0
[INFO] [stderr]     Checking chrono v0.4.45
[INFO] [stderr]     Checking icu_provider v2.2.0
[INFO] [stderr]     Checking tokio-util v0.7.19
[INFO] [stderr]     Checking icu_properties v2.2.0
[INFO] [stderr]     Checking icu_normalizer v2.2.0
[INFO] [stderr]     Checking h2 v0.4.15
[INFO] [stderr]     Checking tower v0.5.3
[INFO] [stderr]     Checking simba v0.10.2
[INFO] [stderr]     Checking idna_adapter v1.2.2
[INFO] [stderr]     Checking idna v1.1.0
[INFO] [stderr]    Compiling nalgebra-macros v0.3.0
[INFO] [stderr]     Checking url v2.5.8
[INFO] [stderr]     Checking num-rational v0.4.2
[INFO] [stderr]     Checking tower-http v0.6.11
[INFO] [stderr]    Compiling proc-macro-crate v3.5.0
[INFO] [stderr]     Checking html5ever v0.39.0
[INFO] [stderr]     Checking lru v0.18.2
[INFO] [stderr]     Checking hashlink v0.12.1
[INFO] [stderr]     Checking astral-tl v0.7.11
[INFO] [stderr]     Checking http-body-util v0.1.4
[INFO] [stderr]     Checking encoding_rs v0.8.35
[INFO] [stderr]     Checking html-escape v0.2.15
[INFO] [stderr]     Checking hyper v1.11.0
[INFO] [stderr]     Checking fallible-iterator v0.3.0
[INFO] [stderr]     Checking fallible-streaming-iterator v0.1.9
[INFO] [stderr]     Checking simplelog v0.12.2
[INFO] [stderr]     Checking crypto-common v0.1.7
[INFO] [stderr]     Checking rusqlite v0.40.2
[INFO] [stderr]    Compiling num_enum_derive v0.7.6
[INFO] [stderr]     Checking html-to-markdown-rs v3.10.6
[INFO] [stderr]     Checking termios v0.3.3
[INFO] [stderr]     Checking hyper-util v0.1.20
[INFO] [stderr]     Checking compressed-rtf v1.0.1
[INFO] [stderr]     Checking digest v0.10.7
[INFO] [stderr]     Checking num_enum v0.7.6
[INFO] [stderr]     Checking spin v0.10.1
[INFO] [stderr]     Checking crc-fast v1.10.0
[INFO] [stderr]    Compiling zstd-safe v7.2.4
[INFO] [stderr]     Checking nalgebra v0.35.0
[INFO] [stderr]     Checking zstd v0.13.3
[INFO] [stderr]     Checking rustls-webpki v0.103.14
[INFO] [stderr]     Checking tokio-rustls v0.26.4
[INFO] [stderr]     Checking rustls-platform-verifier v0.7.0
[INFO] [stderr]     Checking hyper-rustls v0.27.9
[INFO] [stderr]     Checking reqwest v0.13.4
[INFO] [stderr]     Checking helper_lib v0.2.2 (https://github.com/rayzinnz/rust-helper-lib.git#7ec10a32)
[INFO] [stderr]     Checking pst_reader v0.1.0 (https://github.com/rayzinnz/pst-reader.git#7b98e34c)
[INFO] [stderr]     Checking pst_analyser v0.1.0 (/opt/rustwide/workdir)
[INFO] [stdout] error[E0433]: cannot find `windows` in `os`
[INFO] [stdout]  --> src/main.rs:1:41
[INFO] [stdout]   |
[INFO] [stdout] 1 | use std::{collections::HashMap, fs, os::windows::fs::MetadataExt, path::Path, sync::{Arc, atomic::{AtomicBool, Ordering}}, thread};
[INFO] [stdout]   |                                         ^^^^^^^ could not find `windows` in `os`
[INFO] [stdout]   |
[INFO] [stdout] note: found an item that was configured out
[INFO] [stdout]  --> /rustc/3154cc1a3e6424e44f438a95007d043ed5ceaaf6/library/std/src/os/mod.rs:62:4
[INFO] [stdout]   |
[INFO] [stdout]   = note: the item is gated behind the `windows` feature
[INFO] [stdout] 
[INFO] [stdout] 
[INFO] [stdout] error[E0433]: cannot find `windows` in `os`
[INFO] [stdout]  --> src/main.rs:1:41
[INFO] [stdout]   |
[INFO] [stdout] 1 | use std::{collections::HashMap, fs, os::windows::fs::MetadataExt, path::Path, sync::{Arc, atomic::{AtomicBool, Ordering}}, thread};
[INFO] [stdout]   |                                         ^^^^^^^ could not find `windows` in `os`
[INFO] [stdout]   |
[INFO] [stdout] note: found an item that was configured out
[INFO] [stdout]  --> /rustc/3154cc1a3e6424e44f438a95007d043ed5ceaaf6/library/std/src/os/mod.rs:62:4
[INFO] [stdout]   |
[INFO] [stdout]   = note: the item is gated behind the `windows` feature
[INFO] [stdout] 
[INFO] [stdout] 
[INFO] [stdout] warning: unused import: `collections::HashMap`
[INFO] [stdout]  --> src/main.rs:1:11
[INFO] [stdout]   |
[INFO] [stdout] 1 | use std::{collections::HashMap, fs, os::windows::fs::MetadataExt, path::Path, sync::{Arc, atomic::{AtomicBool, Ordering}}, thread};
[INFO] [stdout]   |           ^^^^^^^^^^^^^^^^^^^^
[INFO] [stdout]   |
[INFO] [stdout]   = note: `#[warn(unused_imports)]` (part of `#[warn(unused)]`) on by default
[INFO] [stdout] 
[INFO] [stdout] 
[INFO] [stdout] warning: unused import: `LLMCloudflare`
[INFO] [stdout]  --> src/main.rs:5:30
[INFO] [stdout]   |
[INFO] [stdout] 5 | use helper_lib::{llm::{self, LLMCloudflare, LLMEndpoint, LLMHost}, markdown::html_to_markdown};
[INFO] [stdout]   |                              ^^^^^^^^^^^^^
[INFO] [stdout] 
[INFO] [stdout] 
[INFO] [stdout] warning: unused import: `collections::HashMap`
[INFO] [stdout]  --> src/main.rs:1:11
[INFO] [stdout]   |
[INFO] [stdout] 1 | use std::{collections::HashMap, fs, os::windows::fs::MetadataExt, path::Path, sync::{Arc, atomic::{AtomicBool, Ordering}}, thread};
[INFO] [stdout]   |           ^^^^^^^^^^^^^^^^^^^^
[INFO] [stdout]   |
[INFO] [stdout]   = note: `#[warn(unused_imports)]` (part of `#[warn(unused)]`) on by default
[INFO] [stdout] 
[INFO] [stdout] 
[INFO] [stdout] warning: unused import: `LLMCloudflare`
[INFO] [stdout]  --> src/main.rs:5:30
[INFO] [stdout]   |
[INFO] [stdout] 5 | use helper_lib::{llm::{self, LLMCloudflare, LLMEndpoint, LLMHost}, markdown::html_to_markdown};
[INFO] [stdout]   |                              ^^^^^^^^^^^^^
[INFO] [stdout] 
[INFO] [stdout] 
[INFO] [stdout] error[E0599]: no method named `file_size` found for struct `std::fs::Metadata` in the current scope
[INFO] [stdout]    --> src/main.rs:269:39
[INFO] [stdout]     |
[INFO] [stdout] 269 |         embedding_bin_size = metadata.file_size()
[INFO] [stdout]     |                                       ^^^^^^^^^
[INFO] [stdout]     |
[INFO] [stdout] help: there is a method `file_type` with a similar name
[INFO] [stdout]     |
[INFO] [stdout] 269 -         embedding_bin_size = metadata.file_size()
[INFO] [stdout] 269 +         embedding_bin_size = metadata.file_type()
[INFO] [stdout]     |
[INFO] [stdout] 
[INFO] [stdout] 
[INFO] [stdout] error[E0599]: no method named `file_size` found for struct `std::fs::Metadata` in the current scope
[INFO] [stdout]    --> src/main.rs:269:39
[INFO] [stdout]     |
[INFO] [stdout] 269 |         embedding_bin_size = metadata.file_size()
[INFO] [stdout]     |                                       ^^^^^^^^^
[INFO] [stdout]     |
[INFO] [stdout] help: there is a method `file_type` with a similar name
[INFO] [stdout]     |
[INFO] [stdout] 269 -         embedding_bin_size = metadata.file_size()
[INFO] [stdout] 269 +         embedding_bin_size = metadata.file_type()
[INFO] [stdout]     |
[INFO] [stdout] 
[INFO] [stdout] 
[INFO] [stdout] error[E0599]: no method named `file_size` found for struct `std::fs::Metadata` in the current scope
[INFO] [stdout]    --> src/main.rs:420:39
[INFO] [stdout]     |
[INFO] [stdout] 420 |         embedding_bin_size = metadata.file_size()
[INFO] [stdout]     |                                       ^^^^^^^^^
[INFO] [stdout]     |
[INFO] [stdout] help: there is a method `file_type` with a similar name
[INFO] [stdout]     |
[INFO] [stdout] 420 -         embedding_bin_size = metadata.file_size()
[INFO] [stdout] 420 +         embedding_bin_size = metadata.file_type()
[INFO] [stdout]     |
[INFO] [stdout] 
[INFO] [stdout] 
[INFO] [stdout] error[E0599]: no method named `file_size` found for struct `std::fs::Metadata` in the current scope
[INFO] [stdout]    --> src/main.rs:420:39
[INFO] [stdout]     |
[INFO] [stdout] 420 |         embedding_bin_size = metadata.file_size()
[INFO] [stdout]     |                                       ^^^^^^^^^
[INFO] [stdout]     |
[INFO] [stdout] help: there is a method `file_type` with a similar name
[INFO] [stdout]     |
[INFO] [stdout] 420 -         embedding_bin_size = metadata.file_size()
[INFO] [stdout] 420 +         embedding_bin_size = metadata.file_type()
[INFO] [stdout]     |
[INFO] [stdout] 
[INFO] [stdout] 
[INFO] [stdout] Some errors have detailed explanations: E0433, E0599.
[INFO] [stdout] 
[INFO] [stdout] Some errors have detailed explanations: E0433, E0599.
[INFO] [stdout] 
[INFO] [stdout] For more information about an error, try `rustc --explain E0433`.
[INFO] [stdout] 
[INFO] [stdout] For more information about an error, try `rustc --explain E0433`.
[INFO] [stdout] 
[INFO] [stderr] error: could not compile `pst_analyser` (bin "pst_analyser" test) due to 3 previous errors; 2 warnings emitted
[INFO] [stderr] warning: build failed, waiting for other jobs to finish...
[INFO] [stderr] error: could not compile `pst_analyser` (bin "pst_analyser") due to 3 previous errors; 2 warnings emitted
[INFO] running `Command { std: "docker" "inspect" "b3d046a9304c98262396af8dad6773be0cc5d4fca03a80f47cffe9f9f82d1f1f", kill_on_drop: false }`
[INFO] running `Command { std: "docker" "rm" "-f" "b3d046a9304c98262396af8dad6773be0cc5d4fca03a80f47cffe9f9f82d1f1f", kill_on_drop: false }`
[INFO] [stdout] b3d046a9304c98262396af8dad6773be0cc5d4fca03a80f47cffe9f9f82d1f1f
