[INFO] cloning repository https://github.com/ralfkuh-lab/diktier
[INFO] running `Command { std: "git" "-c" "credential.helper=" "-c" "credential.helper=/workspace/cargo-home/bin/git-credential-null" "clone" "--bare" "https://github.com/ralfkuh-lab/diktier" "/workspace/cache/git-repos/https%3A%2F%2Fgithub.com%2Fralfkuh-lab%2Fdiktier", kill_on_drop: false }`
[INFO] [stderr] Cloning into bare repository '/workspace/cache/git-repos/https%3A%2F%2Fgithub.com%2Fralfkuh-lab%2Fdiktier'...
[INFO] running `Command { std: "git" "rev-parse" "HEAD", kill_on_drop: false }`
[INFO] [stdout] 951858515be2cf5b93cf8148daf5e600be99e5bb
[INFO] checking ralfkuh-lab/diktier against 3154cc1a3e6424e44f438a95007d043ed5ceaaf6 for pr-133502-30
[INFO] running `Command { std: "git" "clone" "/workspace/cache/git-repos/https%3A%2F%2Fgithub.com%2Fralfkuh-lab%2Fdiktier" "/workspace/builds/worker-2-tc2/source", kill_on_drop: false }`
[INFO] [stderr] Cloning into '/workspace/builds/worker-2-tc2/source'...
[INFO] [stderr] done.
[INFO] started tweaking git repo https://github.com/ralfkuh-lab/diktier
[INFO] finished tweaking git repo https://github.com/ralfkuh-lab/diktier
[INFO] tweaked toml for git repo https://github.com/ralfkuh-lab/diktier written to /workspace/builds/worker-2-tc2/source/Cargo.toml
[INFO] validating manifest of git repo https://github.com/ralfkuh-lab/diktier on toolchain 3154cc1a3e6424e44f438a95007d043ed5ceaaf6
[INFO] running `Command { std: CARGO_HOME="/workspace/cargo-home" RUSTUP_HOME="/workspace/rustup-home" "/workspace/cargo-home/bin/cargo" "+3154cc1a3e6424e44f438a95007d043ed5ceaaf6" "metadata" "--manifest-path" "Cargo.toml" "--no-deps", kill_on_drop: false }`
[INFO] crate git repo https://github.com/ralfkuh-lab/diktier already has a lockfile, it will not be regenerated
[INFO] running `Command { std: CARGO_HOME="/workspace/cargo-home" RUSTUP_HOME="/workspace/rustup-home" "/workspace/cargo-home/bin/cargo" "+3154cc1a3e6424e44f438a95007d043ed5ceaaf6" "fetch" "--manifest-path" "Cargo.toml", kill_on_drop: false }`
[INFO] running `Command { std: "docker" "create" "-v" "/var/lib/crater-agent-workspace/builds/worker-2-tc2/source:/opt/rustwide/workdir:ro,Z" "-v" "/var/lib/crater-agent-workspace/builds/worker-2-tc2/target:/opt/rustwide/target:rw,Z" "-v" "/var/lib/crater-agent-workspace/cargo-home:/opt/rustwide/cargo-home:ro,Z" "-v" "/var/lib/crater-agent-workspace/rustup-home:/opt/rustwide/rustup-home:ro,Z" "-m" "1610612736" "--network" "none" "ghcr.io/rust-lang/crates-build-env/linux@sha256:77db811e55d90add9212f6832c23229e3de5f1c1f9905e8cb07319ea15df73ac" "sleep" "infinity", kill_on_drop: false }`
[INFO] [stdout] dead380d6704aca489fb0d75cf0bdf14660e61aee0ac2f579667cfd8e49cdc26
[INFO] running `Command { std: "docker" "start" "dead380d6704aca489fb0d75cf0bdf14660e61aee0ac2f579667cfd8e49cdc26", kill_on_drop: false }`
[INFO] running `Command { std: "docker" "inspect" "dead380d6704aca489fb0d75cf0bdf14660e61aee0ac2f579667cfd8e49cdc26", kill_on_drop: false }`
[INFO] running `Command { std: "docker" "exec" "-e" "SOURCE_DIR=/opt/rustwide/workdir" "-e" "CARGO_HOME=/opt/rustwide/cargo-home" "-e" "RUSTUP_HOME=/opt/rustwide/rustup-home" "-e" "CARGO_TARGET_DIR=/opt/rustwide/target" "-w" "/opt/rustwide/workdir" "--user" "0:0" "dead380d6704aca489fb0d75cf0bdf14660e61aee0ac2f579667cfd8e49cdc26" "/opt/rustwide/cargo-home/bin/cargo" "+3154cc1a3e6424e44f438a95007d043ed5ceaaf6" "metadata" "--no-deps" "--format-version=1", kill_on_drop: false }`
[INFO] running `Command { std: "docker" "inspect" "dead380d6704aca489fb0d75cf0bdf14660e61aee0ac2f579667cfd8e49cdc26", kill_on_drop: false }`
[INFO] running `Command { std: "docker" "exec" "-e" "SOURCE_DIR=/opt/rustwide/workdir" "-e" "CARGO_HOME=/opt/rustwide/cargo-home" "-e" "RUSTUP_HOME=/opt/rustwide/rustup-home" "-e" "CARGO_TARGET_DIR=/opt/rustwide/target" "-e" "CARGO_INCREMENTAL=0" "-e" "RUST_BACKTRACE=full" "-e" "RUSTFLAGS=--cap-lints=forbid" "-e" "RUSTDOCFLAGS=--cap-lints=forbid" "-w" "/opt/rustwide/workdir" "--user" "0:0" "dead380d6704aca489fb0d75cf0bdf14660e61aee0ac2f579667cfd8e49cdc26" "/opt/rustwide/cargo-home/bin/cargo" "+3154cc1a3e6424e44f438a95007d043ed5ceaaf6" "check" "--frozen" "--all" "--all-targets" "--message-format=json", kill_on_drop: false }`
[INFO] [stderr]    Compiling cc v1.4.4
[INFO] [stderr]    Compiling fnv v1.0.7
[INFO] [stderr]    Compiling strsim v0.11.1
[INFO] [stderr]     Checking memchr v2.8.3
[INFO] [stderr]    Compiling ident_case v1.0.1
[INFO] [stderr]    Compiling zerocopy v0.8.56
[INFO] [stderr]     Checking bitflags v2.13.1
[INFO] [stderr]    Compiling syn v3.0.4
[INFO] [stderr]    Compiling syn v2.0.119
[INFO] [stderr]     Checking getrandom v0.3.4
[INFO] [stderr]     Checking num-integer v0.1.47
[INFO] [stderr]     Checking num-complex v0.4.6
[INFO] [stderr]    Compiling matrixmultiply v0.3.11
[INFO] [stderr]     Checking zeroize v1.9.0
[INFO] [stderr]     Checking strength_reduce v0.2.4
[INFO] [stderr]     Checking either v1.18.0
[INFO] [stderr]    Compiling alsa-sys v0.4.0
[INFO] [stderr]    Compiling esaxx-rs v0.1.10
[INFO] [stderr]    Compiling serde_json v1.0.151
[INFO] [stderr]     Checking rustls-pki-types v1.15.1
[INFO] [stderr]     Checking minimal-lexical v0.2.1
[INFO] [stderr]     Checking rand_core v0.9.5
[INFO] [stderr]    Compiling httparse v1.10.1
[INFO] [stderr]    Compiling ort-sys v2.0.0-rc.13
[INFO] [stderr]     Checking smallvec v1.15.2
[INFO] [stderr]     Checking rawpointer v0.2.1
[INFO] [stderr]     Checking itertools v0.14.0
[INFO] [stderr]     Checking rayon v1.12.0
[INFO] [stderr]     Checking castaway v0.2.4
[INFO] [stderr]    Compiling eyre v0.6.14
[INFO] [stderr]    Compiling rustls v0.23.43
[INFO] [stderr]     Checking primal-check v0.3.4
[INFO] [stderr]     Checking transpose v0.2.3
[INFO] [stderr]    Compiling macro_rules_attribute-proc_macro v0.2.3
[INFO] [stderr]     Checking base64 v0.13.1
[INFO] [stderr]    Compiling pastey v0.2.3
[INFO] [stderr]     Checking unicode-segmentation v1.13.3
[INFO] [stderr]     Checking http v1.5.0
[INFO] [stderr]     Checking rustfft v6.4.1
[INFO] [stderr]     Checking indexmap v2.14.0
[INFO] [stderr]     Checking ndarray v0.17.2
[INFO] [stderr]     Checking aho-corasick v1.1.5
[INFO] [stderr]     Checking nom v7.1.3
[INFO] [stderr]     Checking macro_rules_attribute v0.2.3
[INFO] [stderr]     Checking unicode-normalization-alignments v0.1.12
[INFO] [stderr]     Checking libloading v0.9.0
[INFO] [stderr]    Compiling cpal v0.18.2
[INFO] [stderr]    Compiling rustix v1.1.4
[INFO] [stderr]     Checking base64 v0.23.1
[INFO] [stderr]    Compiling getrandom v0.4.3
[INFO] [stderr]     Checking indenter v0.3.4
[INFO] [stderr]     Checking daachorse v1.0.1
[INFO] [stderr]     Checking unicode_categories v0.1.1
[INFO] [stderr]     Checking clap_builder v4.6.6
[INFO] [stderr]     Checking digest v0.10.7
[INFO] [stderr]     Checking ureq-proto v0.6.1
[INFO] [stderr]     Checking alsa v0.11.0
[INFO] [stderr]     Checking webpki-roots v1.0.9
[INFO] [stderr]     Checking hound v3.5.1
[INFO] [stderr]     Checking dasp_sample v0.11.0
[INFO] [stderr]     Checking regex-automata v0.4.18
[INFO] [stderr]     Checking utf8-zero v0.8.1
[INFO] [stderr]    Compiling diktier v0.5.0 (/opt/rustwide/workdir)
[INFO] [stderr]     Checking sha2 v0.10.9
[INFO] [stderr]    Compiling ring v0.17.14
[INFO] [stderr]    Compiling onig_sys v69.9.3
[INFO] [stderr]     Checking png v0.18.1
[INFO] [stderr]     Checking rayon-cond v0.4.0
[INFO] [stderr]    Compiling serde_derive v1.0.229
[INFO] [stderr]    Compiling thiserror-impl v2.0.20
[INFO] [stderr]    Compiling clap_derive v4.6.4
[INFO] [stderr]     Checking regex v1.13.1
[INFO] [stderr]     Checking tempfile v3.27.0
[INFO] [stderr]    Compiling darling_core v0.20.11
[INFO] [stderr]     Checking thiserror v2.0.20
[INFO] [stderr]    Compiling monostate-impl v0.1.18
[INFO] [stderr]     Checking monostate v0.1.18
[INFO] [stderr]     Checking clap v4.6.6
[INFO] [stderr]     Checking onig v6.5.3
[INFO] [stderr]     Checking realfft v3.5.0
[INFO] [stderr]     Checking rustls-webpki v0.103.15
[INFO] [stderr]     Checking rubato v0.16.2
[INFO] [stderr]     Checking serde v1.0.229
[INFO] [stderr]     Checking ppv-lite86 v0.2.21
[INFO] [stderr]    Compiling darling_macro v0.20.11
[INFO] [stderr]     Checking rand_chacha v0.9.0
[INFO] [stderr]     Checking ort v2.0.0-rc.13
[INFO] [stderr]    Compiling darling v0.20.11
[INFO] [stderr]     Checking rand v0.9.5
[INFO] [stderr]    Compiling derive_builder_core v0.20.2
[INFO] [stderr]     Checking dary_heap v0.3.9
[INFO] [stderr]     Checking serde_spanned v0.6.9
[INFO] [stderr]     Checking compact_str v0.9.1
[INFO] [stderr]     Checking ahash v0.8.12
[INFO] [stderr]     Checking toml_datetime v0.6.11
[INFO] [stderr]     Checking spm_precompiled v0.1.4
[INFO] [stderr]     Checking toml_edit v0.22.27
[INFO] [stderr]    Compiling derive_builder_macro v0.20.2
[INFO] [stderr]     Checking derive_builder v0.20.2
[INFO] [stderr]     Checking tokenizers v0.23.1
[INFO] [stderr]     Checking ureq v3.4.0
[INFO] [stderr]     Checking toml v0.8.23
[INFO] [stderr]     Checking parakeet-rs v0.3.7
[INFO] [stdout] error[E0433]: cannot find module or crate `windows_sys` in this scope
[INFO] [stdout]   --> src/daemon/signals.rs:24:9
[INFO] [stdout]    |
[INFO] [stdout] 24 |     use windows_sys::Win32::System::Console::{
[INFO] [stdout]    |         ^^^^^^^^^^^ use of unresolved module or unlinked crate `windows_sys`
[INFO] [stdout]    |
[INFO] [stdout]    = help: if you wanted to use a crate named `windows_sys`, use `cargo add windows_sys` to add it to your `Cargo.toml`
[INFO] [stdout] 
[INFO] [stdout] 
[INFO] [stdout] error[E0433]: cannot find module or crate `windows_sys` in this scope
[INFO] [stdout]   --> src/daemon/signals.rs:27:9
[INFO] [stdout]    |
[INFO] [stdout] 27 |     use windows_sys::core::BOOL;
[INFO] [stdout]    |         ^^^^^^^^^^^ use of unresolved module or unlinked crate `windows_sys`
[INFO] [stdout]    |
[INFO] [stdout]    = help: if you wanted to use a crate named `windows_sys`, use `cargo add windows_sys` to add it to your `Cargo.toml`
[INFO] [stdout] 
[INFO] [stdout] 
[INFO] [stdout] error[E0433]: cannot find module or crate `windows_sys` in this scope
[INFO] [stdout]    --> src/hotkey.rs:189:9
[INFO] [stdout]     |
[INFO] [stdout] 189 |     use windows_sys::Win32::Foundation::{GetLastError, LPARAM, LRESULT, WPARAM};
[INFO] [stdout]     |         ^^^^^^^^^^^ use of unresolved module or unlinked crate `windows_sys`
[INFO] [stdout]     |
[INFO] [stdout]     = help: if you wanted to use a crate named `windows_sys`, use `cargo add windows_sys` to add it to your `Cargo.toml`
[INFO] [stdout] 
[INFO] [stdout] 
[INFO] [stdout] error[E0433]: cannot find module or crate `windows_sys` in this scope
[INFO] [stdout]    --> src/hotkey.rs:190:9
[INFO] [stdout]     |
[INFO] [stdout] 190 |     use windows_sys::Win32::System::LibraryLoader::GetModuleHandleW;
[INFO] [stdout]     |         ^^^^^^^^^^^ use of unresolved module or unlinked crate `windows_sys`
[INFO] [stdout]     |
[INFO] [stdout]     = help: if you wanted to use a crate named `windows_sys`, use `cargo add windows_sys` to add it to your `Cargo.toml`
[INFO] [stdout] 
[INFO] [stdout] 
[INFO] [stdout] error[E0433]: cannot find module or crate `windows_sys` in this scope
[INFO] [stdout]    --> src/hotkey.rs:191:9
[INFO] [stdout]     |
[INFO] [stdout] 191 |     use windows_sys::Win32::System::Threading::GetCurrentThreadId;
[INFO] [stdout]     |         ^^^^^^^^^^^ use of unresolved module or unlinked crate `windows_sys`
[INFO] [stdout]     |
[INFO] [stdout]     = help: if you wanted to use a crate named `windows_sys`, use `cargo add windows_sys` to add it to your `Cargo.toml`
[INFO] [stdout] 
[INFO] [stdout] 
[INFO] [stdout] error[E0433]: cannot find module or crate `windows_sys` in this scope
[INFO] [stdout]    --> src/hotkey.rs:192:9
[INFO] [stdout]     |
[INFO] [stdout] 192 |     use windows_sys::Win32::UI::Input::KeyboardAndMouse::{
[INFO] [stdout]     |         ^^^^^^^^^^^ use of unresolved module or unlinked crate `windows_sys`
[INFO] [stdout]     |
[INFO] [stdout]     = help: if you wanted to use a crate named `windows_sys`, use `cargo add windows_sys` to add it to your `Cargo.toml`
[INFO] [stdout] 
[INFO] [stdout] 
[INFO] [stdout] error[E0433]: cannot find module or crate `windows_sys` in this scope
[INFO] [stdout]    --> src/hotkey.rs:195:9
[INFO] [stdout]     |
[INFO] [stdout] 195 |     use windows_sys::Win32::UI::WindowsAndMessaging::{
[INFO] [stdout]     |         ^^^^^^^^^^^ use of unresolved module or unlinked crate `windows_sys`
[INFO] [stdout]     |
[INFO] [stdout]     = help: if you wanted to use a crate named `windows_sys`, use `cargo add windows_sys` to add it to your `Cargo.toml`
[INFO] [stdout] 
[INFO] [stdout] 
[INFO] [stdout] error[E0433]: cannot find module or crate `windows_sys` in this scope
[INFO] [stdout]   --> src/inject/windows.rs:43:5
[INFO] [stdout]    |
[INFO] [stdout] 43 | use windows_sys::Win32::Foundation::{
[INFO] [stdout]    |     ^^^^^^^^^^^ use of unresolved module or unlinked crate `windows_sys`
[INFO] [stdout]    |
[INFO] [stdout]    = help: if you wanted to use a crate named `windows_sys`, use `cargo add windows_sys` to add it to your `Cargo.toml`
[INFO] [stdout] 
[INFO] [stdout] 
[INFO] [stdout] error[E0433]: cannot find module or crate `windows_sys` in this scope
[INFO] [stdout]   --> src/inject/windows.rs:47:5
[INFO] [stdout]    |
[INFO] [stdout] 47 | use windows_sys::Win32::Graphics::Gdi::{
[INFO] [stdout]    |     ^^^^^^^^^^^ use of unresolved module or unlinked crate `windows_sys`
[INFO] [stdout]    |
[INFO] [stdout]    = help: if you wanted to use a crate named `windows_sys`, use `cargo add windows_sys` to add it to your `Cargo.toml`
[INFO] [stdout] 
[INFO] [stdout] 
[INFO] [stdout] error[E0433]: cannot find module or crate `windows_sys` in this scope
[INFO] [stdout]   --> src/inject/windows.rs:50:5
[INFO] [stdout]    |
[INFO] [stdout] 50 | use windows_sys::Win32::System::DataExchange::{
[INFO] [stdout]    |     ^^^^^^^^^^^ use of unresolved module or unlinked crate `windows_sys`
[INFO] [stdout]    |
[INFO] [stdout]    = help: if you wanted to use a crate named `windows_sys`, use `cargo add windows_sys` to add it to your `Cargo.toml`
[INFO] [stdout] 
[INFO] [stdout] 
[INFO] [stdout] error[E0433]: cannot find module or crate `windows_sys` in this scope
[INFO] [stdout]   --> src/inject/windows.rs:55:5
[INFO] [stdout]    |
[INFO] [stdout] 55 | use windows_sys::Win32::System::LibraryLoader::GetModuleHandleW;
[INFO] [stdout]    |     ^^^^^^^^^^^ use of unresolved module or unlinked crate `windows_sys`
[INFO] [stdout]    |
[INFO] [stdout]    = help: if you wanted to use a crate named `windows_sys`, use `cargo add windows_sys` to add it to your `Cargo.toml`
[INFO] [stdout] 
[INFO] [stdout] 
[INFO] [stdout] error[E0433]: cannot find module or crate `windows_sys` in this scope
[INFO] [stdout]   --> src/inject/windows.rs:56:5
[INFO] [stdout]    |
[INFO] [stdout] 56 | use windows_sys::Win32::System::Memory::{
[INFO] [stdout]    |     ^^^^^^^^^^^ use of unresolved module or unlinked crate `windows_sys`
[INFO] [stdout]    |
[INFO] [stdout]    = help: if you wanted to use a crate named `windows_sys`, use `cargo add windows_sys` to add it to your `Cargo.toml`
[INFO] [stdout] 
[INFO] [stdout] 
[INFO] [stdout] error[E0433]: cannot find module or crate `windows_sys` in this scope
[INFO] [stdout]   --> src/inject/windows.rs:59:5
[INFO] [stdout]    |
[INFO] [stdout] 59 | use windows_sys::Win32::System::Threading::{
[INFO] [stdout]    |     ^^^^^^^^^^^ use of unresolved module or unlinked crate `windows_sys`
[INFO] [stdout]    |
[INFO] [stdout]    = help: if you wanted to use a crate named `windows_sys`, use `cargo add windows_sys` to add it to your `Cargo.toml`
[INFO] [stdout] 
[INFO] [stdout] 
[INFO] [stdout] error[E0433]: cannot find module or crate `windows_sys` in this scope
[INFO] [stdout]   --> src/inject/windows.rs:62:5
[INFO] [stdout]    |
[INFO] [stdout] 62 | use windows_sys::Win32::UI::Input::KeyboardAndMouse::{
[INFO] [stdout]    |     ^^^^^^^^^^^ use of unresolved module or unlinked crate `windows_sys`
[INFO] [stdout]    |
[INFO] [stdout]    = help: if you wanted to use a crate named `windows_sys`, use `cargo add windows_sys` to add it to your `Cargo.toml`
[INFO] [stdout] 
[INFO] [stdout] 
[INFO] [stdout] error[E0433]: cannot find module or crate `windows_sys` in this scope
[INFO] [stdout]   --> src/inject/windows.rs:66:5
[INFO] [stdout]    |
[INFO] [stdout] 66 | use windows_sys::Win32::UI::WindowsAndMessaging::{
[INFO] [stdout]    |     ^^^^^^^^^^^ use of unresolved module or unlinked crate `windows_sys`
[INFO] [stdout]    |
[INFO] [stdout]    = help: if you wanted to use a crate named `windows_sys`, use `cargo add windows_sys` to add it to your `Cargo.toml`
[INFO] [stdout] 
[INFO] [stdout] 
[INFO] [stdout] error[E0433]: cannot find module or crate `windows_sys` in this scope
[INFO] [stdout]    --> src/single_instance.rs:162:9
[INFO] [stdout]     |
[INFO] [stdout] 162 |     use windows_sys::Win32::Foundation::{CloseHandle, ERROR_ALREADY_EXISTS, GetLastError, HANDLE};
[INFO] [stdout]     |         ^^^^^^^^^^^ use of unresolved module or unlinked crate `windows_sys`
[INFO] [stdout]     |
[INFO] [stdout]     = help: if you wanted to use a crate named `windows_sys`, use `cargo add windows_sys` to add it to your `Cargo.toml`
[INFO] [stdout] 
[INFO] [stdout] 
[INFO] [stdout] error[E0433]: cannot find module or crate `windows_sys` in this scope
[INFO] [stdout]    --> src/single_instance.rs:163:9
[INFO] [stdout]     |
[INFO] [stdout] 163 |     use windows_sys::Win32::System::Threading::CreateMutexW;
[INFO] [stdout]     |         ^^^^^^^^^^^ use of unresolved module or unlinked crate `windows_sys`
[INFO] [stdout]     |
[INFO] [stdout]     = help: if you wanted to use a crate named `windows_sys`, use `cargo add windows_sys` to add it to your `Cargo.toml`
[INFO] [stdout] 
[INFO] [stdout] 
[INFO] [stdout] error[E0433]: cannot find module or crate `windows_sys` in this scope
[INFO] [stdout]    --> src/tray.rs:240:9
[INFO] [stdout]     |
[INFO] [stdout] 240 |     use windows_sys::Win32::Foundation::{
[INFO] [stdout]     |         ^^^^^^^^^^^ use of unresolved module or unlinked crate `windows_sys`
[INFO] [stdout]     |
[INFO] [stdout]     = help: if you wanted to use a crate named `windows_sys`, use `cargo add windows_sys` to add it to your `Cargo.toml`
[INFO] [stdout] 
[INFO] [stdout] 
[INFO] [stdout] error[E0433]: cannot find module or crate `windows_sys` in this scope
[INFO] [stdout]    --> src/tray.rs:243:9
[INFO] [stdout]     |
[INFO] [stdout] 243 |     use windows_sys::Win32::Graphics::Gdi::{
[INFO] [stdout]     |         ^^^^^^^^^^^ use of unresolved module or unlinked crate `windows_sys`
[INFO] [stdout]     |
[INFO] [stdout]     = help: if you wanted to use a crate named `windows_sys`, use `cargo add windows_sys` to add it to your `Cargo.toml`
[INFO] [stdout] 
[INFO] [stdout] 
[INFO] [stdout] error[E0433]: cannot find module or crate `windows_sys` in this scope
[INFO] [stdout]    --> src/tray.rs:247:9
[INFO] [stdout]     |
[INFO] [stdout] 247 |     use windows_sys::Win32::System::LibraryLoader::GetModuleHandleW;
[INFO] [stdout]     |         ^^^^^^^^^^^ use of unresolved module or unlinked crate `windows_sys`
[INFO] [stdout]     |
[INFO] [stdout]     = help: if you wanted to use a crate named `windows_sys`, use `cargo add windows_sys` to add it to your `Cargo.toml`
[INFO] [stdout] 
[INFO] [stdout] 
[INFO] [stdout] error[E0433]: cannot find module or crate `windows_sys` in this scope
[INFO] [stdout]    --> src/tray.rs:248:9
[INFO] [stdout]     |
[INFO] [stdout] 248 |     use windows_sys::Win32::UI::Shell::{
[INFO] [stdout]     |         ^^^^^^^^^^^ use of unresolved module or unlinked crate `windows_sys`
[INFO] [stdout]     |
[INFO] [stdout]     = help: if you wanted to use a crate named `windows_sys`, use `cargo add windows_sys` to add it to your `Cargo.toml`
[INFO] [stdout] 
[INFO] [stdout] 
[INFO] [stdout] error[E0433]: cannot find module or crate `windows_sys` in this scope
[INFO] [stdout]    --> src/tray.rs:252:9
[INFO] [stdout]     |
[INFO] [stdout] 252 |     use windows_sys::Win32::UI::WindowsAndMessaging::{
[INFO] [stdout]     |         ^^^^^^^^^^^ use of unresolved module or unlinked crate `windows_sys`
[INFO] [stdout]     |
[INFO] [stdout]     = help: if you wanted to use a crate named `windows_sys`, use `cargo add windows_sys` to add it to your `Cargo.toml`
[INFO] [stdout] 
[INFO] [stdout] 
[INFO] [stdout] error[E0408]: variable `CTRL_BREAK_EVENT` is not bound in all patterns
[INFO] [stdout]   --> src/daemon/signals.rs:36:13
[INFO] [stdout]    |
[INFO] [stdout] 36 |             CTRL_C_EVENT | CTRL_BREAK_EVENT | CTRL_CLOSE_EVENT => {
[INFO] [stdout]    |             ^^^^^^^^^^^^   ----------------   ^^^^^^^^^^^^^^^^ pattern doesn't bind `CTRL_BREAK_EVENT`
[INFO] [stdout]    |             |              |
[INFO] [stdout]    |             |              variable not in all patterns
[INFO] [stdout]    |             pattern doesn't bind `CTRL_BREAK_EVENT`
[INFO] [stdout]    |
[INFO] [stdout] help: if you meant to match on a unit struct, unit variant or a `const` item, consider making the path in the pattern qualified: `path::to::ModOrType::CTRL_BREAK_EVENT`
[INFO] [stdout]   --> src/daemon/signals.rs:36:28
[INFO] [stdout]    |
[INFO] [stdout] 36 |             CTRL_C_EVENT | CTRL_BREAK_EVENT | CTRL_CLOSE_EVENT => {
[INFO] [stdout]    |                            ^^^^^^^^^^^^^^^^
[INFO] [stdout] 
[INFO] [stdout] 
[INFO] [stdout] error[E0408]: variable `CTRL_CLOSE_EVENT` is not bound in all patterns
[INFO] [stdout]   --> src/daemon/signals.rs:36:13
[INFO] [stdout]    |
[INFO] [stdout] 36 |             CTRL_C_EVENT | CTRL_BREAK_EVENT | CTRL_CLOSE_EVENT => {
[INFO] [stdout]    |             ^^^^^^^^^^^^   ^^^^^^^^^^^^^^^^   ---------------- variable not in all patterns
[INFO] [stdout]    |             |              |
[INFO] [stdout]    |             |              pattern doesn't bind `CTRL_CLOSE_EVENT`
[INFO] [stdout]    |             pattern doesn't bind `CTRL_CLOSE_EVENT`
[INFO] [stdout]    |
[INFO] [stdout] help: if you meant to match on a unit struct, unit variant or a `const` item, consider making the path in the pattern qualified: `path::to::ModOrType::CTRL_CLOSE_EVENT`
[INFO] [stdout]   --> src/daemon/signals.rs:36:47
[INFO] [stdout]    |
[INFO] [stdout] 36 |             CTRL_C_EVENT | CTRL_BREAK_EVENT | CTRL_CLOSE_EVENT => {
[INFO] [stdout]    |                                               ^^^^^^^^^^^^^^^^
[INFO] [stdout] 
[INFO] [stdout] 
[INFO] [stdout] error[E0408]: variable `CTRL_C_EVENT` is not bound in all patterns
[INFO] [stdout]   --> src/daemon/signals.rs:36:28
[INFO] [stdout]    |
[INFO] [stdout] 36 |             CTRL_C_EVENT | CTRL_BREAK_EVENT | CTRL_CLOSE_EVENT => {
[INFO] [stdout]    |             ------------   ^^^^^^^^^^^^^^^^   ^^^^^^^^^^^^^^^^ pattern doesn't bind `CTRL_C_EVENT`
[INFO] [stdout]    |             |              |
[INFO] [stdout]    |             |              pattern doesn't bind `CTRL_C_EVENT`
[INFO] [stdout]    |             variable not in all patterns
[INFO] [stdout]    |
[INFO] [stdout] help: if you meant to match on a unit struct, unit variant or a `const` item, consider making the path in the pattern qualified: `path::to::ModOrType::CTRL_C_EVENT`
[INFO] [stdout]   --> src/daemon/signals.rs:36:13
[INFO] [stdout]    |
[INFO] [stdout] 36 |             CTRL_C_EVENT | CTRL_BREAK_EVENT | CTRL_CLOSE_EVENT => {
[INFO] [stdout]    |             ^^^^^^^^^^^^
[INFO] [stdout] 
[INFO] [stdout] 
[INFO] [stdout] error[E0408]: variable `WM_SYSKEYDOWN` is not bound in all patterns
[INFO] [stdout]    --> src/hotkey.rs:532:13
[INFO] [stdout]     |
[INFO] [stdout] 532 |             WM_KEYDOWN | WM_SYSKEYDOWN => true,
[INFO] [stdout]     |             ^^^^^^^^^^   ------------- variable not in all patterns
[INFO] [stdout]     |             |
[INFO] [stdout]     |             pattern doesn't bind `WM_SYSKEYDOWN`
[INFO] [stdout]     |
[INFO] [stdout] help: if you meant to match on a unit struct, unit variant or a `const` item, consider making the path in the pattern qualified: `path::to::ModOrType::WM_SYSKEYDOWN`
[INFO] [stdout]    --> src/hotkey.rs:532:26
[INFO] [stdout]     |
[INFO] [stdout] 532 |             WM_KEYDOWN | WM_SYSKEYDOWN => true,
[INFO] [stdout]     |                          ^^^^^^^^^^^^^
[INFO] [stdout] 
[INFO] [stdout] 
[INFO] [stdout] error[E0408]: variable `WM_KEYDOWN` is not bound in all patterns
[INFO] [stdout]    --> src/hotkey.rs:532:26
[INFO] [stdout]     |
[INFO] [stdout] 532 |             WM_KEYDOWN | WM_SYSKEYDOWN => true,
[INFO] [stdout]     |             ----------   ^^^^^^^^^^^^^ pattern doesn't bind `WM_KEYDOWN`
[INFO] [stdout]     |             |
[INFO] [stdout]     |             variable not in all patterns
[INFO] [stdout]     |
[INFO] [stdout] help: if you meant to match on a unit struct, unit variant or a `const` item, consider making the path in the pattern qualified: `path::to::ModOrType::WM_KEYDOWN`
[INFO] [stdout]    --> src/hotkey.rs:532:13
[INFO] [stdout]     |
[INFO] [stdout] 532 |             WM_KEYDOWN | WM_SYSKEYDOWN => true,
[INFO] [stdout]     |             ^^^^^^^^^^
[INFO] [stdout] 
[INFO] [stdout] 
[INFO] [stdout] error[E0408]: variable `WM_SYSKEYUP` is not bound in all patterns
[INFO] [stdout]    --> src/hotkey.rs:533:13
[INFO] [stdout]     |
[INFO] [stdout] 533 |             WM_KEYUP | WM_SYSKEYUP => false,
[INFO] [stdout]     |             ^^^^^^^^   ----------- variable not in all patterns
[INFO] [stdout]     |             |
[INFO] [stdout]     |             pattern doesn't bind `WM_SYSKEYUP`
[INFO] [stdout]     |
[INFO] [stdout] help: if you meant to match on a unit struct, unit variant or a `const` item, consider making the path in the pattern qualified: `path::to::ModOrType::WM_SYSKEYUP`
[INFO] [stdout]    --> src/hotkey.rs:533:24
[INFO] [stdout]     |
[INFO] [stdout] 533 |             WM_KEYUP | WM_SYSKEYUP => false,
[INFO] [stdout]     |                        ^^^^^^^^^^^
[INFO] [stdout] 
[INFO] [stdout] 
[INFO] [stdout] error[E0408]: variable `WM_KEYUP` is not bound in all patterns
[INFO] [stdout]    --> src/hotkey.rs:533:24
[INFO] [stdout]     |
[INFO] [stdout] 533 |             WM_KEYUP | WM_SYSKEYUP => false,
[INFO] [stdout]     |             --------   ^^^^^^^^^^^ pattern doesn't bind `WM_KEYUP`
[INFO] [stdout]     |             |
[INFO] [stdout]     |             variable not in all patterns
[INFO] [stdout]     |
[INFO] [stdout] help: if you meant to match on a unit struct, unit variant or a `const` item, consider making the path in the pattern qualified: `path::to::ModOrType::WM_KEYUP`
[INFO] [stdout]    --> src/hotkey.rs:533:13
[INFO] [stdout]     |
[INFO] [stdout] 533 |             WM_KEYUP | WM_SYSKEYUP => false,
[INFO] [stdout]     |             ^^^^^^^^
[INFO] [stdout] 
[INFO] [stdout] 
[INFO] [stdout] error[E0408]: variable `NIN_SELECT` is not bound in all patterns
[INFO] [stdout]    --> src/tray.rs:681:26
[INFO] [stdout]     |
[INFO] [stdout] 681 |             NIN_SELECT | NIN_KEYSELECT => {
[INFO] [stdout]     |             ----------   ^^^^^^^^^^^^^ pattern doesn't bind `NIN_SELECT`
[INFO] [stdout]     |             |
[INFO] [stdout]     |             variable not in all patterns
[INFO] [stdout]     |
[INFO] [stdout] help: you might have meant to use the similarly named constant `NIN_KEYSELECT`
[INFO] [stdout]     |
[INFO] [stdout] 681 |             NIN_KEYSELECT | NIN_KEYSELECT => {
[INFO] [stdout]     |                 +++
[INFO] [stdout] 
[INFO] [stdout] 
[INFO] [stdout] error[E0433]: cannot find module or crate `windows_sys` in this scope
[INFO] [stdout]   --> src/daemon/signals.rs:24:9
[INFO] [stdout]    |
[INFO] [stdout] 24 |     use windows_sys::Win32::System::Console::{
[INFO] [stdout]    |         ^^^^^^^^^^^ use of unresolved module or unlinked crate `windows_sys`
[INFO] [stdout]    |
[INFO] [stdout]    = help: if you wanted to use a crate named `windows_sys`, use `cargo add windows_sys` to add it to your `Cargo.toml`
[INFO] [stdout] 
[INFO] [stdout] 
[INFO] [stdout] error[E0433]: cannot find module or crate `windows_sys` in this scope
[INFO] [stdout]   --> src/daemon/signals.rs:27:9
[INFO] [stdout]    |
[INFO] [stdout] 27 |     use windows_sys::core::BOOL;
[INFO] [stdout]    |         ^^^^^^^^^^^ use of unresolved module or unlinked crate `windows_sys`
[INFO] [stdout]    |
[INFO] [stdout]    = help: if you wanted to use a crate named `windows_sys`, use `cargo add windows_sys` to add it to your `Cargo.toml`
[INFO] [stdout] 
[INFO] [stdout] 
[INFO] [stdout] error[E0433]: cannot find module or crate `windows_sys` in this scope
[INFO] [stdout]    --> src/hotkey.rs:189:9
[INFO] [stdout]     |
[INFO] [stdout] 189 |     use windows_sys::Win32::Foundation::{GetLastError, LPARAM, LRESULT, WPARAM};
[INFO] [stdout]     |         ^^^^^^^^^^^ use of unresolved module or unlinked crate `windows_sys`
[INFO] [stdout]     |
[INFO] [stdout]     = help: if you wanted to use a crate named `windows_sys`, use `cargo add windows_sys` to add it to your `Cargo.toml`
[INFO] [stdout] 
[INFO] [stdout] 
[INFO] [stdout] error[E0433]: cannot find module or crate `windows_sys` in this scope
[INFO] [stdout]    --> src/hotkey.rs:190:9
[INFO] [stdout]     |
[INFO] [stdout] 190 |     use windows_sys::Win32::System::LibraryLoader::GetModuleHandleW;
[INFO] [stdout]     |         ^^^^^^^^^^^ use of unresolved module or unlinked crate `windows_sys`
[INFO] [stdout]     |
[INFO] [stdout]     = help: if you wanted to use a crate named `windows_sys`, use `cargo add windows_sys` to add it to your `Cargo.toml`
[INFO] [stdout] 
[INFO] [stdout] 
[INFO] [stdout] error[E0433]: cannot find module or crate `windows_sys` in this scope
[INFO] [stdout]    --> src/hotkey.rs:191:9
[INFO] [stdout]     |
[INFO] [stdout] 191 |     use windows_sys::Win32::System::Threading::GetCurrentThreadId;
[INFO] [stdout]     |         ^^^^^^^^^^^ use of unresolved module or unlinked crate `windows_sys`
[INFO] [stdout]     |
[INFO] [stdout]     = help: if you wanted to use a crate named `windows_sys`, use `cargo add windows_sys` to add it to your `Cargo.toml`
[INFO] [stdout] 
[INFO] [stdout] 
[INFO] [stdout] error[E0433]: cannot find module or crate `windows_sys` in this scope
[INFO] [stdout]    --> src/hotkey.rs:192:9
[INFO] [stdout]     |
[INFO] [stdout] 192 |     use windows_sys::Win32::UI::Input::KeyboardAndMouse::{
[INFO] [stdout]     |         ^^^^^^^^^^^ use of unresolved module or unlinked crate `windows_sys`
[INFO] [stdout]     |
[INFO] [stdout]     = help: if you wanted to use a crate named `windows_sys`, use `cargo add windows_sys` to add it to your `Cargo.toml`
[INFO] [stdout] 
[INFO] [stdout] 
[INFO] [stdout] error[E0433]: cannot find module or crate `windows_sys` in this scope
[INFO] [stdout]    --> src/hotkey.rs:195:9
[INFO] [stdout]     |
[INFO] [stdout] 195 |     use windows_sys::Win32::UI::WindowsAndMessaging::{
[INFO] [stdout]     |         ^^^^^^^^^^^ use of unresolved module or unlinked crate `windows_sys`
[INFO] [stdout]     |
[INFO] [stdout]     = help: if you wanted to use a crate named `windows_sys`, use `cargo add windows_sys` to add it to your `Cargo.toml`
[INFO] [stdout] 
[INFO] [stdout] 
[INFO] [stdout] error[E0433]: cannot find module or crate `windows_sys` in this scope
[INFO] [stdout]   --> src/inject/windows.rs:43:5
[INFO] [stdout]    |
[INFO] [stdout] 43 | use windows_sys::Win32::Foundation::{
[INFO] [stdout]    |     ^^^^^^^^^^^ use of unresolved module or unlinked crate `windows_sys`
[INFO] [stdout]    |
[INFO] [stdout]    = help: if you wanted to use a crate named `windows_sys`, use `cargo add windows_sys` to add it to your `Cargo.toml`
[INFO] [stdout] 
[INFO] [stdout] 
[INFO] [stdout] error[E0433]: cannot find module or crate `windows_sys` in this scope
[INFO] [stdout]   --> src/inject/windows.rs:47:5
[INFO] [stdout]    |
[INFO] [stdout] 47 | use windows_sys::Win32::Graphics::Gdi::{
[INFO] [stdout]    |     ^^^^^^^^^^^ use of unresolved module or unlinked crate `windows_sys`
[INFO] [stdout]    |
[INFO] [stdout]    = help: if you wanted to use a crate named `windows_sys`, use `cargo add windows_sys` to add it to your `Cargo.toml`
[INFO] [stdout] 
[INFO] [stdout] 
[INFO] [stdout] error[E0433]: cannot find module or crate `windows_sys` in this scope
[INFO] [stdout]   --> src/inject/windows.rs:50:5
[INFO] [stdout]    |
[INFO] [stdout] 50 | use windows_sys::Win32::System::DataExchange::{
[INFO] [stdout]    |     ^^^^^^^^^^^ use of unresolved module or unlinked crate `windows_sys`
[INFO] [stdout]    |
[INFO] [stdout]    = help: if you wanted to use a crate named `windows_sys`, use `cargo add windows_sys` to add it to your `Cargo.toml`
[INFO] [stdout] 
[INFO] [stdout] 
[INFO] [stdout] error[E0433]: cannot find module or crate `windows_sys` in this scope
[INFO] [stdout]   --> src/inject/windows.rs:55:5
[INFO] [stdout]    |
[INFO] [stdout] 55 | use windows_sys::Win32::System::LibraryLoader::GetModuleHandleW;
[INFO] [stdout]    |     ^^^^^^^^^^^ use of unresolved module or unlinked crate `windows_sys`
[INFO] [stdout]    |
[INFO] [stdout]    = help: if you wanted to use a crate named `windows_sys`, use `cargo add windows_sys` to add it to your `Cargo.toml`
[INFO] [stdout] 
[INFO] [stdout] 
[INFO] [stdout] error[E0433]: cannot find module or crate `windows_sys` in this scope
[INFO] [stdout]   --> src/inject/windows.rs:56:5
[INFO] [stdout]    |
[INFO] [stdout] 56 | use windows_sys::Win32::System::Memory::{
[INFO] [stdout]    |     ^^^^^^^^^^^ use of unresolved module or unlinked crate `windows_sys`
[INFO] [stdout]    |
[INFO] [stdout]    = help: if you wanted to use a crate named `windows_sys`, use `cargo add windows_sys` to add it to your `Cargo.toml`
[INFO] [stdout] 
[INFO] [stdout] 
[INFO] [stdout] error[E0433]: cannot find module or crate `windows_sys` in this scope
[INFO] [stdout]   --> src/inject/windows.rs:59:5
[INFO] [stdout]    |
[INFO] [stdout] 59 | use windows_sys::Win32::System::Threading::{
[INFO] [stdout]    |     ^^^^^^^^^^^ use of unresolved module or unlinked crate `windows_sys`
[INFO] [stdout]    |
[INFO] [stdout]    = help: if you wanted to use a crate named `windows_sys`, use `cargo add windows_sys` to add it to your `Cargo.toml`
[INFO] [stdout] 
[INFO] [stdout] 
[INFO] [stdout] error[E0433]: cannot find module or crate `windows_sys` in this scope
[INFO] [stdout]   --> src/inject/windows.rs:62:5
[INFO] [stdout]    |
[INFO] [stdout] 62 | use windows_sys::Win32::UI::Input::KeyboardAndMouse::{
[INFO] [stdout]    |     ^^^^^^^^^^^ use of unresolved module or unlinked crate `windows_sys`
[INFO] [stdout]    |
[INFO] [stdout]    = help: if you wanted to use a crate named `windows_sys`, use `cargo add windows_sys` to add it to your `Cargo.toml`
[INFO] [stdout] 
[INFO] [stdout] 
[INFO] [stdout] error[E0433]: cannot find module or crate `windows_sys` in this scope
[INFO] [stdout]   --> src/inject/windows.rs:66:5
[INFO] [stdout]    |
[INFO] [stdout] 66 | use windows_sys::Win32::UI::WindowsAndMessaging::{
[INFO] [stdout]    |     ^^^^^^^^^^^ use of unresolved module or unlinked crate `windows_sys`
[INFO] [stdout]    |
[INFO] [stdout]    = help: if you wanted to use a crate named `windows_sys`, use `cargo add windows_sys` to add it to your `Cargo.toml`
[INFO] [stdout] 
[INFO] [stdout] 
[INFO] [stdout] error[E0433]: cannot find module or crate `windows_sys` in this scope
[INFO] [stdout]     --> src/inject/windows.rs:2096:13
[INFO] [stdout]      |
[INFO] [stdout] 2096 |         use windows_sys::Win32::Graphics::Gdi::{CloseEnhMetaFile, CreateEnhMetaFileW, Rectangle};
[INFO] [stdout]      |             ^^^^^^^^^^^ use of unresolved module or unlinked crate `windows_sys`
[INFO] [stdout]      |
[INFO] [stdout]      = help: if you wanted to use a crate named `windows_sys`, use `cargo add windows_sys` to add it to your `Cargo.toml`
[INFO] [stdout] 
[INFO] [stdout] 
[INFO] [stdout] error[E0433]: cannot find module or crate `windows_sys` in this scope
[INFO] [stdout]    --> src/single_instance.rs:162:9
[INFO] [stdout]     |
[INFO] [stdout] 162 |     use windows_sys::Win32::Foundation::{CloseHandle, ERROR_ALREADY_EXISTS, GetLastError, HANDLE};
[INFO] [stdout]     |         ^^^^^^^^^^^ use of unresolved module or unlinked crate `windows_sys`
[INFO] [stdout]     |
[INFO] [stdout]     = help: if you wanted to use a crate named `windows_sys`, use `cargo add windows_sys` to add it to your `Cargo.toml`
[INFO] [stdout] 
[INFO] [stdout] 
[INFO] [stdout] error[E0433]: cannot find module or crate `windows_sys` in this scope
[INFO] [stdout]    --> src/single_instance.rs:163:9
[INFO] [stdout]     |
[INFO] [stdout] 163 |     use windows_sys::Win32::System::Threading::CreateMutexW;
[INFO] [stdout]     |         ^^^^^^^^^^^ use of unresolved module or unlinked crate `windows_sys`
[INFO] [stdout]     |
[INFO] [stdout]     = help: if you wanted to use a crate named `windows_sys`, use `cargo add windows_sys` to add it to your `Cargo.toml`
[INFO] [stdout] 
[INFO] [stdout] 
[INFO] [stdout] error[E0433]: cannot find module or crate `windows_sys` in this scope
[INFO] [stdout]    --> src/tray.rs:240:9
[INFO] [stdout]     |
[INFO] [stdout] 240 |     use windows_sys::Win32::Foundation::{
[INFO] [stdout]     |         ^^^^^^^^^^^ use of unresolved module or unlinked crate `windows_sys`
[INFO] [stdout]     |
[INFO] [stdout]     = help: if you wanted to use a crate named `windows_sys`, use `cargo add windows_sys` to add it to your `Cargo.toml`
[INFO] [stdout] 
[INFO] [stdout] 
[INFO] [stdout] error[E0433]: cannot find module or crate `windows_sys` in this scope
[INFO] [stdout]    --> src/tray.rs:243:9
[INFO] [stdout]     |
[INFO] [stdout] 243 |     use windows_sys::Win32::Graphics::Gdi::{
[INFO] [stdout]     |         ^^^^^^^^^^^ use of unresolved module or unlinked crate `windows_sys`
[INFO] [stdout]     |
[INFO] [stdout]     = help: if you wanted to use a crate named `windows_sys`, use `cargo add windows_sys` to add it to your `Cargo.toml`
[INFO] [stdout] 
[INFO] [stdout] 
[INFO] [stdout] error[E0433]: cannot find module or crate `windows_sys` in this scope
[INFO] [stdout]    --> src/tray.rs:247:9
[INFO] [stdout]     |
[INFO] [stdout] 247 |     use windows_sys::Win32::System::LibraryLoader::GetModuleHandleW;
[INFO] [stdout]     |         ^^^^^^^^^^^ use of unresolved module or unlinked crate `windows_sys`
[INFO] [stdout]     |
[INFO] [stdout]     = help: if you wanted to use a crate named `windows_sys`, use `cargo add windows_sys` to add it to your `Cargo.toml`
[INFO] [stdout] 
[INFO] [stdout] 
[INFO] [stdout] error[E0433]: cannot find module or crate `windows_sys` in this scope
[INFO] [stdout]    --> src/tray.rs:248:9
[INFO] [stdout]     |
[INFO] [stdout] 248 |     use windows_sys::Win32::UI::Shell::{
[INFO] [stdout]     |         ^^^^^^^^^^^ use of unresolved module or unlinked crate `windows_sys`
[INFO] [stdout]     |
[INFO] [stdout]     = help: if you wanted to use a crate named `windows_sys`, use `cargo add windows_sys` to add it to your `Cargo.toml`
[INFO] [stdout] 
[INFO] [stdout] 
[INFO] [stdout] error[E0433]: cannot find module or crate `windows_sys` in this scope
[INFO] [stdout]    --> src/tray.rs:252:9
[INFO] [stdout]     |
[INFO] [stdout] 252 |     use windows_sys::Win32::UI::WindowsAndMessaging::{
[INFO] [stdout]     |         ^^^^^^^^^^^ use of unresolved module or unlinked crate `windows_sys`
[INFO] [stdout]     |
[INFO] [stdout]     = help: if you wanted to use a crate named `windows_sys`, use `cargo add windows_sys` to add it to your `Cargo.toml`
[INFO] [stdout] 
[INFO] [stdout] 
[INFO] [stdout] error[E0408]: variable `CTRL_BREAK_EVENT` is not bound in all patterns
[INFO] [stdout]   --> src/daemon/signals.rs:36:13
[INFO] [stdout]    |
[INFO] [stdout] 36 |             CTRL_C_EVENT | CTRL_BREAK_EVENT | CTRL_CLOSE_EVENT => {
[INFO] [stdout]    |             ^^^^^^^^^^^^   ----------------   ^^^^^^^^^^^^^^^^ pattern doesn't bind `CTRL_BREAK_EVENT`
[INFO] [stdout]    |             |              |
[INFO] [stdout]    |             |              variable not in all patterns
[INFO] [stdout]    |             pattern doesn't bind `CTRL_BREAK_EVENT`
[INFO] [stdout]    |
[INFO] [stdout] help: if you meant to match on a unit struct, unit variant or a `const` item, consider making the path in the pattern qualified: `path::to::ModOrType::CTRL_BREAK_EVENT`
[INFO] [stdout]   --> src/daemon/signals.rs:36:28
[INFO] [stdout]    |
[INFO] [stdout] 36 |             CTRL_C_EVENT | CTRL_BREAK_EVENT | CTRL_CLOSE_EVENT => {
[INFO] [stdout]    |                            ^^^^^^^^^^^^^^^^
[INFO] [stdout] 
[INFO] [stdout] 
[INFO] [stdout] error[E0408]: variable `CTRL_CLOSE_EVENT` is not bound in all patterns
[INFO] [stdout]   --> src/daemon/signals.rs:36:13
[INFO] [stdout]    |
[INFO] [stdout] 36 |             CTRL_C_EVENT | CTRL_BREAK_EVENT | CTRL_CLOSE_EVENT => {
[INFO] [stdout]    |             ^^^^^^^^^^^^   ^^^^^^^^^^^^^^^^   ---------------- variable not in all patterns
[INFO] [stdout]    |             |              |
[INFO] [stdout]    |             |              pattern doesn't bind `CTRL_CLOSE_EVENT`
[INFO] [stdout]    |             pattern doesn't bind `CTRL_CLOSE_EVENT`
[INFO] [stdout]    |
[INFO] [stdout] help: if you meant to match on a unit struct, unit variant or a `const` item, consider making the path in the pattern qualified: `path::to::ModOrType::CTRL_CLOSE_EVENT`
[INFO] [stdout]   --> src/daemon/signals.rs:36:47
[INFO] [stdout]    |
[INFO] [stdout] 36 |             CTRL_C_EVENT | CTRL_BREAK_EVENT | CTRL_CLOSE_EVENT => {
[INFO] [stdout]    |                                               ^^^^^^^^^^^^^^^^
[INFO] [stdout] 
[INFO] [stdout] 
[INFO] [stdout] error[E0408]: variable `CTRL_C_EVENT` is not bound in all patterns
[INFO] [stdout]   --> src/daemon/signals.rs:36:28
[INFO] [stdout]    |
[INFO] [stdout] 36 |             CTRL_C_EVENT | CTRL_BREAK_EVENT | CTRL_CLOSE_EVENT => {
[INFO] [stdout]    |             ------------   ^^^^^^^^^^^^^^^^   ^^^^^^^^^^^^^^^^ pattern doesn't bind `CTRL_C_EVENT`
[INFO] [stdout]    |             |              |
[INFO] [stdout]    |             |              pattern doesn't bind `CTRL_C_EVENT`
[INFO] [stdout]    |             variable not in all patterns
[INFO] [stdout]    |
[INFO] [stdout] help: if you meant to match on a unit struct, unit variant or a `const` item, consider making the path in the pattern qualified: `path::to::ModOrType::CTRL_C_EVENT`
[INFO] [stdout]   --> src/daemon/signals.rs:36:13
[INFO] [stdout]    |
[INFO] [stdout] 36 |             CTRL_C_EVENT | CTRL_BREAK_EVENT | CTRL_CLOSE_EVENT => {
[INFO] [stdout]    |             ^^^^^^^^^^^^
[INFO] [stdout] 
[INFO] [stdout] 
[INFO] [stdout] error[E0408]: variable `WM_SYSKEYDOWN` is not bound in all patterns
[INFO] [stdout]    --> src/hotkey.rs:532:13
[INFO] [stdout]     |
[INFO] [stdout] 532 |             WM_KEYDOWN | WM_SYSKEYDOWN => true,
[INFO] [stdout]     |             ^^^^^^^^^^   ------------- variable not in all patterns
[INFO] [stdout]     |             |
[INFO] [stdout]     |             pattern doesn't bind `WM_SYSKEYDOWN`
[INFO] [stdout]     |
[INFO] [stdout] help: if you meant to match on a unit struct, unit variant or a `const` item, consider making the path in the pattern qualified: `path::to::ModOrType::WM_SYSKEYDOWN`
[INFO] [stdout]    --> src/hotkey.rs:532:26
[INFO] [stdout]     |
[INFO] [stdout] 532 |             WM_KEYDOWN | WM_SYSKEYDOWN => true,
[INFO] [stdout]     |                          ^^^^^^^^^^^^^
[INFO] [stdout] 
[INFO] [stdout] 
[INFO] [stdout] error[E0408]: variable `WM_KEYDOWN` is not bound in all patterns
[INFO] [stdout]    --> src/hotkey.rs:532:26
[INFO] [stdout]     |
[INFO] [stdout] 532 |             WM_KEYDOWN | WM_SYSKEYDOWN => true,
[INFO] [stdout]     |             ----------   ^^^^^^^^^^^^^ pattern doesn't bind `WM_KEYDOWN`
[INFO] [stdout]     |             |
[INFO] [stdout]     |             variable not in all patterns
[INFO] [stdout]     |
[INFO] [stdout] help: if you meant to match on a unit struct, unit variant or a `const` item, consider making the path in the pattern qualified: `path::to::ModOrType::WM_KEYDOWN`
[INFO] [stdout]    --> src/hotkey.rs:532:13
[INFO] [stdout]     |
[INFO] [stdout] 532 |             WM_KEYDOWN | WM_SYSKEYDOWN => true,
[INFO] [stdout]     |             ^^^^^^^^^^
[INFO] [stdout] 
[INFO] [stdout] 
[INFO] [stdout] error[E0408]: variable `WM_SYSKEYUP` is not bound in all patterns
[INFO] [stdout]    --> src/hotkey.rs:533:13
[INFO] [stdout]     |
[INFO] [stdout] 533 |             WM_KEYUP | WM_SYSKEYUP => false,
[INFO] [stdout]     |             ^^^^^^^^   ----------- variable not in all patterns
[INFO] [stdout]     |             |
[INFO] [stdout]     |             pattern doesn't bind `WM_SYSKEYUP`
[INFO] [stdout]     |
[INFO] [stdout] help: if you meant to match on a unit struct, unit variant or a `const` item, consider making the path in the pattern qualified: `path::to::ModOrType::WM_SYSKEYUP`
[INFO] [stdout]    --> src/hotkey.rs:533:24
[INFO] [stdout]     |
[INFO] [stdout] 533 |             WM_KEYUP | WM_SYSKEYUP => false,
[INFO] [stdout]     |                        ^^^^^^^^^^^
[INFO] [stdout] 
[INFO] [stdout] 
[INFO] [stdout] error[E0408]: variable `WM_KEYUP` is not bound in all patterns
[INFO] [stdout]    --> src/hotkey.rs:533:24
[INFO] [stdout]     |
[INFO] [stdout] 533 |             WM_KEYUP | WM_SYSKEYUP => false,
[INFO] [stdout]     |             --------   ^^^^^^^^^^^ pattern doesn't bind `WM_KEYUP`
[INFO] [stdout]     |             |
[INFO] [stdout]     |             variable not in all patterns
[INFO] [stdout]     |
[INFO] [stdout] help: if you meant to match on a unit struct, unit variant or a `const` item, consider making the path in the pattern qualified: `path::to::ModOrType::WM_KEYUP`
[INFO] [stdout]    --> src/hotkey.rs:533:13
[INFO] [stdout]     |
[INFO] [stdout] 533 |             WM_KEYUP | WM_SYSKEYUP => false,
[INFO] [stdout]     |             ^^^^^^^^
[INFO] [stdout] 
[INFO] [stdout] 
[INFO] [stdout] error[E0408]: variable `NIN_SELECT` is not bound in all patterns
[INFO] [stdout]    --> src/tray.rs:681:26
[INFO] [stdout]     |
[INFO] [stdout] 681 |             NIN_SELECT | NIN_KEYSELECT => {
[INFO] [stdout]     |             ----------   ^^^^^^^^^^^^^ pattern doesn't bind `NIN_SELECT`
[INFO] [stdout]     |             |
[INFO] [stdout]     |             variable not in all patterns
[INFO] [stdout]     |
[INFO] [stdout] help: you might have meant to use the similarly named constant `NIN_KEYSELECT`
[INFO] [stdout]     |
[INFO] [stdout] 681 |             NIN_KEYSELECT | NIN_KEYSELECT => {
[INFO] [stdout]     |                 +++
[INFO] [stdout] 
[INFO] [stdout] 
[INFO] [stdout] error[E0433]: cannot find type `OverlayWorker` in this scope
[INFO] [stdout]    --> src/daemon/mod.rs:282:28
[INFO] [stdout]     |
[INFO] [stdout] 282 |         Some(tap) => match OverlayWorker::spawn(tap.clone(), log.clone()) {
[INFO] [stdout]     |                            ^^^^^^^^^^^^^ use of undeclared type `OverlayWorker`
[INFO] [stdout]     |
[INFO] [stdout] help: a struct with a similar name exists
[INFO] [stdout]     |
[INFO] [stdout] 282 -         Some(tap) => match OverlayWorker::spawn(tap.clone(), log.clone()) {
[INFO] [stdout] 282 +         Some(tap) => match TrayWorker::spawn(tap.clone(), log.clone()) {
[INFO] [stdout]     |
[INFO] [stdout] 
[INFO] [stdout] 
[INFO] [stdout] error[E0599]: no method named `open_hotkey_dialog` found for mutable reference `&mut Daemon` in the current scope
[INFO] [stdout]     --> src/daemon/mod.rs:1041:37
[INFO] [stdout]      |
[INFO] [stdout] 1041 |         Msg::ChangeHotkey => daemon.open_hotkey_dialog(),
[INFO] [stdout]      |                                     ^^^^^^^^^^^^^^^^^^ method not found in `&mut Daemon`
[INFO] [stdout] 
[INFO] [stdout] 
[INFO] [stdout] error[E0425]: cannot find function `attach_parent_console` in this scope
[INFO] [stdout]    --> src/main.rs:259:5
[INFO] [stdout]     |
[INFO] [stdout] 259 |     attach_parent_console();
[INFO] [stdout]     |     ^^^^^^^^^^^^^^^^^^^^^ not found in this scope
[INFO] [stdout]     |
[INFO] [stdout] note: found an item that was configured out
[INFO] [stdout]    --> src/main.rs:200:4
[INFO] [stdout]     |
[INFO] [stdout] 199 | #[cfg(windows)]
[INFO] [stdout]     |       ------- the item is gated here
[INFO] [stdout] 200 | fn attach_parent_console() {
[INFO] [stdout]     |    ^^^^^^^^^^^^^^^^^^^^^
[INFO] [stdout] 
[INFO] [stdout] 
[INFO] [stdout] error[E0425]: cannot find function `hotkey_dialog_test` in this scope
[INFO] [stdout]     --> src/main.rs:353:16
[INFO] [stdout]      |
[INFO] [stdout]  353 |         return hotkey_dialog_test(autoclose);
[INFO] [stdout]      |                ^^^^^^^^^^^^^^^^^^ not found in this scope
[INFO] [stdout]      |
[INFO] [stdout] note: found an item that was configured out
[INFO] [stdout]     --> src/main.rs:1117:4
[INFO] [stdout]      |
[INFO] [stdout] 1116 | #[cfg(windows)]
[INFO] [stdout]      |       ------- the item is gated here
[INFO] [stdout] 1117 | fn hotkey_dialog_test(autoclose_secs: u32) -> u8 {
[INFO] [stdout]      |    ^^^^^^^^^^^^^^^^^^
[INFO] [stdout] 
[INFO] [stdout] 
[INFO] [stdout] error[E0425]: cannot find function `overlay_test` in this scope
[INFO] [stdout]     --> src/main.rs:356:16
[INFO] [stdout]      |
[INFO] [stdout]  356 |         return overlay_test(secs);
[INFO] [stdout]      |                ^^^^^^^^^^^^ not found in this scope
[INFO] [stdout]      |
[INFO] [stdout] note: similarly named function `tray_test` defined here
[INFO] [stdout]     --> src/main.rs:1259:1
[INFO] [stdout]      |
[INFO] [stdout] 1259 | fn tray_test(secs: u32) -> u8 {
[INFO] [stdout]      | ^^^^^^^^^^^^^^^^^^^^^^^^^^^^^
[INFO] [stdout] note: found an item that was configured out
[INFO] [stdout]     --> src/main.rs:1172:4
[INFO] [stdout]      |
[INFO] [stdout] 1171 | #[cfg(windows)]
[INFO] [stdout]      |       ------- the item is gated here
[INFO] [stdout] 1172 | fn overlay_test(secs: u32) -> u8 {
[INFO] [stdout]      |    ^^^^^^^^^^^^
[INFO] [stdout] help: a function with a similar name exists
[INFO] [stdout]      |
[INFO] [stdout]  356 -         return overlay_test(secs);
[INFO] [stdout]  356 +         return tray_test(secs);
[INFO] [stdout]      |
[INFO] [stdout] 
[INFO] [stdout] 
[INFO] [stdout] warning: variable does not need to be mutable
[INFO] [stdout]     --> src/daemon/workers.rs:1368:5
[INFO] [stdout]      |
[INFO] [stdout] 1368 |     mut spec: HotkeySpec,
[INFO] [stdout]      |     ----^^^^
[INFO] [stdout]      |     |
[INFO] [stdout]      |     help: remove this `mut`
[INFO] [stdout]      |
[INFO] [stdout]      = note: `#[warn(unused_mut)]` (part of `#[warn(unused)]`) on by default
[INFO] [stdout] 
[INFO] [stdout] 
[INFO] [stdout] warning: variable `grabbed` is assigned to, but never used
[INFO] [stdout]     --> src/daemon/workers.rs:1400:9
[INFO] [stdout]      |
[INFO] [stdout] 1400 |     let mut grabbed = true;
[INFO] [stdout]      |         ^^^^^^^^^^^
[INFO] [stdout]      |
[INFO] [stdout]      = note: consider using `_grabbed` instead
[INFO] [stdout]      = note: `#[warn(unused_variables)]` (part of `#[warn(unused)]`) on by default
[INFO] [stdout] 
[INFO] [stdout] 
[INFO] [stdout] warning: value assigned to `grabbed` is never read
[INFO] [stdout]     --> src/daemon/workers.rs:1405:17
[INFO] [stdout]      |
[INFO] [stdout] 1405 |                 grabbed = true;
[INFO] [stdout]      |                 ^^^^^^^^^^^^^^ this value is reassigned later and never used
[INFO] [stdout] ...
[INFO] [stdout] 1422 |                 grabbed = false;
[INFO] [stdout]      |                 --------------- `grabbed` is overwritten here before the previous value is read
[INFO] [stdout]      |
[INFO] [stdout]      = note: `#[warn(unused_assignments)]` (part of `#[warn(unused)]`) on by default
[INFO] [stdout] 
[INFO] [stdout] 
[INFO] [stdout] warning: value assigned to `grabbed` is never read
[INFO] [stdout]     --> src/daemon/workers.rs:1422:17
[INFO] [stdout]      |
[INFO] [stdout] 1422 |                 grabbed = false;
[INFO] [stdout]      |                 ^^^^^^^^^^^^^^^
[INFO] [stdout]      |
[INFO] [stdout]      = help: maybe it is overwritten before being read?
[INFO] [stdout] 
[INFO] [stdout] 
[INFO] [stdout] error[E0433]: cannot find type `OverlayWorker` in this scope
[INFO] [stdout]    --> src/daemon/mod.rs:282:28
[INFO] [stdout]     |
[INFO] [stdout] 282 |         Some(tap) => match OverlayWorker::spawn(tap.clone(), log.clone()) {
[INFO] [stdout]     |                            ^^^^^^^^^^^^^ use of undeclared type `OverlayWorker`
[INFO] [stdout]     |
[INFO] [stdout] help: a struct with a similar name exists
[INFO] [stdout]     |
[INFO] [stdout] 282 -         Some(tap) => match OverlayWorker::spawn(tap.clone(), log.clone()) {
[INFO] [stdout] 282 +         Some(tap) => match TrayWorker::spawn(tap.clone(), log.clone()) {
[INFO] [stdout]     |
[INFO] [stdout] 
[INFO] [stdout] 
[INFO] [stdout] error[E0599]: no method named `open_hotkey_dialog` found for mutable reference `&mut Daemon` in the current scope
[INFO] [stdout]     --> src/daemon/mod.rs:1041:37
[INFO] [stdout]      |
[INFO] [stdout] 1041 |         Msg::ChangeHotkey => daemon.open_hotkey_dialog(),
[INFO] [stdout]      |                                     ^^^^^^^^^^^^^^^^^^ method not found in `&mut Daemon`
[INFO] [stdout] 
[INFO] [stdout] 
[INFO] [stdout] Some errors have detailed explanations: E0408, E0425, E0433, E0599.
[INFO] [stdout] 
[INFO] [stdout] For more information about an error, try `rustc --explain E0408`.
[INFO] [stdout] 
[INFO] [stderr] error: could not compile `diktier` (bin "diktier") due to 35 previous errors; 4 warnings emitted
[INFO] [stderr] warning: build failed, waiting for other jobs to finish...
[INFO] [stdout] error[E0425]: cannot find function `attach_parent_console` in this scope
[INFO] [stdout]    --> src/main.rs:259:5
[INFO] [stdout]     |
[INFO] [stdout] 259 |     attach_parent_console();
[INFO] [stdout]     |     ^^^^^^^^^^^^^^^^^^^^^ not found in this scope
[INFO] [stdout]     |
[INFO] [stdout] note: found an item that was configured out
[INFO] [stdout]    --> src/main.rs:200:4
[INFO] [stdout]     |
[INFO] [stdout] 199 | #[cfg(windows)]
[INFO] [stdout]     |       ------- the item is gated here
[INFO] [stdout] 200 | fn attach_parent_console() {
[INFO] [stdout]     |    ^^^^^^^^^^^^^^^^^^^^^
[INFO] [stdout] 
[INFO] [stdout] 
[INFO] [stdout] error[E0425]: cannot find function `hotkey_dialog_test` in this scope
[INFO] [stdout]     --> src/main.rs:353:16
[INFO] [stdout]      |
[INFO] [stdout]  353 |         return hotkey_dialog_test(autoclose);
[INFO] [stdout]      |                ^^^^^^^^^^^^^^^^^^ not found in this scope
[INFO] [stdout]      |
[INFO] [stdout] note: found an item that was configured out
[INFO] [stdout]     --> src/main.rs:1117:4
[INFO] [stdout]      |
[INFO] [stdout] 1116 | #[cfg(windows)]
[INFO] [stdout]      |       ------- the item is gated here
[INFO] [stdout] 1117 | fn hotkey_dialog_test(autoclose_secs: u32) -> u8 {
[INFO] [stdout]      |    ^^^^^^^^^^^^^^^^^^
[INFO] [stdout] 
[INFO] [stdout] 
[INFO] [stdout] error[E0425]: cannot find function `overlay_test` in this scope
[INFO] [stdout]     --> src/main.rs:356:16
[INFO] [stdout]      |
[INFO] [stdout]  356 |         return overlay_test(secs);
[INFO] [stdout]      |                ^^^^^^^^^^^^ not found in this scope
[INFO] [stdout]      |
[INFO] [stdout] note: similarly named function `tray_test` defined here
[INFO] [stdout]     --> src/main.rs:1259:1
[INFO] [stdout]      |
[INFO] [stdout] 1259 | fn tray_test(secs: u32) -> u8 {
[INFO] [stdout]      | ^^^^^^^^^^^^^^^^^^^^^^^^^^^^^
[INFO] [stdout] note: found an item that was configured out
[INFO] [stdout]     --> src/main.rs:1172:4
[INFO] [stdout]      |
[INFO] [stdout] 1171 | #[cfg(windows)]
[INFO] [stdout]      |       ------- the item is gated here
[INFO] [stdout] 1172 | fn overlay_test(secs: u32) -> u8 {
[INFO] [stdout]      |    ^^^^^^^^^^^^
[INFO] [stdout] help: a function with a similar name exists
[INFO] [stdout]      |
[INFO] [stdout]  356 -         return overlay_test(secs);
[INFO] [stdout]  356 +         return tray_test(secs);
[INFO] [stdout]      |
[INFO] [stdout] 
[INFO] [stdout] 
[INFO] [stdout] warning: variable does not need to be mutable
[INFO] [stdout]     --> src/daemon/debug_wav.rs:1230:13
[INFO] [stdout]      |
[INFO] [stdout] 1230 |         let mut relative = vec!["wav", r"diktier\wav", r".\wav", r"..\wav", " C:\\wav"];
[INFO] [stdout]      |             ----^^^^^^^^
[INFO] [stdout]      |             |
[INFO] [stdout]      |             help: remove this `mut`
[INFO] [stdout]      |
[INFO] [stdout]      = note: `#[warn(unused_mut)]` (part of `#[warn(unused)]`) on by default
[INFO] [stdout] 
[INFO] [stdout] 
[INFO] [stdout] warning: variable does not need to be mutable
[INFO] [stdout]     --> src/daemon/workers.rs:1368:5
[INFO] [stdout]      |
[INFO] [stdout] 1368 |     mut spec: HotkeySpec,
[INFO] [stdout]      |     ----^^^^
[INFO] [stdout]      |     |
[INFO] [stdout]      |     help: remove this `mut`
[INFO] [stdout] 
[INFO] [stdout] 
[INFO] [stdout] warning: variable `grabbed` is assigned to, but never used
[INFO] [stdout]     --> src/daemon/workers.rs:1400:9
[INFO] [stdout]      |
[INFO] [stdout] 1400 |     let mut grabbed = true;
[INFO] [stdout]      |         ^^^^^^^^^^^
[INFO] [stdout]      |
[INFO] [stdout]      = note: consider using `_grabbed` instead
[INFO] [stdout]      = note: `#[warn(unused_variables)]` (part of `#[warn(unused)]`) on by default
[INFO] [stdout] 
[INFO] [stdout] 
[INFO] [stdout] warning: value assigned to `grabbed` is never read
[INFO] [stdout]     --> src/daemon/workers.rs:1405:17
[INFO] [stdout]      |
[INFO] [stdout] 1405 |                 grabbed = true;
[INFO] [stdout]      |                 ^^^^^^^^^^^^^^ this value is reassigned later and never used
[INFO] [stdout] ...
[INFO] [stdout] 1422 |                 grabbed = false;
[INFO] [stdout]      |                 --------------- `grabbed` is overwritten here before the previous value is read
[INFO] [stdout]      |
[INFO] [stdout]      = note: `#[warn(unused_assignments)]` (part of `#[warn(unused)]`) on by default
[INFO] [stdout] 
[INFO] [stdout] 
[INFO] [stdout] warning: value assigned to `grabbed` is never read
[INFO] [stdout]     --> src/daemon/workers.rs:1422:17
[INFO] [stdout]      |
[INFO] [stdout] 1422 |                 grabbed = false;
[INFO] [stdout]      |                 ^^^^^^^^^^^^^^^
[INFO] [stdout]      |
[INFO] [stdout]      = help: maybe it is overwritten before being read?
[INFO] [stdout] 
[INFO] [stdout] 
[INFO] [stdout] Some errors have detailed explanations: E0408, E0425, E0433, E0599.
[INFO] [stdout] 
[INFO] [stdout] For more information about an error, try `rustc --explain E0408`.
[INFO] [stdout] 
[INFO] [stderr] error: could not compile `diktier` (bin "diktier" test) due to 36 previous errors; 5 warnings emitted
[INFO] running `Command { std: "docker" "inspect" "dead380d6704aca489fb0d75cf0bdf14660e61aee0ac2f579667cfd8e49cdc26", kill_on_drop: false }`
[INFO] running `Command { std: "docker" "rm" "-f" "dead380d6704aca489fb0d75cf0bdf14660e61aee0ac2f579667cfd8e49cdc26", kill_on_drop: false }`
[INFO] [stdout] dead380d6704aca489fb0d75cf0bdf14660e61aee0ac2f579667cfd8e49cdc26
