[INFO] cloning repository https://github.com/raithadarpana/stock-market
[INFO] running `Command { std: "git" "-c" "credential.helper=" "-c" "credential.helper=/workspace/cargo-home/bin/git-credential-null" "clone" "--bare" "https://github.com/raithadarpana/stock-market" "/workspace/cache/git-repos/https%3A%2F%2Fgithub.com%2Fraithadarpana%2Fstock-market", kill_on_drop: false }`
[INFO] [stderr] Cloning into bare repository '/workspace/cache/git-repos/https%3A%2F%2Fgithub.com%2Fraithadarpana%2Fstock-market'...
[INFO] running `Command { std: "git" "rev-parse" "HEAD", kill_on_drop: false }`
[INFO] [stdout] 9aeb62203c141a2d9b67f880c032bc77603439a3
[INFO] checking raithadarpana/stock-market against 3154cc1a3e6424e44f438a95007d043ed5ceaaf6+rustflags=-Znext-solver=coherence for pr-133502-30
[INFO] running `Command { std: "git" "clone" "/workspace/cache/git-repos/https%3A%2F%2Fgithub.com%2Fraithadarpana%2Fstock-market" "/workspace/builds/worker-0-tc1/source", kill_on_drop: false }`
[INFO] [stderr] Cloning into '/workspace/builds/worker-0-tc1/source'...
[INFO] [stderr] done.
[INFO] started tweaking git repo https://github.com/raithadarpana/stock-market
[INFO] finished tweaking git repo https://github.com/raithadarpana/stock-market
[INFO] tweaked toml for git repo https://github.com/raithadarpana/stock-market written to /workspace/builds/worker-0-tc1/source/Cargo.toml
[INFO] validating manifest of git repo https://github.com/raithadarpana/stock-market on toolchain 3154cc1a3e6424e44f438a95007d043ed5ceaaf6
[INFO] running `Command { std: CARGO_HOME="/workspace/cargo-home" RUSTUP_HOME="/workspace/rustup-home" "/workspace/cargo-home/bin/cargo" "+3154cc1a3e6424e44f438a95007d043ed5ceaaf6" "metadata" "--manifest-path" "Cargo.toml" "--no-deps", kill_on_drop: false }`
[INFO] crate git repo https://github.com/raithadarpana/stock-market already has a lockfile, it will not be regenerated
[INFO] running `Command { std: CARGO_HOME="/workspace/cargo-home" RUSTUP_HOME="/workspace/rustup-home" "/workspace/cargo-home/bin/cargo" "+3154cc1a3e6424e44f438a95007d043ed5ceaaf6" "fetch" "--manifest-path" "Cargo.toml", kill_on_drop: false }`
[INFO] [stderr]     Updating crates.io index
[INFO] [stderr]  Downloading crates ...
[INFO] [stderr]   Downloaded lzma-rs v0.3.0
[INFO] [stderr]   Downloaded bzip2 v0.5.2
[INFO] [stderr]   Downloaded cc v1.4.4
[INFO] [stderr]   Downloaded deflate64 v0.1.12
[INFO] [stderr]   Downloaded y4m v0.8.0
[INFO] [stderr]   Downloaded pastey v0.1.1
[INFO] [stderr]   Downloaded aligned v0.4.3
[INFO] [stderr]   Downloaded as-slice v0.2.1
[INFO] [stderr]   Downloaded async-stream v0.3.6
[INFO] [stderr]   Downloaded async-stream-impl v0.3.6
[INFO] [stderr]   Downloaded ravif v0.13.0
[INFO] [stderr]   Downloaded no_std_io2 v0.9.4
[INFO] [stderr]   Downloaded built v0.8.1
[INFO] [stderr]   Downloaded edge-tts-rust v0.1.3
[INFO] [stderr]   Downloaded bitstream-io v4.10.0
[INFO] [stderr]   Downloaded gif v0.14.2
[INFO] [stderr]   Downloaded bzip2-sys v0.1.13+1.0.8
[INFO] [stderr]   Downloaded av-scenechange v0.14.1
[INFO] [stderr]   Downloaded rav1e v0.8.1
[INFO] running `Command { std: "docker" "create" "-v" "/var/lib/crater-agent-workspace/builds/worker-0-tc1/source:/opt/rustwide/workdir:ro,Z" "-v" "/var/lib/crater-agent-workspace/builds/worker-0-tc1/target:/opt/rustwide/target:rw,Z" "-v" "/var/lib/crater-agent-workspace/cargo-home:/opt/rustwide/cargo-home:ro,Z" "-v" "/var/lib/crater-agent-workspace/rustup-home:/opt/rustwide/rustup-home:ro,Z" "-m" "1610612736" "--network" "none" "ghcr.io/rust-lang/crates-build-env/linux@sha256:77db811e55d90add9212f6832c23229e3de5f1c1f9905e8cb07319ea15df73ac" "sleep" "infinity", kill_on_drop: false }`
[INFO] [stdout] f73b535a1a927a7d15316f7253260100dc5092ebdcd965e2034218379991fe51
[INFO] running `Command { std: "docker" "start" "f73b535a1a927a7d15316f7253260100dc5092ebdcd965e2034218379991fe51", kill_on_drop: false }`
[INFO] running `Command { std: "docker" "inspect" "f73b535a1a927a7d15316f7253260100dc5092ebdcd965e2034218379991fe51", kill_on_drop: false }`
[INFO] running `Command { std: "docker" "exec" "-e" "SOURCE_DIR=/opt/rustwide/workdir" "-e" "CARGO_HOME=/opt/rustwide/cargo-home" "-e" "RUSTUP_HOME=/opt/rustwide/rustup-home" "-e" "CARGO_TARGET_DIR=/opt/rustwide/target" "-w" "/opt/rustwide/workdir" "--user" "0:0" "f73b535a1a927a7d15316f7253260100dc5092ebdcd965e2034218379991fe51" "/opt/rustwide/cargo-home/bin/cargo" "+3154cc1a3e6424e44f438a95007d043ed5ceaaf6" "metadata" "--no-deps" "--format-version=1", kill_on_drop: false }`
[INFO] running `Command { std: "docker" "inspect" "f73b535a1a927a7d15316f7253260100dc5092ebdcd965e2034218379991fe51", kill_on_drop: false }`
[INFO] running `Command { std: "docker" "exec" "-e" "SOURCE_DIR=/opt/rustwide/workdir" "-e" "CARGO_HOME=/opt/rustwide/cargo-home" "-e" "RUSTUP_HOME=/opt/rustwide/rustup-home" "-e" "CARGO_TARGET_DIR=/opt/rustwide/target" "-e" "CARGO_INCREMENTAL=0" "-e" "RUST_BACKTRACE=full" "-e" "RUSTFLAGS=--cap-lints=forbid -Znext-solver=coherence" "-e" "RUSTDOCFLAGS=--cap-lints=forbid" "-w" "/opt/rustwide/workdir" "--user" "0:0" "f73b535a1a927a7d15316f7253260100dc5092ebdcd965e2034218379991fe51" "/opt/rustwide/cargo-home/bin/cargo" "+3154cc1a3e6424e44f438a95007d043ed5ceaaf6" "check" "--frozen" "--all" "--all-targets" "--message-format=json", kill_on_drop: false }`
[INFO] [stderr]    Compiling find-msvc-tools v0.1.11
[INFO] [stderr]    Compiling shlex v2.0.1
[INFO] [stderr]    Compiling libc v0.2.189
[INFO] [stderr]    Compiling libm v0.2.16
[INFO] [stderr]    Compiling num-traits v0.2.19
[INFO] [stderr]    Compiling quote v1.0.47
[INFO] [stderr]     Checking smallvec v1.15.2
[INFO] [stderr]     Checking log v0.4.34
[INFO] [stderr]     Checking bytes v1.12.1
[INFO] [stderr]     Checking pin-project-lite v0.2.17
[INFO] [stderr]     Checking memchr v2.8.3
[INFO] [stderr]    Compiling syn v2.0.119
[INFO] [stderr]    Compiling syn v3.0.4
[INFO] [stderr]     Checking futures-core v0.3.34
[INFO] [stderr]    Compiling parking_lot_core v0.9.12
[INFO] [stderr]     Checking scopeguard v1.2.0
[INFO] [stderr]     Checking once_cell v1.21.4
[INFO] [stderr]     Checking lock_api v0.4.14
[INFO] [stderr]    Compiling pkg-config v0.3.34
[INFO] [stderr]     Checking generic-array v0.14.7
[INFO] [stderr]    Compiling crc32fast v1.5.1
[INFO] [stderr]     Checking http v1.5.0
[INFO] [stderr]     Checking errno v0.3.14
[INFO] [stderr]     Checking signal-hook-registry v1.4.8
[INFO] [stderr]     Checking parking_lot v0.12.5
[INFO] [stderr]     Checking getrandom v0.2.17
[INFO] [stderr]    Compiling jobserver v0.1.35
[INFO] [stderr]     Checking socket2 v0.6.5
[INFO] [stderr]     Checking mio v1.2.2
[INFO] [stderr]     Checking futures-sink v0.3.34
[INFO] [stderr]    Compiling cc v1.4.4
[INFO] [stderr]     Checking crypto-common v0.1.7
[INFO] [stderr]     Checking miniz_oxide v0.9.1
[INFO] [stderr]     Checking tracing-core v0.1.36
[INFO] [stderr]     Checking bytemuck v1.25.2
[INFO] [stderr]     Checking litemap v0.8.3
[INFO] [stderr]     Checking writeable v0.6.4
[INFO] [stderr]    Compiling serde_core v1.0.229
[INFO] [stderr]     Checking slab v0.4.12
[INFO] [stderr]     Checking tracing v0.1.44
[INFO] [stderr]     Checking flate2 v1.1.10
[INFO] [stderr]     Checking num-integer v0.1.47
[INFO] [stderr]    Compiling thiserror v2.0.20
[INFO] [stderr]    Compiling httparse v1.10.1
[INFO] [stderr]     Checking percent-encoding v2.3.2
[INFO] [stderr]    Compiling icu_properties_data v2.3.0
[INFO] [stderr]    Compiling icu_normalizer_data v2.3.0
[INFO] [stderr]     Checking num-bigint v0.4.8
[INFO] [stderr]     Checking crossbeam-deque v0.8.7
[INFO] [stderr]     Checking http-body v1.1.0
[INFO] [stderr]     Checking block-buffer v0.10.4
[INFO] [stderr]     Checking futures-task v0.3.34
[INFO] [stderr]     Checking equivalent v1.0.2
[INFO] [stderr]     Checking hashbrown v0.17.1
[INFO] [stderr]     Checking either v1.18.0
[INFO] [stderr]    Compiling getrandom v0.3.4
[INFO] [stderr]     Checking digest v0.10.7
[INFO] [stderr]     Checking rayon-core v1.13.0
[INFO] [stderr]     Checking indexmap v2.14.1
[INFO] [stderr]    Compiling rustls v0.23.43
[INFO] [stderr]    Compiling anyhow v1.0.104
[INFO] [stderr]     Checking alloc-stdlib v0.2.4
[INFO] [stderr]    Compiling ring v0.17.14
[INFO] [stderr]     Checking form_urlencoded v1.2.2
[INFO] [stderr]     Checking num-complex v0.4.6
[INFO] [stderr]     Checking arrayvec v0.7.8
[INFO] [stderr]     Checking num-rational v0.4.2
[INFO] [stderr]     Checking cpufeatures v0.2.17
[INFO] [stderr]    Compiling zstd-sys v2.0.16+zstd.1.5.7
[INFO] [stderr]     Checking brotli-decompressor v5.0.3
[INFO] [stderr]     Checking rayon v1.12.0
[INFO] [stderr]     Checking futures-channel v0.3.34
[INFO] [stderr]     Checking sync_wrapper v1.0.2
[INFO] [stderr]     Checking as-slice v0.2.1
[INFO] [stderr]    Compiling av-scenechange v0.14.1
[INFO] [stderr]    Compiling built v0.8.1
[INFO] [stderr]     Checking tower-layer v0.3.3
[INFO] [stderr]     Checking aligned v0.4.3
[INFO] [stderr]    Compiling rav1e v0.8.1
[INFO] [stderr]     Checking rand_core v0.9.5
[INFO] [stderr]     Checking http-body-util v0.1.5
[INFO] [stderr]    Compiling synstructure v0.13.2
[INFO] [stderr]     Checking brotli v8.0.4
[INFO] [stderr]     Checking rand_core v0.6.4
[INFO] [stderr]     Checking nom v8.0.0
[INFO] [stderr]    Compiling displaydoc v0.2.7
[INFO] [stderr]    Compiling zerovec-derive v0.11.6
[INFO] [stderr]    Compiling tokio-macros v2.7.2
[INFO] [stderr]    Compiling thiserror-impl v2.0.20
[INFO] [stderr]    Compiling zerofrom-derive v0.1.7
[INFO] [stderr]    Compiling yoke-derive v0.8.2
[INFO] [stderr]    Compiling zerocopy-derive v0.8.56
[INFO] [stderr]     Checking tokio v1.53.1
[INFO] [stderr]    Compiling zeroize_derive v1.5.0
[INFO] [stderr]    Compiling equator-macro v0.4.2
[INFO] [stderr]     Checking zeroize v1.9.0
[INFO] [stderr]     Checking zerofrom v0.1.8
[INFO] [stderr]     Checking rustls-pki-types v1.15.1
[INFO] [stderr]     Checking yoke v0.8.3
[INFO] [stderr]     Checking zerovec v0.11.8
[INFO] [stderr]     Checking zerotrie v0.2.5
[INFO] [stderr]    Compiling futures-macro v0.3.34
[INFO] [stderr]     Checking equator v0.4.2
[INFO] [stderr]     Checking aligned-vec v0.6.4
[INFO] [stderr]     Checking zerocopy v0.8.56
[INFO] [stderr]     Checking v_frame v0.3.9
[INFO] [stderr]    Compiling serde_derive v1.0.229
[INFO] [stderr]     Checking tinystr v0.8.4
[INFO] [stderr]     Checking potential_utf v0.1.6
[INFO] [stderr]     Checking icu_collections v2.3.0
[INFO] [stderr]     Checking icu_locale_core v2.3.0
[INFO] [stderr]     Checking futures-util v0.3.34
[INFO] [stderr]     Checking webpki-roots v1.0.9
[INFO] [stderr]    Compiling arg_enum_proc_macro v0.3.4
[INFO] [stderr]     Checking rustls-webpki v0.103.15
[INFO] [stderr]    Compiling profiling-procmacros v1.0.18
[INFO] [stderr]     Checking icu_provider v2.3.1
[INFO] [stderr]     Checking no_std_io2 v0.9.4
[INFO] [stderr]    Compiling pulp v0.22.3
[INFO] [stderr]     Checking icu_normalizer v2.3.0
[INFO] [stderr]     Checking icu_properties v2.3.0
[INFO] [stderr]     Checking ipnet v2.12.1
[INFO] [stderr]     Checking y4m v0.8.0
[INFO] [stderr]    Compiling serde_json v1.0.151
[INFO] [stderr]    Compiling pastey v0.1.1
[INFO] [stderr]     Checking quick-error v2.0.1
[INFO] [stderr]     Checking compression-core v0.4.32
[INFO] [stderr]     Checking compression-codecs v0.4.38
[INFO] [stderr]     Checking anstyle-parse v1.0.0
[INFO] [stderr]     Checking idna_adapter v1.2.2
[INFO] [stderr]     Checking idna v1.1.0
[INFO] [stderr]     Checking bitstream-io v4.10.0
[INFO] [stderr]     Checking url v2.5.8
[INFO] [stderr]     Checking profiling v1.0.18
[INFO] [stderr]     Checking av1-grain v0.2.5
[INFO] [stderr]    Compiling num-derive v0.4.2
[INFO] [stderr]     Checking maybe-rayon v0.1.1
[INFO] [stderr]     Checking sha1 v0.10.7
[INFO] [stderr]     Checking tokio-util v0.7.19
[INFO] [stderr]     Checking tower v0.5.3
[INFO] [stderr]     Checking serde v1.0.229
[INFO] [stderr]    Compiling lzma-sys v0.1.20
[INFO] [stderr]    Compiling bzip2-sys v0.1.13+1.0.8
[INFO] [stderr]     Checking raw-cpuid v11.6.0
[INFO] [stderr]     Checking itertools v0.14.0
[INFO] [stderr]     Checking h2 v0.4.19
[INFO] [stderr]     Checking safe_arch v0.7.4
[INFO] [stderr]     Checking tokio-rustls v0.26.4
[INFO] [stderr]    Compiling simd_helpers v0.1.0
[INFO] [stderr]    Compiling matrixmultiply v0.3.11
[INFO] [stderr]     Checking pulp-wasm-simd-flag v0.1.1
[INFO] [stderr]    Compiling zstd-safe v7.2.4
[INFO] [stderr]     Checking anstyle v1.0.14
[INFO] [stderr]     Checking zune-core v0.5.3
[INFO] [stderr]     Checking weezl v0.1.12
[INFO] [stderr]     Checking anstyle-query v1.1.5
[INFO] [stderr]    Compiling noop_proc_macro v0.3.0
[INFO] [stderr]     Checking ppv-lite86 v0.2.21
[INFO] [stderr]     Checking half v2.7.1
[INFO] [stderr]     Checking imgref v1.12.3
[INFO] [stderr]     Checking colorchoice v1.0.5
[INFO] [stderr]     Checking reborrow v0.5.5
[INFO] [stderr]    Compiling getrandom v0.4.3
[INFO] [stderr]     Checking new_debug_unreachable v1.0.6
[INFO] [stderr]     Checking is_terminal_polyfill v1.70.2
[INFO] [stderr]     Checking anstream v1.0.0
[INFO] [stderr]     Checking loop9 v0.1.5
[INFO] [stderr]     Checking zune-jpeg v0.5.15
[INFO] [stderr]     Checking rand_chacha v0.9.0
[INFO] [stderr]     Checking rand_chacha v0.3.1
[INFO] [stderr]     Checking wide v0.7.33
[INFO] [stderr]     Checking rand v0.8.8
[INFO] [stderr]     Checking rand v0.9.5
[INFO] [stderr]     Checking serde_urlencoded v0.7.1
[INFO] [stderr]     Checking async-compression v0.4.43
[INFO] [stderr]     Checking avif-serialize v0.8.9
[INFO] [stderr]     Checking approx v0.5.1
[INFO] [stderr]     Checking inout v0.1.4
[INFO] [stderr]     Checking zune-inflate v0.2.54
[INFO] [stderr]     Checking utf-8 v0.7.6
[INFO] [stderr]     Checking pxfm v0.1.30
[INFO] [stderr]     Checking ttf-parser v0.25.1
[INFO] [stderr]     Checking byteorder-lite v0.1.0
[INFO] [stderr]    Compiling heck v0.5.0
[INFO] [stderr]     Checking rawpointer v0.2.1
[INFO] [stderr]     Checking crc-catalog v2.5.0
[INFO] [stderr]     Checking color_quant v1.1.0
[INFO] [stderr]     Checking lebe v0.5.3
[INFO] [stderr]     Checking fax v0.2.7
[INFO] [stderr]     Checking data-encoding v2.11.1
[INFO] [stderr]     Checking bit_field v0.10.3
[INFO] [stderr]     Checking clap_lex v1.1.0
[INFO] [stderr]     Checking strsim v0.11.1
[INFO] [stderr]     Checking tungstenite v0.28.0
[INFO] [stderr]     Checking tiff v0.11.3
[INFO] [stderr]     Checking clap_builder v4.6.6
[INFO] [stderr]    Compiling clap_derive v4.6.4
[INFO] [stderr]     Checking gif v0.14.2
[INFO] [stderr]     Checking owned_ttf_parser v0.25.1
[INFO] [stderr]     Checking crc v3.4.0
[INFO] [stderr]     Checking simba v0.8.1
[INFO] [stderr]     Checking moxcms v0.8.1
[INFO] [stderr]     Checking hyper v1.11.1
[INFO] [stderr]     Checking image-webp v0.2.4
[INFO] [stderr]     Checking cipher v0.4.4
[INFO] [stderr]     Checking png v0.18.1
[INFO] [stderr]     Checking tower-http v0.6.11
[INFO] [stderr]     Checking exr v1.74.2
[INFO] [stderr]     Checking webpki-roots v0.26.11
[INFO] [stderr]     Checking hyper-util v0.1.20
[INFO] [stderr]    Compiling async-stream-impl v0.3.6
[INFO] [stderr]     Checking hmac v0.12.1
[INFO] [stderr]     Checking num-iter v0.1.46
[INFO] [stderr]     Checking qoi v0.4.1
[INFO] [stderr]     Checking encoding_rs v0.8.35
[INFO] [stderr]     Checking bumpalo v3.20.3
[INFO] [stderr]     Checking ravif v0.13.0
[INFO] [stderr]     Checking time-core v0.1.9
[INFO] [stderr]     Checking deranged v0.5.8
[INFO] [stderr]    Compiling zip v2.4.2
[INFO] [stderr]     Checking iana-time-zone v0.1.65
[INFO] [stderr]     Checking ab_glyph_rasterizer v0.1.10
[INFO] [stderr]     Checking num-conv v0.2.2
[INFO] [stderr]     Checking ab_glyph v0.2.32
[INFO] [stderr]     Checking chrono v0.4.45
[INFO] [stderr]     Checking lzma-rs v0.3.0
[INFO] [stderr]     Checking zopfli v0.8.3
[INFO] [stderr]     Checking async-stream v0.3.6
[INFO] [stderr]     Checking num v0.4.3
[INFO] [stderr]     Checking pbkdf2 v0.12.2
[INFO] [stderr]     Checking tokio-tungstenite v0.28.0
[INFO] [stderr]     Checking uuid v1.26.0
[INFO] [stderr]     Checking hyper-rustls v0.27.9
[INFO] [stderr]     Checking time v0.3.55
[INFO] [stderr]     Checking bzip2 v0.5.2
[INFO] [stderr]     Checking reqwest v0.12.28
[INFO] [stderr]     Checking xz2 v0.1.7
[INFO] [stderr]     Checking clap v4.6.6
[INFO] [stderr]     Checking aes v0.8.4
[INFO] [stderr]     Checking zstd v0.13.3
[INFO] [stderr]     Checking rand_distr v0.4.3
[INFO] [stderr]     Checking axum-core v0.5.6
[INFO] [stderr]     Checking serde_path_to_error v0.1.20
[INFO] [stderr]     Checking sha2 v0.10.9
[INFO] [stderr]     Checking itertools v0.12.1
[INFO] [stderr]     Checking csv-core v0.1.13
[INFO] [stderr]     Checking constant_time_eq v0.3.1
[INFO] [stderr]     Checking deflate64 v0.1.12
[INFO] [stderr]     Checking matchit v0.8.4
[INFO] [stderr]     Checking csv v1.4.0
[INFO] [stderr]     Checking edge-tts-rust v0.1.3
[INFO] [stderr]     Checking webbrowser v1.2.4
[INFO] [stderr]     Checking urlencoding v2.1.3
[INFO] [stderr]     Checking dotenvy v0.15.7
[INFO] [stderr]     Checking image v0.25.10
[INFO] [stderr]     Checking nalgebra v0.32.6
[INFO] [stderr]     Checking axum v0.8.9
[INFO] [stderr]     Checking imageproc v0.25.1
[INFO] [stderr]     Checking stock_market_content v0.1.0 (/opt/rustwide/workdir)
[INFO] [stdout] error[E0583]: file not found for module `data`
[INFO] [stdout]  --> src/main.rs:3:1
[INFO] [stdout]   |
[INFO] [stdout] 3 | mod data;
[INFO] [stdout]   | ^^^^^^^^^
[INFO] [stdout]   |
[INFO] [stdout]   = help: to create the module `data`, create file "src/data.rs" or "src/data/mod.rs"
[INFO] [stdout]   = note: if there is a `mod data` elsewhere in the crate already, import it with `use crate::...` instead
[INFO] [stdout] 
[INFO] [stdout] 
[INFO] [stdout] error[E0583]: file not found for module `dictionary`
[INFO] [stdout]  --> src/main.rs:4:1
[INFO] [stdout]   |
[INFO] [stdout] 4 | mod dictionary;
[INFO] [stdout]   | ^^^^^^^^^^^^^^^
[INFO] [stdout]   |
[INFO] [stdout]   = help: to create the module `dictionary`, create file "src/dictionary.rs" or "src/dictionary/mod.rs"
[INFO] [stdout]   = note: if there is a `mod dictionary` elsewhere in the crate already, import it with `use crate::...` instead
[INFO] [stdout] 
[INFO] [stdout] 
[INFO] [stdout] error[E0583]: file not found for module `ffdeps`
[INFO] [stdout]  --> src/main.rs:5:1
[INFO] [stdout]   |
[INFO] [stdout] 5 | mod ffdeps;
[INFO] [stdout]   | ^^^^^^^^^^^
[INFO] [stdout]   |
[INFO] [stdout]   = help: to create the module `ffdeps`, create file "src/ffdeps.rs" or "src/ffdeps/mod.rs"
[INFO] [stdout]   = note: if there is a `mod ffdeps` elsewhere in the crate already, import it with `use crate::...` instead
[INFO] [stdout] 
[INFO] [stdout] 
[INFO] [stdout] error[E0583]: file not found for module `data`
[INFO] [stdout]  --> src/main.rs:3:1
[INFO] [stdout]   |
[INFO] [stdout] 3 | mod data;
[INFO] [stdout]   | ^^^^^^^^^
[INFO] [stdout]   |
[INFO] [stdout]   = help: to create the module `data`, create file "src/data.rs" or "src/data/mod.rs"
[INFO] [stdout]   = note: if there is a `mod data` elsewhere in the crate already, import it with `use crate::...` instead
[INFO] [stdout] 
[INFO] [stdout] 
[INFO] [stdout] error[E0583]: file not found for module `dictionary`
[INFO] [stdout]  --> src/main.rs:4:1
[INFO] [stdout]   |
[INFO] [stdout] 4 | mod dictionary;
[INFO] [stdout]   | ^^^^^^^^^^^^^^^
[INFO] [stdout]   |
[INFO] [stdout]   = help: to create the module `dictionary`, create file "src/dictionary.rs" or "src/dictionary/mod.rs"
[INFO] [stdout]   = note: if there is a `mod dictionary` elsewhere in the crate already, import it with `use crate::...` instead
[INFO] [stdout] 
[INFO] [stdout] 
[INFO] [stdout] error[E0583]: file not found for module `ffdeps`
[INFO] [stdout]  --> src/main.rs:5:1
[INFO] [stdout]   |
[INFO] [stdout] 5 | mod ffdeps;
[INFO] [stdout]   | ^^^^^^^^^^^
[INFO] [stdout]   |
[INFO] [stdout]   = help: to create the module `ffdeps`, create file "src/ffdeps.rs" or "src/ffdeps/mod.rs"
[INFO] [stdout]   = note: if there is a `mod ffdeps` elsewhere in the crate already, import it with `use crate::...` instead
[INFO] [stdout] 
[INFO] [stdout] 
[INFO] [stdout] error[E0432]: unresolved import `crate::inference`
[INFO] [stdout]   --> src/pipeline.rs:10:5
[INFO] [stdout]    |
[INFO] [stdout] 10 |     inference,
[INFO] [stdout]    |     ^^^^^^^^^ no `inference` in the root
[INFO] [stdout] 
[INFO] [stdout] 
[INFO] [stdout] error[E0432]: unresolved import `crate::inference`
[INFO] [stdout]   --> src/pipeline.rs:10:5
[INFO] [stdout]    |
[INFO] [stdout] 10 |     inference,
[INFO] [stdout]    |     ^^^^^^^^^ no `inference` in the root
[INFO] [stdout] 
[INFO] [stdout] 
[INFO] [stdout] error[E0425]: cannot find function `run_cli` in module `pipeline`
[INFO] [stdout]   --> src/main.rs:36:23
[INFO] [stdout]    |
[INFO] [stdout] 36 |             pipeline::run_cli(&cfg).await?;
[INFO] [stdout]    |                       ^^^^^^^ not found in `pipeline`
[INFO] [stdout] 
[INFO] [stdout] 
[INFO] [stdout] error[E0425]: cannot find function `execute` in module `cli`
[INFO] [stdout]   --> src/main.rs:41:18
[INFO] [stdout]    |
[INFO] [stdout] 41 |             cli::execute(command, &cfg).await?;
[INFO] [stdout]    |                  ^^^^^^^ not found in `cli`
[INFO] [stdout] 
[INFO] [stdout] 
[INFO] [stdout] warning: unused import: `PathBuf`
[INFO] [stdout]  --> src/tts.rs:2:23
[INFO] [stdout]   |
[INFO] [stdout] 2 | use std::path::{Path, PathBuf};
[INFO] [stdout]   |                       ^^^^^^^
[INFO] [stdout]   |
[INFO] [stdout]   = note: `#[warn(unused_imports)]` (part of `#[warn(unused)]`) on by default
[INFO] [stdout] 
[INFO] [stdout] 
[INFO] [stdout] error[E0425]: cannot find function `run_cli` in module `pipeline`
[INFO] [stdout]   --> src/main.rs:36:23
[INFO] [stdout]    |
[INFO] [stdout] 36 |             pipeline::run_cli(&cfg).await?;
[INFO] [stdout]    |                       ^^^^^^^ not found in `pipeline`
[INFO] [stdout] 
[INFO] [stdout] 
[INFO] [stdout] error[E0425]: cannot find function `execute` in module `cli`
[INFO] [stdout]   --> src/main.rs:41:18
[INFO] [stdout]    |
[INFO] [stdout] 41 |             cli::execute(command, &cfg).await?;
[INFO] [stdout]    |                  ^^^^^^^ not found in `cli`
[INFO] [stdout] 
[INFO] [stdout] 
[INFO] [stdout] warning: unused import: `PathBuf`
[INFO] [stdout]  --> src/tts.rs:2:23
[INFO] [stdout]   |
[INFO] [stdout] 2 | use std::path::{Path, PathBuf};
[INFO] [stdout]   |                       ^^^^^^^
[INFO] [stdout]   |
[INFO] [stdout]   = note: `#[warn(unused_imports)]` (part of `#[warn(unused)]`) on by default
[INFO] [stdout] 
[INFO] [stdout] 
[INFO] [stdout] error[E0599]: no variant, associated function, or constant named `Cli` found for enum `Commands` in the current scope
[INFO] [stdout]   --> src/main.rs:35:24
[INFO] [stdout]    |
[INFO] [stdout] 35 |         Some(Commands::Cli) => {
[INFO] [stdout]    |                        ^^^ variant, associated function, or constant not found in `Commands`
[INFO] [stdout]    |
[INFO] [stdout]   ::: src/cli.rs:11:1
[INFO] [stdout]    |
[INFO] [stdout] 11 | pub enum Commands {
[INFO] [stdout]    | ----------------- variant, associated function, or constant `Cli` not found for this enum
[INFO] [stdout] 
[INFO] [stdout] 
[INFO] [stdout] error[E0599]: no variant, associated function, or constant named `Cli` found for enum `Commands` in the current scope
[INFO] [stdout]   --> src/main.rs:35:24
[INFO] [stdout]    |
[INFO] [stdout] 35 |         Some(Commands::Cli) => {
[INFO] [stdout]    |                        ^^^ variant, associated function, or constant not found in `Commands`
[INFO] [stdout]    |
[INFO] [stdout]   ::: src/cli.rs:11:1
[INFO] [stdout]    |
[INFO] [stdout] 11 | pub enum Commands {
[INFO] [stdout]    | ----------------- variant, associated function, or constant `Cli` not found for this enum
[INFO] [stdout] 
[INFO] [stdout] 
[INFO] [stdout] Some errors have detailed explanations: E0425, E0432, E0583, E0599.
[INFO] [stdout] 
[INFO] [stdout] For more information about an error, try `rustc --explain E0425`.
[INFO] [stdout] 
[INFO] [stdout] Some errors have detailed explanations: E0425, E0432, E0583, E0599.
[INFO] [stdout] 
[INFO] [stdout] For more information about an error, try `rustc --explain E0425`.
[INFO] [stdout] 
[INFO] [stderr] error: could not compile `stock_market_content` (bin "stock_market_content") due to 7 previous errors; 1 warning emitted
[INFO] [stderr] warning: build failed, waiting for other jobs to finish...
[INFO] [stderr] error: could not compile `stock_market_content` (bin "stock_market_content" test) due to 7 previous errors; 1 warning emitted
[INFO] [stderr] warning: unused dependency `urlencoding`
[INFO] [stderr]   --> Cargo.toml:11:1
[INFO] [stderr]    |
[INFO] [stderr] 11 | urlencoding = "2"
[INFO] [stderr]    | ^^^^^^^^^^^^^^^^^
[INFO] [stderr]    |
[INFO] [stderr]    = note: `cargo::unused_dependencies` is set to `warn` by default
[INFO] [stderr] help: consider removing the dependency on `urlencoding`
[INFO] [stderr] warning: unused dependency `webbrowser`
[INFO] [stderr]   --> Cargo.toml:12:1
[INFO] [stderr]    |
[INFO] [stderr] 12 | webbrowser = "1"
[INFO] [stderr]    | ^^^^^^^^^^^^^^^^
[INFO] [stderr]    |
[INFO] [stderr] help: consider removing the dependency on `webbrowser`
[INFO] [stderr] warning: `stock_market_content` (manifest) generated 2 warnings
[INFO] running `Command { std: "docker" "inspect" "f73b535a1a927a7d15316f7253260100dc5092ebdcd965e2034218379991fe51", kill_on_drop: false }`
[INFO] running `Command { std: "docker" "rm" "-f" "f73b535a1a927a7d15316f7253260100dc5092ebdcd965e2034218379991fe51", kill_on_drop: false }`
[INFO] [stdout] f73b535a1a927a7d15316f7253260100dc5092ebdcd965e2034218379991fe51
