[INFO] cloning repository https://github.com/rainysaturday/web2md
[INFO] running `Command { std: "git" "-c" "credential.helper=" "-c" "credential.helper=/workspace/cargo-home/bin/git-credential-null" "clone" "--bare" "https://github.com/rainysaturday/web2md" "/workspace/cache/git-repos/https%3A%2F%2Fgithub.com%2Frainysaturday%2Fweb2md", kill_on_drop: false }`
[INFO] [stderr] Cloning into bare repository '/workspace/cache/git-repos/https%3A%2F%2Fgithub.com%2Frainysaturday%2Fweb2md'...
[INFO] running `Command { std: "git" "rev-parse" "HEAD", kill_on_drop: false }`
[INFO] [stdout] aee45c549d5359a489b8c41bbdf5715f40d6749f
[INFO] checking rainysaturday/web2md against 3154cc1a3e6424e44f438a95007d043ed5ceaaf6+rustflags=-Znext-solver=coherence for pr-133502-30
[INFO] running `Command { std: "git" "clone" "/workspace/cache/git-repos/https%3A%2F%2Fgithub.com%2Frainysaturday%2Fweb2md" "/workspace/builds/worker-2-tc1/source", kill_on_drop: false }`
[INFO] [stderr] Cloning into '/workspace/builds/worker-2-tc1/source'...
[INFO] [stderr] done.
[INFO] started tweaking git repo https://github.com/rainysaturday/web2md
[INFO] finished tweaking git repo https://github.com/rainysaturday/web2md
[INFO] tweaked toml for git repo https://github.com/rainysaturday/web2md written to /workspace/builds/worker-2-tc1/source/Cargo.toml
[INFO] validating manifest of git repo https://github.com/rainysaturday/web2md on toolchain 3154cc1a3e6424e44f438a95007d043ed5ceaaf6
[INFO] running `Command { std: CARGO_HOME="/workspace/cargo-home" RUSTUP_HOME="/workspace/rustup-home" "/workspace/cargo-home/bin/cargo" "+3154cc1a3e6424e44f438a95007d043ed5ceaaf6" "metadata" "--manifest-path" "Cargo.toml" "--no-deps", kill_on_drop: false }`
[INFO] crate git repo https://github.com/rainysaturday/web2md already has a lockfile, it will not be regenerated
[INFO] running `Command { std: CARGO_HOME="/workspace/cargo-home" RUSTUP_HOME="/workspace/rustup-home" "/workspace/cargo-home/bin/cargo" "+3154cc1a3e6424e44f438a95007d043ed5ceaaf6" "fetch" "--manifest-path" "Cargo.toml", kill_on_drop: false }`
[INFO] [stderr]     Updating crates.io index
[INFO] [stderr]  Downloading crates ...
[INFO] [stderr]   Downloaded xml5ever v0.18.1
[INFO] [stderr]   Downloaded servo_arc v0.3.0
[INFO] [stderr]   Downloaded ego-tree v0.6.3
[INFO] [stderr]   Downloaded clap_builder v4.6.0
[INFO] [stderr]   Downloaded small_btree v0.1.0
[INFO] [stderr]   Downloaded semver-parser v0.7.0
[INFO] [stderr]   Downloaded rustc_version v0.2.3
[INFO] [stderr]   Downloaded boa_interner v0.21.1
[INFO] [stderr]   Downloaded bytestring v1.5.1
[INFO] [stderr]   Downloaded impl-more v0.3.5
[INFO] [stderr]   Downloaded tag_ptr v0.1.0
[INFO] [stderr]   Downloaded scraper v0.18.1
[INFO] [stderr]   Downloaded sct v0.7.1
[INFO] [stderr]   Downloaded markup5ever_rcdom v0.3.0
[INFO] [stderr]   Downloaded xsum v0.1.6
[INFO] [stderr]   Downloaded dynify-macros v0.1.2
[INFO] [stderr]   Downloaded boa_macros v0.21.1
[INFO] [stderr]   Downloaded semver v0.9.0
[INFO] [stderr]   Downloaded dashmap v6.2.1
[INFO] [stderr]   Downloaded cow-utils v0.1.3
[INFO] [stderr]   Downloaded actix-rt v2.11.0
[INFO] [stderr]   Downloaded tokio-rustls v0.24.1
[INFO] [stderr]   Downloaded markup5ever v0.12.1
[INFO] [stderr]   Downloaded clap_derive v4.6.0
[INFO] [stderr]   Downloaded hyper-rustls v0.24.2
[INFO] [stderr]   Downloaded env_logger v0.10.2
[INFO] [stderr]   Downloaded thin-vec v0.2.18
[INFO] [stderr]   Downloaded fast-float2 v0.2.3
[INFO] [stderr]   Downloaded boa_string v0.21.1
[INFO] [stderr]   Downloaded dynify v0.1.2
[INFO] [stderr]   Downloaded boa_gc v0.21.1
[INFO] [stderr]   Downloaded actix-router v0.5.4
[INFO] [stderr]   Downloaded actix-server v2.6.0
[INFO] [stderr]   Downloaded hybrid-array v0.4.13
[INFO] [stderr]   Downloaded actix-web-httpauth v0.8.2
[INFO] [stderr]   Downloaded icu_normalizer v2.0.1
[INFO] [stderr]   Downloaded icu_properties v2.0.2
[INFO] [stderr]   Downloaded selectors v0.25.0
[INFO] [stderr]   Downloaded cssparser v0.31.2
[INFO] [stderr]   Downloaded html2md v0.2.15
[INFO] [stderr]   Downloaded float16 v0.1.5
[INFO] [stderr]   Downloaded actix-service v2.0.3
[INFO] [stderr]   Downloaded html5ever v0.27.0
[INFO] [stderr]   Downloaded jni v0.19.0
[INFO] [stderr]   Downloaded clap v4.6.0
[INFO] [stderr]   Downloaded intrusive-collections v0.9.7
[INFO] [stderr]   Downloaded ryu-js v1.0.3
[INFO] [stderr]   Downloaded futures-concurrency v7.7.1
[INFO] [stderr]   Downloaded boa_ast v0.21.1
[INFO] [stderr]   Downloaded boa_parser v0.21.1
[INFO] [stderr]   Downloaded actix-http v3.13.1
[INFO] [stderr]   Downloaded rustls-webpki v0.101.7
[INFO] [stderr]   Downloaded rustls v0.21.12
[INFO] [stderr]   Downloaded webpki-roots v0.25.4
[INFO] [stderr]   Downloaded actix-web v4.14.0
[INFO] [stderr]   Downloaded regress v0.10.5
[INFO] [stderr]   Downloaded boa_engine v0.21.1
[INFO] running `Command { std: "docker" "create" "-v" "/var/lib/crater-agent-workspace/builds/worker-2-tc1/source:/opt/rustwide/workdir:ro,Z" "-v" "/var/lib/crater-agent-workspace/builds/worker-2-tc1/target:/opt/rustwide/target:rw,Z" "-v" "/var/lib/crater-agent-workspace/cargo-home:/opt/rustwide/cargo-home:ro,Z" "-v" "/var/lib/crater-agent-workspace/rustup-home:/opt/rustwide/rustup-home:ro,Z" "-m" "1610612736" "--network" "none" "ghcr.io/rust-lang/crates-build-env/linux@sha256:77db811e55d90add9212f6832c23229e3de5f1c1f9905e8cb07319ea15df73ac" "sleep" "infinity", kill_on_drop: false }`
[INFO] [stdout] 073a4225ced7e4df1a04958e8ce8827b3f1a7fa0a3ba7973f9317235fe34f012
[INFO] running `Command { std: "docker" "start" "073a4225ced7e4df1a04958e8ce8827b3f1a7fa0a3ba7973f9317235fe34f012", kill_on_drop: false }`
[INFO] running `Command { std: "docker" "inspect" "073a4225ced7e4df1a04958e8ce8827b3f1a7fa0a3ba7973f9317235fe34f012", kill_on_drop: false }`
[INFO] running `Command { std: "docker" "exec" "-e" "SOURCE_DIR=/opt/rustwide/workdir" "-e" "CARGO_HOME=/opt/rustwide/cargo-home" "-e" "RUSTUP_HOME=/opt/rustwide/rustup-home" "-e" "CARGO_TARGET_DIR=/opt/rustwide/target" "-w" "/opt/rustwide/workdir" "--user" "0:0" "073a4225ced7e4df1a04958e8ce8827b3f1a7fa0a3ba7973f9317235fe34f012" "/opt/rustwide/cargo-home/bin/cargo" "+3154cc1a3e6424e44f438a95007d043ed5ceaaf6" "metadata" "--no-deps" "--format-version=1", kill_on_drop: false }`
[INFO] running `Command { std: "docker" "inspect" "073a4225ced7e4df1a04958e8ce8827b3f1a7fa0a3ba7973f9317235fe34f012", kill_on_drop: false }`
[INFO] running `Command { std: "docker" "exec" "-e" "SOURCE_DIR=/opt/rustwide/workdir" "-e" "CARGO_HOME=/opt/rustwide/cargo-home" "-e" "RUSTUP_HOME=/opt/rustwide/rustup-home" "-e" "CARGO_TARGET_DIR=/opt/rustwide/target" "-e" "CARGO_INCREMENTAL=0" "-e" "RUST_BACKTRACE=full" "-e" "RUSTFLAGS=--cap-lints=forbid -Znext-solver=coherence" "-e" "RUSTDOCFLAGS=--cap-lints=forbid" "-w" "/opt/rustwide/workdir" "--user" "0:0" "073a4225ced7e4df1a04958e8ce8827b3f1a7fa0a3ba7973f9317235fe34f012" "/opt/rustwide/cargo-home/bin/cargo" "+3154cc1a3e6424e44f438a95007d043ed5ceaaf6" "check" "--frozen" "--all" "--all-targets" "--message-format=json", kill_on_drop: false }`
[INFO] [stderr]    Compiling proc-macro2 v1.0.106
[INFO] [stderr]    Compiling quote v1.0.45
[INFO] [stderr]    Compiling libc v0.2.183
[INFO] [stderr]    Compiling zerocopy v0.8.42
[INFO] [stderr]     Checking smallvec v1.15.1
[INFO] [stderr]     Checking log v0.4.29
[INFO] [stderr]    Compiling siphasher v1.0.2
[INFO] [stderr]     Checking itoa v1.0.17
[INFO] [stderr]    Compiling shlex v1.3.0
[INFO] [stderr]    Compiling serde_core v1.0.228
[INFO] [stderr]     Checking stable_deref_trait v1.2.1
[INFO] [stderr]    Compiling serde v1.0.228
[INFO] [stderr]     Checking bytes v1.11.1
[INFO] [stderr]     Checking futures-core v0.3.32
[INFO] [stderr]     Checking foldhash v0.2.0
[INFO] [stderr]     Checking memchr v2.8.0
[INFO] [stderr]     Checking litemap v0.8.1
[INFO] [stderr]     Checking writeable v0.6.2
[INFO] [stderr]    Compiling phf_shared v0.11.3
[INFO] [stderr]     Checking hashbrown v0.16.1
[INFO] [stderr]     Checking new_debug_unreachable v1.0.6
[INFO] [stderr]    Compiling siphasher v0.3.11
[INFO] [stderr]    Compiling icu_properties_data v2.0.1
[INFO] [stderr]     Checking futures-sink v0.3.32
[INFO] [stderr]     Checking precomputed-hash v0.1.1
[INFO] [stderr]    Compiling icu_normalizer_data v2.0.0
[INFO] [stderr]     Checking mac v0.1.1
[INFO] [stderr]     Checking utf-8 v0.7.6
[INFO] [stderr]    Compiling phf_shared v0.10.0
[INFO] [stderr]     Checking futf v0.1.5
[INFO] [stderr]     Checking futures-task v0.3.32
[INFO] [stderr]     Checking bitflags v2.11.0
[INFO] [stderr]     Checking http v0.2.12
[INFO] [stderr]    Compiling num-traits v0.2.19
[INFO] [stderr]     Checking tendril v0.4.3
[INFO] [stderr]     Checking write16 v1.0.0
[INFO] [stderr]     Checking futures-util v0.3.32
[INFO] [stderr]     Checking utf16_iter v1.0.5
[INFO] [stderr]     Checking typenum v1.20.1
[INFO] [stderr]    Compiling phf_shared v0.13.1
[INFO] [stderr]    Compiling zmij v1.0.21
[INFO] [stderr]     Checking rand_core v0.10.1
[INFO] [stderr]     Checking aho-corasick v1.1.4
[INFO] [stderr]    Compiling getrandom v0.4.3
[INFO] [stderr]     Checking regex-syntax v0.8.10
[INFO] [stderr]    Compiling phf_generator v0.13.1
[INFO] [stderr]     Checking ryu-js v1.0.3
[INFO] [stderr]    Compiling syn v1.0.109
[INFO] [stderr]     Checking indexmap v2.13.0
[INFO] [stderr]     Checking cpufeatures v0.3.0
[INFO] [stderr]     Checking fast-float2 v0.2.3
[INFO] [stderr]    Compiling unicode-segmentation v1.13.3
[INFO] [stderr]     Checking local-waker v0.1.4
[INFO] [stderr]    Compiling cow-utils v0.1.3
[INFO] [stderr]    Compiling semver-parser v0.7.0
[INFO] [stderr]     Checking rustc-hash v2.1.3
[INFO] [stderr]    Compiling serde_json v1.0.149
[INFO] [stderr]    Compiling syn v2.0.117
[INFO] [stderr]    Compiling zstd-safe v7.2.4
[INFO] [stderr]     Checking simd-adler32 v0.3.10
[INFO] [stderr]    Compiling time-macros v0.2.32
[INFO] [stderr]    Compiling convert_case v0.10.0
[INFO] [stderr]     Checking miniz_oxide v0.8.9
[INFO] [stderr]    Compiling semver v0.9.0
[INFO] [stderr]     Checking boa_string v0.21.1
[INFO] [stderr]    Compiling toml_parser v1.1.2+spec-1.1.0
[INFO] [stderr]     Checking hybrid-array v0.4.13
[INFO] [stderr]     Checking parking_lot_core v0.9.12
[INFO] [stderr]     Checking errno v0.3.14
[INFO] [stderr]    Compiling getrandom v0.2.17
[INFO] [stderr]    Compiling jobserver v0.1.35
[INFO] [stderr]     Checking signal-hook-registry v1.4.8
[INFO] [stderr]     Checking parking_lot v0.12.5
[INFO] [stderr]     Checking mio v1.1.1
[INFO] [stderr]    Compiling rand_core v0.6.4
[INFO] [stderr]    Compiling cc v1.2.57
[INFO] [stderr]     Checking socket2 v0.6.3
[INFO] [stderr]     Checking getrandom v0.3.4
[INFO] [stderr]     Checking socket2 v0.5.10
[INFO] [stderr]     Checking crypto-common v0.2.2
[INFO] [stderr]     Checking block-buffer v0.12.1
[INFO] [stderr]    Compiling pin-project-lite v0.2.17
[INFO] [stderr]     Checking thin-vec v0.2.18
[INFO] [stderr]     Checking regex-automata v0.4.14
[INFO] [stderr]    Compiling tracing-core v0.1.36
[INFO] [stderr]     Checking time-core v0.1.9
[INFO] [stderr]     Checking const-oid v0.10.2
[INFO] [stderr]    Compiling unicode-xid v0.2.6
[INFO] [stderr]     Checking num_threads v0.1.7
[INFO] [stderr]    Compiling rustls v0.21.12
[INFO] [stderr]    Compiling tracing v0.1.44
[INFO] [stderr]     Checking flate2 v1.1.9
[INFO] [stderr]     Checking phf v0.10.1
[INFO] [stderr]     Checking digest v0.11.3
[INFO] [stderr]    Compiling rustc_version v0.2.3
[INFO] [stderr]     Checking time v0.3.54
[INFO] [stderr]     Checking num-integer v0.1.46
[INFO] [stderr]     Checking actix-utils v3.0.1
[INFO] [stderr]    Compiling toml_edit v0.25.13+spec-1.1.0
[INFO] [stderr]     Checking chacha20 v0.10.1
[INFO] [stderr]     Checking bytestring v1.5.1
[INFO] [stderr]    Compiling cookie v0.16.2
[INFO] [stderr]     Checking actix-service v2.0.3
[INFO] [stderr]     Checking futures-channel v0.3.32
[INFO] [stderr]    Compiling crossbeam-utils v0.8.22
[INFO] [stderr]    Compiling rustversion v1.0.22
[INFO] [stderr]     Checking dtoa v1.0.11
[INFO] [stderr]    Compiling regex-lite v0.1.9
[INFO] [stderr]     Checking rand v0.10.2
[INFO] [stderr]     Checking dtoa-short v0.3.5
[INFO] [stderr]    Compiling float16 v0.1.5
[INFO] [stderr]     Checking brotli v8.0.4
[INFO] [stderr]     Checking sha1 v0.11.0
[INFO] [stderr]     Checking rand_core v0.9.5
[INFO] [stderr]    Compiling syn v3.0.3
[INFO] [stderr]    Compiling ring v0.17.14
[INFO] [stderr]    Compiling zstd-sys v2.0.16+zstd.1.5.7
[INFO] [stderr]     Checking local-channel v0.1.5
[INFO] [stderr]     Checking http-body v0.4.6
[INFO] [stderr]    Compiling proc-macro-crate v3.5.0
[INFO] [stderr]    Compiling ahash v0.8.12
[INFO] [stderr]     Checking futures-io v0.3.32
[INFO] [stderr]     Checking is_terminal_polyfill v1.70.2
[INFO] [stderr]     Checking fastrand v2.5.0
[INFO] [stderr]     Checking language-tags v0.3.2
[INFO] [stderr]    Compiling thiserror v2.0.19
[INFO] [stderr]     Checking anstyle v1.0.14
[INFO] [stderr]     Checking regex v1.12.3
[INFO] [stderr]     Checking anstyle-query v1.1.5
[INFO] [stderr]    Compiling rustls v0.23.42
[INFO] [stderr]     Checking colorchoice v1.0.5
[INFO] [stderr]    Compiling portable-atomic v1.14.0
[INFO] [stderr]     Checking fxhash v0.2.1
[INFO] [stderr]     Checking anstream v1.0.0
[INFO] [stderr]     Checking futures-lite v2.6.1
[INFO] [stderr]     Checking regress v0.10.5
[INFO] [stderr]     Checking http v1.4.2
[INFO] [stderr]     Checking servo_arc v0.3.0
[INFO] [stderr]     Checking arrayvec v0.7.8
[INFO] [stderr]     Checking either v1.17.0
[INFO] [stderr]     Checking clap_lex v1.1.0
[INFO] [stderr]    Compiling actix-router v0.5.4
[INFO] [stderr]     Checking strsim v0.11.1
[INFO] [stderr]     Checking base64 v0.21.7
[INFO] [stderr]     Checking impl-more v0.3.5
[INFO] [stderr]     Checking hashbrown v0.14.5
[INFO] [stderr]     Checking clap_builder v4.6.0
[INFO] [stderr]     Checking itertools v0.14.0
[INFO] [stderr]    Compiling ppv-lite86 v0.2.21
[INFO] [stderr]     Checking rustls-pemfile v1.0.4
[INFO] [stderr]     Checking getopts v0.2.24
[INFO] [stderr]     Checking small_btree v0.1.0
[INFO] [stderr]     Checking ureq-proto v0.6.0
[INFO] [stderr]     Checking intrusive-collections v0.9.7
[INFO] [stderr]    Compiling rand_chacha v0.3.1
[INFO] [stderr]     Checking dashmap v6.2.1
[INFO] [stderr]     Checking webpki-roots v1.0.9
[INFO] [stderr]     Checking is-terminal v0.4.17
[INFO] [stderr]     Checking ego-tree v0.6.3
[INFO] [stderr]     Checking utf8-zero v0.8.1
[INFO] [stderr]     Checking sync_wrapper v0.1.2
[INFO] [stderr]     Checking webpki-roots v0.25.4
[INFO] [stderr]    Compiling rand v0.8.5
[INFO] [stderr]    Compiling thiserror-impl v2.0.19
[INFO] [stderr]     Checking xsum v0.1.6
[INFO] [stderr]     Checking tag_ptr v0.1.0
[INFO] [stderr]    Compiling synstructure v0.13.2
[INFO] [stderr]     Checking termcolor v1.4.1
[INFO] [stderr]     Checking tap v1.0.1
[INFO] [stderr]     Checking lazy_static v1.5.0
[INFO] [stderr]     Checking ipnet v2.12.0
[INFO] [stderr]     Checking humantime v2.4.0
[INFO] [stderr]     Checking uuid v1.24.0
[INFO] [stderr]     Checking rand_chacha v0.9.0
[INFO] [stderr]     Checking env_logger v0.10.2
[INFO] [stderr]     Checking rand v0.9.5
[INFO] [stderr]    Compiling phf_generator v0.11.3
[INFO] [stderr]    Compiling phf_generator v0.10.0
[INFO] [stderr]    Compiling serde_derive v1.0.228
[INFO] [stderr]    Compiling zerofrom-derive v0.1.6
[INFO] [stderr]    Compiling yoke-derive v0.8.1
[INFO] [stderr]    Compiling zerovec-derive v0.11.2
[INFO] [stderr]    Compiling displaydoc v0.2.5
[INFO] [stderr]    Compiling tokio-macros v2.6.1
[INFO] [stderr]    Compiling string_cache_codegen v0.5.4
[INFO] [stderr]    Compiling tracing-attributes v0.1.31
[INFO] [stderr]    Compiling phf_macros v0.11.3
[INFO] [stderr]    Compiling phf_codegen v0.10.0
[INFO] [stderr]    Compiling phf_codegen v0.11.3
[INFO] [stderr]    Compiling boa_macros v0.21.1
[INFO] [stderr]    Compiling phf_macros v0.13.1
[INFO] [stderr]     Checking tokio v1.50.0
[INFO] [stderr]    Compiling markup5ever v0.12.1
[INFO] [stderr]    Compiling markup5ever v0.11.0
[INFO] [stderr]    Compiling html5ever v0.27.0
[INFO] [stderr]    Compiling derive_more-impl v2.1.1
[INFO] [stderr]     Checking zerofrom v0.1.6
[INFO] [stderr]     Checking yoke v0.8.1
[INFO] [stderr]     Checking phf v0.11.3
[INFO] [stderr]     Checking phf v0.13.1
[INFO] [stderr]    Compiling selectors v0.25.0
[INFO] [stderr]    Compiling cssparser-macros v0.6.1
[INFO] [stderr]     Checking zerovec v0.11.5
[INFO] [stderr]     Checking zerotrie v0.2.3
[INFO] [stderr]    Compiling equator-macro v0.4.2
[INFO] [stderr]    Compiling pin-project-internal v1.1.13
[INFO] [stderr]     Checking cssparser v0.31.2
[INFO] [stderr]    Compiling num_enum_derive v0.7.6
[INFO] [stderr]    Compiling actix-macros v0.2.4
[INFO] [stderr]    Compiling bytemuck_derive v1.11.0
[INFO] [stderr]    Compiling dynify-macros v0.1.2
[INFO] [stderr]     Checking rustls-webpki v0.101.7
[INFO] [stderr]     Checking sct v0.7.1
[INFO] [stderr]     Checking equator v0.4.2
[INFO] [stderr]     Checking rustls-webpki v0.103.13
[INFO] [stderr]    Compiling derive_more v0.99.20
[INFO] [stderr]    Compiling actix-web-codegen v4.3.0
[INFO] [stderr]     Checking boa_gc v0.21.1
[INFO] [stderr]     Checking tinystr v0.8.2
[INFO] [stderr]     Checking potential_utf v0.1.4
[INFO] [stderr]    Compiling html5ever v0.26.0
[INFO] [stderr]     Checking dynify v0.1.2
[INFO] [stderr]     Checking icu_collections v2.0.0
[INFO] [stderr]     Checking icu_locale_core v2.1.1
[INFO] [stderr]     Checking num_enum v0.7.6
[INFO] [stderr]     Checking aligned-vec v0.6.4
[INFO] [stderr]    Compiling clap_derive v4.6.0
[INFO] [stderr]     Checking pin-project v1.1.13
[INFO] [stderr]     Checking futures-concurrency v7.7.1
[INFO] [stderr]     Checking boa_interner v0.21.1
[INFO] [stderr]     Checking bytemuck v1.25.2
[INFO] [stderr]     Checking derive_more v2.1.1
[INFO] [stderr]     Checking icu_provider v2.1.1
[INFO] [stderr]     Checking icu_properties v2.0.2
[INFO] [stderr]     Checking icu_normalizer v2.0.1
[INFO] [stderr]     Checking string_cache v0.8.9
[INFO] [stderr]     Checking serde_urlencoded v0.7.1
[INFO] [stderr]     Checking num-bigint v0.4.8
[INFO] [stderr]     Checking chrono v0.4.45
[INFO] [stderr]     Checking zstd v0.13.3
[INFO] [stderr]     Checking tokio-util v0.7.18
[INFO] [stderr]     Checking actix-rt v2.11.0
[INFO] [stderr]     Checking actix-server v2.6.0
[INFO] [stderr]     Checking clap v4.6.0
[INFO] [stderr]     Checking xml5ever v0.18.1
[INFO] [stderr]     Checking h2 v0.3.27
[INFO] [stderr]     Checking actix-codec v0.5.2
[INFO] [stderr]     Checking tokio-rustls v0.24.1
[INFO] [stderr]     Checking boa_ast v0.21.1
[INFO] [stderr]     Checking idna_adapter v1.2.1
[INFO] [stderr]     Checking markup5ever_rcdom v0.3.0
[INFO] [stderr]     Checking idna v1.1.0
[INFO] [stderr]     Checking scraper v0.18.1
[INFO] [stderr]     Checking html2md v0.2.15
[INFO] [stderr]     Checking url v2.5.8
[INFO] [stderr]     Checking ureq v3.3.0
[INFO] [stderr]     Checking boa_parser v0.21.1
[INFO] [stderr]     Checking actix-http v3.13.1
[INFO] [stderr]     Checking hyper v0.14.32
[INFO] [stderr]     Checking boa_engine v0.21.1
[INFO] [stderr]     Checking actix-web v4.14.0
[INFO] [stderr]     Checking hyper-rustls v0.24.2
[INFO] [stderr]     Checking reqwest v0.11.27
[INFO] [stderr]     Checking actix-web-httpauth v0.8.2
[INFO] [stderr]     Checking web2md v0.1.0 (/opt/rustwide/workdir)
[INFO] [stdout] error[E0063]: missing field `user_agent` in initializer of `page::RenderConfig`
[INFO] [stdout]    --> src/main.rs:747:22
[INFO] [stdout]     |
[INFO] [stdout] 747 |         let config = RenderConfig {
[INFO] [stdout]     |                      ^^^^^^^^^^^^ missing `user_agent`
[INFO] [stdout] 
[INFO] [stdout] 
[INFO] [stdout] error[E0063]: missing field `user_agent` in initializer of `page::RenderConfig`
[INFO] [stdout]    --> src/main.rs:787:22
[INFO] [stdout]     |
[INFO] [stdout] 787 |         let config = RenderConfig {
[INFO] [stdout]     |                      ^^^^^^^^^^^^ missing `user_agent`
[INFO] [stdout] 
[INFO] [stdout] 
[INFO] [stdout] error[E0063]: missing field `user_agent` in initializer of `page::RenderConfig`
[INFO] [stdout]    --> src/main.rs:823:22
[INFO] [stdout]     |
[INFO] [stdout] 823 |         let config = RenderConfig {
[INFO] [stdout]     |                      ^^^^^^^^^^^^ missing `user_agent`
[INFO] [stdout] 
[INFO] [stdout] 
[INFO] [stdout] error[E0063]: missing field `user_agent` in initializer of `page::RenderConfig`
[INFO] [stdout]    --> src/main.rs:844:22
[INFO] [stdout]     |
[INFO] [stdout] 844 |         let config = RenderConfig {
[INFO] [stdout]     |                      ^^^^^^^^^^^^ missing `user_agent`
[INFO] [stdout] 
[INFO] [stdout] 
[INFO] [stdout] For more information about this error, try `rustc --explain E0063`.
[INFO] [stdout] 
[INFO] [stderr] error: could not compile `web2md` (bin "web2md" test) due to 4 previous errors
[INFO] [stderr] warning: build failed, waiting for other jobs to finish...
[INFO] [stderr] warning: unused dependency `actix-web-httpauth`
[INFO] [stderr]  --> Cargo.toml:3:1
[INFO] [stderr]   |
[INFO] [stderr] 3 | actix-web-httpauth = "0.8"
[INFO] [stderr]   | ^^^^^^^^^^^^^^^^^^^^^^^^^^
[INFO] [stderr]   |
[INFO] [stderr]   = note: `cargo::unused_dependencies` is set to `warn` by default
[INFO] [stderr] help: consider removing the dependency on `actix-web-httpauth`
[INFO] [stderr] warning: unused dependency `chrono`
[INFO] [stderr]   --> Cargo.toml:13:15
[INFO] [stderr]    |
[INFO] [stderr] 13 | [dependencies.chrono]
[INFO] [stderr]    |               ^^^^^^^
[INFO] [stderr]    |
[INFO] [stderr] help: consider removing the dependency on `chrono`
[INFO] [stderr] warning: `web2md` (manifest) generated 2 warnings
[INFO] running `Command { std: "docker" "inspect" "073a4225ced7e4df1a04958e8ce8827b3f1a7fa0a3ba7973f9317235fe34f012", kill_on_drop: false }`
[INFO] running `Command { std: "docker" "rm" "-f" "073a4225ced7e4df1a04958e8ce8827b3f1a7fa0a3ba7973f9317235fe34f012", kill_on_drop: false }`
[INFO] [stdout] 073a4225ced7e4df1a04958e8ce8827b3f1a7fa0a3ba7973f9317235fe34f012
