[INFO] cloning repository https://github.com/rainoffallingstar/office-preview
[INFO] running `Command { std: "git" "-c" "credential.helper=" "-c" "credential.helper=/workspace/cargo-home/bin/git-credential-null" "clone" "--bare" "https://github.com/rainoffallingstar/office-preview" "/workspace/cache/git-repos/https%3A%2F%2Fgithub.com%2Frainoffallingstar%2Foffice-preview", kill_on_drop: false }`
[INFO] [stderr] Cloning into bare repository '/workspace/cache/git-repos/https%3A%2F%2Fgithub.com%2Frainoffallingstar%2Foffice-preview'...
[INFO] running `Command { std: "git" "rev-parse" "HEAD", kill_on_drop: false }`
[INFO] [stdout] 0e376e1df8e54a94f56ab7a21edf328f8f2b3f86
[INFO] checking rainoffallingstar/office-preview against 3154cc1a3e6424e44f438a95007d043ed5ceaaf6 for pr-133502-30
[INFO] running `Command { std: "git" "clone" "/workspace/cache/git-repos/https%3A%2F%2Fgithub.com%2Frainoffallingstar%2Foffice-preview" "/workspace/builds/worker-7-tc2/source", kill_on_drop: false }`
[INFO] [stderr] Cloning into '/workspace/builds/worker-7-tc2/source'...
[INFO] [stderr] done.
[INFO] started tweaking git repo https://github.com/rainoffallingstar/office-preview
[INFO] finished tweaking git repo https://github.com/rainoffallingstar/office-preview
[INFO] tweaked toml for git repo https://github.com/rainoffallingstar/office-preview written to /workspace/builds/worker-7-tc2/source/Cargo.toml
[INFO] validating manifest of git repo https://github.com/rainoffallingstar/office-preview on toolchain 3154cc1a3e6424e44f438a95007d043ed5ceaaf6
[INFO] running `Command { std: CARGO_HOME="/workspace/cargo-home" RUSTUP_HOME="/workspace/rustup-home" "/workspace/cargo-home/bin/cargo" "+3154cc1a3e6424e44f438a95007d043ed5ceaaf6" "metadata" "--manifest-path" "Cargo.toml" "--no-deps", kill_on_drop: false }`
[INFO] crate git repo https://github.com/rainoffallingstar/office-preview already has a lockfile, it will not be regenerated
[INFO] running `Command { std: CARGO_HOME="/workspace/cargo-home" RUSTUP_HOME="/workspace/rustup-home" "/workspace/cargo-home/bin/cargo" "+3154cc1a3e6424e44f438a95007d043ed5ceaaf6" "fetch" "--manifest-path" "Cargo.toml", kill_on_drop: false }`
[INFO] running `Command { std: "docker" "create" "-v" "/var/lib/crater-agent-workspace/builds/worker-7-tc2/source:/opt/rustwide/workdir:ro,Z" "-v" "/var/lib/crater-agent-workspace/builds/worker-7-tc2/target:/opt/rustwide/target:rw,Z" "-v" "/var/lib/crater-agent-workspace/cargo-home:/opt/rustwide/cargo-home:ro,Z" "-v" "/var/lib/crater-agent-workspace/rustup-home:/opt/rustwide/rustup-home:ro,Z" "-m" "1610612736" "--network" "none" "ghcr.io/rust-lang/crates-build-env/linux@sha256:77db811e55d90add9212f6832c23229e3de5f1c1f9905e8cb07319ea15df73ac" "sleep" "infinity", kill_on_drop: false }`
[INFO] [stdout] 463b378599c815fe9c3b0482bdad0b45b9c95c47a39b3d0a3cd9721c73636829
[INFO] running `Command { std: "docker" "start" "463b378599c815fe9c3b0482bdad0b45b9c95c47a39b3d0a3cd9721c73636829", kill_on_drop: false }`
[INFO] running `Command { std: "docker" "inspect" "463b378599c815fe9c3b0482bdad0b45b9c95c47a39b3d0a3cd9721c73636829", kill_on_drop: false }`
[INFO] running `Command { std: "docker" "exec" "-e" "SOURCE_DIR=/opt/rustwide/workdir" "-e" "CARGO_HOME=/opt/rustwide/cargo-home" "-e" "RUSTUP_HOME=/opt/rustwide/rustup-home" "-e" "CARGO_TARGET_DIR=/opt/rustwide/target" "-w" "/opt/rustwide/workdir" "--user" "0:0" "463b378599c815fe9c3b0482bdad0b45b9c95c47a39b3d0a3cd9721c73636829" "/opt/rustwide/cargo-home/bin/cargo" "+3154cc1a3e6424e44f438a95007d043ed5ceaaf6" "metadata" "--no-deps" "--format-version=1", kill_on_drop: false }`
[INFO] running `Command { std: "docker" "inspect" "463b378599c815fe9c3b0482bdad0b45b9c95c47a39b3d0a3cd9721c73636829", kill_on_drop: false }`
[INFO] running `Command { std: "docker" "exec" "-e" "SOURCE_DIR=/opt/rustwide/workdir" "-e" "CARGO_HOME=/opt/rustwide/cargo-home" "-e" "RUSTUP_HOME=/opt/rustwide/rustup-home" "-e" "CARGO_TARGET_DIR=/opt/rustwide/target" "-e" "CARGO_INCREMENTAL=0" "-e" "RUST_BACKTRACE=full" "-e" "RUSTFLAGS=--cap-lints=forbid" "-e" "RUSTDOCFLAGS=--cap-lints=forbid" "-w" "/opt/rustwide/workdir" "--user" "0:0" "463b378599c815fe9c3b0482bdad0b45b9c95c47a39b3d0a3cd9721c73636829" "/opt/rustwide/cargo-home/bin/cargo" "+3154cc1a3e6424e44f438a95007d043ed5ceaaf6" "check" "--frozen" "--all" "--all-targets" "--message-format=json", kill_on_drop: false }`
[INFO] [stderr]    Compiling pkg-config v0.3.34
[INFO] [stderr]    Compiling serde_core v1.0.229
[INFO] [stderr]    Compiling serde v1.0.229
[INFO] [stderr]    Compiling winnow v0.5.40
[INFO] [stderr]    Compiling target-lexicon v0.12.16
[INFO] [stderr]    Compiling version-compare v0.2.1
[INFO] [stderr]    Compiling libc v0.2.189
[INFO] [stderr]     Checking futures-sink v0.3.34
[INFO] [stderr]     Checking futures-task v0.3.34
[INFO] [stderr]     Checking bitflags v2.13.1
[INFO] [stderr]    Compiling proc-macro-error-attr v1.0.4
[INFO] [stderr]    Compiling syn v1.0.109
[INFO] [stderr]    Compiling proc-macro-error v1.0.4
[INFO] [stderr]    Compiling syn v2.0.119
[INFO] [stderr]    Compiling syn v3.0.3
[INFO] [stderr]     Checking stable_deref_trait v1.2.1
[INFO] [stderr]     Checking futures-channel v0.3.34
[INFO] [stderr]    Compiling heck v0.4.1
[INFO] [stderr]     Checking lock_api v0.4.14
[INFO] [stderr]     Checking http v1.5.0
[INFO] [stderr]    Compiling gio v0.18.4
[INFO] [stderr]    Compiling find-msvc-tools v0.1.11
[INFO] [stderr]     Checking writeable v0.6.4
[INFO] [stderr]     Checking percent-encoding v2.3.2
[INFO] [stderr]     Checking litemap v0.8.3
[INFO] [stderr]    Compiling icu_normalizer_data v2.3.0
[INFO] [stderr]    Compiling icu_properties_data v2.3.0
[INFO] [stderr]    Compiling cc v1.4.3
[INFO] [stderr]    Compiling typenum v1.20.1
[INFO] [stderr]    Compiling memoffset v0.9.1
[INFO] [stderr]    Compiling httparse v1.10.1
[INFO] [stderr]    Compiling field-offset v0.3.6
[INFO] [stderr]     Checking form_urlencoded v1.2.2
[INFO] [stderr]     Checking hybrid-array v0.4.14
[INFO] [stderr]    Compiling openssl v0.10.81
[INFO] [stderr]    Compiling once_cell v1.21.4
[INFO] [stderr]    Compiling unicase v2.9.0
[INFO] [stderr]    Compiling x11 v2.21.0
[INFO] [stderr]    Compiling gtk v0.18.2
[INFO] [stderr]    Compiling cfg-expr v0.15.8
[INFO] [stderr]    Compiling mime_guess v2.0.5
[INFO] [stderr]    Compiling generic-array v0.14.7
[INFO] [stderr]     Checking sync_wrapper v1.0.2
[INFO] [stderr]    Compiling native-tls v0.2.18
[INFO] [stderr]    Compiling const-oid v0.10.2
[INFO] [stderr]     Checking tower-layer v0.3.3
[INFO] [stderr]    Compiling zmij v1.0.23
[INFO] [stderr]    Compiling x11-dl v2.21.0
[INFO] [stderr]     Checking ipnet v2.12.1
[INFO] [stderr]     Checking openssl-probe v0.2.1
[INFO] [stderr]    Compiling same-file v1.0.6
[INFO] [stderr]    Compiling cpufeatures v0.3.0
[INFO] [stderr]     Checking crypto-common v0.2.2
[INFO] [stderr]     Checking block-buffer v0.12.1
[INFO] [stderr]    Compiling serde_json v1.0.151
[INFO] [stderr]     Checking utf8parse v0.2.2
[INFO] [stderr]    Compiling walkdir v2.5.0
[INFO] [stderr]     Checking anstyle-parse v1.0.0
[INFO] [stderr]     Checking parking_lot_core v0.9.12
[INFO] [stderr]     Checking errno v0.3.14
[INFO] [stderr]     Checking mio v1.2.2
[INFO] [stderr]     Checking signal-hook-registry v1.4.8
[INFO] [stderr]     Checking socket2 v0.6.5
[INFO] [stderr]     Checking http-body v1.1.0
[INFO] [stderr]     Checking is_terminal_polyfill v1.70.2
[INFO] [stderr]     Checking anstyle v1.0.14
[INFO] [stderr]     Checking anstyle-query v1.1.5
[INFO] [stderr]     Checking colorchoice v1.0.5
[INFO] [stderr]     Checking parking_lot v0.12.5
[INFO] [stderr]     Checking regex-syntax v0.8.11
[INFO] [stderr]    Compiling mime v0.3.17
[INFO] [stderr]     Checking http-body-util v0.1.5
[INFO] [stderr]     Checking ryu v1.0.23
[INFO] [stderr]     Checking anstream v1.0.0
[INFO] [stderr]     Checking digest v0.11.3
[INFO] [stderr]     Checking inotify-sys v0.1.8
[INFO] [stderr]     Checking block-buffer v0.10.4
[INFO] [stderr]     Checking crypto-common v0.1.7
[INFO] [stderr]     Checking strsim v0.11.1
[INFO] [stderr]     Checking sha2 v0.11.0
[INFO] [stderr]     Checking zeroize v1.9.0
[INFO] [stderr]    Compiling anyhow v1.0.104
[INFO] [stderr]     Checking dpi v0.1.2
[INFO] [stderr]    Compiling wry v0.43.1
[INFO] [stderr]     Checking clap_lex v1.1.0
[INFO] [stderr]    Compiling openssl-sys v0.9.117
[INFO] [stderr]     Checking clap_builder v4.6.6
[INFO] [stderr]     Checking rustls-pki-types v1.15.1
[INFO] [stderr]     Checking digest v0.10.7
[INFO] [stderr]     Checking inotify v0.9.6
[INFO] [stderr]     Checking filetime v0.2.29
[INFO] [stderr]     Checking mio v0.8.11
[INFO] [stderr]     Checking serde_path_to_error v0.1.20
[INFO] [stderr]     Checking tracing-log v0.2.0
[INFO] [stderr]     Checking encoding_rs v0.8.35
[INFO] [stderr]     Checking instant v0.1.13
[INFO] [stderr]     Checking matchit v0.8.4
[INFO] [stderr]     Checking sha2 v0.10.9
[INFO] [stderr]     Checking rust-embed-utils v8.12.0
[INFO] [stderr]     Checking notify v6.1.1
[INFO] [stderr]     Checking getrandom v0.2.17
[INFO] [stderr]     Checking regex-automata v0.4.18
[INFO] [stderr]    Compiling futures-macro v0.3.34
[INFO] [stderr]    Compiling zerovec-derive v0.11.6
[INFO] [stderr]    Compiling displaydoc v0.2.7
[INFO] [stderr]    Compiling tokio-macros v2.7.2
[INFO] [stderr]    Compiling serde_derive v1.0.229
[INFO] [stderr]    Compiling clap_derive v4.6.4
[INFO] [stderr]    Compiling toml_datetime v0.6.3
[INFO] [stderr]    Compiling serde_spanned v0.6.9
[INFO] [stderr]    Compiling toml_edit v0.20.2
[INFO] [stderr]    Compiling toml_edit v0.19.15
[INFO] [stderr]     Checking tokio v1.53.1
[INFO] [stderr]     Checking futures-util v0.3.34
[INFO] [stderr]    Compiling synstructure v0.13.2
[INFO] [stderr]     Checking matchers v0.2.0
[INFO] [stderr]     Checking clap v4.6.6
[INFO] [stderr]    Compiling thiserror-impl v1.0.69
[INFO] [stderr]    Compiling tracing-attributes v0.1.31
[INFO] [stderr]    Compiling openssl-macros v0.1.1
[INFO] [stderr]    Compiling dlopen2_derive v0.4.3
[INFO] [stderr]    Compiling axum-macros v0.5.1
[INFO] [stderr]    Compiling zerofrom-derive v0.1.7
[INFO] [stderr]    Compiling yoke-derive v0.8.2
[INFO] [stderr]    Compiling rust-embed-impl v8.12.0
[INFO] [stderr]     Checking dlopen2 v0.7.0
[INFO] [stderr]     Checking tracing v0.1.44
[INFO] [stderr]    Compiling proc-macro-crate v1.3.1
[INFO] [stderr]     Checking rust-embed v8.12.0
[INFO] [stderr]     Checking thiserror v1.0.69
[INFO] [stderr]     Checking zerofrom v0.1.8
[INFO] [stderr]    Compiling toml v0.8.2
[INFO] [stderr]    Compiling proc-macro-crate v2.0.2
[INFO] [stderr]     Checking axum-core v0.5.6
[INFO] [stderr]     Checking tracing-subscriber v0.3.23
[INFO] [stderr]     Checking yoke v0.8.3
[INFO] [stderr]    Compiling gtk3-macros v0.18.2
[INFO] [stderr]     Checking zerovec v0.11.8
[INFO] [stderr]     Checking zerotrie v0.2.5
[INFO] [stderr]    Compiling system-deps v6.2.2
[INFO] [stderr]    Compiling glib-macros v0.18.5
[INFO] [stderr]     Checking tinystr v0.8.4
[INFO] [stderr]     Checking potential_utf v0.1.6
[INFO] [stderr]     Checking icu_locale_core v2.3.0
[INFO] [stderr]     Checking icu_collections v2.3.0
[INFO] [stderr]    Compiling glib-sys v0.18.1
[INFO] [stderr]    Compiling gobject-sys v0.18.0
[INFO] [stderr]    Compiling gio-sys v0.18.1
[INFO] [stderr]    Compiling gdk-sys v0.18.2
[INFO] [stderr]    Compiling cairo-sys-rs v0.18.2
[INFO] [stderr]    Compiling gdk-pixbuf-sys v0.18.0
[INFO] [stderr]    Compiling pango-sys v0.18.0
[INFO] [stderr]    Compiling atk-sys v0.18.2
[INFO] [stderr]    Compiling gtk-sys v0.18.2
[INFO] [stderr]    Compiling soup3-sys v0.5.0
[INFO] [stderr]    Compiling javascriptcore-rs-sys v1.1.1
[INFO] [stderr]    Compiling gdkx11-sys v0.18.2
[INFO] [stderr]    Compiling webkit2gtk-sys v2.0.1
[INFO] [stderr]     Checking icu_provider v2.3.1
[INFO] [stderr]     Checking icu_normalizer v2.3.0
[INFO] [stderr]     Checking icu_properties v2.3.0
[INFO] [stderr]     Checking serde_urlencoded v0.7.1
[INFO] [stderr]     Checking futures-executor v0.3.34
[INFO] [stderr]     Checking glib v0.18.5
[INFO] [stderr]     Checking gdkwayland-sys v0.18.2
[INFO] [stderr]     Checking idna_adapter v1.2.2
[INFO] [stderr]     Checking idna v1.1.0
[INFO] [stderr]     Checking tokio-util v0.7.19
[INFO] [stderr]     Checking tower v0.5.3
[INFO] [stderr]     Checking tokio-native-tls v0.3.1
[INFO] [stderr]     Checking url v2.5.8
[INFO] [stderr]     Checking h2 v0.4.18
[INFO] [stderr]     Checking tokio-stream v0.1.19
[INFO] [stderr]     Checking tower-http v0.6.11
[INFO] [stderr]     Checking hyper v1.11.0
[INFO] [stderr]     Checking cairo-rs v0.18.5
[INFO] [stderr]     Checking atk v0.18.2
[INFO] [stderr]     Checking javascriptcore-rs v1.1.2
[INFO] [stderr]     Checking hyper-util v0.1.20
[INFO] [stderr]     Checking hyper-tls v0.6.0
[INFO] [stderr]     Checking axum v0.8.9
[INFO] [stderr]     Checking reqwest v0.12.28
[INFO] [stderr]     Checking pango v0.18.3
[INFO] [stderr]     Checking gdk-pixbuf v0.18.5
[INFO] [stderr]     Checking soup3 v0.5.0
[INFO] [stderr]     Checking gdk v0.18.2
[INFO] [stderr]     Checking gdkx11 v0.18.2
[INFO] [stderr]     Checking webkit2gtk v2.0.1
[INFO] [stderr]     Checking tao v0.30.8
[INFO] [stderr]     Checking office-preview-binary v0.2.0 (/opt/rustwide/workdir/preview-binary)
[INFO] [stdout] error: #[derive(RustEmbed)] folder '/opt/rustwide/workdir/preview-binary/assets/' does not exist. cwd: '/opt/rustwide/workdir'
[INFO] [stdout]   --> preview-binary/src/main.rs:44:1
[INFO] [stdout]    |
[INFO] [stdout] 44 | / #[folder = "assets/"]
[INFO] [stdout] 45 | | struct Assets;
[INFO] [stdout]    | |______________^
[INFO] [stdout] 
[INFO] [stdout] 
[INFO] [stdout] error: #[derive(RustEmbed)] folder '/opt/rustwide/workdir/preview-binary/assets/' does not exist. cwd: '/opt/rustwide/workdir'
[INFO] [stdout]   --> preview-binary/src/main.rs:44:1
[INFO] [stdout]    |
[INFO] [stdout] 44 | / #[folder = "assets/"]
[INFO] [stdout] 45 | | struct Assets;
[INFO] [stdout]    | |______________^
[INFO] [stdout] 
[INFO] [stdout] 
[INFO] [stdout] error[E0599]: no associated function or constant named `get` found for struct `Assets` in the current scope
[INFO] [stdout]    --> preview-binary/src/main.rs:270:33
[INFO] [stdout]     |
[INFO] [stdout]  45 | struct Assets;
[INFO] [stdout]     | ------------- associated function or constant `get` not found for this struct
[INFO] [stdout] ...
[INFO] [stdout] 270 |     if let Some(file) = Assets::get(path) {
[INFO] [stdout]     |                                 ^^^ associated function or constant not found in `Assets`
[INFO] [stdout]     |
[INFO] [stdout]     = help: items from traits can only be used if the trait is implemented and in scope
[INFO] [stdout]     = note: the following traits define an item `get`, perhaps you need to implement one of them:
[INFO] [stdout]             candidate #1: `DBusInterfaceExt`
[INFO] [stdout]             candidate #2: `Embed`
[INFO] [stdout]             candidate #3: `PropertyGet`
[INFO] [stdout]             candidate #4: `SettingsExtManual`
[INFO] [stdout]             candidate #5: `SliceIndex`
[INFO] [stdout]             candidate #6: `UnixFDListExtManual`
[INFO] [stdout]             candidate #7: `icu_collections::codepointtrie::cptrie::TypedCodePointTrie`
[INFO] [stdout]             candidate #8: `icu_properties::names::PropertyEnumToValueNameLookup`
[INFO] [stdout]             candidate #9: `icu_provider::baked::DataStore`
[INFO] [stdout] 
[INFO] [stdout] 
[INFO] [stdout] error[E0599]: no associated function or constant named `get` found for struct `Assets` in the current scope
[INFO] [stdout]    --> preview-binary/src/main.rs:270:33
[INFO] [stdout]     |
[INFO] [stdout]  45 | struct Assets;
[INFO] [stdout]     | ------------- associated function or constant `get` not found for this struct
[INFO] [stdout] ...
[INFO] [stdout] 270 |     if let Some(file) = Assets::get(path) {
[INFO] [stdout]     |                                 ^^^ associated function or constant not found in `Assets`
[INFO] [stdout]     |
[INFO] [stdout]     = help: items from traits can only be used if the trait is implemented and in scope
[INFO] [stdout]     = note: the following traits define an item `get`, perhaps you need to implement one of them:
[INFO] [stdout]             candidate #1: `DBusInterfaceExt`
[INFO] [stdout]             candidate #2: `Embed`
[INFO] [stdout]             candidate #3: `PropertyGet`
[INFO] [stdout]             candidate #4: `SettingsExtManual`
[INFO] [stdout]             candidate #5: `SliceIndex`
[INFO] [stdout]             candidate #6: `UnixFDListExtManual`
[INFO] [stdout]             candidate #7: `icu_collections::codepointtrie::cptrie::TypedCodePointTrie`
[INFO] [stdout]             candidate #8: `icu_properties::names::PropertyEnumToValueNameLookup`
[INFO] [stdout]             candidate #9: `icu_provider::baked::DataStore`
[INFO] [stdout] 
[INFO] [stdout] 
[INFO] [stdout] error[E0599]: no associated function or constant named `get` found for struct `Assets` in the current scope
[INFO] [stdout]    --> preview-binary/src/main.rs:279:37
[INFO] [stdout]     |
[INFO] [stdout]  45 | struct Assets;
[INFO] [stdout]     | ------------- associated function or constant `get` not found for this struct
[INFO] [stdout] ...
[INFO] [stdout] 279 |         if let Some(file) = Assets::get("index.html") {
[INFO] [stdout]     |                                     ^^^ associated function or constant not found in `Assets`
[INFO] [stdout]     |
[INFO] [stdout]     = help: items from traits can only be used if the trait is implemented and in scope
[INFO] [stdout]     = note: the following traits define an item `get`, perhaps you need to implement one of them:
[INFO] [stdout]             candidate #1: `DBusInterfaceExt`
[INFO] [stdout]             candidate #2: `Embed`
[INFO] [stdout]             candidate #3: `PropertyGet`
[INFO] [stdout]             candidate #4: `SettingsExtManual`
[INFO] [stdout]             candidate #5: `SliceIndex`
[INFO] [stdout]             candidate #6: `UnixFDListExtManual`
[INFO] [stdout]             candidate #7: `icu_collections::codepointtrie::cptrie::TypedCodePointTrie`
[INFO] [stdout]             candidate #8: `icu_properties::names::PropertyEnumToValueNameLookup`
[INFO] [stdout]             candidate #9: `icu_provider::baked::DataStore`
[INFO] [stdout] 
[INFO] [stdout] 
[INFO] [stdout] error[E0599]: no associated function or constant named `get` found for struct `Assets` in the current scope
[INFO] [stdout]    --> preview-binary/src/main.rs:279:37
[INFO] [stdout]     |
[INFO] [stdout]  45 | struct Assets;
[INFO] [stdout]     | ------------- associated function or constant `get` not found for this struct
[INFO] [stdout] ...
[INFO] [stdout] 279 |         if let Some(file) = Assets::get("index.html") {
[INFO] [stdout]     |                                     ^^^ associated function or constant not found in `Assets`
[INFO] [stdout]     |
[INFO] [stdout]     = help: items from traits can only be used if the trait is implemented and in scope
[INFO] [stdout]     = note: the following traits define an item `get`, perhaps you need to implement one of them:
[INFO] [stdout]             candidate #1: `DBusInterfaceExt`
[INFO] [stdout]             candidate #2: `Embed`
[INFO] [stdout]             candidate #3: `PropertyGet`
[INFO] [stdout]             candidate #4: `SettingsExtManual`
[INFO] [stdout]             candidate #5: `SliceIndex`
[INFO] [stdout]             candidate #6: `UnixFDListExtManual`
[INFO] [stdout]             candidate #7: `icu_collections::codepointtrie::cptrie::TypedCodePointTrie`
[INFO] [stdout]             candidate #8: `icu_properties::names::PropertyEnumToValueNameLookup`
[INFO] [stdout]             candidate #9: `icu_provider::baked::DataStore`
[INFO] [stdout] 
[INFO] [stdout] 
[INFO] [stdout] For more information about this error, try `rustc --explain E0599`.
[INFO] [stdout] 
[INFO] [stderr] error: could not compile `office-preview-binary` (bin "office-preview") due to 3 previous errors
[INFO] [stderr] warning: build failed, waiting for other jobs to finish...
[INFO] [stdout] For more information about this error, try `rustc --explain E0599`.
[INFO] [stdout] 
[INFO] [stderr] error: could not compile `office-preview-binary` (bin "office-preview" test) due to 3 previous errors
[INFO] [stderr] warning: unused dependency `tao`
[INFO] [stderr]   --> preview-binary/Cargo.toml:13:1
[INFO] [stderr]    |
[INFO] [stderr] 13 | tao = "0.30"
[INFO] [stderr]    | ^^^^^^^^^^^^
[INFO] [stderr]    |
[INFO] [stderr]    = note: `cargo::unused_dependencies` is set to `warn` by default
[INFO] [stderr] help: consider removing the dependency on `tao`
[INFO] [stderr] warning: `office-preview-binary` (manifest) generated 1 warning
[INFO] running `Command { std: "docker" "inspect" "463b378599c815fe9c3b0482bdad0b45b9c95c47a39b3d0a3cd9721c73636829", kill_on_drop: false }`
[INFO] running `Command { std: "docker" "rm" "-f" "463b378599c815fe9c3b0482bdad0b45b9c95c47a39b3d0a3cd9721c73636829", kill_on_drop: false }`
[INFO] [stdout] 463b378599c815fe9c3b0482bdad0b45b9c95c47a39b3d0a3cd9721c73636829
