[INFO] cloning repository https://github.com/railapex/winmakase
[INFO] running `Command { std: "git" "-c" "credential.helper=" "-c" "credential.helper=/workspace/cargo-home/bin/git-credential-null" "clone" "--bare" "https://github.com/railapex/winmakase" "/workspace/cache/git-repos/https%3A%2F%2Fgithub.com%2Frailapex%2Fwinmakase", kill_on_drop: false }`
[INFO] [stderr] Cloning into bare repository '/workspace/cache/git-repos/https%3A%2F%2Fgithub.com%2Frailapex%2Fwinmakase'...
[INFO] running `Command { std: "git" "rev-parse" "HEAD", kill_on_drop: false }`
[INFO] [stdout] 84b7b8daed52e61f88be265ed89d7a0a97bd4025
[INFO] checking railapex/winmakase against 3154cc1a3e6424e44f438a95007d043ed5ceaaf6 for pr-133502-30
[INFO] running `Command { std: "git" "clone" "/workspace/cache/git-repos/https%3A%2F%2Fgithub.com%2Frailapex%2Fwinmakase" "/workspace/builds/worker-4-tc2/source", kill_on_drop: false }`
[INFO] [stderr] Cloning into '/workspace/builds/worker-4-tc2/source'...
[INFO] [stderr] done.
[INFO] started tweaking git repo https://github.com/railapex/winmakase
[INFO] finished tweaking git repo https://github.com/railapex/winmakase
[INFO] tweaked toml for git repo https://github.com/railapex/winmakase written to /workspace/builds/worker-4-tc2/source/Cargo.toml
[INFO] validating manifest of git repo https://github.com/railapex/winmakase on toolchain 3154cc1a3e6424e44f438a95007d043ed5ceaaf6
[INFO] running `Command { std: CARGO_HOME="/workspace/cargo-home" RUSTUP_HOME="/workspace/rustup-home" "/workspace/cargo-home/bin/cargo" "+3154cc1a3e6424e44f438a95007d043ed5ceaaf6" "metadata" "--manifest-path" "Cargo.toml" "--no-deps", kill_on_drop: false }`
[INFO] crate git repo https://github.com/railapex/winmakase already has a lockfile, it will not be regenerated
[INFO] running `Command { std: CARGO_HOME="/workspace/cargo-home" RUSTUP_HOME="/workspace/rustup-home" "/workspace/cargo-home/bin/cargo" "+3154cc1a3e6424e44f438a95007d043ed5ceaaf6" "fetch" "--manifest-path" "Cargo.toml", kill_on_drop: false }`
[INFO] running `Command { std: "docker" "create" "-v" "/var/lib/crater-agent-workspace/builds/worker-4-tc2/source:/opt/rustwide/workdir:ro,Z" "-v" "/var/lib/crater-agent-workspace/builds/worker-4-tc2/target:/opt/rustwide/target:rw,Z" "-v" "/var/lib/crater-agent-workspace/cargo-home:/opt/rustwide/cargo-home:ro,Z" "-v" "/var/lib/crater-agent-workspace/rustup-home:/opt/rustwide/rustup-home:ro,Z" "-m" "1610612736" "--network" "none" "ghcr.io/rust-lang/crates-build-env/linux@sha256:77db811e55d90add9212f6832c23229e3de5f1c1f9905e8cb07319ea15df73ac" "sleep" "infinity", kill_on_drop: false }`
[INFO] [stdout] cd2d0c3b24e2be1afd67f414cf7bf471a87bc5b5431bd1c57c96777d8f09c77f
[INFO] running `Command { std: "docker" "start" "cd2d0c3b24e2be1afd67f414cf7bf471a87bc5b5431bd1c57c96777d8f09c77f", kill_on_drop: false }`
[INFO] running `Command { std: "docker" "inspect" "cd2d0c3b24e2be1afd67f414cf7bf471a87bc5b5431bd1c57c96777d8f09c77f", kill_on_drop: false }`
[INFO] running `Command { std: "docker" "exec" "-e" "SOURCE_DIR=/opt/rustwide/workdir" "-e" "CARGO_HOME=/opt/rustwide/cargo-home" "-e" "RUSTUP_HOME=/opt/rustwide/rustup-home" "-e" "CARGO_TARGET_DIR=/opt/rustwide/target" "-w" "/opt/rustwide/workdir" "--user" "0:0" "cd2d0c3b24e2be1afd67f414cf7bf471a87bc5b5431bd1c57c96777d8f09c77f" "/opt/rustwide/cargo-home/bin/cargo" "+3154cc1a3e6424e44f438a95007d043ed5ceaaf6" "metadata" "--no-deps" "--format-version=1", kill_on_drop: false }`
[INFO] running `Command { std: "docker" "inspect" "cd2d0c3b24e2be1afd67f414cf7bf471a87bc5b5431bd1c57c96777d8f09c77f", kill_on_drop: false }`
[INFO] running `Command { std: "docker" "exec" "-e" "SOURCE_DIR=/opt/rustwide/workdir" "-e" "CARGO_HOME=/opt/rustwide/cargo-home" "-e" "RUSTUP_HOME=/opt/rustwide/rustup-home" "-e" "CARGO_TARGET_DIR=/opt/rustwide/target" "-e" "CARGO_INCREMENTAL=0" "-e" "RUST_BACKTRACE=full" "-e" "RUSTFLAGS=--cap-lints=forbid" "-e" "RUSTDOCFLAGS=--cap-lints=forbid" "-w" "/opt/rustwide/workdir" "--user" "0:0" "cd2d0c3b24e2be1afd67f414cf7bf471a87bc5b5431bd1c57c96777d8f09c77f" "/opt/rustwide/cargo-home/bin/cargo" "+3154cc1a3e6424e44f438a95007d043ed5ceaaf6" "check" "--frozen" "--all" "--all-targets" "--message-format=json", kill_on_drop: false }`
[INFO] [stderr]    Compiling serde_core v1.0.228
[INFO] [stderr]    Compiling serde v1.0.228
[INFO] [stderr]     Checking winnow v1.0.4
[INFO] [stderr]     Checking toml_writer v1.1.2+spec-1.1.0
[INFO] [stderr]     Checking winnow v0.7.15
[INFO] [stderr]    Compiling serde_json v1.0.145
[INFO] [stderr]     Checking typenum v1.20.1
[INFO] [stderr]     Checking unsafe-libyaml v0.2.11
[INFO] [stderr]     Checking indexmap v2.14.1
[INFO] [stderr]    Compiling libc v0.2.189
[INFO] [stderr]     Checking rand_core v0.10.1
[INFO] [stderr]     Checking utf8parse v0.2.2
[INFO] [stderr]     Checking cpufeatures v0.3.1
[INFO] [stderr]    Compiling getrandom v0.4.3
[INFO] [stderr]     Checking is_terminal_polyfill v1.70.2
[INFO] [stderr]    Compiling syn v2.0.119
[INFO] [stderr]    Compiling syn v3.0.4
[INFO] [stderr]     Checking anstyle v1.0.14
[INFO] [stderr]     Checking anstyle-parse v0.2.7
[INFO] [stderr]     Checking anstyle-query v1.1.5
[INFO] [stderr]     Checking const-oid v0.10.2
[INFO] [stderr]     Checking colorchoice v1.0.5
[INFO] [stderr]     Checking chacha20 v0.10.2
[INFO] [stderr]     Checking clap_lex v0.7.7
[INFO] [stderr]     Checking strsim v0.11.1
[INFO] [stderr]     Checking data-encoding v2.11.1
[INFO] [stderr]     Checking windows-link v0.2.1
[INFO] [stderr]     Checking windows-sys v0.61.2
[INFO] [stderr]     Checking anstream v0.6.21
[INFO] [stderr]     Checking toml_parser v1.1.3+spec-1.1.0
[INFO] [stderr]     Checking clap_builder v4.5.51
[INFO] [stderr]     Checking rand v0.10.2
[INFO] [stderr]     Checking hybrid-array v0.4.14
[INFO] [stderr]    Compiling thiserror-impl v2.0.20
[INFO] [stderr]     Checking block-buffer v0.12.1
[INFO] [stderr]     Checking crypto-common v0.2.2
[INFO] [stderr]     Checking serde_spanned v1.1.1
[INFO] [stderr]     Checking toml_datetime v0.7.5+spec-1.1.0
[INFO] [stderr]     Checking toml v0.9.8
[INFO] [stderr]     Checking digest v0.11.3
[INFO] [stderr]    Compiling serde_derive v1.0.228
[INFO] [stderr]    Compiling clap_derive v4.5.49
[INFO] [stderr]     Checking thiserror v2.0.20
[INFO] [stderr]     Checking sha1 v0.11.0
[INFO] [stderr]     Checking tungstenite v0.30.0
[INFO] [stderr]     Checking clap v4.5.51
[INFO] [stderr]     Checking serde_yaml_ng v0.10.0
[INFO] [stderr]     Checking winmakase-theme v0.1.10 (/opt/rustwide/workdir/crates/winmakase-theme)
[INFO] [stderr]     Checking winmakase-keymap v0.1.10 (/opt/rustwide/workdir/crates/winmakase-keymap)
[INFO] [stderr]     Checking winmakase v0.1.10 (/opt/rustwide/workdir/crates/winmakase)
[INFO] [stdout] error[E0433]: cannot find `windows` in `os`
[INFO] [stdout]   --> crates/winmakase/src/process.rs:14:14
[INFO] [stdout]    |
[INFO] [stdout] 14 | use std::os::windows::process::CommandExt;
[INFO] [stdout]    |              ^^^^^^^ could not find `windows` in `os`
[INFO] [stdout]    |
[INFO] [stdout] note: found an item that was configured out
[INFO] [stdout]   --> /rustc/3154cc1a3e6424e44f438a95007d043ed5ceaaf6/library/std/src/os/mod.rs:62:4
[INFO] [stdout]    |
[INFO] [stdout]    = note: the item is gated behind the `windows` feature
[INFO] [stdout] 
[INFO] [stdout] 
[INFO] [stdout] error[E0433]: cannot find `windows` in `os`
[INFO] [stdout]    --> crates/winmakase/src/procs.rs:298:18
[INFO] [stdout]     |
[INFO] [stdout] 298 |     use std::os::windows::process::CommandExt;
[INFO] [stdout]     |                  ^^^^^^^ could not find `windows` in `os`
[INFO] [stdout]     |
[INFO] [stdout] note: found an item that was configured out
[INFO] [stdout]    --> /rustc/3154cc1a3e6424e44f438a95007d043ed5ceaaf6/library/std/src/os/mod.rs:62:4
[INFO] [stdout]     |
[INFO] [stdout]     = note: the item is gated behind the `windows` feature
[INFO] [stdout] 
[INFO] [stdout] 
[INFO] [stdout] error[E0433]: cannot find `windows` in `os`
[INFO] [stdout]    --> crates/winmakase/src/scratchpad.rs:185:18
[INFO] [stdout]     |
[INFO] [stdout] 185 |     use std::os::windows::process::CommandExt;
[INFO] [stdout]     |                  ^^^^^^^ could not find `windows` in `os`
[INFO] [stdout]     |
[INFO] [stdout] note: found an item that was configured out
[INFO] [stdout]    --> /rustc/3154cc1a3e6424e44f438a95007d043ed5ceaaf6/library/std/src/os/mod.rs:62:4
[INFO] [stdout]     |
[INFO] [stdout]     = note: the item is gated behind the `windows` feature
[INFO] [stdout] 
[INFO] [stdout] 
[INFO] [stdout] error[E0433]: cannot find `windows` in `os`
[INFO] [stdout]   --> crates/winmakase/src/process.rs:14:14
[INFO] [stdout]    |
[INFO] [stdout] 14 | use std::os::windows::process::CommandExt;
[INFO] [stdout]    |              ^^^^^^^ could not find `windows` in `os`
[INFO] [stdout]    |
[INFO] [stdout] note: found an item that was configured out
[INFO] [stdout]   --> /rustc/3154cc1a3e6424e44f438a95007d043ed5ceaaf6/library/std/src/os/mod.rs:62:4
[INFO] [stdout]    |
[INFO] [stdout]    = note: the item is gated behind the `windows` feature
[INFO] [stdout] 
[INFO] [stdout] 
[INFO] [stdout] error[E0433]: cannot find `windows` in `os`
[INFO] [stdout]    --> crates/winmakase/src/scratchpad.rs:185:18
[INFO] [stdout]     |
[INFO] [stdout] 185 |     use std::os::windows::process::CommandExt;
[INFO] [stdout]     |                  ^^^^^^^ could not find `windows` in `os`
[INFO] [stdout]     |
[INFO] [stdout] note: found an item that was configured out
[INFO] [stdout]    --> /rustc/3154cc1a3e6424e44f438a95007d043ed5ceaaf6/library/std/src/os/mod.rs:62:4
[INFO] [stdout]     |
[INFO] [stdout]     = note: the item is gated behind the `windows` feature
[INFO] [stdout] 
[INFO] [stdout] 
[INFO] [stdout] error[E0599]: no method named `creation_flags` found for mutable reference `&mut Command` in the current scope
[INFO] [stdout]    --> crates/winmakase/src/process.rs:123:10
[INFO] [stdout]     |
[INFO] [stdout] 118 |     let mut child = Command::new(&cfg.command)
[INFO] [stdout] 119 |         .args(&cfg.args)
[INFO] [stdout] 120 |         .stdin(Stdio::null())
[INFO] [stdout] 121 |         .stdout(Stdio::piped())
[INFO] [stdout] 122 |         .stderr(Stdio::piped())
[INFO] [stdout] 123 |         .creation_flags(CREATE_NEW_PROCESS_GROUP | CREATE_NO_WINDOW)
[INFO] [stdout]     |          ^^^^^^^^^^^^^^ method not found in `&mut Command`
[INFO] [stdout] 
[INFO] [stdout] 
[INFO] [stdout] error[E0599]: no method named `creation_flags` found for mutable reference `&mut Command` in the current scope
[INFO] [stdout]    --> crates/winmakase/src/process.rs:358:10
[INFO] [stdout]     |
[INFO] [stdout] 353 |     let mut child = Command::new(command)
[INFO] [stdout] 354 |         .args(args)
[INFO] [stdout] 355 |         .stdin(Stdio::null())
[INFO] [stdout] 356 |         .stdout(Stdio::null())
[INFO] [stdout] 357 |         .stderr(Stdio::null())
[INFO] [stdout] 358 |         .creation_flags(CREATE_NEW_PROCESS_GROUP | CREATE_NO_WINDOW)
[INFO] [stdout]     |          ^^^^^^^^^^^^^^ method not found in `&mut Command`
[INFO] [stdout] 
[INFO] [stdout] 
[INFO] [stdout] error[E0599]: no method named `creation_flags` found for mutable reference `&mut Command` in the current scope
[INFO] [stdout]    --> crates/winmakase/src/scratchpad.rs:194:10
[INFO] [stdout]     |
[INFO] [stdout] 192 |     std::process::Command::new(&cfg.launch)
[INFO] [stdout] 193 |         .args(&cfg.launch_args)
[INFO] [stdout] 194 |         .creation_flags(CREATE_NEW_PROCESS_GROUP | CREATE_NEW_CONSOLE)
[INFO] [stdout]     |          ^^^^^^^^^^^^^^ method not found in `&mut Command`
[INFO] [stdout] 
[INFO] [stdout] 
[INFO] [stdout] error[E0599]: no method named `creation_flags` found for mutable reference `&mut std::process::Command` in the current scope
[INFO] [stdout]    --> crates/winmakase/src/process.rs:123:10
[INFO] [stdout]     |
[INFO] [stdout] 118 |     let mut child = Command::new(&cfg.command)
[INFO] [stdout] 119 |         .args(&cfg.args)
[INFO] [stdout] 120 |         .stdin(Stdio::null())
[INFO] [stdout] 121 |         .stdout(Stdio::piped())
[INFO] [stdout] 122 |         .stderr(Stdio::piped())
[INFO] [stdout] 123 |         .creation_flags(CREATE_NEW_PROCESS_GROUP | CREATE_NO_WINDOW)
[INFO] [stdout]     |          ^^^^^^^^^^^^^^ method not found in `&mut std::process::Command`
[INFO] [stdout] 
[INFO] [stdout] 
[INFO] [stdout] error[E0599]: no method named `creation_flags` found for mutable reference `&mut std::process::Command` in the current scope
[INFO] [stdout]    --> crates/winmakase/src/process.rs:358:10
[INFO] [stdout]     |
[INFO] [stdout] 353 |     let mut child = Command::new(command)
[INFO] [stdout] 354 |         .args(args)
[INFO] [stdout] 355 |         .stdin(Stdio::null())
[INFO] [stdout] 356 |         .stdout(Stdio::null())
[INFO] [stdout] 357 |         .stderr(Stdio::null())
[INFO] [stdout] 358 |         .creation_flags(CREATE_NEW_PROCESS_GROUP | CREATE_NO_WINDOW)
[INFO] [stdout]     |          ^^^^^^^^^^^^^^ method not found in `&mut std::process::Command`
[INFO] [stdout] 
[INFO] [stdout] 
[INFO] [stdout] error[E0599]: no method named `creation_flags` found for mutable reference `&mut std::process::Command` in the current scope
[INFO] [stdout]    --> crates/winmakase/src/process.rs:484:14
[INFO] [stdout]     |
[INFO] [stdout] 482 |         let mut child = Command::new("cmd")
[INFO] [stdout] 483 |             .args(["/c", "ping -n 30 127.0.0.1 > nul"])
[INFO] [stdout] 484 |             .creation_flags(CREATE_NO_WINDOW)
[INFO] [stdout]     |              ^^^^^^^^^^^^^^ method not found in `&mut std::process::Command`
[INFO] [stdout] 
[INFO] [stdout] 
[INFO] [stdout] error[E0599]: no method named `creation_flags` found for mutable reference `&mut std::process::Command` in the current scope
[INFO] [stdout]    --> crates/winmakase/src/process.rs:501:14
[INFO] [stdout]     |
[INFO] [stdout] 499 |         let mut child = Command::new("cmd")
[INFO] [stdout] 500 |             .args(["/c", "exit 9"])
[INFO] [stdout] 501 |             .creation_flags(CREATE_NO_WINDOW)
[INFO] [stdout]     |              ^^^^^^^^^^^^^^ method not found in `&mut std::process::Command`
[INFO] [stdout] 
[INFO] [stdout] 
[INFO] [stdout] error[E0599]: no method named `creation_flags` found for mutable reference `&mut std::process::Command` in the current scope
[INFO] [stdout]    --> crates/winmakase/src/process.rs:540:14
[INFO] [stdout]     |
[INFO] [stdout] 538 |         let mut child = Command::new("cmd")
[INFO] [stdout] 539 |             .args(["/c", "exit 0"])
[INFO] [stdout] 540 |             .creation_flags(CREATE_NO_WINDOW)
[INFO] [stdout]     |              ^^^^^^^^^^^^^^ method not found in `&mut std::process::Command`
[INFO] [stdout] 
[INFO] [stdout] 
[INFO] [stdout] error[E0599]: no method named `creation_flags` found for mutable reference `&mut std::process::Command` in the current scope
[INFO] [stdout]    --> crates/winmakase/src/procs.rs:435:14
[INFO] [stdout]     |
[INFO] [stdout] 433 |         let mut child = Command::new("cmd")
[INFO] [stdout] 434 |             .args(["/d", "/c", "exit", "0"])
[INFO] [stdout] 435 |             .creation_flags(0x0800_0000)
[INFO] [stdout]     |              ^^^^^^^^^^^^^^ method not found in `&mut std::process::Command`
[INFO] [stdout] 
[INFO] [stdout] 
[INFO] [stdout] error[E0599]: no method named `creation_flags` found for mutable reference `&mut std::process::Command` in the current scope
[INFO] [stdout]    --> crates/winmakase/src/scratchpad.rs:194:10
[INFO] [stdout]     |
[INFO] [stdout] 192 |     std::process::Command::new(&cfg.launch)
[INFO] [stdout] 193 |         .args(&cfg.launch_args)
[INFO] [stdout] 194 |         .creation_flags(CREATE_NEW_PROCESS_GROUP | CREATE_NEW_CONSOLE)
[INFO] [stdout]     |          ^^^^^^^^^^^^^^ method not found in `&mut std::process::Command`
[INFO] [stdout] 
[INFO] [stdout] 
[INFO] [stdout] Some errors have detailed explanations: E0433, E0599.
[INFO] [stdout] 
[INFO] [stdout] For more information about an error, try `rustc --explain E0433`.
[INFO] [stdout] 
[INFO] [stderr] error: could not compile `winmakase` (lib) due to 5 previous errors
[INFO] [stderr] warning: build failed, waiting for other jobs to finish...
[INFO] [stdout] Some errors have detailed explanations: E0433, E0599.
[INFO] [stdout] 
[INFO] [stdout] For more information about an error, try `rustc --explain E0433`.
[INFO] [stdout] 
[INFO] [stderr] error: could not compile `winmakase` (lib test) due to 10 previous errors
[INFO] [stderr] warning: unused dependency `serde_json`
[INFO] [stderr]   --> crates/winmakase-theme/Cargo.toml:16:1
[INFO] [stderr]    |
[INFO] [stderr] 16 | serde_json = "=1.0.145"
[INFO] [stderr]    | ^^^^^^^^^^^^^^^^^^^^^^^
[INFO] [stderr]    |
[INFO] [stderr]    = note: `cargo::unused_dependencies` is set to `warn` by default
[INFO] [stderr] help: consider removing the dependency on `serde_json`
[INFO] [stderr] help: to still use for development builds, move to `dev-dependencies`
[INFO] [stderr] warning: `winmakase-theme` (manifest) generated 1 warning
[INFO] running `Command { std: "docker" "inspect" "cd2d0c3b24e2be1afd67f414cf7bf471a87bc5b5431bd1c57c96777d8f09c77f", kill_on_drop: false }`
[INFO] running `Command { std: "docker" "rm" "-f" "cd2d0c3b24e2be1afd67f414cf7bf471a87bc5b5431bd1c57c96777d8f09c77f", kill_on_drop: false }`
[INFO] [stdout] cd2d0c3b24e2be1afd67f414cf7bf471a87bc5b5431bd1c57c96777d8f09c77f
