[INFO] cloning repository https://github.com/r0ptik/argus
[INFO] running `Command { std: "git" "-c" "credential.helper=" "-c" "credential.helper=/workspace/cargo-home/bin/git-credential-null" "clone" "--bare" "https://github.com/r0ptik/argus" "/workspace/cache/git-repos/https%3A%2F%2Fgithub.com%2Fr0ptik%2Fargus", kill_on_drop: false }`
[INFO] [stderr] Cloning into bare repository '/workspace/cache/git-repos/https%3A%2F%2Fgithub.com%2Fr0ptik%2Fargus'...
[INFO] running `Command { std: "git" "rev-parse" "HEAD", kill_on_drop: false }`
[INFO] [stdout] 172cd034acf9e7d2cfc4e9571d2ee2a5e0a05a82
[INFO] checking r0ptik/argus against 3154cc1a3e6424e44f438a95007d043ed5ceaaf6 for pr-133502-30
[INFO] running `Command { std: "git" "clone" "/workspace/cache/git-repos/https%3A%2F%2Fgithub.com%2Fr0ptik%2Fargus" "/workspace/builds/worker-0-tc2/source", kill_on_drop: false }`
[INFO] [stderr] Cloning into '/workspace/builds/worker-0-tc2/source'...
[INFO] [stderr] done.
[INFO] removed /workspace/builds/worker-0-tc2/source/rust-toolchain.toml
[INFO] started tweaking git repo https://github.com/r0ptik/argus
[INFO] finished tweaking git repo https://github.com/r0ptik/argus
[INFO] tweaked toml for git repo https://github.com/r0ptik/argus written to /workspace/builds/worker-0-tc2/source/Cargo.toml
[INFO] validating manifest of git repo https://github.com/r0ptik/argus on toolchain 3154cc1a3e6424e44f438a95007d043ed5ceaaf6
[INFO] running `Command { std: CARGO_HOME="/workspace/cargo-home" RUSTUP_HOME="/workspace/rustup-home" "/workspace/cargo-home/bin/cargo" "+3154cc1a3e6424e44f438a95007d043ed5ceaaf6" "metadata" "--manifest-path" "Cargo.toml" "--no-deps", kill_on_drop: false }`
[INFO] crate git repo https://github.com/r0ptik/argus already has a lockfile, it will not be regenerated
[INFO] running `Command { std: CARGO_HOME="/workspace/cargo-home" RUSTUP_HOME="/workspace/rustup-home" "/workspace/cargo-home/bin/cargo" "+3154cc1a3e6424e44f438a95007d043ed5ceaaf6" "fetch" "--manifest-path" "Cargo.toml", kill_on_drop: false }`
[INFO] running `Command { std: "docker" "create" "-v" "/var/lib/crater-agent-workspace/builds/worker-0-tc2/source:/opt/rustwide/workdir:ro,Z" "-v" "/var/lib/crater-agent-workspace/builds/worker-0-tc2/target:/opt/rustwide/target:rw,Z" "-v" "/var/lib/crater-agent-workspace/cargo-home:/opt/rustwide/cargo-home:ro,Z" "-v" "/var/lib/crater-agent-workspace/rustup-home:/opt/rustwide/rustup-home:ro,Z" "-m" "1610612736" "--network" "none" "ghcr.io/rust-lang/crates-build-env/linux@sha256:77db811e55d90add9212f6832c23229e3de5f1c1f9905e8cb07319ea15df73ac" "sleep" "infinity", kill_on_drop: false }`
[INFO] [stdout] 600d5b0308e371c91fa4fa4b14e4012049201d028c4bb596723bca45aa404e41
[INFO] running `Command { std: "docker" "start" "600d5b0308e371c91fa4fa4b14e4012049201d028c4bb596723bca45aa404e41", kill_on_drop: false }`
[INFO] running `Command { std: "docker" "inspect" "600d5b0308e371c91fa4fa4b14e4012049201d028c4bb596723bca45aa404e41", kill_on_drop: false }`
[INFO] running `Command { std: "docker" "exec" "-e" "SOURCE_DIR=/opt/rustwide/workdir" "-e" "CARGO_HOME=/opt/rustwide/cargo-home" "-e" "RUSTUP_HOME=/opt/rustwide/rustup-home" "-e" "CARGO_TARGET_DIR=/opt/rustwide/target" "-w" "/opt/rustwide/workdir" "--user" "0:0" "600d5b0308e371c91fa4fa4b14e4012049201d028c4bb596723bca45aa404e41" "/opt/rustwide/cargo-home/bin/cargo" "+3154cc1a3e6424e44f438a95007d043ed5ceaaf6" "metadata" "--no-deps" "--format-version=1", kill_on_drop: false }`
[INFO] running `Command { std: "docker" "inspect" "600d5b0308e371c91fa4fa4b14e4012049201d028c4bb596723bca45aa404e41", kill_on_drop: false }`
[INFO] running `Command { std: "docker" "exec" "-e" "SOURCE_DIR=/opt/rustwide/workdir" "-e" "CARGO_HOME=/opt/rustwide/cargo-home" "-e" "RUSTUP_HOME=/opt/rustwide/rustup-home" "-e" "CARGO_TARGET_DIR=/opt/rustwide/target" "-e" "CARGO_INCREMENTAL=0" "-e" "RUST_BACKTRACE=full" "-e" "RUSTFLAGS=--cap-lints=forbid" "-e" "RUSTDOCFLAGS=--cap-lints=forbid" "-w" "/opt/rustwide/workdir" "--user" "0:0" "600d5b0308e371c91fa4fa4b14e4012049201d028c4bb596723bca45aa404e41" "/opt/rustwide/cargo-home/bin/cargo" "+3154cc1a3e6424e44f438a95007d043ed5ceaaf6" "check" "--frozen" "--all" "--all-targets" "--message-format=json", kill_on_drop: false }`
[INFO] [stderr]    Compiling proc-macro2 v1.0.107
[INFO] [stderr]    Compiling quote v1.0.47
[INFO] [stderr]    Compiling windows_x86_64_gnu v0.52.6
[INFO] [stderr]     Checking argus-scan v0.1.0 (/opt/rustwide/workdir/crates/argus-scan)
[INFO] [stderr]    Compiling serde_core v1.0.229
[INFO] [stderr]     Checking iced-x86 v1.21.0
[INFO] [stderr]     Checking regex-automata v0.4.18
[INFO] [stderr]     Checking windows-targets v0.52.6
[INFO] [stderr]     Checking windows-sys v0.59.0
[INFO] [stderr]    Compiling syn v3.0.3
[INFO] [stderr]     Checking serde_json v1.0.151
[INFO] [stderr]     Checking regex v1.13.1
[INFO] [stderr]    Compiling serde_derive v1.0.229
[INFO] [stderr]     Checking serde v1.0.229
[INFO] [stderr]     Checking evidence-core v0.1.0 (/opt/rustwide/workdir/crates/evidence-core)
[INFO] [stderr]     Checking argus-engine v0.1.0 (/opt/rustwide/workdir/crates/argus-engine)
[INFO] [stderr]     Checking argus-winmem v0.1.0 (/opt/rustwide/workdir/crates/argus-winmem)
[INFO] [stderr]     Checking argus-router v0.1.0 (/opt/rustwide/workdir/crates/argus-router)
[INFO] [stderr]     Checking argus-rs v0.1.0 (/opt/rustwide/workdir/crates/argus-rs)
[INFO] [stdout] error[E0433]: cannot find `WinProcess` in `argus_winmem`
[INFO] [stdout]   --> crates/argus-router/src/lib.rs:27:23
[INFO] [stdout]    |
[INFO] [stdout] 27 |         argus_winmem::WinProcess::open(pid)
[INFO] [stdout]    |                       ^^^^^^^^^^ could not find `WinProcess` in `argus_winmem`
[INFO] [stdout] 
[INFO] [stdout] 
[INFO] [stdout] error[E0425]: cannot find function `processes` in crate `argus_winmem`
[INFO] [stdout]   --> crates/argus-router/src/lib.rs:38:39
[INFO] [stdout]    |
[INFO] [stdout] 38 |         let processes = argus_winmem::processes().ok()?;
[INFO] [stdout]    |                                       ^^^^^^^^^ not found in `argus_winmem`
[INFO] [stdout] 
[INFO] [stdout] 
[INFO] [stdout] Some errors have detailed explanations: E0425, E0433.
[INFO] [stdout] 
[INFO] [stdout] For more information about an error, try `rustc --explain E0425`.
[INFO] [stdout] 
[INFO] [stderr] error: could not compile `argus-router` (lib) due to 2 previous errors
[INFO] [stderr] warning: build failed, waiting for other jobs to finish...
[INFO] [stdout] error[E0433]: cannot find `WinProcess` in `argus_winmem`
[INFO] [stdout]   --> crates/argus-router/src/lib.rs:27:23
[INFO] [stdout]    |
[INFO] [stdout] 27 |         argus_winmem::WinProcess::open(pid)
[INFO] [stdout]    |                       ^^^^^^^^^^ could not find `WinProcess` in `argus_winmem`
[INFO] [stdout] 
[INFO] [stdout] 
[INFO] [stdout] error[E0425]: cannot find function `processes` in crate `argus_winmem`
[INFO] [stdout]   --> crates/argus-router/src/lib.rs:38:39
[INFO] [stdout]    |
[INFO] [stdout] 38 |         let processes = argus_winmem::processes().ok()?;
[INFO] [stdout]    |                                       ^^^^^^^^^ not found in `argus_winmem`
[INFO] [stdout] 
[INFO] [stdout] 
[INFO] [stdout] Some errors have detailed explanations: E0425, E0433.
[INFO] [stdout] 
[INFO] [stdout] For more information about an error, try `rustc --explain E0425`.
[INFO] [stdout] 
[INFO] [stderr] error: could not compile `argus-router` (lib test) due to 2 previous errors
[INFO] [stdout] error[E0432]: unresolved imports `argus_winmem::processes`, `argus_winmem::MemoryRegionInfo`, `argus_winmem::WinProcess`
[INFO] [stdout]   --> crates/argus-rs/src/main.rs:15:20
[INFO] [stdout]    |
[INFO] [stdout] 15 | use argus_winmem::{processes, MemoryRegionInfo, WinProcess};
[INFO] [stdout]    |                    ^^^^^^^^^  ^^^^^^^^^^^^^^^^  ^^^^^^^^^^ no `WinProcess` in the root
[INFO] [stdout]    |                    |          |
[INFO] [stdout]    |                    |          no `MemoryRegionInfo` in the root
[INFO] [stdout]    |                    no `processes` in the root
[INFO] [stdout] 
[INFO] [stdout] 
[INFO] [stdout] error[E0432]: unresolved imports `argus_winmem::processes`, `argus_winmem::MemoryRegionInfo`, `argus_winmem::WinProcess`
[INFO] [stdout]   --> crates/argus-rs/src/main.rs:15:20
[INFO] [stdout]    |
[INFO] [stdout] 15 | use argus_winmem::{processes, MemoryRegionInfo, WinProcess};
[INFO] [stdout]    |                    ^^^^^^^^^  ^^^^^^^^^^^^^^^^  ^^^^^^^^^^ no `WinProcess` in the root
[INFO] [stdout]    |                    |          |
[INFO] [stdout]    |                    |          no `MemoryRegionInfo` in the root
[INFO] [stdout]    |                    no `processes` in the root
[INFO] [stdout] 
[INFO] [stdout] 
[INFO] [stdout] For more information about this error, try `rustc --explain E0432`.
[INFO] [stdout] 
[INFO] [stderr] error: could not compile `argus-rs` (bin "argus-rs") due to 1 previous error
[INFO] [stdout] For more information about this error, try `rustc --explain E0432`.
[INFO] [stdout] 
[INFO] [stderr] error: could not compile `argus-rs` (bin "argus-rs" test) due to 1 previous error
[INFO] [stderr] warning: unused dependency `argus-engine`
[INFO] [stderr]  --> crates/argus-winmem/Cargo.toml:8:1
[INFO] [stderr]   |
[INFO] [stderr] 8 | argus-engine = { path = "../argus-engine" }
[INFO] [stderr]   | ^^^^^^^^^^^^^^^^^^^^^^^^^^^^^^^^^^^^^^^^^^^
[INFO] [stderr]   |
[INFO] [stderr]   = note: `cargo::unused_dependencies` is set to `warn` by default
[INFO] [stderr] help: consider removing the dependency on `argus-engine`
[INFO] [stderr] warning: unused dependency `windows-sys`
[INFO] [stderr]   --> crates/argus-winmem/Cargo.toml:11:1
[INFO] [stderr]    |
[INFO] [stderr] 11 | / windows-sys = { version = "0.59", features = [
[INFO] [stderr] 12 | |     "Win32_Foundation",
[INFO] [stderr] 13 | |     "Win32_System_Diagnostics_Debug",
[INFO] [stderr] 14 | |     "Win32_System_Diagnostics_ToolHelp",
[INFO] [stderr] ...  |
[INFO] [stderr] 17 | |     "Win32_System_Threading",
[INFO] [stderr] 18 | | ] }
[INFO] [stderr]    | |___^
[INFO] [stderr]    |
[INFO] [stderr] help: consider removing the dependency on `windows-sys`
[INFO] [stderr] warning: `argus-winmem` (manifest) generated 2 warnings
[INFO] running `Command { std: "docker" "inspect" "600d5b0308e371c91fa4fa4b14e4012049201d028c4bb596723bca45aa404e41", kill_on_drop: false }`
[INFO] running `Command { std: "docker" "rm" "-f" "600d5b0308e371c91fa4fa4b14e4012049201d028c4bb596723bca45aa404e41", kill_on_drop: false }`
[INFO] [stdout] 600d5b0308e371c91fa4fa4b14e4012049201d028c4bb596723bca45aa404e41
