[INFO] cloning repository https://github.com/qiongtubao/latte-rs-model-router
[INFO] running `Command { std: "git" "-c" "credential.helper=" "-c" "credential.helper=/workspace/cargo-home/bin/git-credential-null" "clone" "--bare" "https://github.com/qiongtubao/latte-rs-model-router" "/workspace/cache/git-repos/https%3A%2F%2Fgithub.com%2Fqiongtubao%2Flatte-rs-model-router", kill_on_drop: false }`
[INFO] [stderr] Cloning into bare repository '/workspace/cache/git-repos/https%3A%2F%2Fgithub.com%2Fqiongtubao%2Flatte-rs-model-router'...
[INFO] running `Command { std: "git" "rev-parse" "HEAD", kill_on_drop: false }`
[INFO] [stdout] 05d7825dc844321358d81f2bdf302b5fecb131b3
[INFO] checking qiongtubao/latte-rs-model-router against 3154cc1a3e6424e44f438a95007d043ed5ceaaf6+rustflags=-Znext-solver=coherence for pr-133502-30
[INFO] running `Command { std: "git" "clone" "/workspace/cache/git-repos/https%3A%2F%2Fgithub.com%2Fqiongtubao%2Flatte-rs-model-router" "/workspace/builds/worker-4-tc1/source", kill_on_drop: false }`
[INFO] [stderr] Cloning into '/workspace/builds/worker-4-tc1/source'...
[INFO] [stderr] done.
[INFO] started tweaking git repo https://github.com/qiongtubao/latte-rs-model-router
[INFO] finished tweaking git repo https://github.com/qiongtubao/latte-rs-model-router
[INFO] tweaked toml for git repo https://github.com/qiongtubao/latte-rs-model-router written to /workspace/builds/worker-4-tc1/source/Cargo.toml
[INFO] validating manifest of git repo https://github.com/qiongtubao/latte-rs-model-router on toolchain 3154cc1a3e6424e44f438a95007d043ed5ceaaf6
[INFO] running `Command { std: CARGO_HOME="/workspace/cargo-home" RUSTUP_HOME="/workspace/rustup-home" "/workspace/cargo-home/bin/cargo" "+3154cc1a3e6424e44f438a95007d043ed5ceaaf6" "metadata" "--manifest-path" "Cargo.toml" "--no-deps", kill_on_drop: false }`
[INFO] crate git repo https://github.com/qiongtubao/latte-rs-model-router already has a lockfile, it will not be regenerated
[INFO] running `Command { std: CARGO_HOME="/workspace/cargo-home" RUSTUP_HOME="/workspace/rustup-home" "/workspace/cargo-home/bin/cargo" "+3154cc1a3e6424e44f438a95007d043ed5ceaaf6" "fetch" "--manifest-path" "Cargo.toml", kill_on_drop: false }`
[INFO] [stderr] warning: unused workspace dependency `async-trait`
[INFO] [stderr]  --> Cargo.toml:7:1
[INFO] [stderr]   |
[INFO] [stderr] 7 | async-trait = "0.1"
[INFO] [stderr]   | ^^^^^^^^^^^
[INFO] [stderr]   |
[INFO] [stderr]   = note: `cargo::unused_workspace_dependencies` is set to `warn` by default
[INFO] [stderr] help: consider removing the workspace dependency `async-trait`
[INFO] [stderr] warning: unused workspace dependency `crossterm`
[INFO] [stderr]   --> Cargo.toml:11:1
[INFO] [stderr]    |
[INFO] [stderr] 11 | crossterm = "0.28"
[INFO] [stderr]    | ^^^^^^^^^
[INFO] [stderr]    |
[INFO] [stderr] help: consider removing the workspace dependency `crossterm`
[INFO] [stderr] warning: unused workspace dependency `ratatui`
[INFO] [stderr]   --> Cargo.toml:14:1
[INFO] [stderr]    |
[INFO] [stderr] 14 | ratatui = "0.29"
[INFO] [stderr]    | ^^^^^^^
[INFO] [stderr]    |
[INFO] [stderr] help: consider removing the workspace dependency `ratatui`
[INFO] [stderr] warning: unused workspace dependency `rustyline`
[INFO] [stderr]   --> Cargo.toml:16:1
[INFO] [stderr]    |
[INFO] [stderr] 16 | rustyline = "14"
[INFO] [stderr]    | ^^^^^^^^^
[INFO] [stderr]    |
[INFO] [stderr] help: consider removing the workspace dependency `rustyline`
[INFO] [stderr] warning: unused workspace dependency `tiktoken-rs`
[INFO] [stderr]   --> Cargo.toml:20:1
[INFO] [stderr]    |
[INFO] [stderr] 20 | tiktoken-rs = "0.7"
[INFO] [stderr]    | ^^^^^^^^^^^
[INFO] [stderr]    |
[INFO] [stderr] help: consider removing the workspace dependency `tiktoken-rs`
[INFO] [stderr] warning: workspace (manifest) generated 5 warnings
[INFO] [stderr]     Updating crates.io index
[INFO] [stderr]  Downloading crates ...
[INFO] [stderr]   Downloaded reqwest-eventsource v0.6.0
[INFO] running `Command { std: "docker" "create" "-v" "/var/lib/crater-agent-workspace/builds/worker-4-tc1/source:/opt/rustwide/workdir:ro,Z" "-v" "/var/lib/crater-agent-workspace/builds/worker-4-tc1/target:/opt/rustwide/target:rw,Z" "-v" "/var/lib/crater-agent-workspace/cargo-home:/opt/rustwide/cargo-home:ro,Z" "-v" "/var/lib/crater-agent-workspace/rustup-home:/opt/rustwide/rustup-home:ro,Z" "-m" "1610612736" "--network" "none" "ghcr.io/rust-lang/crates-build-env/linux@sha256:77db811e55d90add9212f6832c23229e3de5f1c1f9905e8cb07319ea15df73ac" "sleep" "infinity", kill_on_drop: false }`
[INFO] [stdout] c728e4fb7021de28d8f5e7b1e69483bba3eb44cae688d9211a41e713a4245c04
[INFO] running `Command { std: "docker" "start" "c728e4fb7021de28d8f5e7b1e69483bba3eb44cae688d9211a41e713a4245c04", kill_on_drop: false }`
[INFO] running `Command { std: "docker" "inspect" "c728e4fb7021de28d8f5e7b1e69483bba3eb44cae688d9211a41e713a4245c04", kill_on_drop: false }`
[INFO] running `Command { std: "docker" "exec" "-e" "SOURCE_DIR=/opt/rustwide/workdir" "-e" "CARGO_HOME=/opt/rustwide/cargo-home" "-e" "RUSTUP_HOME=/opt/rustwide/rustup-home" "-e" "CARGO_TARGET_DIR=/opt/rustwide/target" "-w" "/opt/rustwide/workdir" "--user" "0:0" "c728e4fb7021de28d8f5e7b1e69483bba3eb44cae688d9211a41e713a4245c04" "/opt/rustwide/cargo-home/bin/cargo" "+3154cc1a3e6424e44f438a95007d043ed5ceaaf6" "metadata" "--no-deps" "--format-version=1", kill_on_drop: false }`
[INFO] running `Command { std: "docker" "inspect" "c728e4fb7021de28d8f5e7b1e69483bba3eb44cae688d9211a41e713a4245c04", kill_on_drop: false }`
[INFO] running `Command { std: "docker" "exec" "-e" "SOURCE_DIR=/opt/rustwide/workdir" "-e" "CARGO_HOME=/opt/rustwide/cargo-home" "-e" "RUSTUP_HOME=/opt/rustwide/rustup-home" "-e" "CARGO_TARGET_DIR=/opt/rustwide/target" "-e" "CARGO_INCREMENTAL=0" "-e" "RUST_BACKTRACE=full" "-e" "RUSTFLAGS=--cap-lints=forbid -Znext-solver=coherence" "-e" "RUSTDOCFLAGS=--cap-lints=forbid" "-w" "/opt/rustwide/workdir" "--user" "0:0" "c728e4fb7021de28d8f5e7b1e69483bba3eb44cae688d9211a41e713a4245c04" "/opt/rustwide/cargo-home/bin/cargo" "+3154cc1a3e6424e44f438a95007d043ed5ceaaf6" "check" "--frozen" "--all" "--all-targets" "--message-format=json", kill_on_drop: false }`
[INFO] [stderr] warning: unused workspace dependency `async-trait`
[INFO] [stderr]  --> Cargo.toml:7:1
[INFO] [stderr]   |
[INFO] [stderr] 7 | async-trait = "0.1"
[INFO] [stderr]   | ^^^^^^^^^^^
[INFO] [stderr]   |
[INFO] [stderr]   = note: `cargo::unused_workspace_dependencies` is set to `warn` by default
[INFO] [stderr] help: consider removing the workspace dependency `async-trait`
[INFO] [stderr] warning: unused workspace dependency `crossterm`
[INFO] [stderr]   --> Cargo.toml:11:1
[INFO] [stderr]    |
[INFO] [stderr] 11 | crossterm = "0.28"
[INFO] [stderr]    | ^^^^^^^^^
[INFO] [stderr]    |
[INFO] [stderr] help: consider removing the workspace dependency `crossterm`
[INFO] [stderr] warning: unused workspace dependency `ratatui`
[INFO] [stderr]   --> Cargo.toml:14:1
[INFO] [stderr]    |
[INFO] [stderr] 14 | ratatui = "0.29"
[INFO] [stderr]    | ^^^^^^^
[INFO] [stderr]    |
[INFO] [stderr] help: consider removing the workspace dependency `ratatui`
[INFO] [stderr] warning: unused workspace dependency `rustyline`
[INFO] [stderr]   --> Cargo.toml:16:1
[INFO] [stderr]    |
[INFO] [stderr] 16 | rustyline = "14"
[INFO] [stderr]    | ^^^^^^^^^
[INFO] [stderr]    |
[INFO] [stderr] help: consider removing the workspace dependency `rustyline`
[INFO] [stderr] warning: unused workspace dependency `tiktoken-rs`
[INFO] [stderr]   --> Cargo.toml:20:1
[INFO] [stderr]    |
[INFO] [stderr] 20 | tiktoken-rs = "0.7"
[INFO] [stderr]    | ^^^^^^^^^^^
[INFO] [stderr]    |
[INFO] [stderr] help: consider removing the workspace dependency `tiktoken-rs`
[INFO] [stderr] warning: workspace (manifest) generated 5 warnings
[INFO] [stderr]     Checking memchr v2.8.2
[INFO] [stderr]    Compiling serde_core v1.0.228
[INFO] [stderr]     Checking log v0.4.32
[INFO] [stderr]    Compiling syn v2.0.118
[INFO] [stderr]     Checking parking_lot_core v0.9.12
[INFO] [stderr]     Checking mio v1.2.1
[INFO] [stderr]     Checking http v1.4.2
[INFO] [stderr]    Compiling cc v1.2.64
[INFO] [stderr]     Checking futures-io v0.3.32
[INFO] [stderr]     Checking parking_lot v0.12.5
[INFO] [stderr]     Checking bitflags v2.13.0
[INFO] [stderr]    Compiling openssl v0.10.81
[INFO] [stderr]     Checking rustls-pki-types v1.14.1
[INFO] [stderr]     Checking futures-timer v3.0.4
[INFO] [stderr]     Checking tracing-log v0.2.0
[INFO] [stderr]     Checking winnow v0.7.15
[INFO] [stderr]     Checking nom v7.1.3
[INFO] [stderr]     Checking aho-corasick v1.1.4
[INFO] [stderr]     Checking num_cpus v1.17.0
[INFO] [stderr]     Checking http-body v1.0.1
[INFO] [stderr]     Checking deadpool-runtime v0.1.4
[INFO] [stderr]     Checking colored v2.2.0
[INFO] [stderr]     Checking http-body-util v0.1.3
[INFO] [stderr]     Checking unsafe-libyaml v0.2.11
[INFO] [stderr]    Compiling openssl-sys v0.9.117
[INFO] [stderr]     Checking regex-automata v0.4.14
[INFO] [stderr]    Compiling native-tls v0.2.18
[INFO] [stderr]     Checking eventsource-stream v0.2.3
[INFO] [stderr]     Checking serde_json v1.0.150
[INFO] [stderr]     Checking serde_path_to_error v0.1.20
[INFO] [stderr]     Checking matchers v0.2.0
[INFO] [stderr]     Checking regex v1.12.4
[INFO] [stderr]    Compiling synstructure v0.13.2
[INFO] [stderr]    Compiling zerofrom-derive v0.1.7
[INFO] [stderr]    Compiling yoke-derive v0.8.2
[INFO] [stderr]    Compiling zerovec-derive v0.11.3
[INFO] [stderr]    Compiling tokio-macros v2.7.0
[INFO] [stderr]    Compiling displaydoc v0.2.6
[INFO] [stderr]    Compiling serde_derive v1.0.228
[INFO] [stderr]    Compiling tracing-attributes v0.1.31
[INFO] [stderr]    Compiling futures-macro v0.3.32
[INFO] [stderr]     Checking tokio v1.52.3
[INFO] [stderr]    Compiling openssl-macros v0.1.1
[INFO] [stderr]     Checking futures-util v0.3.32
[INFO] [stderr]    Compiling thiserror-impl v1.0.69
[INFO] [stderr]    Compiling thiserror-impl v2.0.18
[INFO] [stderr]     Checking zerofrom v0.1.8
[INFO] [stderr]     Checking tracing v0.1.44
[INFO] [stderr]     Checking yoke v0.8.3
[INFO] [stderr]     Checking tracing-subscriber v0.3.23
[INFO] [stderr]     Checking zerovec v0.11.6
[INFO] [stderr]     Checking zerotrie v0.2.4
[INFO] [stderr]     Checking tinystr v0.8.3
[INFO] [stderr]     Checking icu_locale_core v2.2.0
[INFO] [stderr]     Checking potential_utf v0.1.5
[INFO] [stderr]     Checking icu_collections v2.2.0
[INFO] [stderr]     Checking thiserror v1.0.69
[INFO] [stderr]     Checking thiserror v2.0.18
[INFO] [stderr]    Compiling clap_derive v4.6.1
[INFO] [stderr]     Checking axum-core v0.5.6
[INFO] [stderr]     Checking icu_provider v2.2.0
[INFO] [stderr]     Checking icu_properties v2.2.0
[INFO] [stderr]     Checking icu_normalizer v2.2.0
[INFO] [stderr]     Checking serde v1.0.228
[INFO] [stderr]     Checking futures-executor v0.3.32
[INFO] [stderr]     Checking futures v0.3.32
[INFO] [stderr]     Checking serde_urlencoded v0.7.1
[INFO] [stderr]     Checking toml_datetime v0.6.11
[INFO] [stderr]     Checking serde_spanned v0.6.9
[INFO] [stderr]     Checking chrono v0.4.45
[INFO] [stderr]     Checking toml_edit v0.22.27
[INFO] [stderr]     Checking assert-json-diff v2.0.2
[INFO] [stderr]     Checking serde_yaml v0.9.34+deprecated
[INFO] [stderr]     Checking clap v4.6.1
[INFO] [stderr]     Checking idna_adapter v1.2.2
[INFO] [stderr]     Checking idna v1.1.0
[INFO] [stderr]     Checking url v2.5.8
[INFO] [stderr]     Checking tokio-util v0.7.18
[INFO] [stderr]     Checking tower v0.5.3
[INFO] [stderr]     Checking tokio-native-tls v0.3.1
[INFO] [stderr]     Checking deadpool v0.12.3
[INFO] [stderr]     Checking toml v0.8.23
[INFO] [stderr]     Checking tower-http v0.6.11
[INFO] [stderr]     Checking h2 v0.4.15
[INFO] [stderr]     Checking hyper v1.10.1
[INFO] [stderr]     Checking hyper-util v0.1.20
[INFO] [stderr]     Checking hyper-tls v0.6.0
[INFO] [stderr]     Checking wiremock v0.6.5
[INFO] [stderr]     Checking axum v0.8.9
[INFO] [stderr]     Checking reqwest v0.12.28
[INFO] [stderr]     Checking reqwest-eventsource v0.6.0
[INFO] [stderr]     Checking latte-ai v0.1.0 (/opt/rustwide/workdir/latte-ai)
[INFO] [stdout] warning: unused import: `super::*`
[INFO] [stdout]     --> latte-ai/src/client.rs:1609:9
[INFO] [stdout]      |
[INFO] [stdout] 1609 |     use super::*;
[INFO] [stdout]      |         ^^^^^^^^
[INFO] [stdout]      |
[INFO] [stdout]      = note: `#[warn(unused_imports)]` (part of `#[warn(unused)]`) on by default
[INFO] [stdout] 
[INFO] [stdout] 
[INFO] [stdout] warning: function `debug_http_enabled` is never used
[INFO] [stdout]   --> latte-ai/src/client.rs:22:4
[INFO] [stdout]    |
[INFO] [stdout] 22 | fn debug_http_enabled() -> bool {
[INFO] [stdout]    |    ^^^^^^^^^^^^^^^^^^
[INFO] [stdout]    |
[INFO] [stdout]    = note: `#[warn(dead_code)]` (part of `#[warn(unused)]`) on by default
[INFO] [stdout] 
[INFO] [stdout] 
[INFO] [stdout] warning: methods `chat_openai` and `chat_anthropic` are never used
[INFO] [stdout]    --> latte-ai/src/client.rs:432:14
[INFO] [stdout]     |
[INFO] [stdout] 239 | impl AiClient {
[INFO] [stdout]     | ------------- methods in this implementation
[INFO] [stdout] ...
[INFO] [stdout] 432 |     async fn chat_openai(
[INFO] [stdout]     |              ^^^^^^^^^^^
[INFO] [stdout] ...
[INFO] [stdout] 815 |     async fn chat_anthropic(
[INFO] [stdout]     |              ^^^^^^^^^^^^^^
[INFO] [stdout] 
[INFO] [stdout] 
[INFO] [stdout] warning: function `merge_anthropic_text` is never used
[INFO] [stdout]     --> latte-ai/src/client.rs:1417:4
[INFO] [stdout]      |
[INFO] [stdout] 1417 | fn merge_anthropic_text(blocks: &[AnthropicContentBlock]) -> Vec<ContentPart> {
[INFO] [stdout]      |    ^^^^^^^^^^^^^^^^^^^^
[INFO] [stdout] 
[INFO] [stdout] 
[INFO] [stdout] warning: field `type_` is never read
[INFO] [stdout]    --> latte-ai/src/models.rs:662:9
[INFO] [stdout]     |
[INFO] [stdout] 656 | pub(crate) struct OpenAiToolCallDelta {
[INFO] [stdout]     |                   ------------------- field in this struct
[INFO] [stdout] ...
[INFO] [stdout] 662 |     pub type_: Option<String>,
[INFO] [stdout]     |         ^^^^^
[INFO] [stdout]     |
[INFO] [stdout]     = note: `OpenAiToolCallDelta` has a derived impl for the trait `Clone`, but this is intentionally ignored during dead code analysis
[INFO] [stdout] 
[INFO] [stdout] 
[INFO] [stdout] warning: fields `content`, `stop_reason`, and `usage` are never read
[INFO] [stdout]    --> latte-ai/src/models.rs:939:9
[INFO] [stdout]     |
[INFO] [stdout] 938 | pub(crate) struct AnthropicResponse {
[INFO] [stdout]     |                   ----------------- fields in this struct
[INFO] [stdout] 939 |     pub content: Vec<AnthropicContentBlock>,
[INFO] [stdout]     |         ^^^^^^^
[INFO] [stdout] 940 |     pub stop_reason: Option<String>,
[INFO] [stdout]     |         ^^^^^^^^^^^
[INFO] [stdout] 941 |     pub usage: AnthropicUsage,
[INFO] [stdout]     |         ^^^^^
[INFO] [stdout] 
[INFO] [stdout] 
[INFO] [stdout] warning: field `message` is never read
[INFO] [stdout]    --> latte-ai/src/models.rs:962:9
[INFO] [stdout]     |
[INFO] [stdout] 955 | pub(crate) struct AnthropicStreamEvent {
[INFO] [stdout]     |                   -------------------- field in this struct
[INFO] [stdout] ...
[INFO] [stdout] 962 |     pub message: Option<AnthropicResponse>,
[INFO] [stdout]     |         ^^^^^^^
[INFO] [stdout] 
[INFO] [stdout] 
[INFO] [stdout] warning: field `thinking` is never read
[INFO] [stdout]    --> latte-ai/src/models.rs:971:9
[INFO] [stdout]     |
[INFO] [stdout] 967 | pub(crate) struct AnthropicStreamDelta {
[INFO] [stdout]     |                   -------------------- field in this struct
[INFO] [stdout] ...
[INFO] [stdout] 971 |     pub thinking: Option<String>,
[INFO] [stdout]     |         ^^^^^^^^
[INFO] [stdout] 
[INFO] [stdout] 
[INFO] [stdout] warning: function `extract_anthropic_response` is never used
[INFO] [stdout]     --> latte-ai/src/models.rs:1028:15
[INFO] [stdout]      |
[INFO] [stdout] 1028 | pub(crate) fn extract_anthropic_response(
[INFO] [stdout]      |               ^^^^^^^^^^^^^^^^^^^^^^^^^^
[INFO] [stdout] 
[INFO] [stdout] 
[INFO] [stderr]     Checking latte-router v0.1.0 (/opt/rustwide/workdir/latte-router)
[INFO] [stdout] warning: function `debug_http_enabled` is never used
[INFO] [stdout]   --> latte-ai/src/client.rs:22:4
[INFO] [stdout]    |
[INFO] [stdout] 22 | fn debug_http_enabled() -> bool {
[INFO] [stdout]    |    ^^^^^^^^^^^^^^^^^^
[INFO] [stdout]    |
[INFO] [stdout]    = note: `#[warn(dead_code)]` (part of `#[warn(unused)]`) on by default
[INFO] [stdout] 
[INFO] [stdout] 
[INFO] [stdout] warning: methods `chat_openai` and `chat_anthropic` are never used
[INFO] [stdout]    --> latte-ai/src/client.rs:432:14
[INFO] [stdout]     |
[INFO] [stdout] 239 | impl AiClient {
[INFO] [stdout]     | ------------- methods in this implementation
[INFO] [stdout] ...
[INFO] [stdout] 432 |     async fn chat_openai(
[INFO] [stdout]     |              ^^^^^^^^^^^
[INFO] [stdout] ...
[INFO] [stdout] 815 |     async fn chat_anthropic(
[INFO] [stdout]     |              ^^^^^^^^^^^^^^
[INFO] [stdout] 
[INFO] [stdout] 
[INFO] [stdout] warning: function `merge_anthropic_text` is never used
[INFO] [stdout]     --> latte-ai/src/client.rs:1417:4
[INFO] [stdout]      |
[INFO] [stdout] 1417 | fn merge_anthropic_text(blocks: &[AnthropicContentBlock]) -> Vec<ContentPart> {
[INFO] [stdout]      |    ^^^^^^^^^^^^^^^^^^^^
[INFO] [stdout] 
[INFO] [stdout] 
[INFO] [stdout] warning: field `type_` is never read
[INFO] [stdout]    --> latte-ai/src/models.rs:662:9
[INFO] [stdout]     |
[INFO] [stdout] 656 | pub(crate) struct OpenAiToolCallDelta {
[INFO] [stdout]     |                   ------------------- field in this struct
[INFO] [stdout] ...
[INFO] [stdout] 662 |     pub type_: Option<String>,
[INFO] [stdout]     |         ^^^^^
[INFO] [stdout]     |
[INFO] [stdout]     = note: `OpenAiToolCallDelta` has a derived impl for the trait `Clone`, but this is intentionally ignored during dead code analysis
[INFO] [stdout] 
[INFO] [stdout] 
[INFO] [stdout] warning: fields `content`, `stop_reason`, and `usage` are never read
[INFO] [stdout]    --> latte-ai/src/models.rs:939:9
[INFO] [stdout]     |
[INFO] [stdout] 938 | pub(crate) struct AnthropicResponse {
[INFO] [stdout]     |                   ----------------- fields in this struct
[INFO] [stdout] 939 |     pub content: Vec<AnthropicContentBlock>,
[INFO] [stdout]     |         ^^^^^^^
[INFO] [stdout] 940 |     pub stop_reason: Option<String>,
[INFO] [stdout]     |         ^^^^^^^^^^^
[INFO] [stdout] 941 |     pub usage: AnthropicUsage,
[INFO] [stdout]     |         ^^^^^
[INFO] [stdout] 
[INFO] [stdout] 
[INFO] [stdout] warning: field `message` is never read
[INFO] [stdout]    --> latte-ai/src/models.rs:962:9
[INFO] [stdout]     |
[INFO] [stdout] 955 | pub(crate) struct AnthropicStreamEvent {
[INFO] [stdout]     |                   -------------------- field in this struct
[INFO] [stdout] ...
[INFO] [stdout] 962 |     pub message: Option<AnthropicResponse>,
[INFO] [stdout]     |         ^^^^^^^
[INFO] [stdout] 
[INFO] [stdout] 
[INFO] [stdout] warning: field `thinking` is never read
[INFO] [stdout]    --> latte-ai/src/models.rs:971:9
[INFO] [stdout]     |
[INFO] [stdout] 967 | pub(crate) struct AnthropicStreamDelta {
[INFO] [stdout]     |                   -------------------- field in this struct
[INFO] [stdout] ...
[INFO] [stdout] 971 |     pub thinking: Option<String>,
[INFO] [stdout]     |         ^^^^^^^^
[INFO] [stdout] 
[INFO] [stdout] 
[INFO] [stdout] warning: function `extract_anthropic_response` is never used
[INFO] [stdout]     --> latte-ai/src/models.rs:1028:15
[INFO] [stdout]      |
[INFO] [stdout] 1028 | pub(crate) fn extract_anthropic_response(
[INFO] [stdout]      |               ^^^^^^^^^^^^^^^^^^^^^^^^^^
[INFO] [stdout] 
[INFO] [stdout] 
[INFO] [stdout] warning: unused variable: `count`
[INFO] [stdout]    --> latte-router/src/breaker.rs:408:21
[INFO] [stdout]     |
[INFO] [stdout] 408 |                 let count = entry.consecutive_403;
[INFO] [stdout]     |                     ^^^^^ help: if this is intentional, prefix it with an underscore: `_count`
[INFO] [stdout]     |
[INFO] [stdout]     = note: `#[warn(unused_variables)]` (part of `#[warn(unused)]`) on by default
[INFO] [stdout] 
[INFO] [stdout] 
[INFO] [stdout] warning: unused variable: `count`
[INFO] [stdout]    --> latte-router/src/breaker.rs:408:21
[INFO] [stdout]     |
[INFO] [stdout] 408 |                 let count = entry.consecutive_403;
[INFO] [stdout]     |                     ^^^^^ help: if this is intentional, prefix it with an underscore: `_count`
[INFO] [stdout]     |
[INFO] [stdout]     = note: `#[warn(unused_variables)]` (part of `#[warn(unused)]`) on by default
[INFO] [stdout] 
[INFO] [stdout] 
[INFO] [stdout] warning: field `available_since` is never read
[INFO] [stdout]   --> latte-router/src/breaker.rs:70:9
[INFO] [stdout]    |
[INFO] [stdout] 69 |     HalfOpen {
[INFO] [stdout]    |     -------- field in this variant
[INFO] [stdout] 70 |         available_since: DateTime<Utc>,
[INFO] [stdout]    |         ^^^^^^^^^^^^^^^
[INFO] [stdout]    |
[INFO] [stdout]    = note: `BreakerEntry` has derived impls for the traits `Clone` and `Debug`, but these are intentionally ignored during dead code analysis
[INFO] [stdout]    = note: `#[warn(dead_code)]` (part of `#[warn(unused)]`) on by default
[INFO] [stdout] 
[INFO] [stdout] 
[INFO] [stdout] warning: field `available_since` is never read
[INFO] [stdout]   --> latte-router/src/breaker.rs:70:9
[INFO] [stdout]    |
[INFO] [stdout] 69 |     HalfOpen {
[INFO] [stdout]    |     -------- field in this variant
[INFO] [stdout] 70 |         available_since: DateTime<Utc>,
[INFO] [stdout]    |         ^^^^^^^^^^^^^^^
[INFO] [stdout]    |
[INFO] [stdout]    = note: `BreakerEntry` has derived impls for the traits `Clone` and `Debug`, but these are intentionally ignored during dead code analysis
[INFO] [stdout]    = note: `#[warn(dead_code)]` (part of `#[warn(unused)]`) on by default
[INFO] [stdout] 
[INFO] [stdout] 
[INFO] [stderr]     Checking latte-tune v0.1.0 (/opt/rustwide/workdir/latte-tune)
[INFO] [stdout] warning: unused import: `SystemClock`
[INFO] [stdout]  --> latte-router/tests/integration_test.rs:9:88
[INFO] [stdout]   |
[INFO] [stdout] 9 | use latte_router::{Availability, Clock, ModelCatalog, ModelEntry, Router, RouterError, SystemClock};
[INFO] [stdout]   |                                                                                        ^^^^^^^^^^^
[INFO] [stdout]   |
[INFO] [stdout]   = note: `#[warn(unused_imports)]` (part of `#[warn(unused)]`) on by default
[INFO] [stdout] 
[INFO] [stdout] 
[INFO] [stdout] error[E0063]: missing fields `max_tokens_field`, `omit_max_tokens`, `prompt_cache` and 1 other field in initializer of `Model`
[INFO] [stdout]    --> latte-tune/src/main.rs:186:5
[INFO] [stdout]     |
[INFO] [stdout] 186 |     Model {
[INFO] [stdout]     |     ^^^^^ missing `max_tokens_field`, `omit_max_tokens`, `prompt_cache` and 1 other field
[INFO] [stdout] 
[INFO] [stdout] 
[INFO] [stdout] error[E0063]: missing fields `max_tokens_field`, `omit_max_tokens`, `prompt_cache` and 1 other field in initializer of `Model`
[INFO] [stdout]    --> latte-tune/src/main.rs:729:5
[INFO] [stdout]     |
[INFO] [stdout] 729 |     Model {
[INFO] [stdout]     |     ^^^^^ missing `max_tokens_field`, `omit_max_tokens`, `prompt_cache` and 1 other field
[INFO] [stdout] 
[INFO] [stdout] 
[INFO] [stdout] error[E0063]: missing fields `max_tokens_field`, `omit_max_tokens`, `prompt_cache` and 1 other field in initializer of `Model`
[INFO] [stdout]    --> latte-tune/src/main.rs:186:5
[INFO] [stdout]     |
[INFO] [stdout] 186 |     Model {
[INFO] [stdout]     |     ^^^^^ missing `max_tokens_field`, `omit_max_tokens`, `prompt_cache` and 1 other field
[INFO] [stdout] 
[INFO] [stdout] 
[INFO] [stdout] For more information about this error, try `rustc --explain E0063`.
[INFO] [stdout] 
[INFO] [stdout] error[E0063]: missing fields `max_tokens_field`, `omit_max_tokens`, `prompt_cache` and 1 other field in initializer of `Model`
[INFO] [stdout]    --> latte-tune/src/main.rs:729:5
[INFO] [stdout]     |
[INFO] [stdout] 729 |     Model {
[INFO] [stdout]     |     ^^^^^ missing `max_tokens_field`, `omit_max_tokens`, `prompt_cache` and 1 other field
[INFO] [stdout] 
[INFO] [stdout] 
[INFO] [stderr] error: could not compile `latte-tune` (bin "latte-tune" test) due to 2 previous errors
[INFO] [stderr] warning: build failed, waiting for other jobs to finish...
[INFO] [stdout] For more information about this error, try `rustc --explain E0063`.
[INFO] [stdout] 
[INFO] [stderr] error: could not compile `latte-tune` (bin "latte-tune") due to 2 previous errors
[INFO] running `Command { std: "docker" "inspect" "c728e4fb7021de28d8f5e7b1e69483bba3eb44cae688d9211a41e713a4245c04", kill_on_drop: false }`
[INFO] running `Command { std: "docker" "rm" "-f" "c728e4fb7021de28d8f5e7b1e69483bba3eb44cae688d9211a41e713a4245c04", kill_on_drop: false }`
[INFO] [stdout] c728e4fb7021de28d8f5e7b1e69483bba3eb44cae688d9211a41e713a4245c04
