[INFO] cloning repository https://github.com/qingdi1/QingyunJuhui
[INFO] running `Command { std: "git" "-c" "credential.helper=" "-c" "credential.helper=/workspace/cargo-home/bin/git-credential-null" "clone" "--bare" "https://github.com/qingdi1/QingyunJuhui" "/workspace/cache/git-repos/https%3A%2F%2Fgithub.com%2Fqingdi1%2FQingyunJuhui", kill_on_drop: false }`
[INFO] [stderr] Cloning into bare repository '/workspace/cache/git-repos/https%3A%2F%2Fgithub.com%2Fqingdi1%2FQingyunJuhui'...
[INFO] running `Command { std: "git" "rev-parse" "HEAD", kill_on_drop: false }`
[INFO] [stdout] 49a06cb2415b5b5376a18e2b24326f86742165a4
[INFO] checking qingdi1/QingyunJuhui against 3154cc1a3e6424e44f438a95007d043ed5ceaaf6 for pr-133502-30
[INFO] running `Command { std: "git" "clone" "/workspace/cache/git-repos/https%3A%2F%2Fgithub.com%2Fqingdi1%2FQingyunJuhui" "/workspace/builds/worker-3-tc2/source", kill_on_drop: false }`
[INFO] [stderr] Cloning into '/workspace/builds/worker-3-tc2/source'...
[INFO] [stderr] done.
[INFO] removed /workspace/builds/worker-3-tc2/source/.cargo/config.toml
[INFO] started tweaking git repo https://github.com/qingdi1/QingyunJuhui
[INFO] finished tweaking git repo https://github.com/qingdi1/QingyunJuhui
[INFO] tweaked toml for git repo https://github.com/qingdi1/QingyunJuhui written to /workspace/builds/worker-3-tc2/source/Cargo.toml
[INFO] validating manifest of git repo https://github.com/qingdi1/QingyunJuhui on toolchain 3154cc1a3e6424e44f438a95007d043ed5ceaaf6
[INFO] running `Command { std: CARGO_HOME="/workspace/cargo-home" RUSTUP_HOME="/workspace/rustup-home" "/workspace/cargo-home/bin/cargo" "+3154cc1a3e6424e44f438a95007d043ed5ceaaf6" "metadata" "--manifest-path" "Cargo.toml" "--no-deps", kill_on_drop: false }`
[INFO] crate git repo https://github.com/qingdi1/QingyunJuhui already has a lockfile, it will not be regenerated
[INFO] running `Command { std: CARGO_HOME="/workspace/cargo-home" RUSTUP_HOME="/workspace/rustup-home" "/workspace/cargo-home/bin/cargo" "+3154cc1a3e6424e44f438a95007d043ed5ceaaf6" "fetch" "--manifest-path" "Cargo.toml", kill_on_drop: false }`
[INFO] [stderr] warning: unused workspace dependency `futures-util`
[INFO] [stderr]   --> Cargo.toml:11:1
[INFO] [stderr]    |
[INFO] [stderr] 11 | futures-util = "0.3"
[INFO] [stderr]    | ^^^^^^^^^^^^
[INFO] [stderr]    |
[INFO] [stderr]    = note: `cargo::unused_workspace_dependencies` is set to `warn` by default
[INFO] [stderr] help: consider removing the workspace dependency `futures-util`
[INFO] [stderr] warning: unused workspace dependency `url`
[INFO] [stderr]   --> Cargo.toml:18:1
[INFO] [stderr]    |
[INFO] [stderr] 18 | url = "2"
[INFO] [stderr]    | ^^^
[INFO] [stderr]    |
[INFO] [stderr] help: consider removing the workspace dependency `url`
[INFO] [stderr] warning: workspace (manifest) generated 2 warnings
[INFO] running `Command { std: "docker" "create" "-v" "/var/lib/crater-agent-workspace/builds/worker-3-tc2/source:/opt/rustwide/workdir:ro,Z" "-v" "/var/lib/crater-agent-workspace/builds/worker-3-tc2/target:/opt/rustwide/target:rw,Z" "-v" "/var/lib/crater-agent-workspace/cargo-home:/opt/rustwide/cargo-home:ro,Z" "-v" "/var/lib/crater-agent-workspace/rustup-home:/opt/rustwide/rustup-home:ro,Z" "-m" "1610612736" "--network" "none" "ghcr.io/rust-lang/crates-build-env/linux@sha256:77db811e55d90add9212f6832c23229e3de5f1c1f9905e8cb07319ea15df73ac" "sleep" "infinity", kill_on_drop: false }`
[INFO] [stdout] 3aed1f1c11077c79b6798c7f400857bd0cbe816aa07ef385b99ca1f51bb80a03
[INFO] running `Command { std: "docker" "start" "3aed1f1c11077c79b6798c7f400857bd0cbe816aa07ef385b99ca1f51bb80a03", kill_on_drop: false }`
[INFO] running `Command { std: "docker" "inspect" "3aed1f1c11077c79b6798c7f400857bd0cbe816aa07ef385b99ca1f51bb80a03", kill_on_drop: false }`
[INFO] running `Command { std: "docker" "exec" "-e" "SOURCE_DIR=/opt/rustwide/workdir" "-e" "CARGO_HOME=/opt/rustwide/cargo-home" "-e" "RUSTUP_HOME=/opt/rustwide/rustup-home" "-e" "CARGO_TARGET_DIR=/opt/rustwide/target" "-w" "/opt/rustwide/workdir" "--user" "0:0" "3aed1f1c11077c79b6798c7f400857bd0cbe816aa07ef385b99ca1f51bb80a03" "/opt/rustwide/cargo-home/bin/cargo" "+3154cc1a3e6424e44f438a95007d043ed5ceaaf6" "metadata" "--no-deps" "--format-version=1", kill_on_drop: false }`
[INFO] running `Command { std: "docker" "inspect" "3aed1f1c11077c79b6798c7f400857bd0cbe816aa07ef385b99ca1f51bb80a03", kill_on_drop: false }`
[INFO] running `Command { std: "docker" "exec" "-e" "SOURCE_DIR=/opt/rustwide/workdir" "-e" "CARGO_HOME=/opt/rustwide/cargo-home" "-e" "RUSTUP_HOME=/opt/rustwide/rustup-home" "-e" "CARGO_TARGET_DIR=/opt/rustwide/target" "-e" "CARGO_INCREMENTAL=0" "-e" "RUST_BACKTRACE=full" "-e" "RUSTFLAGS=--cap-lints=forbid" "-e" "RUSTDOCFLAGS=--cap-lints=forbid" "-w" "/opt/rustwide/workdir" "--user" "0:0" "3aed1f1c11077c79b6798c7f400857bd0cbe816aa07ef385b99ca1f51bb80a03" "/opt/rustwide/cargo-home/bin/cargo" "+3154cc1a3e6424e44f438a95007d043ed5ceaaf6" "check" "--frozen" "--all" "--all-targets" "--message-format=json", kill_on_drop: false }`
[INFO] [stderr] warning: unused workspace dependency `futures-util`
[INFO] [stderr]   --> Cargo.toml:11:1
[INFO] [stderr]    |
[INFO] [stderr] 11 | futures-util = "0.3"
[INFO] [stderr]    | ^^^^^^^^^^^^
[INFO] [stderr]    |
[INFO] [stderr]    = note: `cargo::unused_workspace_dependencies` is set to `warn` by default
[INFO] [stderr] help: consider removing the workspace dependency `futures-util`
[INFO] [stderr] warning: unused workspace dependency `url`
[INFO] [stderr]   --> Cargo.toml:18:1
[INFO] [stderr]    |
[INFO] [stderr] 18 | url = "2"
[INFO] [stderr]    | ^^^
[INFO] [stderr]    |
[INFO] [stderr] help: consider removing the workspace dependency `url`
[INFO] [stderr] warning: workspace (manifest) generated 2 warnings
[INFO] [stderr]    Compiling proc-macro2 v1.0.106
[INFO] [stderr]    Compiling serde_core v1.0.228
[INFO] [stderr]    Compiling serde v1.0.228
[INFO] [stderr]     Checking memchr v2.8.0
[INFO] [stderr]     Checking smallvec v1.15.1
[INFO] [stderr]     Checking futures-sink v0.3.32
[INFO] [stderr]    Compiling jobserver v0.1.35
[INFO] [stderr]    Compiling cfg-expr v0.15.8
[INFO] [stderr]     Checking bitflags v2.11.1
[INFO] [stderr]     Checking futures-channel v0.3.32
[INFO] [stderr]    Compiling anyhow v1.0.102
[INFO] [stderr]     Checking getrandom v0.2.17
[INFO] [stderr]    Compiling cc v1.2.62
[INFO] [stderr]     Checking http v1.4.0
[INFO] [stderr]     Checking typenum v1.20.0
[INFO] [stderr]    Compiling quote v1.0.45
[INFO] [stderr]    Compiling syn v2.0.117
[INFO] [stderr]     Checking mio v1.2.0
[INFO] [stderr]     Checking socket2 v0.6.3
[INFO] [stderr]     Checking log v0.4.29
[INFO] [stderr]     Checking rand_core v0.6.4
[INFO] [stderr]    Compiling serde_json v1.0.149
[INFO] [stderr]    Compiling zerocopy v0.8.48
[INFO] [stderr]     Checking rustls-pki-types v1.14.1
[INFO] [stderr]     Checking uuid v1.23.1
[INFO] [stderr]     Checking http-body v1.0.1
[INFO] [stderr]    Compiling rustls v0.23.40
[INFO] [stderr]     Checking webpki-roots v1.0.7
[INFO] [stderr]     Checking rand_core v0.9.5
[INFO] [stderr]     Checking sync_wrapper v1.0.2
[INFO] [stderr]    Compiling zstd-safe v7.2.4
[INFO] [stderr]     Checking rustls-native-certs v0.8.4
[INFO] [stderr]     Checking http-body-util v0.1.3
[INFO] [stderr]     Checking aho-corasick v1.1.4
[INFO] [stderr]     Checking generic-array v0.14.7
[INFO] [stderr]    Compiling ring v0.17.14
[INFO] [stderr]    Compiling zstd-sys v2.0.16+zstd.1.5.7
[INFO] [stderr]    Compiling libsqlite3-sys v0.30.1
[INFO] [stderr]     Checking crypto-common v0.1.7
[INFO] [stderr]     Checking block-buffer v0.10.4
[INFO] [stderr]     Checking inout v0.1.4
[INFO] [stderr]     Checking digest v0.10.7
[INFO] [stderr]     Checking cipher v0.4.4
[INFO] [stderr]     Checking universal-hash v0.5.1
[INFO] [stderr]     Checking sha1 v0.10.6
[INFO] [stderr]     Checking polyval v0.6.2
[INFO] [stderr]     Checking data-encoding v2.11.0
[INFO] [stderr]     Checking regex-syntax v0.8.10
[INFO] [stderr]     Checking bumpalo v3.20.2
[INFO] [stderr]    Compiling zip v2.4.2
[INFO] [stderr]     Checking zopfli v0.8.3
[INFO] [stderr]     Checking ghash v0.5.1
[INFO] [stderr]     Checking ctr v0.9.2
[INFO] [stderr]     Checking aes v0.8.4
[INFO] [stderr]     Checking aead v0.5.2
[INFO] [stderr]     Checking webpki-roots v0.26.11
[INFO] [stderr]     Checking toml_write v0.1.2
[INFO] [stderr]     Checking winnow v0.7.15
[INFO] [stderr]     Checking aes-gcm v0.10.3
[INFO] [stderr]     Checking sha2 v0.10.9
[INFO] [stderr]     Checking fs2 v0.4.3
[INFO] [stderr]    Compiling fastrand v2.4.1
[INFO] [stderr]     Checking qrcode v0.14.1
[INFO] [stderr]     Checking regex-automata v0.4.14
[INFO] [stderr]    Compiling synstructure v0.13.2
[INFO] [stderr]    Compiling phf_generator v0.13.1
[INFO] [stderr]    Compiling semver v1.0.28
[INFO] [stderr]     Checking rustix v1.1.4
[INFO] [stderr]     Checking ppv-lite86 v0.2.21
[INFO] [stderr]    Compiling serde_derive v1.0.228
[INFO] [stderr]    Compiling zerofrom-derive v0.1.7
[INFO] [stderr]    Compiling yoke-derive v0.8.2
[INFO] [stderr]    Compiling zerovec-derive v0.11.3
[INFO] [stderr]    Compiling displaydoc v0.2.5
[INFO] [stderr]    Compiling futures-macro v0.3.32
[INFO] [stderr]    Compiling thiserror-impl v2.0.18
[INFO] [stderr]    Compiling tokio-macros v2.7.0
[INFO] [stderr]     Checking futures-util v0.3.32
[INFO] [stderr]     Checking rustls-webpki v0.103.13
[INFO] [stderr]     Checking zerofrom v0.1.8
[INFO] [stderr]     Checking yoke v0.8.2
[INFO] [stderr]     Checking zerovec v0.11.6
[INFO] [stderr]     Checking zerotrie v0.2.4
[INFO] [stderr]     Checking tokio v1.52.3
[INFO] [stderr]     Checking tinystr v0.8.3
[INFO] [stderr]     Checking potential_utf v0.1.5
[INFO] [stderr]     Checking icu_locale_core v2.2.0
[INFO] [stderr]     Checking icu_collections v2.2.0
[INFO] [stderr]     Checking thiserror v2.0.18
[INFO] [stderr]    Compiling thiserror-impl v1.0.69
[INFO] [stderr]     Checking icu_provider v2.2.0
[INFO] [stderr]     Checking icu_properties v2.2.0
[INFO] [stderr]    Compiling toml_datetime v0.6.11
[INFO] [stderr]    Compiling serde_spanned v0.6.9
[INFO] [stderr]     Checking icu_normalizer v2.2.0
[INFO] [stderr]    Compiling toml_edit v0.20.2
[INFO] [stderr]     Checking futures-executor v0.3.32
[INFO] [stderr]     Checking rand_chacha v0.9.0
[INFO] [stderr]     Checking idna_adapter v1.2.2
[INFO] [stderr]     Checking idna v1.1.0
[INFO] [stderr]     Checking ahash v0.8.12
[INFO] [stderr]     Checking rand v0.9.4
[INFO] [stderr]     Checking hashbrown v0.14.5
[INFO] [stderr]     Checking url v2.5.8
[INFO] [stderr]     Checking tungstenite v0.26.2
[INFO] [stderr]     Checking serde_urlencoded v0.7.1
[INFO] [stderr]     Checking hashlink v0.9.1
[INFO] [stderr]     Checking toml_edit v0.22.27
[INFO] [stderr]     Checking regex v1.12.3
[INFO] [stderr]     Checking rusqlite v0.32.1
[INFO] [stderr]    Compiling async-trait v0.1.89
[INFO] [stderr]    Compiling toml v0.8.2
[INFO] [stderr]     Checking tokio-util v0.7.18
[INFO] [stderr]    Compiling system-deps v6.2.2
[INFO] [stderr]     Checking tokio-rustls v0.26.4
[INFO] [stderr]     Checking tower v0.5.3
[INFO] [stderr]     Checking tokio-tungstenite v0.26.2
[INFO] [stderr]     Checking tempfile v3.27.0
[INFO] [stderr]    Compiling phf_macros v0.13.1
[INFO] [stderr]     Checking h2 v0.4.15
[INFO] [stderr]    Compiling winnow v1.0.3
[INFO] [stderr]     Checking tower-http v0.6.10
[INFO] [stderr]    Compiling serde_spanned v1.1.1
[INFO] [stderr]    Compiling toml_writer v1.1.1+spec-1.1.0
[INFO] [stderr]    Compiling toml_parser v1.1.2+spec-1.1.0
[INFO] [stderr]    Compiling glib-sys v0.18.1
[INFO] [stderr]    Compiling gobject-sys v0.18.0
[INFO] [stderr]    Compiling gio-sys v0.18.1
[INFO] [stderr]    Compiling gdk-sys v0.18.2
[INFO] [stderr]    Compiling num-conv v0.2.1
[INFO] [stderr]    Compiling time-core v0.1.8
[INFO] [stderr]    Compiling proc-macro-error-attr v1.0.4
[INFO] [stderr]    Compiling syn v1.0.109
[INFO] [stderr]    Compiling phf_codegen v0.13.1
[INFO] [stderr]    Compiling darling_core v0.23.0
[INFO] [stderr]    Compiling gdk-pixbuf-sys v0.18.0
[INFO] [stderr]    Compiling atk-sys v0.18.2
[INFO] [stderr]    Compiling proc-macro-error v1.0.4
[INFO] [stderr]    Compiling pango-sys v0.18.0
[INFO] [stderr]    Compiling cairo-sys-rs v0.18.2
[INFO] [stderr]     Checking thiserror v1.0.69
[INFO] [stderr]    Compiling rustc_version v0.4.1
[INFO] [stderr]    Compiling toml_datetime v1.1.1+spec-1.1.0
[INFO] [stderr]     Checking deadpool v0.12.3
[INFO] [stderr]    Compiling toml v1.1.2+spec-1.1.0
[INFO] [stderr]    Compiling proc-macro-crate v2.0.0
[INFO] [stderr]     Checking futures v0.3.32
[INFO] [stderr]     Checking assert-json-diff v2.0.2
[INFO] [stderr]    Compiling phf v0.13.1
[INFO] [stderr]    Compiling parking_lot_core v0.9.12
[INFO] [stderr]    Compiling string_cache_codegen v0.6.1
[INFO] [stderr]     Checking hyper v1.9.0
[INFO] [stderr]    Compiling glib-macros v0.18.5
[INFO] [stderr]    Compiling parking_lot v0.12.5
[INFO] [stderr]     Checking zstd v0.13.3
[INFO] [stderr]    Compiling web_atoms v0.2.4
[INFO] [stderr]    Compiling gtk-sys v0.18.2
[INFO] [stderr]    Compiling string_cache v0.9.0
[INFO] [stderr]    Compiling getrandom v0.4.2
[INFO] [stderr]    Compiling utf-8 v0.7.6
[INFO] [stderr]    Compiling darling_macro v0.23.0
[INFO] [stderr]    Compiling tendril v0.5.0
[INFO] [stderr]    Compiling darling v0.23.0
[INFO] [stderr]     Checking hyper-util v0.1.20
[INFO] [stderr]    Compiling serde_with_macros v3.20.0
[INFO] [stderr]    Compiling selectors v0.36.1
[INFO] [stderr]    Compiling cssparser-macros v0.6.1
[INFO] [stderr]    Compiling derive_more-impl v2.1.1
[INFO] [stderr]    Compiling indexmap v1.9.3
[INFO] [stderr]    Compiling camino v1.2.2
[INFO] [stderr]    Compiling deranged v0.5.8
[INFO] [stderr]    Compiling alloc-stdlib v0.2.2
[INFO] [stderr]    Compiling cssparser v0.36.0
[INFO] [stderr]    Compiling markup5ever v0.38.0
[INFO] [stderr]     Checking hyper-rustls v0.27.9
[INFO] [stderr]     Checking wiremock v0.6.5
[INFO] [stderr]     Checking reqwest v0.12.28
[INFO] [stderr]    Compiling derive_more v2.1.1
[INFO] [stderr]     Checking glib v0.18.5
[INFO] [stderr]    Compiling serde_derive_internals v0.29.1
[INFO] [stderr]    Compiling rustc-hash v2.1.2
[INFO] [stderr]    Compiling cfb v0.7.3
[INFO] [stderr]     Checking codex-plus-core v1.2.50 (/opt/rustwide/workdir/crates/codex-plus-core)
[INFO] [stderr]    Compiling time v0.3.47
[INFO] [stderr]    Compiling erased-serde v0.4.10
[INFO] [stderr]    Compiling schemars_derive v0.8.22
[INFO] [stderr]    Compiling html5ever v0.38.0
[INFO] [stderr]    Compiling brotli-decompressor v5.0.0
[INFO] [stderr]    Compiling jsonptr v0.6.3
[INFO] [stderr]    Compiling cargo-platform v0.1.9
[INFO] [stderr]    Compiling quick-xml v0.39.4
[INFO] [stderr]    Compiling schemars v0.8.22
[INFO] [stderr]    Compiling brotli v8.0.2
[INFO] [stderr]    Compiling dom_query v0.27.0
[INFO] [stderr]    Compiling plist v1.9.0
[INFO] [stderr]    Compiling cargo_metadata v0.19.2
[INFO] [stderr]    Compiling json-patch v3.0.1
[INFO] [stderr]    Compiling serde-untagged v0.1.9
[INFO] [stderr]    Compiling urlpattern v0.3.0
[INFO] [stderr]    Compiling infer v0.19.0
[INFO] [stderr]    Compiling serde_with v3.20.0
[INFO] [stderr]    Compiling glob v0.3.3
[INFO] [stderr]    Compiling memoffset v0.9.1
[INFO] [stderr]    Compiling field-offset v0.3.6
[INFO] [stderr]    Compiling toml_edit v0.19.15
[INFO] [stderr]    Compiling gtk v0.18.2
[INFO] [stderr]    Compiling toml_datetime v0.7.5+spec-1.1.0
[INFO] [stderr]    Compiling dirs-sys v0.5.0
[INFO] [stderr]    Compiling toml v0.9.12+spec-1.1.0
[INFO] [stderr]    Compiling embed-resource v3.0.9
[INFO] [stderr]    Compiling javascriptcore-rs-sys v1.1.1
[INFO] [stderr]    Compiling soup3-sys v0.5.0
[INFO] [stderr]    Compiling tauri-winres v0.3.6
[INFO] [stderr]     Checking gio v0.18.4
[INFO] [stderr]     Checking cairo-rs v0.18.5
[INFO] [stderr]     Checking atk v0.18.2
[INFO] [stderr]    Compiling cargo_toml v0.22.3
[INFO] [stdout] warning: unused variable: `settings`
[INFO] [stdout]    --> crates/codex-plus-core/src/launcher.rs:905:9
[INFO] [stdout]     |
[INFO] [stdout] 905 |         settings: &BackendSettings,
[INFO] [stdout]     |         ^^^^^^^^ help: if this is intentional, prefix it with an underscore: `_settings`
[INFO] [stdout]     |
[INFO] [stdout]     = note: `#[warn(unused_variables)]` (part of `#[warn(unused)]`) on by default
[INFO] [stdout] 
[INFO] [stdout] 
[INFO] [stderr]    Compiling tauri-utils v2.9.1
[INFO] [stderr]    Compiling proc-macro-crate v1.3.1
[INFO] [stderr]    Compiling dirs v6.0.0
[INFO] [stderr]    Compiling time-macros v0.2.27
[INFO] [stdout] warning: unused variable: `preserve_computer_use_guard`
[INFO] [stdout]     --> crates/codex-plus-core/src/relay_config.rs:1131:5
[INFO] [stdout]      |
[INFO] [stdout] 1131 |     preserve_computer_use_guard: bool,
[INFO] [stdout]      |     ^^^^^^^^^^^^^^^^^^^^^^^^^^^ help: if this is intentional, prefix it with an underscore: `_preserve_computer_use_guard`
[INFO] [stdout] 
[INFO] [stdout] 
[INFO] [stderr]    Compiling webkit2gtk-sys v2.0.2
[INFO] [stderr]    Compiling num-traits v0.2.19
[INFO] [stderr]    Compiling simd-adler32 v0.3.9
[INFO] [stderr]    Compiling gtk3-macros v0.18.2
[INFO] [stderr]    Compiling gdkx11-sys v0.18.2
[INFO] [stderr]     Checking dpi v0.1.2
[INFO] [stdout] warning: constant `WINDOWS_USER_ENV_KEY` is never used
[INFO] [stdout]  --> crates/codex-plus-core/src/env_conflicts.rs:4:7
[INFO] [stdout]   |
[INFO] [stdout] 4 | const WINDOWS_USER_ENV_KEY: &str = "Environment";
[INFO] [stdout]   |       ^^^^^^^^^^^^^^^^^^^^
[INFO] [stdout]   |
[INFO] [stdout]   = note: `#[warn(dead_code)]` (part of `#[warn(unused)]`) on by default
[INFO] [stdout] 
[INFO] [stdout] 
[INFO] [stdout] warning: trait `Pipe` is never used
[INFO] [stdout]    --> crates/codex-plus-core/src/env_conflicts.rs:187:7
[INFO] [stdout]     |
[INFO] [stdout] 187 | trait Pipe: Sized {
[INFO] [stdout]     |       ^^^^
[INFO] [stdout] 
[INFO] [stdout] 
[INFO] [stdout] warning: constant `UNINSTALL_SUBKEY` is never used
[INFO] [stdout]  --> crates/codex-plus-core/src/install/windows.rs:8:7
[INFO] [stdout]   |
[INFO] [stdout] 8 | const UNINSTALL_SUBKEY: &str = r"Software\Microsoft\Windows\CurrentVersion\Uninstall\QingyunJuhui";
[INFO] [stdout]   |       ^^^^^^^^^^^^^^^^
[INFO] [stdout] 
[INFO] [stdout] 
[INFO] [stdout] warning: constant `URL_PROTOCOL_SUBKEY` is never used
[INFO] [stdout]  --> crates/codex-plus-core/src/install/windows.rs:9:7
[INFO] [stdout]   |
[INFO] [stdout] 9 | const URL_PROTOCOL_SUBKEY: &str = r"Software\Classes\qingyunjuhui";
[INFO] [stdout]   |       ^^^^^^^^^^^^^^^^^^^
[INFO] [stdout] 
[INFO] [stdout] 
[INFO] [stdout] warning: constant `DREAM_SKIN_URL_PROTOCOL_SUBKEY` is never used
[INFO] [stdout]   --> crates/codex-plus-core/src/install/windows.rs:10:7
[INFO] [stdout]    |
[INFO] [stdout] 10 | const DREAM_SKIN_URL_PROTOCOL_SUBKEY: &str = r"Software\Classes\dreamskin";
[INFO] [stdout]    |       ^^^^^^^^^^^^^^^^^^^^^^^^^^^^^^
[INFO] [stdout] 
[INFO] [stdout] 
[INFO] [stdout] warning: static `PET_CURSOR_DRIVER_FAILED` is never used
[INFO] [stdout]   --> crates/codex-plus-core/src/launcher.rs:27:8
[INFO] [stdout]    |
[INFO] [stdout] 27 | static PET_CURSOR_DRIVER_FAILED: AtomicBool = AtomicBool::new(false);
[INFO] [stdout]    |        ^^^^^^^^^^^^^^^^^^^^^^^^
[INFO] [stdout] 
[INFO] [stdout] 
[INFO] [stdout] warning: field `computer_use_guard_artifacts` is never read
[INFO] [stdout]    --> crates/codex-plus-core/src/launcher.rs:246:5
[INFO] [stdout]     |
[INFO] [stdout] 240 | pub struct DefaultLaunchHooks {
[INFO] [stdout]     |            ------------------ field in this struct
[INFO] [stdout] ...
[INFO] [stdout] 246 |     computer_use_guard_artifacts: Mutex<Option<crate::computer_use_guard::GuardArtifacts>>,
[INFO] [stdout]     |     ^^^^^^^^^^^^^^^^^^^^^^^^^^^^
[INFO] [stdout] 
[INFO] [stdout] 
[INFO] [stdout] warning: function `confirmed_pet_overlay_targets` is never used
[INFO] [stdout]     --> crates/codex-plus-core/src/launcher.rs:2532:10
[INFO] [stdout]      |
[INFO] [stdout] 2532 | async fn confirmed_pet_overlay_targets(
[INFO] [stdout]      |          ^^^^^^^^^^^^^^^^^^^^^^^^^^^^^
[INFO] [stdout] 
[INFO] [stdout] 
[INFO] [stdout] warning: function `normalize_proxy_url` is never used
[INFO] [stdout]   --> crates/codex-plus-core/src/proxy.rs:20:4
[INFO] [stdout]    |
[INFO] [stdout] 20 | fn normalize_proxy_url(value: &str) -> Option<String> {
[INFO] [stdout]    |    ^^^^^^^^^^^^^^^^^^^
[INFO] [stdout] 
[INFO] [stdout] 
[INFO] [stdout] warning: function `parse_windows_proxy_server` is never used
[INFO] [stdout]   --> crates/codex-plus-core/src/proxy.rs:31:4
[INFO] [stdout]    |
[INFO] [stdout] 31 | fn parse_windows_proxy_server(value: &str) -> Option<String> {
[INFO] [stdout]    |    ^^^^^^^^^^^^^^^^^^^^^^^^^^
[INFO] [stdout] 
[INFO] [stdout] 
[INFO] [stdout] warning: constant `RESTART_STOP_WAIT_INTERVAL_MS` is never used
[INFO] [stdout]   --> crates/codex-plus-core/src/watcher.rs:15:7
[INFO] [stdout]    |
[INFO] [stdout] 15 | const RESTART_STOP_WAIT_INTERVAL_MS: u64 = 100;
[INFO] [stdout]    |       ^^^^^^^^^^^^^^^^^^^^^^^^^^^^^
[INFO] [stdout] 
[INFO] [stdout] 
[INFO] [stderr]    Compiling miniz_oxide v0.8.9
[INFO] [stderr]     Checking x11 v2.21.0
[INFO] [stderr]     Checking chrono v0.4.44
[INFO] [stderr]    Compiling flate2 v1.1.9
[INFO] [stderr]     Checking javascriptcore-rs v1.1.2
[INFO] [stderr]    Compiling fdeflate v0.3.7
[INFO] [stderr]    Compiling png v0.17.16
[INFO] [stderr]     Checking cookie v0.18.1
[INFO] [stderr]    Compiling dlopen2_derive v0.4.3
[INFO] [stderr]     Checking libloading v0.7.4
[INFO] [stderr]     Checking unicode-segmentation v1.13.2
[INFO] [stderr]    Compiling tauri-runtime v2.11.1
[INFO] [stderr]     Checking keyboard-types v0.7.0
[INFO] [stderr]     Checking libappindicator-sys v0.9.0
[INFO] [stderr]    Compiling wry v0.55.1
[INFO] [stderr]     Checking dlopen2 v0.8.2
[INFO] [stderr]    Compiling ico v0.5.0
[INFO] [stderr]     Checking codex-plus-data v1.2.50 (/opt/rustwide/workdir/crates/codex-plus-data)
[INFO] [stderr]     Checking gdkwayland-sys v0.18.2
[INFO] [stderr]    Compiling tauri-runtime-wry v2.11.1
[INFO] [stderr]     Checking png v0.18.1
[INFO] [stderr]    Compiling serialize-to-javascript-impl v0.1.2
[INFO] [stderr]     Checking serialize-to-javascript v0.1.2
[INFO] [stderr]    Compiling serde_repr v0.1.20
[INFO] [stderr]     Checking http-range v0.1.5
[INFO] [stderr]    Compiling rfd v0.16.0
[INFO] [stderr]    Compiling winresource v0.1.31
[INFO] [stderr]    Compiling codex-plus-launcher v1.2.50 (/opt/rustwide/workdir/apps/codex-plus-launcher)
[INFO] [stdout] warning: variable does not need to be mutable
[INFO] [stdout]    --> apps/codex-plus-launcher/src/main.rs:225:9
[INFO] [stdout]     |
[INFO] [stdout] 225 |     let mut activated = false;
[INFO] [stdout]     |         ----^^^^^^^^^
[INFO] [stdout]     |         |
[INFO] [stdout]     |         help: remove this `mut`
[INFO] [stdout]     |
[INFO] [stdout]     = note: `#[warn(unused_mut)]` (part of `#[warn(unused)]`) on by default
[INFO] [stdout] 
[INFO] [stdout] 
[INFO] [stdout] warning: variable does not need to be mutable
[INFO] [stdout]    --> apps/codex-plus-launcher/src/main.rs:225:9
[INFO] [stdout]     |
[INFO] [stdout] 225 |     let mut activated = false;
[INFO] [stdout]     |         ----^^^^^^^^^
[INFO] [stdout]     |         |
[INFO] [stdout]     |         help: remove this `mut`
[INFO] [stdout]     |
[INFO] [stdout]     = note: `#[warn(unused_mut)]` (part of `#[warn(unused)]`) on by default
[INFO] [stdout] 
[INFO] [stdout] 
[INFO] [stdout] warning: unused variable: `args`
[INFO] [stdout]   --> apps/codex-plus-launcher/src/main.rs:77:5
[INFO] [stdout]    |
[INFO] [stdout] 77 |     args: Vec<String>,
[INFO] [stdout]    |     ^^^^ help: if this is intentional, prefix it with an underscore: `_args`
[INFO] [stdout]    |
[INFO] [stdout]    = note: `#[warn(unused_variables)]` (part of `#[warn(unused)]`) on by default
[INFO] [stdout] 
[INFO] [stdout] 
[INFO] [stdout] warning: unused variable: `args`
[INFO] [stdout]   --> apps/codex-plus-launcher/src/main.rs:77:5
[INFO] [stdout]    |
[INFO] [stdout] 77 |     args: Vec<String>,
[INFO] [stdout]    |     ^^^^ help: if this is intentional, prefix it with an underscore: `_args`
[INFO] [stdout]    |
[INFO] [stdout]    = note: `#[warn(unused_variables)]` (part of `#[warn(unused)]`) on by default
[INFO] [stdout] 
[INFO] [stdout] 
[INFO] [stderr]    Compiling tauri-build v2.6.1
[INFO] [stderr]    Compiling tauri-plugin v2.6.1
[INFO] [stderr]    Compiling tauri-codegen v2.6.1
[INFO] [stderr] error: could not compile `gio` (lib)
[INFO] [stderr] 
[INFO] [stderr] Caused by:
[INFO] [stderr]   process didn't exit successfully: `/opt/rustwide/rustup-home/toolchains/3154cc1a3e6424e44f438a95007d043ed5ceaaf6/bin/rustc --crate-name gio --edition=2021 /opt/rustwide/cargo-home/registry/src/index.crates.io-1949cf8c6b5b557f/gio-0.18.4/src/lib.rs --error-format=json --json=diagnostic-rendered-ansi,artifacts,future-incompat,unused-externs-silent --crate-type lib --emit=dep-info,metadata -C embed-bitcode=no -C debuginfo=2 --cfg 'feature="v2_58"' --cfg 'feature="v2_60"' --cfg 'feature="v2_62"' --cfg 'feature="v2_64"' --cfg 'feature="v2_66"' --cfg 'feature="v2_68"' --cfg 'feature="v2_70"' --check-cfg 'cfg(docsrs,test)' --check-cfg 'cfg(feature, values("v2_58", "v2_60", "v2_62", "v2_64", "v2_66", "v2_68", "v2_70", "v2_72", "v2_74", "v2_76", "v2_78"))' -C metadata=dce016fe17249f7c -C extra-filename=-774854ec7db0c37c --out-dir /opt/rustwide/target/debug/build/gio/774854ec7db0c37c/out -L dependency=/opt/rustwide/target/debug/build/bitflags/98da6e17ced75438/out -L dependency=/opt/rustwide/target/debug/build/futures-channel/6351650e09691772/out -L dependency=/opt/rustwide/target/debug/build/futures-core/1cd512d543215c04/out -L dependency=/opt/rustwide/target/debug/build/futures-executor/998d9d46673ec59f/out -L dependency=/opt/rustwide/target/debug/build/futures-io/8551f65ba49d7852/out -L dependency=/opt/rustwide/target/debug/build/futures-macro/7d06029750366dba/out -L dependency=/opt/rustwide/target/debug/build/futures-sink/80687936758fa695/out -L dependency=/opt/rustwide/target/debug/build/futures-task/bde3b8216abf23c5/out -L dependency=/opt/rustwide/target/debug/build/futures-util/a9751692fb8d7223/out -L dependency=/opt/rustwide/target/debug/build/gio-sys/4f37ab107f33cebd/out -L dependency=/opt/rustwide/target/debug/build/glib-macros/8ae14fd6e6f9afa0/out -L dependency=/opt/rustwide/target/debug/build/glib-sys/f073c99fcb0058ef/out -L dependency=/opt/rustwide/target/debug/build/gobject-sys/a269ba220d0b664c/out -L dependency=/opt/rustwide/target/debug/build/libc/7d2af120e89c619c/out -L dependency=/opt/rustwide/target/debug/build/memchr/3d944e3b9ac373a3/out -L dependency=/opt/rustwide/target/debug/build/once_cell/6f8123b0c2eed634/out -L dependency=/opt/rustwide/target/debug/build/pin-project-lite/7176d3be2b7ee2e1/out -L dependency=/opt/rustwide/target/debug/build/serde_core/c3fb5a998c9471b6/out -L dependency=/opt/rustwide/target/debug/build/slab/101f873bca723251/out -L dependency=/opt/rustwide/target/debug/build/smallvec/96d7c7a7332b4422/out -L dependency=/opt/rustwide/target/debug/build/thiserror-impl/00bde5487b05d959/out -L dependency=/opt/rustwide/target/debug/build/thiserror/6b246594487893dc/out --extern futures_channel=/opt/rustwide/target/debug/build/futures-channel/6351650e09691772/out/libfutures_channel-6351650e09691772.rmeta --extern futures_core=/opt/rustwide/target/debug/build/futures-core/1cd512d543215c04/out/libfutures_core-1cd512d543215c04.rmeta --extern futures_io=/opt/rustwide/target/debug/build/futures-io/8551f65ba49d7852/out/libfutures_io-8551f65ba49d7852.rmeta --extern futures_util=/opt/rustwide/target/debug/build/futures-util/a9751692fb8d7223/out/libfutures_util-a9751692fb8d7223.rmeta --extern ffi=/opt/rustwide/target/debug/build/gio-sys/4f37ab107f33cebd/out/libgio_sys-4f37ab107f33cebd.rmeta --extern glib=/opt/rustwide/target/debug/build/glib/65ee0a7d61ee7013/out/libglib-65ee0a7d61ee7013.rmeta --extern libc=/opt/rustwide/target/debug/build/libc/7d2af120e89c619c/out/liblibc-7d2af120e89c619c.rmeta --extern once_cell=/opt/rustwide/target/debug/build/once_cell/6f8123b0c2eed634/out/libonce_cell-6f8123b0c2eed634.rmeta --extern pin_project_lite=/opt/rustwide/target/debug/build/pin-project-lite/7176d3be2b7ee2e1/out/libpin_project_lite-7176d3be2b7ee2e1.rmeta --extern smallvec=/opt/rustwide/target/debug/build/smallvec/96d7c7a7332b4422/out/libsmallvec-96d7c7a7332b4422.rmeta --extern thiserror=/opt/rustwide/target/debug/build/thiserror/6b246594487893dc/out/libthiserror-6b246594487893dc.rmeta --cap-lints allow --cap-lints=forbid --force-warn=unused_crate_dependencies` (signal: 9, SIGKILL: kill)
[INFO] [stderr] warning: build failed, waiting for other jobs to finish...
[INFO] [stdout] warning: unused variable: `settings`
[INFO] [stdout]    --> crates/codex-plus-core/src/launcher.rs:905:9
[INFO] [stdout]     |
[INFO] [stdout] 905 |         settings: &BackendSettings,
[INFO] [stdout]     |         ^^^^^^^^ help: if this is intentional, prefix it with an underscore: `_settings`
[INFO] [stdout]     |
[INFO] [stdout]     = note: `#[warn(unused_variables)]` (part of `#[warn(unused)]`) on by default
[INFO] [stdout] 
[INFO] [stdout] 
[INFO] [stdout] warning: unused variable: `preserve_computer_use_guard`
[INFO] [stdout]     --> crates/codex-plus-core/src/relay_config.rs:1131:5
[INFO] [stdout]      |
[INFO] [stdout] 1131 |     preserve_computer_use_guard: bool,
[INFO] [stdout]      |     ^^^^^^^^^^^^^^^^^^^^^^^^^^^ help: if this is intentional, prefix it with an underscore: `_preserve_computer_use_guard`
[INFO] [stdout] 
[INFO] [stdout] 
[INFO] [stdout] warning: constant `WINDOWS_USER_ENV_KEY` is never used
[INFO] [stdout]  --> crates/codex-plus-core/src/env_conflicts.rs:4:7
[INFO] [stdout]   |
[INFO] [stdout] 4 | const WINDOWS_USER_ENV_KEY: &str = "Environment";
[INFO] [stdout]   |       ^^^^^^^^^^^^^^^^^^^^
[INFO] [stdout]   |
[INFO] [stdout]   = note: `#[warn(dead_code)]` (part of `#[warn(unused)]`) on by default
[INFO] [stdout] 
[INFO] [stdout] 
[INFO] [stdout] warning: trait `Pipe` is never used
[INFO] [stdout]    --> crates/codex-plus-core/src/env_conflicts.rs:187:7
[INFO] [stdout]     |
[INFO] [stdout] 187 | trait Pipe: Sized {
[INFO] [stdout]     |       ^^^^
[INFO] [stdout] 
[INFO] [stdout] 
[INFO] [stdout] warning: constant `UNINSTALL_SUBKEY` is never used
[INFO] [stdout]  --> crates/codex-plus-core/src/install/windows.rs:8:7
[INFO] [stdout]   |
[INFO] [stdout] 8 | const UNINSTALL_SUBKEY: &str = r"Software\Microsoft\Windows\CurrentVersion\Uninstall\QingyunJuhui";
[INFO] [stdout]   |       ^^^^^^^^^^^^^^^^
[INFO] [stdout] 
[INFO] [stdout] 
[INFO] [stdout] warning: constant `URL_PROTOCOL_SUBKEY` is never used
[INFO] [stdout]  --> crates/codex-plus-core/src/install/windows.rs:9:7
[INFO] [stdout]   |
[INFO] [stdout] 9 | const URL_PROTOCOL_SUBKEY: &str = r"Software\Classes\qingyunjuhui";
[INFO] [stdout]   |       ^^^^^^^^^^^^^^^^^^^
[INFO] [stdout] 
[INFO] [stdout] 
[INFO] [stdout] warning: constant `DREAM_SKIN_URL_PROTOCOL_SUBKEY` is never used
[INFO] [stdout]   --> crates/codex-plus-core/src/install/windows.rs:10:7
[INFO] [stdout]    |
[INFO] [stdout] 10 | const DREAM_SKIN_URL_PROTOCOL_SUBKEY: &str = r"Software\Classes\dreamskin";
[INFO] [stdout]    |       ^^^^^^^^^^^^^^^^^^^^^^^^^^^^^^
[INFO] [stdout] 
[INFO] [stdout] 
[INFO] [stdout] warning: static `PET_CURSOR_DRIVER_FAILED` is never used
[INFO] [stdout]   --> crates/codex-plus-core/src/launcher.rs:27:8
[INFO] [stdout]    |
[INFO] [stdout] 27 | static PET_CURSOR_DRIVER_FAILED: AtomicBool = AtomicBool::new(false);
[INFO] [stdout]    |        ^^^^^^^^^^^^^^^^^^^^^^^^
[INFO] [stdout] 
[INFO] [stdout] 
[INFO] [stdout] warning: field `computer_use_guard_artifacts` is never read
[INFO] [stdout]    --> crates/codex-plus-core/src/launcher.rs:246:5
[INFO] [stdout]     |
[INFO] [stdout] 240 | pub struct DefaultLaunchHooks {
[INFO] [stdout]     |            ------------------ field in this struct
[INFO] [stdout] ...
[INFO] [stdout] 246 |     computer_use_guard_artifacts: Mutex<Option<crate::computer_use_guard::GuardArtifacts>>,
[INFO] [stdout]     |     ^^^^^^^^^^^^^^^^^^^^^^^^^^^^
[INFO] [stdout] 
[INFO] [stdout] 
[INFO] [stdout] warning: function `confirmed_pet_overlay_targets` is never used
[INFO] [stdout]     --> crates/codex-plus-core/src/launcher.rs:2532:10
[INFO] [stdout]      |
[INFO] [stdout] 2532 | async fn confirmed_pet_overlay_targets(
[INFO] [stdout]      |          ^^^^^^^^^^^^^^^^^^^^^^^^^^^^^
[INFO] [stdout] 
[INFO] [stdout] 
[INFO] [stdout] warning: constant `RESTART_STOP_WAIT_INTERVAL_MS` is never used
[INFO] [stdout]   --> crates/codex-plus-core/src/watcher.rs:15:7
[INFO] [stdout]    |
[INFO] [stdout] 15 | const RESTART_STOP_WAIT_INTERVAL_MS: u64 = 100;
[INFO] [stdout]    |       ^^^^^^^^^^^^^^^^^^^^^^^^^^^^^
[INFO] [stdout] 
[INFO] [stdout] 
[INFO] [stderr] warning: unused dependency `aes-gcm`
[INFO] [stderr]  --> crates/codex-plus-core/Cargo.toml:9:1
[INFO] [stderr]   |
[INFO] [stderr] 9 | aes-gcm.workspace = true
[INFO] [stderr]   | ^^^^^^^
[INFO] [stderr]   |
[INFO] [stderr]   = note: `cargo::unused_dependencies` is set to `warn` by default
[INFO] [stderr] help: consider removing the dependency on `aes-gcm`
[INFO] [stderr] warning: `codex-plus-core` (manifest) generated 1 warning
[INFO] [stderr] warning: unused dependency `winresource`
[INFO] [stderr]   --> apps/codex-plus-launcher/Cargo.toml:22:1
[INFO] [stderr]    |
[INFO] [stderr] 22 | winresource.workspace = true
[INFO] [stderr]    | ^^^^^^^^^^^
[INFO] [stderr]    |
[INFO] [stderr]    = note: `cargo::unused_dependencies` is set to `warn` by default
[INFO] [stderr] help: consider removing the dependency on `winresource`
[INFO] [stderr] warning: `codex-plus-launcher` (manifest) generated 1 warning
[INFO] running `Command { std: "docker" "inspect" "3aed1f1c11077c79b6798c7f400857bd0cbe816aa07ef385b99ca1f51bb80a03", kill_on_drop: false }`
[INFO] running `Command { std: "docker" "rm" "-f" "3aed1f1c11077c79b6798c7f400857bd0cbe816aa07ef385b99ca1f51bb80a03", kill_on_drop: false }`
[INFO] [stdout] 3aed1f1c11077c79b6798c7f400857bd0cbe816aa07ef385b99ca1f51bb80a03
