[INFO] cloning repository https://github.com/py7hon/twopaw-desktop
[INFO] running `Command { std: "git" "-c" "credential.helper=" "-c" "credential.helper=/workspace/cargo-home/bin/git-credential-null" "clone" "--bare" "https://github.com/py7hon/twopaw-desktop" "/workspace/cache/git-repos/https%3A%2F%2Fgithub.com%2Fpy7hon%2Ftwopaw-desktop", kill_on_drop: false }`
[INFO] [stderr] Cloning into bare repository '/workspace/cache/git-repos/https%3A%2F%2Fgithub.com%2Fpy7hon%2Ftwopaw-desktop'...
[INFO] running `Command { std: "git" "rev-parse" "HEAD", kill_on_drop: false }`
[INFO] [stdout] 94d1b47509532f941962812aba0f34fc85b50633
[INFO] checking py7hon/twopaw-desktop/94d1b47509532f941962812aba0f34fc85b50633 against 3154cc1a3e6424e44f438a95007d043ed5ceaaf6+rustflags=-Znext-solver=coherence for pr-133502-30
[INFO] running `Command { std: "git" "clone" "/workspace/cache/git-repos/https%3A%2F%2Fgithub.com%2Fpy7hon%2Ftwopaw-desktop" "/workspace/builds/worker-2-tc1/source", kill_on_drop: false }`
[INFO] [stderr] Cloning into '/workspace/builds/worker-2-tc1/source'...
[INFO] [stderr] done.
[INFO] started tweaking git repo https://github.com/py7hon/twopaw-desktop
[INFO] finished tweaking git repo https://github.com/py7hon/twopaw-desktop
[INFO] tweaked toml for git repo https://github.com/py7hon/twopaw-desktop written to /workspace/builds/worker-2-tc1/source/Cargo.toml
[INFO] validating manifest of git repo https://github.com/py7hon/twopaw-desktop on toolchain 3154cc1a3e6424e44f438a95007d043ed5ceaaf6
[INFO] running `Command { std: CARGO_HOME="/workspace/cargo-home" RUSTUP_HOME="/workspace/rustup-home" "/workspace/cargo-home/bin/cargo" "+3154cc1a3e6424e44f438a95007d043ed5ceaaf6" "metadata" "--manifest-path" "Cargo.toml" "--no-deps", kill_on_drop: false }`
[INFO] crate git repo https://github.com/py7hon/twopaw-desktop already has a lockfile, it will not be regenerated
[INFO] running `Command { std: CARGO_HOME="/workspace/cargo-home" RUSTUP_HOME="/workspace/rustup-home" "/workspace/cargo-home/bin/cargo" "+3154cc1a3e6424e44f438a95007d043ed5ceaaf6" "fetch" "--manifest-path" "Cargo.toml", kill_on_drop: false }`
[INFO] [stderr]     Updating crates.io index
[INFO] [stderr]  Downloading crates ...
[INFO] [stderr]   Downloaded totp-rs v5.7.2
[INFO] running `Command { std: "docker" "create" "-v" "/var/lib/crater-agent-workspace/builds/worker-2-tc1/source:/opt/rustwide/workdir:ro,Z" "-v" "/var/lib/crater-agent-workspace/builds/worker-2-tc1/target:/opt/rustwide/target:rw,Z" "-v" "/var/lib/crater-agent-workspace/cargo-home:/opt/rustwide/cargo-home:ro,Z" "-v" "/var/lib/crater-agent-workspace/rustup-home:/opt/rustwide/rustup-home:ro,Z" "-m" "1610612736" "--network" "none" "ghcr.io/rust-lang/crates-build-env/linux@sha256:77db811e55d90add9212f6832c23229e3de5f1c1f9905e8cb07319ea15df73ac" "sleep" "infinity", kill_on_drop: false }`
[INFO] [stdout] bda8e07ea117f5fb4c240cc86de0bb26369fb16272c1487348d9564184c67832
[INFO] running `Command { std: "docker" "start" "bda8e07ea117f5fb4c240cc86de0bb26369fb16272c1487348d9564184c67832", kill_on_drop: false }`
[INFO] running `Command { std: "docker" "inspect" "bda8e07ea117f5fb4c240cc86de0bb26369fb16272c1487348d9564184c67832", kill_on_drop: false }`
[INFO] running `Command { std: "docker" "exec" "-e" "SOURCE_DIR=/opt/rustwide/workdir" "-e" "CARGO_HOME=/opt/rustwide/cargo-home" "-e" "RUSTUP_HOME=/opt/rustwide/rustup-home" "-e" "CARGO_TARGET_DIR=/opt/rustwide/target" "-w" "/opt/rustwide/workdir" "--user" "0:0" "bda8e07ea117f5fb4c240cc86de0bb26369fb16272c1487348d9564184c67832" "/opt/rustwide/cargo-home/bin/cargo" "+3154cc1a3e6424e44f438a95007d043ed5ceaaf6" "metadata" "--no-deps" "--format-version=1", kill_on_drop: false }`
[INFO] running `Command { std: "docker" "inspect" "bda8e07ea117f5fb4c240cc86de0bb26369fb16272c1487348d9564184c67832", kill_on_drop: false }`
[INFO] running `Command { std: "docker" "exec" "-e" "SOURCE_DIR=/opt/rustwide/workdir" "-e" "CARGO_HOME=/opt/rustwide/cargo-home" "-e" "RUSTUP_HOME=/opt/rustwide/rustup-home" "-e" "CARGO_TARGET_DIR=/opt/rustwide/target" "-e" "CARGO_INCREMENTAL=0" "-e" "RUST_BACKTRACE=full" "-e" "RUSTFLAGS=--cap-lints=forbid -Znext-solver=coherence" "-e" "RUSTDOCFLAGS=--cap-lints=forbid" "-w" "/opt/rustwide/workdir" "--user" "0:0" "bda8e07ea117f5fb4c240cc86de0bb26369fb16272c1487348d9564184c67832" "/opt/rustwide/cargo-home/bin/cargo" "+3154cc1a3e6424e44f438a95007d043ed5ceaaf6" "check" "--frozen" "--all" "--all-targets" "--message-format=json", kill_on_drop: false }`
[INFO] [stderr]    Compiling windows_x86_64_gnu v0.52.6
[INFO] [stderr]     Checking smallvec v1.15.2
[INFO] [stderr]    Compiling ring v0.17.14
[INFO] [stderr]     Checking percent-encoding v2.3.2
[INFO] [stderr]    Compiling rustls v0.23.43
[INFO] [stderr]     Checking getrandom v0.2.17
[INFO] [stderr]    Compiling zerovec-derive v0.11.3
[INFO] [stderr]    Compiling displaydoc v0.2.7
[INFO] [stderr]     Checking inout v0.1.4
[INFO] [stderr]    Compiling windows-interface v0.58.0
[INFO] [stderr]    Compiling windows-implement v0.58.0
[INFO] [stderr]    Compiling serde_derive v1.0.229
[INFO] [stderr]     Checking yoke v0.8.3
[INFO] [stderr]     Checking webpki-roots v0.26.11
[INFO] [stderr]     Checking base32 v0.5.1
[INFO] [stderr]     Checking form_urlencoded v1.2.2
[INFO] [stderr]     Checking windows-targets v0.52.6
[INFO] [stderr]     Checking windows-result v0.2.0
[INFO] [stderr]     Checking rand_core v0.6.4
[INFO] [stderr]     Checking windows-strings v0.1.0
[INFO] [stderr]     Checking crypto-common v0.1.7
[INFO] [stderr]     Checking rand_chacha v0.3.1
[INFO] [stderr]     Checking rand v0.8.7
[INFO] [stderr]     Checking windows-core v0.58.0
[INFO] [stderr]     Checking digest v0.10.7
[INFO] [stderr]     Checking universal-hash v0.5.1
[INFO] [stderr]     Checking cipher v0.4.4
[INFO] [stderr]     Checking aead v0.5.2
[INFO] [stderr]     Checking polyval v0.6.2
[INFO] [stderr]     Checking ghash v0.5.1
[INFO] [stderr]     Checking ctr v0.9.2
[INFO] [stderr]     Checking aes v0.8.4
[INFO] [stderr]     Checking zerotrie v0.2.4
[INFO] [stderr]     Checking hmac v0.12.1
[INFO] [stderr]     Checking sha2 v0.10.9
[INFO] [stderr]     Checking sha1 v0.10.7
[INFO] [stderr]     Checking pbkdf2 v0.12.2
[INFO] [stderr]     Checking windows v0.58.0
[INFO] [stderr]     Checking totp-rs v5.7.2
[INFO] [stderr]     Checking zerovec v0.11.6
[INFO] [stderr]     Checking aes-gcm v0.10.3
[INFO] [stderr]     Checking tinystr v0.8.3
[INFO] [stderr]     Checking potential_utf v0.1.5
[INFO] [stderr]     Checking icu_collections v2.2.0
[INFO] [stderr]     Checking icu_locale_core v2.2.0
[INFO] [stderr]     Checking icu_provider v2.2.0
[INFO] [stderr]     Checking icu_properties v2.2.0
[INFO] [stderr]     Checking icu_normalizer v2.2.0
[INFO] [stderr]     Checking serde v1.0.229
[INFO] [stderr]     Checking rustls-webpki v0.103.14
[INFO] [stderr]     Checking idna_adapter v1.2.2
[INFO] [stderr]     Checking idna v1.1.0
[INFO] [stderr]     Checking url v2.5.8
[INFO] [stderr]     Checking ureq v2.12.1
[INFO] [stderr]     Checking twopaw v0.1.2 (/opt/rustwide/workdir)
[INFO] [stdout] error[E0433]: cannot find `Win32` in `windows`
[INFO] [stdout]  --> src/ui/mod.rs:3:14
[INFO] [stdout]   |
[INFO] [stdout] 3 | use windows::Win32::Foundation::*;
[INFO] [stdout]   |              ^^^^^ could not find `Win32` in `windows`
[INFO] [stdout] 
[INFO] [stdout] 
[INFO] [stdout] error[E0433]: cannot find `Win32` in `windows`
[INFO] [stdout]  --> src/ui/mod.rs:4:14
[INFO] [stdout]   |
[INFO] [stdout] 4 | use windows::Win32::Graphics::Gdi::*;
[INFO] [stdout]   |              ^^^^^ could not find `Win32` in `windows`
[INFO] [stdout] 
[INFO] [stdout] 
[INFO] [stdout] error[E0433]: cannot find `Win32` in `windows`
[INFO] [stdout]  --> src/ui/mod.rs:5:14
[INFO] [stdout]   |
[INFO] [stdout] 5 | use windows::Win32::UI::WindowsAndMessaging::*;
[INFO] [stdout]   |              ^^^^^ could not find `Win32` in `windows`
[INFO] [stdout] 
[INFO] [stdout] 
[INFO] [stdout] error[E0433]: cannot find `Win32` in `windows`
[INFO] [stdout]  --> src/ui/mod.rs:3:14
[INFO] [stdout]   |
[INFO] [stdout] 3 | use windows::Win32::Foundation::*;
[INFO] [stdout]   |              ^^^^^ could not find `Win32` in `windows`
[INFO] [stdout] 
[INFO] [stdout] 
[INFO] [stdout] error[E0433]: cannot find `Win32` in `windows`
[INFO] [stdout]  --> src/ui/mod.rs:4:14
[INFO] [stdout]   |
[INFO] [stdout] 4 | use windows::Win32::Graphics::Gdi::*;
[INFO] [stdout]   |              ^^^^^ could not find `Win32` in `windows`
[INFO] [stdout] 
[INFO] [stdout] 
[INFO] [stdout] error[E0433]: cannot find `Win32` in `windows`
[INFO] [stdout]  --> src/ui/mod.rs:5:14
[INFO] [stdout]   |
[INFO] [stdout] 5 | use windows::Win32::UI::WindowsAndMessaging::*;
[INFO] [stdout]   |              ^^^^^ could not find `Win32` in `windows`
[INFO] [stdout] 
[INFO] [stdout] 
[INFO] [stdout] error[E0433]: cannot find `Win32` in `windows`
[INFO] [stdout]   --> src/main.rs:11:14
[INFO] [stdout]    |
[INFO] [stdout] 11 | use windows::Win32::Foundation::*;
[INFO] [stdout]    |              ^^^^^ could not find `Win32` in `windows`
[INFO] [stdout] 
[INFO] [stdout] 
[INFO] [stdout] error[E0433]: cannot find `Win32` in `windows`
[INFO] [stdout]   --> src/main.rs:12:14
[INFO] [stdout]    |
[INFO] [stdout] 12 | use windows::Win32::Graphics::Gdi::*;
[INFO] [stdout]    |              ^^^^^ could not find `Win32` in `windows`
[INFO] [stdout] 
[INFO] [stdout] 
[INFO] [stdout] error[E0433]: cannot find `Win32` in `windows`
[INFO] [stdout]   --> src/main.rs:13:14
[INFO] [stdout]    |
[INFO] [stdout] 13 | use windows::Win32::System::DataExchange::*;
[INFO] [stdout]    |              ^^^^^ could not find `Win32` in `windows`
[INFO] [stdout] 
[INFO] [stdout] 
[INFO] [stdout] error[E0433]: cannot find `Win32` in `windows`
[INFO] [stdout]   --> src/main.rs:14:14
[INFO] [stdout]    |
[INFO] [stdout] 14 | use windows::Win32::System::LibraryLoader::GetModuleHandleW;
[INFO] [stdout]    |              ^^^^^ could not find `Win32` in `windows`
[INFO] [stdout] 
[INFO] [stdout] 
[INFO] [stdout] error[E0433]: cannot find `Win32` in `windows`
[INFO] [stdout]   --> src/main.rs:11:14
[INFO] [stdout]    |
[INFO] [stdout] 11 | use windows::Win32::Foundation::*;
[INFO] [stdout]    |              ^^^^^ could not find `Win32` in `windows`
[INFO] [stdout] 
[INFO] [stdout] 
[INFO] [stdout] error[E0433]: cannot find `Win32` in `windows`
[INFO] [stdout]   --> src/main.rs:12:14
[INFO] [stdout]    |
[INFO] [stdout] 12 | use windows::Win32::Graphics::Gdi::*;
[INFO] [stdout]    |              ^^^^^ could not find `Win32` in `windows`
[INFO] [stdout] 
[INFO] [stdout] 
[INFO] [stdout] error[E0433]: cannot find `Win32` in `windows`
[INFO] [stdout]   --> src/main.rs:13:14
[INFO] [stdout]    |
[INFO] [stdout] 13 | use windows::Win32::System::DataExchange::*;
[INFO] [stdout]    |              ^^^^^ could not find `Win32` in `windows`
[INFO] [stdout] 
[INFO] [stdout] 
[INFO] [stdout] error[E0433]: cannot find `Win32` in `windows`
[INFO] [stdout]   --> src/main.rs:14:14
[INFO] [stdout]    |
[INFO] [stdout] 14 | use windows::Win32::System::LibraryLoader::GetModuleHandleW;
[INFO] [stdout]    |              ^^^^^ could not find `Win32` in `windows`
[INFO] [stdout] 
[INFO] [stdout] 
[INFO] [stdout] error[E0433]: cannot find `Win32` in `windows`
[INFO] [stdout]   --> src/main.rs:15:14
[INFO] [stdout]    |
[INFO] [stdout] 15 | use windows::Win32::System::Memory::*;
[INFO] [stdout]    |              ^^^^^ could not find `Win32` in `windows`
[INFO] [stdout] 
[INFO] [stdout] 
[INFO] [stdout] error[E0433]: cannot find `Win32` in `windows`
[INFO] [stdout]   --> src/main.rs:16:14
[INFO] [stdout]    |
[INFO] [stdout] 16 | use windows::Win32::UI::Shell::*;
[INFO] [stdout]    |              ^^^^^ could not find `Win32` in `windows`
[INFO] [stdout] 
[INFO] [stdout] 
[INFO] [stdout] error[E0433]: cannot find `Win32` in `windows`
[INFO] [stdout]   --> src/main.rs:17:14
[INFO] [stdout]    |
[INFO] [stdout] 17 | use windows::Win32::UI::WindowsAndMessaging::*;
[INFO] [stdout]    |              ^^^^^ could not find `Win32` in `windows`
[INFO] [stdout] 
[INFO] [stdout] 
[INFO] [stdout] error[E0432]: unresolved import `windows::core`
[INFO] [stdout]   --> src/main.rs:10:14
[INFO] [stdout]    |
[INFO] [stdout] 10 | use windows::core::*;
[INFO] [stdout]    |              ^^^^ could not find `core` in `windows`
[INFO] [stdout] 
[INFO] [stdout] 
[INFO] [stdout] error[E0433]: cannot find `core` in `windows`
[INFO] [stdout]   --> src/ui/mod.rs:46:22
[INFO] [stdout]    |
[INFO] [stdout] 46 |             windows::core::w!("Segoe UI"),
[INFO] [stdout]    |                      ^^^^ could not find `core` in `windows`
[INFO] [stdout] 
[INFO] [stdout] 
[INFO] [stdout] error[E0433]: cannot find `core` in `windows`
[INFO] [stdout]   --> src/ui/mod.rs:90:22
[INFO] [stdout]    |
[INFO] [stdout] 90 |             windows::core::w!("Segoe UI"),
[INFO] [stdout]    |                      ^^^^ could not find `core` in `windows`
[INFO] [stdout] 
[INFO] [stdout] 
[INFO] [stdout] error[E0433]: cannot find `core` in `windows`
[INFO] [stdout]    --> src/ui/mod.rs:173:22
[INFO] [stdout]     |
[INFO] [stdout] 173 |             windows::core::w!("Segoe UI"),
[INFO] [stdout]     |                      ^^^^ could not find `core` in `windows`
[INFO] [stdout] 
[INFO] [stdout] 
[INFO] [stdout] error[E0433]: cannot find `core` in `windows`
[INFO] [stdout]    --> src/ui/mod.rs:209:22
[INFO] [stdout]     |
[INFO] [stdout] 209 |             windows::core::w!("Segoe UI"),
[INFO] [stdout]     |                      ^^^^ could not find `core` in `windows`
[INFO] [stdout] 
[INFO] [stdout] 
[INFO] [stdout] error[E0433]: cannot find `core` in `windows`
[INFO] [stdout]    --> src/ui/mod.rs:226:22
[INFO] [stdout]     |
[INFO] [stdout] 226 |             windows::core::w!("Consolas"),
[INFO] [stdout]     |                      ^^^^ could not find `core` in `windows`
[INFO] [stdout] 
[INFO] [stdout] 
[INFO] [stdout] error[E0433]: cannot find `core` in `windows`
[INFO] [stdout]    --> src/ui/mod.rs:243:22
[INFO] [stdout]     |
[INFO] [stdout] 243 |             windows::core::w!("Segoe UI"),
[INFO] [stdout]     |                      ^^^^ could not find `core` in `windows`
[INFO] [stdout] 
[INFO] [stdout] 
[INFO] [stdout] error[E0433]: cannot find `Win32` in `windows`
[INFO] [stdout]   --> src/main.rs:15:14
[INFO] [stdout]    |
[INFO] [stdout] 15 | use windows::Win32::System::Memory::*;
[INFO] [stdout]    |              ^^^^^ could not find `Win32` in `windows`
[INFO] [stdout] 
[INFO] [stdout] 
[INFO] [stdout] error[E0433]: cannot find `Win32` in `windows`
[INFO] [stdout]   --> src/main.rs:16:14
[INFO] [stdout]    |
[INFO] [stdout] 16 | use windows::Win32::UI::Shell::*;
[INFO] [stdout]    |              ^^^^^ could not find `Win32` in `windows`
[INFO] [stdout] 
[INFO] [stdout] 
[INFO] [stdout] error[E0433]: cannot find `Win32` in `windows`
[INFO] [stdout]   --> src/main.rs:17:14
[INFO] [stdout]    |
[INFO] [stdout] 17 | use windows::Win32::UI::WindowsAndMessaging::*;
[INFO] [stdout]    |              ^^^^^ could not find `Win32` in `windows`
[INFO] [stdout] 
[INFO] [stdout] 
[INFO] [stdout] error[E0432]: unresolved import `windows::core`
[INFO] [stdout]   --> src/main.rs:10:14
[INFO] [stdout]    |
[INFO] [stdout] 10 | use windows::core::*;
[INFO] [stdout]    |              ^^^^ could not find `core` in `windows`
[INFO] [stdout] 
[INFO] [stdout] 
[INFO] [stdout] error[E0433]: cannot find `core` in `windows`
[INFO] [stdout]   --> src/ui/mod.rs:46:22
[INFO] [stdout]    |
[INFO] [stdout] 46 |             windows::core::w!("Segoe UI"),
[INFO] [stdout]    |                      ^^^^ could not find `core` in `windows`
[INFO] [stdout] 
[INFO] [stdout] 
[INFO] [stdout] error[E0433]: cannot find `core` in `windows`
[INFO] [stdout]   --> src/ui/mod.rs:90:22
[INFO] [stdout]    |
[INFO] [stdout] 90 |             windows::core::w!("Segoe UI"),
[INFO] [stdout]    |                      ^^^^ could not find `core` in `windows`
[INFO] [stdout] 
[INFO] [stdout] 
[INFO] [stdout] error[E0433]: cannot find `core` in `windows`
[INFO] [stdout]    --> src/ui/mod.rs:173:22
[INFO] [stdout]     |
[INFO] [stdout] 173 |             windows::core::w!("Segoe UI"),
[INFO] [stdout]     |                      ^^^^ could not find `core` in `windows`
[INFO] [stdout] 
[INFO] [stdout] 
[INFO] [stdout] error[E0433]: cannot find `core` in `windows`
[INFO] [stdout]    --> src/ui/mod.rs:209:22
[INFO] [stdout]     |
[INFO] [stdout] 209 |             windows::core::w!("Segoe UI"),
[INFO] [stdout]     |                      ^^^^ could not find `core` in `windows`
[INFO] [stdout] 
[INFO] [stdout] 
[INFO] [stdout] error[E0433]: cannot find `core` in `windows`
[INFO] [stdout]    --> src/ui/mod.rs:226:22
[INFO] [stdout]     |
[INFO] [stdout] 226 |             windows::core::w!("Consolas"),
[INFO] [stdout]     |                      ^^^^ could not find `core` in `windows`
[INFO] [stdout] 
[INFO] [stdout] 
[INFO] [stdout] error[E0433]: cannot find `core` in `windows`
[INFO] [stdout]    --> src/ui/mod.rs:243:22
[INFO] [stdout]     |
[INFO] [stdout] 243 |             windows::core::w!("Segoe UI"),
[INFO] [stdout]     |                      ^^^^ could not find `core` in `windows`
[INFO] [stdout] 
[INFO] [stdout] 
[INFO] [stdout] error: cannot find macro `w` in this scope
[INFO] [stdout]    --> src/main.rs:363:26
[INFO] [stdout]     |
[INFO] [stdout] 363 |         let main_class = w!("TOTP_WinGDI_Class");
[INFO] [stdout]     |                          ^
[INFO] [stdout] 
[INFO] [stdout] 
[INFO] [stdout] error: cannot find macro `w` in this scope
[INFO] [stdout]    --> src/main.rs:363:26
[INFO] [stdout]     |
[INFO] [stdout] 363 |         let main_class = w!("TOTP_WinGDI_Class");
[INFO] [stdout]     |                          ^
[INFO] [stdout] 
[INFO] [stdout] 
[INFO] [stdout] error: cannot find macro `w` in this scope
[INFO] [stdout]    --> src/main.rs:364:27
[INFO] [stdout]     |
[INFO] [stdout] 364 |         let modal_class = w!("TOTP_AddModal_Class");
[INFO] [stdout]     |                           ^
[INFO] [stdout] 
[INFO] [stdout] 
[INFO] [stdout] error: cannot find macro `w` in this scope
[INFO] [stdout]    --> src/main.rs:364:27
[INFO] [stdout]     |
[INFO] [stdout] 364 |         let modal_class = w!("TOTP_AddModal_Class");
[INFO] [stdout]     |                           ^
[INFO] [stdout] 
[INFO] [stdout] 
[INFO] [stdout] error: cannot find macro `w` in this scope
[INFO] [stdout]    --> src/main.rs:365:32
[INFO] [stdout]     |
[INFO] [stdout] 365 |         let sync_modal_class = w!("TOTP_SyncModal_Class");
[INFO] [stdout]     |                                ^
[INFO] [stdout] 
[INFO] [stdout] 
[INFO] [stdout] error: cannot find macro `w` in this scope
[INFO] [stdout]    --> src/main.rs:365:32
[INFO] [stdout]     |
[INFO] [stdout] 365 |         let sync_modal_class = w!("TOTP_SyncModal_Class");
[INFO] [stdout]     |                                ^
[INFO] [stdout] 
[INFO] [stdout] 
[INFO] [stdout] error: cannot find macro `w` in this scope
[INFO] [stdout]    --> src/main.rs:400:13
[INFO] [stdout]     |
[INFO] [stdout] 400 |             w!("twopaw(2fa)"),
[INFO] [stdout]     |             ^
[INFO] [stdout] 
[INFO] [stdout] 
[INFO] [stdout] error: cannot find macro `w` in this scope
[INFO] [stdout]    --> src/main.rs:400:13
[INFO] [stdout]     |
[INFO] [stdout] 400 |             w!("twopaw(2fa)"),
[INFO] [stdout]     |             ^
[INFO] [stdout] 
[INFO] [stdout] 
[INFO] [stdout] error: cannot find macro `w` in this scope
[INFO] [stdout]    --> src/main.rs:433:21
[INFO] [stdout]     |
[INFO] [stdout] 433 |                     w!("EDIT"),
[INFO] [stdout]     |                     ^
[INFO] [stdout] 
[INFO] [stdout] 
[INFO] [stdout] error: cannot find macro `w` in this scope
[INFO] [stdout]    --> src/main.rs:433:21
[INFO] [stdout]     |
[INFO] [stdout] 433 |                     w!("EDIT"),
[INFO] [stdout]     |                     ^
[INFO] [stdout] 
[INFO] [stdout] 
[INFO] [stdout] error: cannot find macro `w` in this scope
[INFO] [stdout]    --> src/main.rs:434:21
[INFO] [stdout]     |
[INFO] [stdout] 434 |                     w!(""),
[INFO] [stdout]     |                     ^
[INFO] [stdout] 
[INFO] [stdout] 
[INFO] [stdout] error: cannot find macro `w` in this scope
[INFO] [stdout]    --> src/main.rs:434:21
[INFO] [stdout]     |
[INFO] [stdout] 434 |                     w!(""),
[INFO] [stdout]     |                     ^
[INFO] [stdout] 
[INFO] [stdout] 
[INFO] [stdout] error: cannot find macro `w` in this scope
[INFO] [stdout]    --> src/main.rs:453:21
[INFO] [stdout]     |
[INFO] [stdout] 453 |                     w!("CREATE VAULT")
[INFO] [stdout]     |                     ^
[INFO] [stdout] 
[INFO] [stdout] 
[INFO] [stdout] error: cannot find macro `w` in this scope
[INFO] [stdout]    --> src/main.rs:453:21
[INFO] [stdout]     |
[INFO] [stdout] 453 |                     w!("CREATE VAULT")
[INFO] [stdout]     |                     ^
[INFO] [stdout] 
[INFO] [stdout] 
[INFO] [stdout] error: cannot find macro `w` in this scope
[INFO] [stdout]    --> src/main.rs:455:21
[INFO] [stdout]     |
[INFO] [stdout] 455 |                     w!("UNLOCK")
[INFO] [stdout]     |                     ^
[INFO] [stdout] 
[INFO] [stdout] 
[INFO] [stdout] error: cannot find macro `w` in this scope
[INFO] [stdout]    --> src/main.rs:460:21
[INFO] [stdout]     |
[INFO] [stdout] 460 |                     w!("BUTTON"),
[INFO] [stdout]     |                     ^
[INFO] [stdout] 
[INFO] [stdout] 
[INFO] [stdout] error: cannot find macro `w` in this scope
[INFO] [stdout]    --> src/main.rs:455:21
[INFO] [stdout]     |
[INFO] [stdout] 455 |                     w!("UNLOCK")
[INFO] [stdout]     |                     ^
[INFO] [stdout] 
[INFO] [stdout] 
[INFO] [stdout] error: cannot find macro `w` in this scope
[INFO] [stdout]    --> src/main.rs:476:21
[INFO] [stdout]     |
[INFO] [stdout] 476 |                     w!("BUTTON"),
[INFO] [stdout]     |                     ^
[INFO] [stdout] 
[INFO] [stdout] 
[INFO] [stdout] error: cannot find macro `w` in this scope
[INFO] [stdout]    --> src/main.rs:460:21
[INFO] [stdout]     |
[INFO] [stdout] 460 |                     w!("BUTTON"),
[INFO] [stdout]     |                     ^
[INFO] [stdout] 
[INFO] [stdout] 
[INFO] [stdout] error: cannot find macro `w` in this scope
[INFO] [stdout]    --> src/main.rs:477:21
[INFO] [stdout]     |
[INFO] [stdout] 477 |                     w!("+ ADD"),
[INFO] [stdout]     |                     ^
[INFO] [stdout] 
[INFO] [stdout] 
[INFO] [stdout] error: cannot find macro `w` in this scope
[INFO] [stdout]    --> src/main.rs:476:21
[INFO] [stdout]     |
[INFO] [stdout] 476 |                     w!("BUTTON"),
[INFO] [stdout]     |                     ^
[INFO] [stdout] 
[INFO] [stdout] 
[INFO] [stdout] error: cannot find macro `w` in this scope
[INFO] [stdout]    --> src/main.rs:492:21
[INFO] [stdout]     |
[INFO] [stdout] 492 |                     w!("BUTTON"),
[INFO] [stdout]     |                     ^
[INFO] [stdout] 
[INFO] [stdout] 
[INFO] [stdout] error: cannot find macro `w` in this scope
[INFO] [stdout]    --> src/main.rs:477:21
[INFO] [stdout]     |
[INFO] [stdout] 477 |                     w!("+ ADD"),
[INFO] [stdout]     |                     ^
[INFO] [stdout] 
[INFO] [stdout] 
[INFO] [stdout] error: cannot find macro `w` in this scope
[INFO] [stdout]    --> src/main.rs:493:21
[INFO] [stdout]     |
[INFO] [stdout] 493 |                     w!("☁️ SYNC"),
[INFO] [stdout]     |                     ^
[INFO] [stdout] 
[INFO] [stdout] 
[INFO] [stdout] error: cannot find macro `w` in this scope
[INFO] [stdout]    --> src/main.rs:492:21
[INFO] [stdout]     |
[INFO] [stdout] 492 |                     w!("BUTTON"),
[INFO] [stdout]     |                     ^
[INFO] [stdout] 
[INFO] [stdout] 
[INFO] [stdout] error: cannot find macro `w` in this scope
[INFO] [stdout]    --> src/main.rs:508:21
[INFO] [stdout]     |
[INFO] [stdout] 508 |                     w!("BUTTON"),
[INFO] [stdout]     |                     ^
[INFO] [stdout] 
[INFO] [stdout] 
[INFO] [stdout] error: cannot find macro `w` in this scope
[INFO] [stdout]    --> src/main.rs:493:21
[INFO] [stdout]     |
[INFO] [stdout] 493 |                     w!("☁️ SYNC"),
[INFO] [stdout]     |                     ^
[INFO] [stdout] 
[INFO] [stdout] 
[INFO] [stdout] error: cannot find macro `w` in this scope
[INFO] [stdout]    --> src/main.rs:509:21
[INFO] [stdout]     |
[INFO] [stdout] 509 |                     w!("LOCK"),
[INFO] [stdout]     |                     ^
[INFO] [stdout] 
[INFO] [stdout] 
[INFO] [stdout] error: cannot find macro `w` in this scope
[INFO] [stdout]    --> src/main.rs:508:21
[INFO] [stdout]     |
[INFO] [stdout] 508 |                     w!("BUTTON"),
[INFO] [stdout]     |                     ^
[INFO] [stdout] 
[INFO] [stdout] 
[INFO] [stdout] error: cannot find macro `w` in this scope
[INFO] [stdout]    --> src/main.rs:509:21
[INFO] [stdout]     |
[INFO] [stdout] 509 |                     w!("LOCK"),
[INFO] [stdout]     |                     ^
[INFO] [stdout] 
[INFO] [stdout] 
[INFO] [stdout] error: cannot find macro `w` in this scope
[INFO] [stdout]    --> src/main.rs:555:78
[INFO] [stdout]     |
[INFO] [stdout] 555 |                     let _ = AppendMenuW(h_menu, MF_STRING, IDM_TRAY_RESTORE, w!("Buka 2FA Vault"));
[INFO] [stdout]     |                                                                              ^
[INFO] [stdout] 
[INFO] [stdout] 
[INFO] [stdout] error: cannot find macro `w` in this scope
[INFO] [stdout]    --> src/main.rs:556:75
[INFO] [stdout]     |
[INFO] [stdout] 556 |                     let _ = AppendMenuW(h_menu, MF_STRING, IDM_TRAY_EXIT, w!("Keluar"));
[INFO] [stdout]     |                                                                           ^
[INFO] [stdout] 
[INFO] [stdout] 
[INFO] [stdout] error: cannot find macro `w` in this scope
[INFO] [stdout]    --> src/main.rs:555:78
[INFO] [stdout]     |
[INFO] [stdout] 555 |                     let _ = AppendMenuW(h_menu, MF_STRING, IDM_TRAY_RESTORE, w!("Buka 2FA Vault"));
[INFO] [stdout]     |                                                                              ^
[INFO] [stdout] 
[INFO] [stdout] 
[INFO] [stdout] error: cannot find macro `w` in this scope
[INFO] [stdout]    --> src/main.rs:656:29
[INFO] [stdout]     |
[INFO] [stdout] 656 | ...                   w!("TOTP_AddModal_Class"),
[INFO] [stdout]     |                       ^
[INFO] [stdout] 
[INFO] [stdout] 
[INFO] [stdout] error: cannot find macro `w` in this scope
[INFO] [stdout]    --> src/main.rs:657:29
[INFO] [stdout]     |
[INFO] [stdout] 657 | ...                   w!("Add New 2FA Account"),
[INFO] [stdout]     |                       ^
[INFO] [stdout] 
[INFO] [stdout] 
[INFO] [stdout] error: cannot find macro `w` in this scope
[INFO] [stdout]    --> src/main.rs:556:75
[INFO] [stdout]     |
[INFO] [stdout] 556 |                     let _ = AppendMenuW(h_menu, MF_STRING, IDM_TRAY_EXIT, w!("Keluar"));
[INFO] [stdout]     |                                                                           ^
[INFO] [stdout] 
[INFO] [stdout] 
[INFO] [stdout] error: cannot find macro `w` in this scope
[INFO] [stdout]    --> src/main.rs:656:29
[INFO] [stdout]     |
[INFO] [stdout] 656 | ...                   w!("TOTP_AddModal_Class"),
[INFO] [stdout]     |                       ^
[INFO] [stdout] 
[INFO] [stdout] 
[INFO] [stdout] error: cannot find macro `w` in this scope
[INFO] [stdout]    --> src/main.rs:673:29
[INFO] [stdout]     |
[INFO] [stdout] 673 | ...                   w!("TOTP_SyncModal_Class"),
[INFO] [stdout]     |                       ^
[INFO] [stdout] 
[INFO] [stdout] 
[INFO] [stdout] error: cannot find macro `w` in this scope
[INFO] [stdout]    --> src/main.rs:657:29
[INFO] [stdout]     |
[INFO] [stdout] 657 | ...                   w!("Add New 2FA Account"),
[INFO] [stdout]     |                       ^
[INFO] [stdout] 
[INFO] [stdout] 
[INFO] [stdout] error: cannot find macro `w` in this scope
[INFO] [stdout]    --> src/main.rs:674:29
[INFO] [stdout]     |
[INFO] [stdout] 674 | ...                   w!("Cloudflare Sync Login"),
[INFO] [stdout]     |                       ^
[INFO] [stdout] 
[INFO] [stdout] 
[INFO] [stdout] error: cannot find macro `w` in this scope
[INFO] [stdout]    --> src/main.rs:673:29
[INFO] [stdout]     |
[INFO] [stdout] 673 | ...                   w!("TOTP_SyncModal_Class"),
[INFO] [stdout]     |                       ^
[INFO] [stdout] 
[INFO] [stdout] 
[INFO] [stdout] error: cannot find macro `w` in this scope
[INFO] [stdout]    --> src/main.rs:695:61
[INFO] [stdout]     |
[INFO] [stdout] 695 | ...                   let _ = SetWindowTextW(h.0, w!(""));
[INFO] [stdout]     |                                                   ^
[INFO] [stdout] 
[INFO] [stdout] 
[INFO] [stdout] error: cannot find macro `w` in this scope
[INFO] [stdout]    --> src/main.rs:674:29
[INFO] [stdout]     |
[INFO] [stdout] 674 | ...                   w!("Cloudflare Sync Login"),
[INFO] [stdout]     |                       ^
[INFO] [stdout] 
[INFO] [stdout] 
[INFO] [stdout] error: cannot find macro `w` in this scope
[INFO] [stdout]    --> src/main.rs:701:61
[INFO] [stdout]     |
[INFO] [stdout] 701 | ...                   let _ = SetWindowTextW(h.0, w!("UNLOCK"));
[INFO] [stdout]     |                                                   ^
[INFO] [stdout] 
[INFO] [stdout] 
[INFO] [stdout] error: cannot find macro `w` in this scope
[INFO] [stdout]    --> src/main.rs:695:61
[INFO] [stdout]     |
[INFO] [stdout] 695 | ...                   let _ = SetWindowTextW(h.0, w!(""));
[INFO] [stdout]     |                                                   ^
[INFO] [stdout] 
[INFO] [stdout] 
[INFO] [stdout] error: cannot find macro `w` in this scope
[INFO] [stdout]    --> src/main.rs:809:78
[INFO] [stdout]     |
[INFO] [stdout] 809 |                         let _ = AppendMenuW(h_menu, MF_STRING, IDM_ACC_COPY, w!("📋 Copy Code"));
[INFO] [stdout]     |                                                                              ^
[INFO] [stdout] 
[INFO] [stdout] 
[INFO] [stdout] error: cannot find macro `w` in this scope
[INFO] [stdout]    --> src/main.rs:701:61
[INFO] [stdout]     |
[INFO] [stdout] 701 | ...                   let _ = SetWindowTextW(h.0, w!("UNLOCK"));
[INFO] [stdout]     |                                                   ^
[INFO] [stdout] 
[INFO] [stdout] 
[INFO] [stdout] error: cannot find macro `w` in this scope
[INFO] [stdout]    --> src/main.rs:814:29
[INFO] [stdout]     |
[INFO] [stdout] 814 | ...                   w!("🗑️ Hapus Item 2FA Ini"),
[INFO] [stdout]     |                       ^
[INFO] [stdout] 
[INFO] [stdout] 
[INFO] [stdout] error: cannot find macro `w` in this scope
[INFO] [stdout]    --> src/main.rs:809:78
[INFO] [stdout]     |
[INFO] [stdout] 809 |                         let _ = AppendMenuW(h_menu, MF_STRING, IDM_ACC_COPY, w!("📋 Copy Code"));
[INFO] [stdout]     |                                                                              ^
[INFO] [stdout] 
[INFO] [stdout] 
[INFO] [stdout] error: cannot find macro `w` in this scope
[INFO] [stdout]    --> src/main.rs:845:33
[INFO] [stdout]     |
[INFO] [stdout] 845 | ...                   w!("Apakah Anda yakin ingin menghapus kode 2FA ini dari vault?"),
[INFO] [stdout]     |                       ^
[INFO] [stdout] 
[INFO] [stdout] 
[INFO] [stdout] error: cannot find macro `w` in this scope
[INFO] [stdout]    --> src/main.rs:814:29
[INFO] [stdout]     |
[INFO] [stdout] 814 | ...                   w!("🗑️ Hapus Item 2FA Ini"),
[INFO] [stdout]     |                       ^
[INFO] [stdout] 
[INFO] [stdout] 
[INFO] [stdout] error: cannot find macro `w` in this scope
[INFO] [stdout]    --> src/main.rs:845:33
[INFO] [stdout]     |
[INFO] [stdout] 845 | ...                   w!("Apakah Anda yakin ingin menghapus kode 2FA ini dari vault?"),
[INFO] [stdout]     |                       ^
[INFO] [stdout] 
[INFO] [stdout] 
[INFO] [stdout] error: cannot find macro `w` in this scope
[INFO] [stdout]    --> src/main.rs:846:33
[INFO] [stdout]     |
[INFO] [stdout] 846 | ...                   w!("Konfirmasi Hapus 2FA"),
[INFO] [stdout]     |                       ^
[INFO] [stdout] 
[INFO] [stdout] 
[INFO] [stdout] error: cannot find macro `w` in this scope
[INFO] [stdout]    --> src/main.rs:846:33
[INFO] [stdout]     |
[INFO] [stdout] 846 | ...                   w!("Konfirmasi Hapus 2FA"),
[INFO] [stdout]     |                       ^
[INFO] [stdout] 
[INFO] [stdout] 
[INFO] [stdout] error: cannot find macro `w` in this scope
[INFO] [stdout]    --> src/main.rs:987:21
[INFO] [stdout]     |
[INFO] [stdout] 987 |                     w!("EDIT"),
[INFO] [stdout]     |                     ^
[INFO] [stdout] 
[INFO] [stdout] 
[INFO] [stdout] error: cannot find macro `w` in this scope
[INFO] [stdout]    --> src/main.rs:987:21
[INFO] [stdout]     |
[INFO] [stdout] 987 |                     w!("EDIT"),
[INFO] [stdout]     |                     ^
[INFO] [stdout] 
[INFO] [stdout] 
[INFO] [stdout] error: cannot find macro `w` in this scope
[INFO] [stdout]    --> src/main.rs:988:21
[INFO] [stdout]     |
[INFO] [stdout] 988 |                     w!(""),
[INFO] [stdout]     |                     ^
[INFO] [stdout] 
[INFO] [stdout] 
[INFO] [stdout] error: cannot find macro `w` in this scope
[INFO] [stdout]    --> src/main.rs:988:21
[INFO] [stdout]     |
[INFO] [stdout] 988 |                     w!(""),
[INFO] [stdout]     |                     ^
[INFO] [stdout] 
[INFO] [stdout] 
[INFO] [stdout] error: cannot find macro `w` in this scope
[INFO] [stdout]     --> src/main.rs:1002:21
[INFO] [stdout]      |
[INFO] [stdout] 1002 |                     w!("EDIT"),
[INFO] [stdout]      |                     ^
[INFO] [stdout] 
[INFO] [stdout] 
[INFO] [stdout] error: cannot find macro `w` in this scope
[INFO] [stdout]     --> src/main.rs:1002:21
[INFO] [stdout]      |
[INFO] [stdout] 1002 |                     w!("EDIT"),
[INFO] [stdout]      |                     ^
[INFO] [stdout] 
[INFO] [stdout] 
[INFO] [stdout] error: cannot find macro `w` in this scope
[INFO] [stdout]     --> src/main.rs:1003:21
[INFO] [stdout]      |
[INFO] [stdout] 1003 |                     w!(""),
[INFO] [stdout]      |                     ^
[INFO] [stdout] 
[INFO] [stdout] 
[INFO] [stdout] error: cannot find macro `w` in this scope
[INFO] [stdout]     --> src/main.rs:1003:21
[INFO] [stdout]      |
[INFO] [stdout] 1003 |                     w!(""),
[INFO] [stdout]      |                     ^
[INFO] [stdout] 
[INFO] [stdout] 
[INFO] [stdout] error: cannot find macro `w` in this scope
[INFO] [stdout]     --> src/main.rs:1017:21
[INFO] [stdout]      |
[INFO] [stdout] 1017 |                     w!("EDIT"),
[INFO] [stdout]      |                     ^
[INFO] [stdout] 
[INFO] [stdout] 
[INFO] [stdout] error: cannot find macro `w` in this scope
[INFO] [stdout]     --> src/main.rs:1017:21
[INFO] [stdout]      |
[INFO] [stdout] 1017 |                     w!("EDIT"),
[INFO] [stdout]      |                     ^
[INFO] [stdout] 
[INFO] [stdout] 
[INFO] [stdout] error: cannot find macro `w` in this scope
[INFO] [stdout]     --> src/main.rs:1018:21
[INFO] [stdout]      |
[INFO] [stdout] 1018 |                     w!(""),
[INFO] [stdout]      |                     ^
[INFO] [stdout] 
[INFO] [stdout] 
[INFO] [stdout] error: cannot find macro `w` in this scope
[INFO] [stdout]     --> src/main.rs:1018:21
[INFO] [stdout]      |
[INFO] [stdout] 1018 |                     w!(""),
[INFO] [stdout]      |                     ^
[INFO] [stdout] 
[INFO] [stdout] 
[INFO] [stdout] error: cannot find macro `w` in this scope
[INFO] [stdout]     --> src/main.rs:1033:21
[INFO] [stdout]      |
[INFO] [stdout] 1033 |                     w!("BUTTON"),
[INFO] [stdout]      |                     ^
[INFO] [stdout] 
[INFO] [stdout] 
[INFO] [stdout] error: cannot find macro `w` in this scope
[INFO] [stdout]     --> src/main.rs:1033:21
[INFO] [stdout]      |
[INFO] [stdout] 1033 |                     w!("BUTTON"),
[INFO] [stdout]      |                     ^
[INFO] [stdout] 
[INFO] [stdout] 
[INFO] [stdout] error: cannot find macro `w` in this scope
[INFO] [stdout]     --> src/main.rs:1034:21
[INFO] [stdout]      |
[INFO] [stdout] 1034 |                     w!("SAVE ACCOUNT"),
[INFO] [stdout]      |                     ^
[INFO] [stdout] 
[INFO] [stdout] 
[INFO] [stdout] error: cannot find macro `w` in this scope
[INFO] [stdout]     --> src/main.rs:1034:21
[INFO] [stdout]      |
[INFO] [stdout] 1034 |                     w!("SAVE ACCOUNT"),
[INFO] [stdout]      |                     ^
[INFO] [stdout] 
[INFO] [stdout] 
[INFO] [stdout] error: cannot find macro `w` in this scope
[INFO] [stdout]     --> src/main.rs:1156:21
[INFO] [stdout]      |
[INFO] [stdout] 1156 |                     w!("EDIT"),
[INFO] [stdout]      |                     ^
[INFO] [stdout] 
[INFO] [stdout] 
[INFO] [stdout] error: cannot find macro `w` in this scope
[INFO] [stdout]     --> src/main.rs:1157:21
[INFO] [stdout]      |
[INFO] [stdout] 1157 |                     w!(""),
[INFO] [stdout]      |                     ^
[INFO] [stdout] 
[INFO] [stdout] 
[INFO] [stdout] error: cannot find macro `w` in this scope
[INFO] [stdout]     --> src/main.rs:1156:21
[INFO] [stdout]      |
[INFO] [stdout] 1156 |                     w!("EDIT"),
[INFO] [stdout]      |                     ^
[INFO] [stdout] 
[INFO] [stdout] 
[INFO] [stdout] error: cannot find macro `w` in this scope
[INFO] [stdout]     --> src/main.rs:1171:21
[INFO] [stdout]      |
[INFO] [stdout] 1171 |                     w!("EDIT"),
[INFO] [stdout]      |                     ^
[INFO] [stdout] 
[INFO] [stdout] 
[INFO] [stdout] error: cannot find macro `w` in this scope
[INFO] [stdout]     --> src/main.rs:1157:21
[INFO] [stdout]      |
[INFO] [stdout] 1157 |                     w!(""),
[INFO] [stdout]      |                     ^
[INFO] [stdout] 
[INFO] [stdout] 
[INFO] [stdout] error: cannot find macro `w` in this scope
[INFO] [stdout]     --> src/main.rs:1172:21
[INFO] [stdout]      |
[INFO] [stdout] 1172 |                     w!(""),
[INFO] [stdout]      |                     ^
[INFO] [stdout] 
[INFO] [stdout] 
[INFO] [stdout] error: cannot find macro `w` in this scope
[INFO] [stdout]     --> src/main.rs:1171:21
[INFO] [stdout]      |
[INFO] [stdout] 1171 |                     w!("EDIT"),
[INFO] [stdout]      |                     ^
[INFO] [stdout] 
[INFO] [stdout] 
[INFO] [stdout] error: cannot find macro `w` in this scope
[INFO] [stdout]     --> src/main.rs:1191:21
[INFO] [stdout]      |
[INFO] [stdout] 1191 |                     w!("BUTTON"),
[INFO] [stdout]      |                     ^
[INFO] [stdout] 
[INFO] [stdout] 
[INFO] [stdout] error: cannot find macro `w` in this scope
[INFO] [stdout]     --> src/main.rs:1172:21
[INFO] [stdout]      |
[INFO] [stdout] 1172 |                     w!(""),
[INFO] [stdout]      |                     ^
[INFO] [stdout] 
[INFO] [stdout] 
[INFO] [stdout] error: cannot find macro `w` in this scope
[INFO] [stdout]     --> src/main.rs:1192:21
[INFO] [stdout]      |
[INFO] [stdout] 1192 |                     w!("LOGIN & SYNC"),
[INFO] [stdout]      |                     ^
[INFO] [stdout] 
[INFO] [stdout] 
[INFO] [stdout] error: cannot find macro `w` in this scope
[INFO] [stdout]     --> src/main.rs:1191:21
[INFO] [stdout]      |
[INFO] [stdout] 1191 |                     w!("BUTTON"),
[INFO] [stdout]      |                     ^
[INFO] [stdout] 
[INFO] [stdout] 
[INFO] [stdout] error: cannot find macro `w` in this scope
[INFO] [stdout]     --> src/main.rs:1242:37
[INFO] [stdout]      |
[INFO] [stdout] 1242 | ...                   w!("Vault berhasil di-sync!!"),
[INFO] [stdout]      |                       ^
[INFO] [stdout] 
[INFO] [stdout] 
[INFO] [stdout] error: cannot find macro `w` in this scope
[INFO] [stdout]     --> src/main.rs:1192:21
[INFO] [stdout]      |
[INFO] [stdout] 1192 |                     w!("LOGIN & SYNC"),
[INFO] [stdout]      |                     ^
[INFO] [stdout] 
[INFO] [stdout] 
[INFO] [stdout] error: cannot find macro `w` in this scope
[INFO] [stdout]     --> src/main.rs:1243:37
[INFO] [stdout]      |
[INFO] [stdout] 1243 | ...                   w!("Cloud Sync Success"),
[INFO] [stdout]      |                       ^
[INFO] [stdout] 
[INFO] [stdout] 
[INFO] [stdout] error: cannot find macro `w` in this scope
[INFO] [stdout]     --> src/main.rs:1254:37
[INFO] [stdout]      |
[INFO] [stdout] 1254 | ...                   w!("Cloud Sync Failed"),
[INFO] [stdout]      |                       ^
[INFO] [stdout] 
[INFO] [stdout] 
[INFO] [stdout] error: cannot find macro `w` in this scope
[INFO] [stdout]     --> src/main.rs:1242:37
[INFO] [stdout]      |
[INFO] [stdout] 1242 | ...                   w!("Vault berhasil di-sync!!"),
[INFO] [stdout]      |                       ^
[INFO] [stdout] 
[INFO] [stdout] 
[INFO] [stdout] error: cannot find macro `w` in this scope
[INFO] [stdout]     --> src/main.rs:1243:37
[INFO] [stdout]      |
[INFO] [stdout] 1243 | ...                   w!("Cloud Sync Success"),
[INFO] [stdout]      |                       ^
[INFO] [stdout] 
[INFO] [stdout] 
[INFO] [stdout] error: cannot find macro `w` in this scope
[INFO] [stdout]     --> src/main.rs:1254:37
[INFO] [stdout]      |
[INFO] [stdout] 1254 | ...                   w!("Cloud Sync Failed"),
[INFO] [stdout]      |                       ^
[INFO] [stdout] 
[INFO] [stdout] 
[INFO] [stdout] error[E0107]: enum takes 2 generic arguments but 1 generic argument was supplied
[INFO] [stdout]    --> src/main.rs:352:14
[INFO] [stdout]     |
[INFO] [stdout] 352 | fn main() -> Result<()> {
[INFO] [stdout]     |              ^^^^^^ -- supplied 1 generic argument
[INFO] [stdout]     |              |
[INFO] [stdout]     |              expected 2 generic arguments
[INFO] [stdout]     |
[INFO] [stdout] help: add missing generic argument
[INFO] [stdout]     |
[INFO] [stdout] 352 | fn main() -> Result<(), E> {
[INFO] [stdout]     |                       +++
[INFO] [stdout] 
[INFO] [stdout] 
[INFO] [stdout] error[E0107]: enum takes 2 generic arguments but 1 generic argument was supplied
[INFO] [stdout]    --> src/main.rs:352:14
[INFO] [stdout]     |
[INFO] [stdout] 352 | fn main() -> Result<()> {
[INFO] [stdout]     |              ^^^^^^ -- supplied 1 generic argument
[INFO] [stdout]     |              |
[INFO] [stdout]     |              expected 2 generic arguments
[INFO] [stdout]     |
[INFO] [stdout] help: add missing generic argument
[INFO] [stdout]     |
[INFO] [stdout] 352 | fn main() -> Result<(), E> {
[INFO] [stdout]     |                       +++
[INFO] [stdout] 
[INFO] [stdout] 
[INFO] [stdout] Some errors have detailed explanations: E0107, E0432, E0433.
[INFO] [stdout] 
[INFO] [stdout] For more information about an error, try `rustc --explain E0107`.
[INFO] [stdout] 
[INFO] [stdout] Some errors have detailed explanations: E0107, E0432, E0433.
[INFO] [stdout] 
[INFO] [stdout] For more information about an error, try `rustc --explain E0107`.
[INFO] [stdout] 
[INFO] [stderr] error: could not compile `twopaw` (bin "twopaw") due to 62 previous errors
[INFO] [stderr] warning: build failed, waiting for other jobs to finish...
[INFO] [stderr] error: could not compile `twopaw` (bin "twopaw" test) due to 62 previous errors
[INFO] running `Command { std: "docker" "inspect" "bda8e07ea117f5fb4c240cc86de0bb26369fb16272c1487348d9564184c67832", kill_on_drop: false }`
[INFO] running `Command { std: "docker" "rm" "-f" "bda8e07ea117f5fb4c240cc86de0bb26369fb16272c1487348d9564184c67832", kill_on_drop: false }`
[INFO] [stdout] bda8e07ea117f5fb4c240cc86de0bb26369fb16272c1487348d9564184c67832
