[INFO] cloning repository https://github.com/py7hon/minilyricsv2
[INFO] running `Command { std: "git" "-c" "credential.helper=" "-c" "credential.helper=/workspace/cargo-home/bin/git-credential-null" "clone" "--bare" "https://github.com/py7hon/minilyricsv2" "/workspace/cache/git-repos/https%3A%2F%2Fgithub.com%2Fpy7hon%2Fminilyricsv2", kill_on_drop: false }`
[INFO] [stderr] Cloning into bare repository '/workspace/cache/git-repos/https%3A%2F%2Fgithub.com%2Fpy7hon%2Fminilyricsv2'...
[INFO] running `Command { std: "git" "rev-parse" "HEAD", kill_on_drop: false }`
[INFO] [stdout] bf24b0e25ac7eb0eadf1465a654ecfd64c1bf087
[INFO] checking py7hon/minilyricsv2 against 3154cc1a3e6424e44f438a95007d043ed5ceaaf6 for pr-133502-30
[INFO] running `Command { std: "git" "clone" "/workspace/cache/git-repos/https%3A%2F%2Fgithub.com%2Fpy7hon%2Fminilyricsv2" "/workspace/builds/worker-4-tc2/source", kill_on_drop: false }`
[INFO] [stderr] Cloning into '/workspace/builds/worker-4-tc2/source'...
[INFO] [stderr] done.
[INFO] started tweaking git repo https://github.com/py7hon/minilyricsv2
[INFO] finished tweaking git repo https://github.com/py7hon/minilyricsv2
[INFO] tweaked toml for git repo https://github.com/py7hon/minilyricsv2 written to /workspace/builds/worker-4-tc2/source/Cargo.toml
[INFO] validating manifest of git repo https://github.com/py7hon/minilyricsv2 on toolchain 3154cc1a3e6424e44f438a95007d043ed5ceaaf6
[INFO] running `Command { std: CARGO_HOME="/workspace/cargo-home" RUSTUP_HOME="/workspace/rustup-home" "/workspace/cargo-home/bin/cargo" "+3154cc1a3e6424e44f438a95007d043ed5ceaaf6" "metadata" "--manifest-path" "Cargo.toml" "--no-deps", kill_on_drop: false }`
[INFO] crate git repo https://github.com/py7hon/minilyricsv2 already has a lockfile, it will not be regenerated
[INFO] running `Command { std: CARGO_HOME="/workspace/cargo-home" RUSTUP_HOME="/workspace/rustup-home" "/workspace/cargo-home/bin/cargo" "+3154cc1a3e6424e44f438a95007d043ed5ceaaf6" "fetch" "--manifest-path" "Cargo.toml", kill_on_drop: false }`
[INFO] running `Command { std: "docker" "create" "-v" "/var/lib/crater-agent-workspace/builds/worker-4-tc2/source:/opt/rustwide/workdir:ro,Z" "-v" "/var/lib/crater-agent-workspace/builds/worker-4-tc2/target:/opt/rustwide/target:rw,Z" "-v" "/var/lib/crater-agent-workspace/cargo-home:/opt/rustwide/cargo-home:ro,Z" "-v" "/var/lib/crater-agent-workspace/rustup-home:/opt/rustwide/rustup-home:ro,Z" "-m" "1610612736" "--network" "none" "ghcr.io/rust-lang/crates-build-env/linux@sha256:77db811e55d90add9212f6832c23229e3de5f1c1f9905e8cb07319ea15df73ac" "sleep" "infinity", kill_on_drop: false }`
[INFO] [stdout] e03a969864bd1a5238f1898903143bb57107ec176ed5aebcc76a8eb33910ea66
[INFO] running `Command { std: "docker" "start" "e03a969864bd1a5238f1898903143bb57107ec176ed5aebcc76a8eb33910ea66", kill_on_drop: false }`
[INFO] running `Command { std: "docker" "inspect" "e03a969864bd1a5238f1898903143bb57107ec176ed5aebcc76a8eb33910ea66", kill_on_drop: false }`
[INFO] running `Command { std: "docker" "exec" "-e" "SOURCE_DIR=/opt/rustwide/workdir" "-e" "CARGO_HOME=/opt/rustwide/cargo-home" "-e" "RUSTUP_HOME=/opt/rustwide/rustup-home" "-e" "CARGO_TARGET_DIR=/opt/rustwide/target" "-w" "/opt/rustwide/workdir" "--user" "0:0" "e03a969864bd1a5238f1898903143bb57107ec176ed5aebcc76a8eb33910ea66" "/opt/rustwide/cargo-home/bin/cargo" "+3154cc1a3e6424e44f438a95007d043ed5ceaaf6" "metadata" "--no-deps" "--format-version=1", kill_on_drop: false }`
[INFO] running `Command { std: "docker" "inspect" "e03a969864bd1a5238f1898903143bb57107ec176ed5aebcc76a8eb33910ea66", kill_on_drop: false }`
[INFO] running `Command { std: "docker" "exec" "-e" "SOURCE_DIR=/opt/rustwide/workdir" "-e" "CARGO_HOME=/opt/rustwide/cargo-home" "-e" "RUSTUP_HOME=/opt/rustwide/rustup-home" "-e" "CARGO_TARGET_DIR=/opt/rustwide/target" "-e" "CARGO_INCREMENTAL=0" "-e" "RUST_BACKTRACE=full" "-e" "RUSTFLAGS=--cap-lints=forbid" "-e" "RUSTDOCFLAGS=--cap-lints=forbid" "-w" "/opt/rustwide/workdir" "--user" "0:0" "e03a969864bd1a5238f1898903143bb57107ec176ed5aebcc76a8eb33910ea66" "/opt/rustwide/cargo-home/bin/cargo" "+3154cc1a3e6424e44f438a95007d043ed5ceaaf6" "check" "--frozen" "--all" "--all-targets" "--message-format=json", kill_on_drop: false }`
[INFO] [stderr]    Compiling synstructure v0.13.2
[INFO] [stderr]     Checking smallvec v1.15.2
[INFO] [stderr]    Compiling zerovec-derive v0.11.3
[INFO] [stderr]    Compiling displaydoc v0.2.7
[INFO] [stderr]    Compiling cc v1.4.0
[INFO] [stderr]     Checking futures-core v0.3.33
[INFO] [stderr]     Checking futures-sink v0.3.33
[INFO] [stderr]    Compiling futures-macro v0.3.33
[INFO] [stderr]     Checking futures-io v0.3.33
[INFO] [stderr]     Checking futures-channel v0.3.33
[INFO] [stderr]    Compiling openssl-macros v0.1.1
[INFO] [stderr]    Compiling phf_shared v0.11.3
[INFO] [stderr]     Checking parking_lot_core v0.9.12
[INFO] [stderr]    Compiling rand v0.8.8
[INFO] [stderr]     Checking parking_lot v0.12.5
[INFO] [stderr]     Checking tracing v0.1.44
[INFO] [stderr]     Checking http-body v0.4.6
[INFO] [stderr]     Checking tokio v1.53.1
[INFO] [stderr]     Checking socket2 v0.5.10
[INFO] [stderr]    Compiling zerofrom-derive v0.1.7
[INFO] [stderr]    Compiling yoke-derive v0.8.2
[INFO] [stderr]     Checking serde_spanned v0.6.9
[INFO] [stderr]     Checking futures-util v0.3.33
[INFO] [stderr]     Checking toml_datetime v0.6.3
[INFO] [stderr]    Compiling phf_generator v0.11.3
[INFO] [stderr]    Compiling windows-interface v0.58.0
[INFO] [stderr]    Compiling phf_macros v0.11.3
[INFO] [stderr]    Compiling windows-implement v0.58.0
[INFO] [stderr]    Compiling openssl-sys v0.9.117
[INFO] [stderr]     Checking base64 v0.21.7
[INFO] [stderr]    Compiling pinyin v0.11.0
[INFO] [stderr]     Checking winnow v0.5.40
[INFO] [stderr]     Checking serde_urlencoded v0.7.1
[INFO] [stderr]     Checking zerofrom v0.1.8
[INFO] [stderr]     Checking windows-core v0.58.0
[INFO] [stderr]    Compiling openssl v0.10.81
[INFO] [stderr]     Checking yoke v0.8.3
[INFO] [stderr]    Compiling native-tls v0.2.18
[INFO] [stderr]     Checking rustls-pemfile v1.0.4
[INFO] [stderr]     Checking phf v0.11.3
[INFO] [stderr]     Checking windows v0.58.0
[INFO] [stderr]     Checking zerovec v0.11.6
[INFO] [stderr]     Checking zerotrie v0.2.4
[INFO] [stderr]     Checking kakasi v0.1.0
[INFO] [stderr]     Checking tinystr v0.8.3
[INFO] [stderr]     Checking potential_utf v0.1.5
[INFO] [stderr]     Checking icu_collections v2.2.0
[INFO] [stderr]     Checking icu_locale_core v2.2.0
[INFO] [stderr]     Checking icu_provider v2.2.0
[INFO] [stderr]     Checking toml_edit v0.20.2
[INFO] [stderr]     Checking icu_normalizer v2.2.0
[INFO] [stderr]     Checking icu_properties v2.2.0
[INFO] [stderr]     Checking futures-executor v0.3.33
[INFO] [stderr]     Checking futures v0.3.33
[INFO] [stderr]     Checking idna_adapter v1.2.2
[INFO] [stderr]     Checking idna v1.1.0
[INFO] [stderr]     Checking toml v0.8.2
[INFO] [stderr]     Checking url v2.5.8
[INFO] [stderr]     Checking tokio-util v0.7.19
[INFO] [stderr]     Checking tokio-native-tls v0.3.1
[INFO] [stderr]     Checking h2 v0.3.27
[INFO] [stderr]     Checking hyper v0.14.32
[INFO] [stderr]     Checking hyper-tls v0.5.0
[INFO] [stderr]     Checking reqwest v0.11.27
[INFO] [stderr]     Checking minilyricv2 v0.1.15 (/opt/rustwide/workdir)
[INFO] [stdout] error[E0433]: cannot find `Win32` in `windows`
[INFO] [stdout]  --> src/config.rs:3:14
[INFO] [stdout]   |
[INFO] [stdout] 3 | use windows::Win32::Foundation::COLORREF;
[INFO] [stdout]   |              ^^^^^ could not find `Win32` in `windows`
[INFO] [stdout] 
[INFO] [stdout] 
[INFO] [stdout] error[E0433]: cannot find `Win32` in `windows`
[INFO] [stdout]  --> src/d2d_engine.rs:4:14
[INFO] [stdout]   |
[INFO] [stdout] 4 | use windows::Win32::Foundation::RECT;
[INFO] [stdout]   |              ^^^^^ could not find `Win32` in `windows`
[INFO] [stdout] 
[INFO] [stdout] 
[INFO] [stdout] error[E0433]: cannot find `Win32` in `windows`
[INFO] [stdout]  --> src/d2d_engine.rs:5:14
[INFO] [stdout]   |
[INFO] [stdout] 5 | use windows::Win32::Graphics::Direct2D::Common::{
[INFO] [stdout]   |              ^^^^^ could not find `Win32` in `windows`
[INFO] [stdout] 
[INFO] [stdout] 
[INFO] [stdout] error[E0433]: cannot find `Win32` in `windows`
[INFO] [stdout]  --> src/d2d_engine.rs:8:14
[INFO] [stdout]   |
[INFO] [stdout] 8 | use windows::Win32::Graphics::Direct2D::{
[INFO] [stdout]   |              ^^^^^ could not find `Win32` in `windows`
[INFO] [stdout] 
[INFO] [stdout] 
[INFO] [stdout] error[E0433]: cannot find `Win32` in `windows`
[INFO] [stdout]   --> src/d2d_engine.rs:13:14
[INFO] [stdout]    |
[INFO] [stdout] 13 | use windows::Win32::Graphics::DirectWrite::{
[INFO] [stdout]    |              ^^^^^ could not find `Win32` in `windows`
[INFO] [stdout] 
[INFO] [stdout] 
[INFO] [stdout] error[E0433]: cannot find `Win32` in `windows`
[INFO] [stdout]   --> src/d2d_engine.rs:18:14
[INFO] [stdout]    |
[INFO] [stdout] 18 | use windows::Win32::Graphics::Dxgi::Common::DXGI_FORMAT_B8G8R8A8_UNORM;
[INFO] [stdout]    |              ^^^^^ could not find `Win32` in `windows`
[INFO] [stdout] 
[INFO] [stdout] 
[INFO] [stdout] error[E0433]: cannot find `Win32` in `windows`
[INFO] [stdout]   --> src/d2d_engine.rs:19:14
[INFO] [stdout]    |
[INFO] [stdout] 19 | use windows::Win32::Graphics::Gdi::HDC;
[INFO] [stdout]    |              ^^^^^ could not find `Win32` in `windows`
[INFO] [stdout] 
[INFO] [stdout] 
[INFO] [stdout] error[E0433]: cannot find `Media` in `windows`
[INFO] [stdout]  --> src/gsmtc.rs:4:14
[INFO] [stdout]   |
[INFO] [stdout] 4 | use windows::Media::Control::{
[INFO] [stdout]   |              ^^^^^ could not find `Media` in `windows`
[INFO] [stdout] 
[INFO] [stdout] 
[INFO] [stdout] error[E0433]: cannot find `Foundation` in `windows`
[INFO] [stdout]  --> src/render.rs:7:14
[INFO] [stdout]   |
[INFO] [stdout] 7 | use windows::Foundation::Numerics::Matrix3x2;
[INFO] [stdout]   |              ^^^^^^^^^^ could not find `Foundation` in `windows`
[INFO] [stdout] 
[INFO] [stdout] 
[INFO] [stdout] error[E0433]: cannot find `Win32` in `windows`
[INFO] [stdout]  --> src/render.rs:8:14
[INFO] [stdout]   |
[INFO] [stdout] 8 | use windows::Win32::Foundation::RECT;
[INFO] [stdout]   |              ^^^^^ could not find `Win32` in `windows`
[INFO] [stdout] 
[INFO] [stdout] 
[INFO] [stdout] error[E0433]: cannot find `Win32` in `windows`
[INFO] [stdout]  --> src/render.rs:9:14
[INFO] [stdout]   |
[INFO] [stdout] 9 | use windows::Win32::Graphics::Direct2D::Common::{D2D1_COLOR_F, D2D_POINT_2F, D2D_RECT_F};
[INFO] [stdout]   |              ^^^^^ could not find `Win32` in `windows`
[INFO] [stdout] 
[INFO] [stdout] 
[INFO] [stdout] error[E0433]: cannot find `Win32` in `windows`
[INFO] [stdout]   --> src/render.rs:10:14
[INFO] [stdout]    |
[INFO] [stdout] 10 | use windows::Win32::Graphics::Direct2D::{
[INFO] [stdout]    |              ^^^^^ could not find `Win32` in `windows`
[INFO] [stdout] 
[INFO] [stdout] 
[INFO] [stdout] error[E0433]: cannot find `Win32` in `windows`
[INFO] [stdout]   --> src/render.rs:14:14
[INFO] [stdout]    |
[INFO] [stdout] 14 | use windows::Win32::Graphics::DirectWrite::{IDWriteTextLayout, DWRITE_TEXT_METRICS};
[INFO] [stdout]    |              ^^^^^ could not find `Win32` in `windows`
[INFO] [stdout] 
[INFO] [stdout] 
[INFO] [stdout] error[E0432]: unresolved import `windows::core`
[INFO] [stdout]  --> src/d2d_engine.rs:3:14
[INFO] [stdout]   |
[INFO] [stdout] 3 | use windows::core::{HSTRING, PCWSTR};
[INFO] [stdout]   |              ^^^^ could not find `core` in `windows`
[INFO] [stdout] 
[INFO] [stdout] 
[INFO] [stdout] error[E0433]: cannot find `Win32` in `windows`
[INFO] [stdout]  --> src/settings_window.rs:7:14
[INFO] [stdout]   |
[INFO] [stdout] 7 | use windows::Win32::Foundation::{COLORREF, HINSTANCE, HWND, LPARAM, LRESULT, WPARAM};
[INFO] [stdout]   |              ^^^^^ could not find `Win32` in `windows`
[INFO] [stdout] 
[INFO] [stdout] 
[INFO] [stdout] error[E0433]: cannot find `Win32` in `windows`
[INFO] [stdout]  --> src/settings_window.rs:9:14
[INFO] [stdout]   |
[INFO] [stdout] 9 | use windows::Win32::Graphics::Gdi::HBRUSH;
[INFO] [stdout]   |              ^^^^^ could not find `Win32` in `windows`
[INFO] [stdout] 
[INFO] [stdout] 
[INFO] [stdout] error[E0433]: cannot find `Win32` in `windows`
[INFO] [stdout]   --> src/settings_window.rs:10:14
[INFO] [stdout]    |
[INFO] [stdout] 10 | use windows::Win32::UI::Controls::Dialogs::{ChooseColorW, CC_FULLOPEN, CC_RGBINIT, CHOOSECOLORW};
[INFO] [stdout]    |              ^^^^^ could not find `Win32` in `windows`
[INFO] [stdout] 
[INFO] [stdout] 
[INFO] [stdout] error[E0433]: cannot find `Win32` in `windows`
[INFO] [stdout]   --> src/settings_window.rs:11:14
[INFO] [stdout]    |
[INFO] [stdout] 11 | use windows::Win32::UI::WindowsAndMessaging::*;
[INFO] [stdout]    |              ^^^^^ could not find `Win32` in `windows`
[INFO] [stdout] 
[INFO] [stdout] 
[INFO] [stdout] error[E0432]: unresolved import `windows::core`
[INFO] [stdout]  --> src/settings_window.rs:6:14
[INFO] [stdout]   |
[INFO] [stdout] 6 | use windows::core::{w, PCWSTR};
[INFO] [stdout]   |              ^^^^ could not find `core` in `windows`
[INFO] [stdout] 
[INFO] [stdout] 
[INFO] [stdout] error[E0433]: cannot find `Win32` in `windows`
[INFO] [stdout]  --> src/tray.rs:4:14
[INFO] [stdout]   |
[INFO] [stdout] 4 | use windows::Win32::Foundation::{HWND, POINT};
[INFO] [stdout]   |              ^^^^^ could not find `Win32` in `windows`
[INFO] [stdout] 
[INFO] [stdout] 
[INFO] [stdout] error[E0433]: cannot find `Win32` in `windows`
[INFO] [stdout]  --> src/tray.rs:5:14
[INFO] [stdout]   |
[INFO] [stdout] 5 | use windows::Win32::Graphics::Gdi::InvalidateRect;
[INFO] [stdout]   |              ^^^^^ could not find `Win32` in `windows`
[INFO] [stdout] 
[INFO] [stdout] 
[INFO] [stdout] error[E0433]: cannot find `Win32` in `windows`
[INFO] [stdout]  --> src/tray.rs:6:14
[INFO] [stdout]   |
[INFO] [stdout] 6 | use windows::Win32::UI::Shell::{
[INFO] [stdout]   |              ^^^^^ could not find `Win32` in `windows`
[INFO] [stdout] 
[INFO] [stdout] 
[INFO] [stdout] error[E0433]: cannot find `Win32` in `windows`
[INFO] [stdout]  --> src/tray.rs:9:14
[INFO] [stdout]   |
[INFO] [stdout] 9 | use windows::Win32::UI::WindowsAndMessaging::{
[INFO] [stdout]   |              ^^^^^ could not find `Win32` in `windows`
[INFO] [stdout] 
[INFO] [stdout] 
[INFO] [stdout] error[E0432]: unresolved import `windows::core`
[INFO] [stdout]  --> src/tray.rs:3:14
[INFO] [stdout]   |
[INFO] [stdout] 3 | use windows::core::PCWSTR;
[INFO] [stdout]   |              ^^^^ could not find `core` in `windows`
[INFO] [stdout] 
[INFO] [stdout] 
[INFO] [stdout] error[E0433]: cannot find `Win32` in `windows`
[INFO] [stdout]  --> src/updater.rs:9:14
[INFO] [stdout]   |
[INFO] [stdout] 9 | use windows::Win32::UI::Shell::ShellExecuteW;
[INFO] [stdout]   |              ^^^^^ could not find `Win32` in `windows`
[INFO] [stdout] 
[INFO] [stdout] 
[INFO] [stdout] error[E0433]: cannot find `Win32` in `windows`
[INFO] [stdout]   --> src/updater.rs:10:14
[INFO] [stdout]    |
[INFO] [stdout] 10 | use windows::Win32::UI::WindowsAndMessaging::{
[INFO] [stdout]    |              ^^^^^ could not find `Win32` in `windows`
[INFO] [stdout] 
[INFO] [stdout] 
[INFO] [stdout] error[E0432]: unresolved import `windows::core`
[INFO] [stdout]  --> src/updater.rs:8:14
[INFO] [stdout]   |
[INFO] [stdout] 8 | use windows::core::{w, PCWSTR};
[INFO] [stdout]   |              ^^^^ could not find `core` in `windows`
[INFO] [stdout] 
[INFO] [stdout] 
[INFO] [stdout] error[E0433]: cannot find `Win32` in `windows`
[INFO] [stdout]   --> src/window.rs:13:14
[INFO] [stdout]    |
[INFO] [stdout] 13 | use windows::Win32::Foundation::{COLORREF, HWND, LPARAM, LRESULT, POINT, RECT, SIZE, WPARAM};
[INFO] [stdout]    |              ^^^^^ could not find `Win32` in `windows`
[INFO] [stdout] 
[INFO] [stdout] 
[INFO] [stdout] error[E0433]: cannot find `Win32` in `windows`
[INFO] [stdout]   --> src/window.rs:14:14
[INFO] [stdout]    |
[INFO] [stdout] 14 | use windows::Win32::Graphics::Direct2D::ID2D1RenderTarget;
[INFO] [stdout]    |              ^^^^^ could not find `Win32` in `windows`
[INFO] [stdout] 
[INFO] [stdout] 
[INFO] [stdout] error[E0433]: cannot find `Win32` in `windows`
[INFO] [stdout]   --> src/window.rs:15:14
[INFO] [stdout]    |
[INFO] [stdout] 15 | use windows::Win32::Graphics::Gdi::{
[INFO] [stdout]    |              ^^^^^ could not find `Win32` in `windows`
[INFO] [stdout] 
[INFO] [stdout] 
[INFO] [stdout] error[E0433]: cannot find `Win32` in `windows`
[INFO] [stdout]   --> src/window.rs:20:14
[INFO] [stdout]    |
[INFO] [stdout] 20 | use windows::Win32::System::LibraryLoader::GetModuleHandleW;
[INFO] [stdout]    |              ^^^^^ could not find `Win32` in `windows`
[INFO] [stdout] 
[INFO] [stdout] 
[INFO] [stdout] error[E0433]: cannot find `Win32` in `windows`
[INFO] [stdout]   --> src/window.rs:21:14
[INFO] [stdout]    |
[INFO] [stdout] 21 | use windows::Win32::UI::WindowsAndMessaging::{
[INFO] [stdout]    |              ^^^^^ could not find `Win32` in `windows`
[INFO] [stdout] 
[INFO] [stdout] 
[INFO] [stdout] error[E0432]: unresolved import `windows::core`
[INFO] [stdout]   --> src/window.rs:12:14
[INFO] [stdout]    |
[INFO] [stdout] 12 | use windows::core::{Interface, PCWSTR};
[INFO] [stdout]    |              ^^^^ could not find `core` in `windows`
[INFO] [stdout] 
[INFO] [stdout] 
[INFO] [stdout] error[E0433]: cannot find `Win32` in `windows`
[INFO] [stdout]  --> src/config.rs:3:14
[INFO] [stdout]   |
[INFO] [stdout] 3 | use windows::Win32::Foundation::COLORREF;
[INFO] [stdout]   |              ^^^^^ could not find `Win32` in `windows`
[INFO] [stdout] 
[INFO] [stdout] 
[INFO] [stdout] error[E0433]: cannot find `Win32` in `windows`
[INFO] [stdout]  --> src/d2d_engine.rs:4:14
[INFO] [stdout]   |
[INFO] [stdout] 4 | use windows::Win32::Foundation::RECT;
[INFO] [stdout]   |              ^^^^^ could not find `Win32` in `windows`
[INFO] [stdout] 
[INFO] [stdout] 
[INFO] [stdout] error[E0433]: cannot find `Win32` in `windows`
[INFO] [stdout]  --> src/d2d_engine.rs:5:14
[INFO] [stdout]   |
[INFO] [stdout] 5 | use windows::Win32::Graphics::Direct2D::Common::{
[INFO] [stdout]   |              ^^^^^ could not find `Win32` in `windows`
[INFO] [stdout] 
[INFO] [stdout] 
[INFO] [stdout] error[E0433]: cannot find `Win32` in `windows`
[INFO] [stdout]  --> src/d2d_engine.rs:8:14
[INFO] [stdout]   |
[INFO] [stdout] 8 | use windows::Win32::Graphics::Direct2D::{
[INFO] [stdout]   |              ^^^^^ could not find `Win32` in `windows`
[INFO] [stdout] 
[INFO] [stdout] 
[INFO] [stdout] error[E0433]: cannot find `Win32` in `windows`
[INFO] [stdout]   --> src/d2d_engine.rs:13:14
[INFO] [stdout]    |
[INFO] [stdout] 13 | use windows::Win32::Graphics::DirectWrite::{
[INFO] [stdout]    |              ^^^^^ could not find `Win32` in `windows`
[INFO] [stdout] 
[INFO] [stdout] 
[INFO] [stdout] error[E0433]: cannot find `Win32` in `windows`
[INFO] [stdout]   --> src/d2d_engine.rs:18:14
[INFO] [stdout]    |
[INFO] [stdout] 18 | use windows::Win32::Graphics::Dxgi::Common::DXGI_FORMAT_B8G8R8A8_UNORM;
[INFO] [stdout]    |              ^^^^^ could not find `Win32` in `windows`
[INFO] [stdout] 
[INFO] [stdout] 
[INFO] [stdout] error[E0433]: cannot find `Win32` in `windows`
[INFO] [stdout]   --> src/d2d_engine.rs:19:14
[INFO] [stdout]    |
[INFO] [stdout] 19 | use windows::Win32::Graphics::Gdi::HDC;
[INFO] [stdout]    |              ^^^^^ could not find `Win32` in `windows`
[INFO] [stdout] 
[INFO] [stdout] 
[INFO] [stdout] error[E0433]: cannot find `Media` in `windows`
[INFO] [stdout]  --> src/gsmtc.rs:4:14
[INFO] [stdout]   |
[INFO] [stdout] 4 | use windows::Media::Control::{
[INFO] [stdout]   |              ^^^^^ could not find `Media` in `windows`
[INFO] [stdout] 
[INFO] [stdout] 
[INFO] [stdout] error[E0433]: cannot find `Foundation` in `windows`
[INFO] [stdout]  --> src/render.rs:7:14
[INFO] [stdout]   |
[INFO] [stdout] 7 | use windows::Foundation::Numerics::Matrix3x2;
[INFO] [stdout]   |              ^^^^^^^^^^ could not find `Foundation` in `windows`
[INFO] [stdout] 
[INFO] [stdout] 
[INFO] [stdout] error[E0433]: cannot find `Win32` in `windows`
[INFO] [stdout]  --> src/render.rs:8:14
[INFO] [stdout]   |
[INFO] [stdout] 8 | use windows::Win32::Foundation::RECT;
[INFO] [stdout]   |              ^^^^^ could not find `Win32` in `windows`
[INFO] [stdout] 
[INFO] [stdout] 
[INFO] [stdout] error[E0433]: cannot find `Win32` in `windows`
[INFO] [stdout]  --> src/render.rs:9:14
[INFO] [stdout]   |
[INFO] [stdout] 9 | use windows::Win32::Graphics::Direct2D::Common::{D2D1_COLOR_F, D2D_POINT_2F, D2D_RECT_F};
[INFO] [stdout]   |              ^^^^^ could not find `Win32` in `windows`
[INFO] [stdout] 
[INFO] [stdout] 
[INFO] [stdout] error[E0433]: cannot find `Win32` in `windows`
[INFO] [stdout]   --> src/render.rs:10:14
[INFO] [stdout]    |
[INFO] [stdout] 10 | use windows::Win32::Graphics::Direct2D::{
[INFO] [stdout]    |              ^^^^^ could not find `Win32` in `windows`
[INFO] [stdout] 
[INFO] [stdout] 
[INFO] [stdout] error[E0433]: cannot find `Win32` in `windows`
[INFO] [stdout]   --> src/render.rs:14:14
[INFO] [stdout]    |
[INFO] [stdout] 14 | use windows::Win32::Graphics::DirectWrite::{IDWriteTextLayout, DWRITE_TEXT_METRICS};
[INFO] [stdout]    |              ^^^^^ could not find `Win32` in `windows`
[INFO] [stdout] 
[INFO] [stdout] 
[INFO] [stdout] error[E0432]: unresolved import `windows::core`
[INFO] [stdout]  --> src/d2d_engine.rs:3:14
[INFO] [stdout]   |
[INFO] [stdout] 3 | use windows::core::{HSTRING, PCWSTR};
[INFO] [stdout]   |              ^^^^ could not find `core` in `windows`
[INFO] [stdout] 
[INFO] [stdout] 
[INFO] [stdout] error[E0433]: cannot find `Win32` in `windows`
[INFO] [stdout]  --> src/settings_window.rs:7:14
[INFO] [stdout]   |
[INFO] [stdout] 7 | use windows::Win32::Foundation::{COLORREF, HINSTANCE, HWND, LPARAM, LRESULT, WPARAM};
[INFO] [stdout]   |              ^^^^^ could not find `Win32` in `windows`
[INFO] [stdout] 
[INFO] [stdout] 
[INFO] [stdout] error[E0433]: cannot find `Win32` in `windows`
[INFO] [stdout]  --> src/settings_window.rs:9:14
[INFO] [stdout]   |
[INFO] [stdout] 9 | use windows::Win32::Graphics::Gdi::HBRUSH;
[INFO] [stdout]   |              ^^^^^ could not find `Win32` in `windows`
[INFO] [stdout] 
[INFO] [stdout] 
[INFO] [stdout] error[E0433]: cannot find `Win32` in `windows`
[INFO] [stdout]   --> src/settings_window.rs:10:14
[INFO] [stdout]    |
[INFO] [stdout] 10 | use windows::Win32::UI::Controls::Dialogs::{ChooseColorW, CC_FULLOPEN, CC_RGBINIT, CHOOSECOLORW};
[INFO] [stdout]    |              ^^^^^ could not find `Win32` in `windows`
[INFO] [stdout] 
[INFO] [stdout] 
[INFO] [stdout] error[E0433]: cannot find `Win32` in `windows`
[INFO] [stdout]   --> src/settings_window.rs:11:14
[INFO] [stdout]    |
[INFO] [stdout] 11 | use windows::Win32::UI::WindowsAndMessaging::*;
[INFO] [stdout]    |              ^^^^^ could not find `Win32` in `windows`
[INFO] [stdout] 
[INFO] [stdout] 
[INFO] [stdout] error[E0432]: unresolved import `windows::core`
[INFO] [stdout]  --> src/settings_window.rs:6:14
[INFO] [stdout]   |
[INFO] [stdout] 6 | use windows::core::{w, PCWSTR};
[INFO] [stdout]   |              ^^^^ could not find `core` in `windows`
[INFO] [stdout] 
[INFO] [stdout] 
[INFO] [stdout] error[E0433]: cannot find `Win32` in `windows`
[INFO] [stdout]  --> src/tray.rs:4:14
[INFO] [stdout]   |
[INFO] [stdout] 4 | use windows::Win32::Foundation::{HWND, POINT};
[INFO] [stdout]   |              ^^^^^ could not find `Win32` in `windows`
[INFO] [stdout] 
[INFO] [stdout] 
[INFO] [stdout] error[E0433]: cannot find `Win32` in `windows`
[INFO] [stdout]  --> src/tray.rs:5:14
[INFO] [stdout]   |
[INFO] [stdout] 5 | use windows::Win32::Graphics::Gdi::InvalidateRect;
[INFO] [stdout]   |              ^^^^^ could not find `Win32` in `windows`
[INFO] [stdout] 
[INFO] [stdout] 
[INFO] [stdout] error[E0433]: cannot find `Win32` in `windows`
[INFO] [stdout]  --> src/tray.rs:6:14
[INFO] [stdout]   |
[INFO] [stdout] 6 | use windows::Win32::UI::Shell::{
[INFO] [stdout]   |              ^^^^^ could not find `Win32` in `windows`
[INFO] [stdout] 
[INFO] [stdout] 
[INFO] [stdout] error[E0433]: cannot find `Win32` in `windows`
[INFO] [stdout]  --> src/tray.rs:9:14
[INFO] [stdout]   |
[INFO] [stdout] 9 | use windows::Win32::UI::WindowsAndMessaging::{
[INFO] [stdout]   |              ^^^^^ could not find `Win32` in `windows`
[INFO] [stdout] 
[INFO] [stdout] 
[INFO] [stdout] error[E0432]: unresolved import `windows::core`
[INFO] [stdout]  --> src/tray.rs:3:14
[INFO] [stdout]   |
[INFO] [stdout] 3 | use windows::core::PCWSTR;
[INFO] [stdout]   |              ^^^^ could not find `core` in `windows`
[INFO] [stdout] 
[INFO] [stdout] 
[INFO] [stdout] error[E0433]: cannot find `Win32` in `windows`
[INFO] [stdout]  --> src/updater.rs:9:14
[INFO] [stdout]   |
[INFO] [stdout] 9 | use windows::Win32::UI::Shell::ShellExecuteW;
[INFO] [stdout]   |              ^^^^^ could not find `Win32` in `windows`
[INFO] [stdout] 
[INFO] [stdout] 
[INFO] [stdout] error[E0433]: cannot find `Win32` in `windows`
[INFO] [stdout]   --> src/updater.rs:10:14
[INFO] [stdout]    |
[INFO] [stdout] 10 | use windows::Win32::UI::WindowsAndMessaging::{
[INFO] [stdout]    |              ^^^^^ could not find `Win32` in `windows`
[INFO] [stdout] 
[INFO] [stdout] 
[INFO] [stdout] error[E0432]: unresolved import `windows::core`
[INFO] [stdout]  --> src/updater.rs:8:14
[INFO] [stdout]   |
[INFO] [stdout] 8 | use windows::core::{w, PCWSTR};
[INFO] [stdout]   |              ^^^^ could not find `core` in `windows`
[INFO] [stdout] 
[INFO] [stdout] 
[INFO] [stdout] error[E0433]: cannot find `Win32` in `windows`
[INFO] [stdout]   --> src/window.rs:13:14
[INFO] [stdout]    |
[INFO] [stdout] 13 | use windows::Win32::Foundation::{COLORREF, HWND, LPARAM, LRESULT, POINT, RECT, SIZE, WPARAM};
[INFO] [stdout]    |              ^^^^^ could not find `Win32` in `windows`
[INFO] [stdout] 
[INFO] [stdout] 
[INFO] [stdout] error[E0433]: cannot find `Win32` in `windows`
[INFO] [stdout]   --> src/window.rs:14:14
[INFO] [stdout]    |
[INFO] [stdout] 14 | use windows::Win32::Graphics::Direct2D::ID2D1RenderTarget;
[INFO] [stdout]    |              ^^^^^ could not find `Win32` in `windows`
[INFO] [stdout] 
[INFO] [stdout] 
[INFO] [stdout] error[E0433]: cannot find `Win32` in `windows`
[INFO] [stdout]   --> src/window.rs:15:14
[INFO] [stdout]    |
[INFO] [stdout] 15 | use windows::Win32::Graphics::Gdi::{
[INFO] [stdout]    |              ^^^^^ could not find `Win32` in `windows`
[INFO] [stdout] 
[INFO] [stdout] 
[INFO] [stdout] error[E0433]: cannot find `Win32` in `windows`
[INFO] [stdout]   --> src/window.rs:20:14
[INFO] [stdout]    |
[INFO] [stdout] 20 | use windows::Win32::System::LibraryLoader::GetModuleHandleW;
[INFO] [stdout]    |              ^^^^^ could not find `Win32` in `windows`
[INFO] [stdout] 
[INFO] [stdout] 
[INFO] [stdout] error[E0433]: cannot find `Win32` in `windows`
[INFO] [stdout]   --> src/window.rs:21:14
[INFO] [stdout]    |
[INFO] [stdout] 21 | use windows::Win32::UI::WindowsAndMessaging::{
[INFO] [stdout]    |              ^^^^^ could not find `Win32` in `windows`
[INFO] [stdout] 
[INFO] [stdout] 
[INFO] [stdout] error[E0432]: unresolved import `windows::core`
[INFO] [stdout]   --> src/window.rs:12:14
[INFO] [stdout]    |
[INFO] [stdout] 12 | use windows::core::{Interface, PCWSTR};
[INFO] [stdout]    |              ^^^^ could not find `core` in `windows`
[INFO] [stdout] 
[INFO] [stdout] 
[INFO] [stdout] error[E0433]: cannot find `core` in `windows`
[INFO] [stdout]   --> src/d2d_engine.rs:71:30
[INFO] [stdout]    |
[INFO] [stdout] 71 |     pub fn new() -> windows::core::Result<Self> {
[INFO] [stdout]    |                              ^^^^ could not find `core` in `windows`
[INFO] [stdout] 
[INFO] [stdout] 
[INFO] [stdout] error[E0433]: cannot find `core` in `windows`
[INFO] [stdout]   --> src/d2d_engine.rs:89:19
[INFO] [stdout]    |
[INFO] [stdout] 89 |     ) -> windows::core::Result<ID2D1DCRenderTarget> {
[INFO] [stdout]    |                   ^^^^ could not find `core` in `windows`
[INFO] [stdout] 
[INFO] [stdout] 
[INFO] [stdout] error[E0433]: cannot find `core` in `windows`
[INFO] [stdout]   --> src/d2d_engine.rs:71:30
[INFO] [stdout]    |
[INFO] [stdout] 71 |     pub fn new() -> windows::core::Result<Self> {
[INFO] [stdout]    |                              ^^^^ could not find `core` in `windows`
[INFO] [stdout] 
[INFO] [stdout] 
[INFO] [stdout] error[E0433]: cannot find `core` in `windows`
[INFO] [stdout]    --> src/d2d_engine.rs:112:19
[INFO] [stdout]     |
[INFO] [stdout] 112 |     ) -> windows::core::Result<IDWriteTextFormat> {
[INFO] [stdout]     |                   ^^^^ could not find `core` in `windows`
[INFO] [stdout] 
[INFO] [stdout] 
[INFO] [stdout] error[E0433]: cannot find `core` in `windows`
[INFO] [stdout]   --> src/d2d_engine.rs:89:19
[INFO] [stdout]    |
[INFO] [stdout] 89 |     ) -> windows::core::Result<ID2D1DCRenderTarget> {
[INFO] [stdout]    |                   ^^^^ could not find `core` in `windows`
[INFO] [stdout] 
[INFO] [stdout] 
[INFO] [stdout] error[E0433]: cannot find `core` in `windows`
[INFO] [stdout]    --> src/d2d_engine.rs:151:19
[INFO] [stdout]     |
[INFO] [stdout] 151 |     ) -> windows::core::Result<IDWriteTextLayout> {
[INFO] [stdout]     |                   ^^^^ could not find `core` in `windows`
[INFO] [stdout] 
[INFO] [stdout] 
[INFO] [stdout] error[E0433]: cannot find `core` in `windows`
[INFO] [stdout]    --> src/d2d_engine.rs:112:19
[INFO] [stdout]     |
[INFO] [stdout] 112 |     ) -> windows::core::Result<IDWriteTextFormat> {
[INFO] [stdout]     |                   ^^^^ could not find `core` in `windows`
[INFO] [stdout] 
[INFO] [stdout] 
[INFO] [stdout] error[E0433]: cannot find `core` in `windows`
[INFO] [stdout]    --> src/d2d_engine.rs:170:19
[INFO] [stdout]     |
[INFO] [stdout] 170 |     ) -> windows::core::Result<IDWriteTextLayout> {
[INFO] [stdout]     |                   ^^^^ could not find `core` in `windows`
[INFO] [stdout] 
[INFO] [stdout] 
[INFO] [stdout] error[E0433]: cannot find `core` in `windows`
[INFO] [stdout]    --> src/d2d_engine.rs:151:19
[INFO] [stdout]     |
[INFO] [stdout] 151 |     ) -> windows::core::Result<IDWriteTextLayout> {
[INFO] [stdout]     |                   ^^^^ could not find `core` in `windows`
[INFO] [stdout] 
[INFO] [stdout] 
[INFO] [stdout] error[E0433]: cannot find `core` in `windows`
[INFO] [stdout]    --> src/d2d_engine.rs:170:19
[INFO] [stdout]     |
[INFO] [stdout] 170 |     ) -> windows::core::Result<IDWriteTextLayout> {
[INFO] [stdout]     |                   ^^^^ could not find `core` in `windows`
[INFO] [stdout] 
[INFO] [stdout] 
[INFO] [stdout] error[E0433]: cannot find `Win32` in `windows`
[INFO] [stdout]   --> src/render.rs:29:22
[INFO] [stdout]    |
[INFO] [stdout] 29 |     brush: &windows::Win32::Graphics::Direct2D::ID2D1SolidColorBrush,
[INFO] [stdout]    |                      ^^^^^ could not find `Win32` in `windows`
[INFO] [stdout] 
[INFO] [stdout] 
[INFO] [stdout] error[E0433]: cannot find `Win32` in `windows`
[INFO] [stdout]   --> src/render.rs:29:22
[INFO] [stdout]    |
[INFO] [stdout] 29 |     brush: &windows::Win32::Graphics::Direct2D::ID2D1SolidColorBrush,
[INFO] [stdout]    |                      ^^^^^ could not find `Win32` in `windows`
[INFO] [stdout] 
[INFO] [stdout] 
[INFO] [stdout] error[E0433]: cannot find `core` in `windows`
[INFO] [stdout]    --> src/render.rs:195:15
[INFO] [stdout]     |
[INFO] [stdout] 195 | ) -> windows::core::Result<()> {
[INFO] [stdout]     |               ^^^^ could not find `core` in `windows`
[INFO] [stdout] 
[INFO] [stdout] 
[INFO] [stdout] error[E0433]: cannot find `core` in `windows`
[INFO] [stdout]    --> src/render.rs:195:15
[INFO] [stdout]     |
[INFO] [stdout] 195 | ) -> windows::core::Result<()> {
[INFO] [stdout]     |               ^^^^ could not find `core` in `windows`
[INFO] [stdout] 
[INFO] [stdout] 
[INFO] [stdout] error[E0433]: cannot find `Win32` in `windows`
[INFO] [stdout]    --> src/window.rs:182:34
[INFO] [stdout]     |
[INFO] [stdout] 182 |                 let _ = windows::Win32::UI::WindowsAndMessaging::SendMessageW(
[INFO] [stdout]     |                                  ^^^^^ could not find `Win32` in `windows`
[INFO] [stdout] 
[INFO] [stdout] 
[INFO] [stdout] error[E0433]: cannot find `Win32` in `windows`
[INFO] [stdout]    --> src/window.rs:184:30
[INFO] [stdout]     |
[INFO] [stdout] 184 |                     windows::Win32::UI::WindowsAndMessaging::WM_NCLBUTTONDOWN,
[INFO] [stdout]     |                              ^^^^^ could not find `Win32` in `windows`
[INFO] [stdout] 
[INFO] [stdout] 
[INFO] [stdout] error[E0433]: cannot find `Win32` in `windows`
[INFO] [stdout]    --> src/window.rs:403:22
[INFO] [stdout]     |
[INFO] [stdout] 403 |             windows::Win32::UI::WindowsAndMessaging::PostQuitMessage(0);
[INFO] [stdout]     |                      ^^^^^ could not find `Win32` in `windows`
[INFO] [stdout] 
[INFO] [stdout] 
[INFO] [stdout] error[E0433]: cannot find `Win32` in `windows`
[INFO] [stdout]    --> src/window.rs:439:26
[INFO] [stdout]     |
[INFO] [stdout] 439 |         let _ = windows::Win32::UI::WindowsAndMessaging::ShowWindow(hwnd, SW_SHOW);
[INFO] [stdout]     |                          ^^^^^ could not find `Win32` in `windows`
[INFO] [stdout] 
[INFO] [stdout] 
[INFO] [stdout] error[E0425]: cannot find value `SW_SHOW` in this scope
[INFO] [stdout]   --> src/settings_window.rs:81:39
[INFO] [stdout]    |
[INFO] [stdout] 81 |                 let _ = ShowWindow(h, SW_SHOW);
[INFO] [stdout]    |                                       ^^^^^^^ not found in this scope
[INFO] [stdout] 
[INFO] [stdout] 
[INFO] [stdout] error[E0422]: cannot find struct, variant or union type `WNDCLASSW` in this scope
[INFO] [stdout]   --> src/settings_window.rs:88:22
[INFO] [stdout]    |
[INFO] [stdout] 88 |             let wc = WNDCLASSW {
[INFO] [stdout]    |                      ^^^^^^^^^ not found in this scope
[INFO] [stdout] 
[INFO] [stdout] 
[INFO] [stdout] error[E0425]: cannot find value `IDC_ARROW` in this scope
[INFO] [stdout]   --> src/settings_window.rs:93:44
[INFO] [stdout]    |
[INFO] [stdout] 93 |                 hCursor: LoadCursorW(None, IDC_ARROW).unwrap_or_default(),
[INFO] [stdout]    |                                            ^^^^^^^^^ not found in this scope
[INFO] [stdout] 
[INFO] [stdout] 
[INFO] [stdout] error[E0425]: cannot find value `WS_OVERLAPPEDWINDOW` in this scope
[INFO] [stdout]    --> src/settings_window.rs:103:13
[INFO] [stdout]     |
[INFO] [stdout] 103 |             WS_OVERLAPPEDWINDOW & !WS_THICKFRAME & !WS_MAXIMIZEBOX,
[INFO] [stdout]     |             ^^^^^^^^^^^^^^^^^^^ not found in this scope
[INFO] [stdout] 
[INFO] [stdout] 
[INFO] [stdout] error[E0425]: cannot find value `WS_THICKFRAME` in this scope
[INFO] [stdout]    --> src/settings_window.rs:103:36
[INFO] [stdout]     |
[INFO] [stdout] 103 |             WS_OVERLAPPEDWINDOW & !WS_THICKFRAME & !WS_MAXIMIZEBOX,
[INFO] [stdout]     |                                    ^^^^^^^^^^^^^ not found in this scope
[INFO] [stdout] 
[INFO] [stdout] 
[INFO] [stdout] error[E0425]: cannot find value `WS_MAXIMIZEBOX` in this scope
[INFO] [stdout]    --> src/settings_window.rs:103:53
[INFO] [stdout]     |
[INFO] [stdout] 103 |             WS_OVERLAPPEDWINDOW & !WS_THICKFRAME & !WS_MAXIMIZEBOX,
[INFO] [stdout]     |                                                     ^^^^^^^^^^^^^^ not found in this scope
[INFO] [stdout] 
[INFO] [stdout] 
[INFO] [stdout] error[E0425]: cannot find value `SW_SHOW` in this scope
[INFO] [stdout]    --> src/settings_window.rs:118:34
[INFO] [stdout]     |
[INFO] [stdout] 118 |         let _ = ShowWindow(hwnd, SW_SHOW);
[INFO] [stdout]     |                                  ^^^^^^^ not found in this scope
[INFO] [stdout] 
[INFO] [stdout] 
[INFO] [stdout] error[E0425]: cannot find value `CBN_SELCHANGE` in this scope
[INFO] [stdout]    --> src/settings_window.rs:138:25
[INFO] [stdout]     |
[INFO] [stdout] 138 |             if notif == CBN_SELCHANGE as u32 && id == IDC_COMBO_THEME {
[INFO] [stdout]     |                         ^^^^^^^^^^^^^ not found in this scope
[INFO] [stdout] 
[INFO] [stdout] 
[INFO] [stdout] error[E0425]: cannot find value `BN_CLICKED` in this scope
[INFO] [stdout]    --> src/settings_window.rs:166:32
[INFO] [stdout]     |
[INFO] [stdout] 166 |             } else if notif == BN_CLICKED as u32 {
[INFO] [stdout]     |                                ^^^^^^^^^^ not found in this scope
[INFO] [stdout] 
[INFO] [stdout] 
[INFO] [stdout] error[E0425]: cannot find value `MB_OK` in this scope
[INFO] [stdout]    --> src/settings_window.rs:174:33
[INFO] [stdout]     |
[INFO] [stdout] 174 | ...                   MB_OK | MB_ICONINFORMATION,
[INFO] [stdout]     |                       ^^^^^ not found in this scope
[INFO] [stdout] 
[INFO] [stdout] 
[INFO] [stdout] error[E0425]: cannot find value `MB_ICONINFORMATION` in this scope
[INFO] [stdout]    --> src/settings_window.rs:174:41
[INFO] [stdout]     |
[INFO] [stdout] 174 | ...                   MB_OK | MB_ICONINFORMATION,
[INFO] [stdout]     |                               ^^^^^^^^^^^^^^^^^^ not found in this scope
[INFO] [stdout] 
[INFO] [stdout] 
[INFO] [stdout] error[E0425]: cannot find value `WS_CHILD` in this scope
[INFO] [stdout]    --> src/settings_window.rs:257:13
[INFO] [stdout]     |
[INFO] [stdout] 257 |             WS_CHILD | WS_VISIBLE,
[INFO] [stdout]     |             ^^^^^^^^ not found in this scope
[INFO] [stdout] 
[INFO] [stdout] 
[INFO] [stdout] error[E0425]: cannot find value `WS_VISIBLE` in this scope
[INFO] [stdout]    --> src/settings_window.rs:257:24
[INFO] [stdout]     |
[INFO] [stdout] 257 |             WS_CHILD | WS_VISIBLE,
[INFO] [stdout]     |                        ^^^^^^^^^^ not found in this scope
[INFO] [stdout] 
[INFO] [stdout] 
[INFO] [stdout] error[E0425]: cannot find value `WS_CHILD` in this scope
[INFO] [stdout]    --> src/settings_window.rs:272:13
[INFO] [stdout]     |
[INFO] [stdout] 272 |             WS_CHILD | WS_VISIBLE | WS_BORDER,
[INFO] [stdout]     |             ^^^^^^^^ not found in this scope
[INFO] [stdout] 
[INFO] [stdout] 
[INFO] [stdout] error[E0425]: cannot find value `WS_VISIBLE` in this scope
[INFO] [stdout]    --> src/settings_window.rs:272:24
[INFO] [stdout]     |
[INFO] [stdout] 272 |             WS_CHILD | WS_VISIBLE | WS_BORDER,
[INFO] [stdout]     |                        ^^^^^^^^^^ not found in this scope
[INFO] [stdout] 
[INFO] [stdout] 
[INFO] [stdout] error[E0425]: cannot find value `WS_BORDER` in this scope
[INFO] [stdout]    --> src/settings_window.rs:272:37
[INFO] [stdout]     |
[INFO] [stdout] 272 |             WS_CHILD | WS_VISIBLE | WS_BORDER,
[INFO] [stdout]     |                                     ^^^^^^^^^ not found in this scope
[INFO] [stdout] 
[INFO] [stdout] 
[INFO] [stdout] error[E0425]: cannot find value `WS_CHILD` in this scope
[INFO] [stdout]    --> src/settings_window.rs:303:9
[INFO] [stdout]     |
[INFO] [stdout] 303 |         WS_CHILD | WS_VISIBLE,
[INFO] [stdout]     |         ^^^^^^^^ not found in this scope
[INFO] [stdout] 
[INFO] [stdout] 
[INFO] [stdout] error[E0425]: cannot find value `WS_VISIBLE` in this scope
[INFO] [stdout]    --> src/settings_window.rs:303:20
[INFO] [stdout]     |
[INFO] [stdout] 303 |         WS_CHILD | WS_VISIBLE,
[INFO] [stdout]     |                    ^^^^^^^^^^ not found in this scope
[INFO] [stdout] 
[INFO] [stdout] 
[INFO] [stdout] error[E0425]: cannot find value `WS_CHILD` in this scope
[INFO] [stdout]    --> src/settings_window.rs:317:9
[INFO] [stdout]     |
[INFO] [stdout] 317 |         WS_CHILD | WS_VISIBLE,
[INFO] [stdout]     |         ^^^^^^^^ not found in this scope
[INFO] [stdout] 
[INFO] [stdout] 
[INFO] [stdout] error[E0425]: cannot find value `WS_VISIBLE` in this scope
[INFO] [stdout]    --> src/settings_window.rs:317:20
[INFO] [stdout]     |
[INFO] [stdout] 317 |         WS_CHILD | WS_VISIBLE,
[INFO] [stdout]     |                    ^^^^^^^^^^ not found in this scope
[INFO] [stdout] 
[INFO] [stdout] 
[INFO] [stdout] error[E0425]: cannot find value `WS_CHILD` in this scope
[INFO] [stdout]    --> src/settings_window.rs:331:9
[INFO] [stdout]     |
[INFO] [stdout] 331 |         WS_CHILD | WS_VISIBLE,
[INFO] [stdout]     |         ^^^^^^^^ not found in this scope
[INFO] [stdout] 
[INFO] [stdout] 
[INFO] [stdout] error[E0425]: cannot find value `WS_VISIBLE` in this scope
[INFO] [stdout]    --> src/settings_window.rs:331:20
[INFO] [stdout]     |
[INFO] [stdout] 331 |         WS_CHILD | WS_VISIBLE,
[INFO] [stdout]     |                    ^^^^^^^^^^ not found in this scope
[INFO] [stdout] 
[INFO] [stdout] 
[INFO] [stdout] error[E0425]: cannot find value `WS_CHILD` in this scope
[INFO] [stdout]    --> src/settings_window.rs:345:9
[INFO] [stdout]     |
[INFO] [stdout] 345 |         WS_CHILD | WS_VISIBLE,
[INFO] [stdout]     |         ^^^^^^^^ not found in this scope
[INFO] [stdout] 
[INFO] [stdout] 
[INFO] [stdout] error[E0425]: cannot find value `WS_VISIBLE` in this scope
[INFO] [stdout]    --> src/settings_window.rs:345:20
[INFO] [stdout]     |
[INFO] [stdout] 345 |         WS_CHILD | WS_VISIBLE,
[INFO] [stdout]     |                    ^^^^^^^^^^ not found in this scope
[INFO] [stdout] 
[INFO] [stdout] 
[INFO] [stdout] error[E0425]: cannot find value `WS_CHILD` in this scope
[INFO] [stdout]    --> src/settings_window.rs:361:9
[INFO] [stdout]     |
[INFO] [stdout] 361 |         WS_CHILD | WS_VISIBLE,
[INFO] [stdout]     |         ^^^^^^^^ not found in this scope
[INFO] [stdout] 
[INFO] [stdout] 
[INFO] [stdout] error[E0425]: cannot find value `WS_VISIBLE` in this scope
[INFO] [stdout]    --> src/settings_window.rs:361:20
[INFO] [stdout]     |
[INFO] [stdout] 361 |         WS_CHILD | WS_VISIBLE,
[INFO] [stdout]     |                    ^^^^^^^^^^ not found in this scope
[INFO] [stdout] 
[INFO] [stdout] 
[INFO] [stdout] error[E0425]: cannot find value `WS_CHILD` in this scope
[INFO] [stdout]    --> src/settings_window.rs:375:9
[INFO] [stdout]     |
[INFO] [stdout] 375 |         WS_CHILD | WS_VISIBLE | WINDOW_STYLE(CBS_DROPDOWNLIST as u32),
[INFO] [stdout]     |         ^^^^^^^^ not found in this scope
[INFO] [stdout] 
[INFO] [stdout] 
[INFO] [stdout] error[E0425]: cannot find value `WS_VISIBLE` in this scope
[INFO] [stdout]    --> src/settings_window.rs:375:20
[INFO] [stdout]     |
[INFO] [stdout] 375 |         WS_CHILD | WS_VISIBLE | WINDOW_STYLE(CBS_DROPDOWNLIST as u32),
[INFO] [stdout]     |                    ^^^^^^^^^^ not found in this scope
[INFO] [stdout] 
[INFO] [stdout] 
[INFO] [stdout] error[E0425]: cannot find value `CBS_DROPDOWNLIST` in this scope
[INFO] [stdout]    --> src/settings_window.rs:375:46
[INFO] [stdout]     |
[INFO] [stdout] 375 |         WS_CHILD | WS_VISIBLE | WINDOW_STYLE(CBS_DROPDOWNLIST as u32),
[INFO] [stdout]     |                                              ^^^^^^^^^^^^^^^^ not found in this scope
[INFO] [stdout] 
[INFO] [stdout] 
[INFO] [stdout] error[E0425]: cannot find value `CB_ADDSTRING` in this scope
[INFO] [stdout]    --> src/settings_window.rs:390:13
[INFO] [stdout]     |
[INFO] [stdout] 390 |             CB_ADDSTRING,
[INFO] [stdout]     |             ^^^^^^^^^^^^ not found in this scope
[INFO] [stdout] 
[INFO] [stdout] 
[INFO] [stdout] error[E0425]: cannot find value `WS_CHILD` in this scope
[INFO] [stdout]    --> src/settings_window.rs:400:9
[INFO] [stdout]     |
[INFO] [stdout] 400 |         WS_CHILD | WS_VISIBLE,
[INFO] [stdout]     |         ^^^^^^^^ not found in this scope
[INFO] [stdout] 
[INFO] [stdout] 
[INFO] [stdout] error[E0425]: cannot find value `WS_VISIBLE` in this scope
[INFO] [stdout]    --> src/settings_window.rs:400:20
[INFO] [stdout]     |
[INFO] [stdout] 400 |         WS_CHILD | WS_VISIBLE,
[INFO] [stdout]     |                    ^^^^^^^^^^ not found in this scope
[INFO] [stdout] 
[INFO] [stdout] 
[INFO] [stdout] error[E0425]: cannot find value `WS_CHILD` in this scope
[INFO] [stdout]    --> src/settings_window.rs:414:9
[INFO] [stdout]     |
[INFO] [stdout] 414 |         WS_CHILD | WS_VISIBLE | WINDOW_STYLE(CBS_DROPDOWNLIST as u32),
[INFO] [stdout]     |         ^^^^^^^^ not found in this scope
[INFO] [stdout] 
[INFO] [stdout] 
[INFO] [stdout] error[E0425]: cannot find value `WS_VISIBLE` in this scope
[INFO] [stdout]    --> src/settings_window.rs:414:20
[INFO] [stdout]     |
[INFO] [stdout] 414 |         WS_CHILD | WS_VISIBLE | WINDOW_STYLE(CBS_DROPDOWNLIST as u32),
[INFO] [stdout]     |                    ^^^^^^^^^^ not found in this scope
[INFO] [stdout] 
[INFO] [stdout] 
[INFO] [stdout] error[E0425]: cannot find value `CBS_DROPDOWNLIST` in this scope
[INFO] [stdout]    --> src/settings_window.rs:414:46
[INFO] [stdout]     |
[INFO] [stdout] 414 |         WS_CHILD | WS_VISIBLE | WINDOW_STYLE(CBS_DROPDOWNLIST as u32),
[INFO] [stdout]     |                                              ^^^^^^^^^^^^^^^^ not found in this scope
[INFO] [stdout] 
[INFO] [stdout] 
[INFO] [stdout] error[E0425]: cannot find value `CB_ADDSTRING` in this scope
[INFO] [stdout]    --> src/settings_window.rs:429:13
[INFO] [stdout]     |
[INFO] [stdout] 429 |             CB_ADDSTRING,
[INFO] [stdout]     |             ^^^^^^^^^^^^ not found in this scope
[INFO] [stdout] 
[INFO] [stdout] 
[INFO] [stdout] error[E0425]: cannot find value `WS_CHILD` in this scope
[INFO] [stdout]    --> src/settings_window.rs:439:9
[INFO] [stdout]     |
[INFO] [stdout] 439 |         WS_CHILD | WS_VISIBLE,
[INFO] [stdout]     |         ^^^^^^^^ not found in this scope
[INFO] [stdout] 
[INFO] [stdout] 
[INFO] [stdout] error[E0425]: cannot find value `WS_VISIBLE` in this scope
[INFO] [stdout]    --> src/settings_window.rs:439:20
[INFO] [stdout]     |
[INFO] [stdout] 439 |         WS_CHILD | WS_VISIBLE,
[INFO] [stdout]     |                    ^^^^^^^^^^ not found in this scope
[INFO] [stdout] 
[INFO] [stdout] 
[INFO] [stdout] error[E0425]: cannot find value `WS_CHILD` in this scope
[INFO] [stdout]    --> src/settings_window.rs:453:9
[INFO] [stdout]     |
[INFO] [stdout] 453 |         WS_CHILD | WS_VISIBLE | WINDOW_STYLE(CBS_DROPDOWNLIST as u32),
[INFO] [stdout]     |         ^^^^^^^^ not found in this scope
[INFO] [stdout] 
[INFO] [stdout] 
[INFO] [stdout] error[E0425]: cannot find value `WS_VISIBLE` in this scope
[INFO] [stdout]    --> src/settings_window.rs:453:20
[INFO] [stdout]     |
[INFO] [stdout] 453 |         WS_CHILD | WS_VISIBLE | WINDOW_STYLE(CBS_DROPDOWNLIST as u32),
[INFO] [stdout]     |                    ^^^^^^^^^^ not found in this scope
[INFO] [stdout] 
[INFO] [stdout] 
[INFO] [stdout] error[E0425]: cannot find value `CBS_DROPDOWNLIST` in this scope
[INFO] [stdout]    --> src/settings_window.rs:453:46
[INFO] [stdout]     |
[INFO] [stdout] 453 |         WS_CHILD | WS_VISIBLE | WINDOW_STYLE(CBS_DROPDOWNLIST as u32),
[INFO] [stdout]     |                                              ^^^^^^^^^^^^^^^^ not found in this scope
[INFO] [stdout] 
[INFO] [stdout] 
[INFO] [stdout] error[E0425]: cannot find value `CB_ADDSTRING` in this scope
[INFO] [stdout]    --> src/settings_window.rs:468:13
[INFO] [stdout]     |
[INFO] [stdout] 468 |             CB_ADDSTRING,
[INFO] [stdout]     |             ^^^^^^^^^^^^ not found in this scope
[INFO] [stdout] 
[INFO] [stdout] 
[INFO] [stdout] error[E0425]: cannot find value `WS_CHILD` in this scope
[INFO] [stdout]    --> src/settings_window.rs:485:13
[INFO] [stdout]     |
[INFO] [stdout] 485 |             WS_CHILD | WS_VISIBLE | WINDOW_STYLE(BS_AUTOCHECKBOX as u32),
[INFO] [stdout]     |             ^^^^^^^^ not found in this scope
[INFO] [stdout] 
[INFO] [stdout] 
[INFO] [stdout] error[E0425]: cannot find value `WS_VISIBLE` in this scope
[INFO] [stdout]    --> src/settings_window.rs:485:24
[INFO] [stdout]     |
[INFO] [stdout] 485 |             WS_CHILD | WS_VISIBLE | WINDOW_STYLE(BS_AUTOCHECKBOX as u32),
[INFO] [stdout]     |                        ^^^^^^^^^^ not found in this scope
[INFO] [stdout] 
[INFO] [stdout] 
[INFO] [stdout] error[E0425]: cannot find value `BS_AUTOCHECKBOX` in this scope
[INFO] [stdout]    --> src/settings_window.rs:485:50
[INFO] [stdout]     |
[INFO] [stdout] 485 |             WS_CHILD | WS_VISIBLE | WINDOW_STYLE(BS_AUTOCHECKBOX as u32),
[INFO] [stdout]     |                                                  ^^^^^^^^^^^^^^^ not found in this scope
[INFO] [stdout] 
[INFO] [stdout] 
[INFO] [stdout] error[E0425]: cannot find value `WS_CHILD` in this scope
[INFO] [stdout]    --> src/settings_window.rs:502:9
[INFO] [stdout]     |
[INFO] [stdout] 502 |         WS_CHILD | WS_VISIBLE | WINDOW_STYLE(BS_DEFPUSHBUTTON as u32),
[INFO] [stdout]     |         ^^^^^^^^ not found in this scope
[INFO] [stdout] 
[INFO] [stdout] 
[INFO] [stdout] error[E0425]: cannot find value `WS_VISIBLE` in this scope
[INFO] [stdout]    --> src/settings_window.rs:502:20
[INFO] [stdout]     |
[INFO] [stdout] 502 |         WS_CHILD | WS_VISIBLE | WINDOW_STYLE(BS_DEFPUSHBUTTON as u32),
[INFO] [stdout]     |                    ^^^^^^^^^^ not found in this scope
[INFO] [stdout] 
[INFO] [stdout] 
[INFO] [stdout] error[E0425]: cannot find value `BS_DEFPUSHBUTTON` in this scope
[INFO] [stdout]    --> src/settings_window.rs:502:46
[INFO] [stdout]     |
[INFO] [stdout] 502 |         WS_CHILD | WS_VISIBLE | WINDOW_STYLE(BS_DEFPUSHBUTTON as u32),
[INFO] [stdout]     |                                              ^^^^^^^^^^^^^^^^ not found in this scope
[INFO] [stdout] 
[INFO] [stdout] 
[INFO] [stdout] error[E0425]: cannot find value `WS_CHILD` in this scope
[INFO] [stdout]    --> src/settings_window.rs:516:9
[INFO] [stdout]     |
[INFO] [stdout] 516 |         WS_CHILD | WS_VISIBLE,
[INFO] [stdout]     |         ^^^^^^^^ not found in this scope
[INFO] [stdout] 
[INFO] [stdout] 
[INFO] [stdout] error[E0425]: cannot find value `WS_VISIBLE` in this scope
[INFO] [stdout]    --> src/settings_window.rs:516:20
[INFO] [stdout]     |
[INFO] [stdout] 516 |         WS_CHILD | WS_VISIBLE,
[INFO] [stdout]     |                    ^^^^^^^^^^ not found in this scope
[INFO] [stdout] 
[INFO] [stdout] 
[INFO] [stdout] error[E0425]: cannot find value `BM_SETCHECK` in this scope
[INFO] [stdout]    --> src/settings_window.rs:536:9
[INFO] [stdout]     |
[INFO] [stdout] 536 |         BM_SETCHECK,
[INFO] [stdout]     |         ^^^^^^^^^^^ not found in this scope
[INFO] [stdout] 
[INFO] [stdout] 
[INFO] [stdout] error[E0425]: cannot find value `BM_GETCHECK` in this scope
[INFO] [stdout]    --> src/settings_window.rs:546:21
[INFO] [stdout]     |
[INFO] [stdout] 546 |     SendMessageW(h, BM_GETCHECK, WPARAM(0), LPARAM(0)).0 == BST_CHECKED
[INFO] [stdout]     |                     ^^^^^^^^^^^ not found in this scope
[INFO] [stdout] 
[INFO] [stdout] 
[INFO] [stdout] error[E0425]: cannot find value `CB_GETCURSEL` in this scope
[INFO] [stdout]    --> src/settings_window.rs:549:31
[INFO] [stdout]     |
[INFO] [stdout] 549 |     let idx = SendMessageW(h, CB_GETCURSEL, WPARAM(0), LPARAM(0)).0;
[INFO] [stdout]     |                               ^^^^^^^^^^^^ not found in this scope
[INFO] [stdout] 
[INFO] [stdout] 
[INFO] [stdout] error[E0425]: cannot find value `CB_GETLBTEXT` in this scope
[INFO] [stdout]    --> src/settings_window.rs:556:9
[INFO] [stdout]     |
[INFO] [stdout] 556 |         CB_GETLBTEXT,
[INFO] [stdout]     |         ^^^^^^^^^^^^ not found in this scope
[INFO] [stdout] 
[INFO] [stdout] 
[INFO] [stdout] error[E0425]: cannot find value `CB_FINDSTRINGEXACT` in this scope
[INFO] [stdout]    --> src/settings_window.rs:567:9
[INFO] [stdout]     |
[INFO] [stdout] 567 |         CB_FINDSTRINGEXACT,
[INFO] [stdout]     |         ^^^^^^^^^^^^^^^^^^ not found in this scope
[INFO] [stdout] 
[INFO] [stdout] 
[INFO] [stdout] error[E0425]: cannot find value `CB_SETCURSEL` in this scope
[INFO] [stdout]    --> src/settings_window.rs:573:25
[INFO] [stdout]     |
[INFO] [stdout] 573 |         SendMessageW(h, CB_SETCURSEL, WPARAM(idx as usize), LPARAM(0));
[INFO] [stdout]     |                         ^^^^^^^^^^^^ not found in this scope
[INFO] [stdout] 
[INFO] [stdout] 
[INFO] [stdout] error[E0433]: cannot find `Win32` in `windows`
[INFO] [stdout]    --> src/window.rs:182:34
[INFO] [stdout]     |
[INFO] [stdout] 182 |                 let _ = windows::Win32::UI::WindowsAndMessaging::SendMessageW(
[INFO] [stdout]     |                                  ^^^^^ could not find `Win32` in `windows`
[INFO] [stdout] 
[INFO] [stdout] 
[INFO] [stdout] error[E0433]: cannot find `Win32` in `windows`
[INFO] [stdout]    --> src/window.rs:184:30
[INFO] [stdout]     |
[INFO] [stdout] 184 |                     windows::Win32::UI::WindowsAndMessaging::WM_NCLBUTTONDOWN,
[INFO] [stdout]     |                              ^^^^^ could not find `Win32` in `windows`
[INFO] [stdout] 
[INFO] [stdout] 
[INFO] [stdout] error[E0433]: cannot find `Win32` in `windows`
[INFO] [stdout]    --> src/window.rs:403:22
[INFO] [stdout]     |
[INFO] [stdout] 403 |             windows::Win32::UI::WindowsAndMessaging::PostQuitMessage(0);
[INFO] [stdout]     |                      ^^^^^ could not find `Win32` in `windows`
[INFO] [stdout] 
[INFO] [stdout] 
[INFO] [stdout] error[E0433]: cannot find `Win32` in `windows`
[INFO] [stdout]    --> src/window.rs:439:26
[INFO] [stdout]     |
[INFO] [stdout] 439 |         let _ = windows::Win32::UI::WindowsAndMessaging::ShowWindow(hwnd, SW_SHOW);
[INFO] [stdout]     |                          ^^^^^ could not find `Win32` in `windows`
[INFO] [stdout] 
[INFO] [stdout] 
[INFO] [stdout] error[E0425]: cannot find value `SW_SHOW` in this scope
[INFO] [stdout]   --> src/settings_window.rs:81:39
[INFO] [stdout]    |
[INFO] [stdout] 81 |                 let _ = ShowWindow(h, SW_SHOW);
[INFO] [stdout]    |                                       ^^^^^^^ not found in this scope
[INFO] [stdout] 
[INFO] [stdout] 
[INFO] [stdout] error[E0422]: cannot find struct, variant or union type `WNDCLASSW` in this scope
[INFO] [stdout]   --> src/settings_window.rs:88:22
[INFO] [stdout]    |
[INFO] [stdout] 88 |             let wc = WNDCLASSW {
[INFO] [stdout]    |                      ^^^^^^^^^ not found in this scope
[INFO] [stdout] 
[INFO] [stdout] 
[INFO] [stdout] error[E0425]: cannot find value `IDC_ARROW` in this scope
[INFO] [stdout]   --> src/settings_window.rs:93:44
[INFO] [stdout]    |
[INFO] [stdout] 93 |                 hCursor: LoadCursorW(None, IDC_ARROW).unwrap_or_default(),
[INFO] [stdout]    |                                            ^^^^^^^^^ not found in this scope
[INFO] [stdout] 
[INFO] [stdout] 
[INFO] [stdout] error[E0425]: cannot find value `WS_OVERLAPPEDWINDOW` in this scope
[INFO] [stdout]    --> src/settings_window.rs:103:13
[INFO] [stdout]     |
[INFO] [stdout] 103 |             WS_OVERLAPPEDWINDOW & !WS_THICKFRAME & !WS_MAXIMIZEBOX,
[INFO] [stdout]     |             ^^^^^^^^^^^^^^^^^^^ not found in this scope
[INFO] [stdout] 
[INFO] [stdout] 
[INFO] [stdout] error[E0425]: cannot find value `WS_THICKFRAME` in this scope
[INFO] [stdout]    --> src/settings_window.rs:103:36
[INFO] [stdout]     |
[INFO] [stdout] 103 |             WS_OVERLAPPEDWINDOW & !WS_THICKFRAME & !WS_MAXIMIZEBOX,
[INFO] [stdout]     |                                    ^^^^^^^^^^^^^ not found in this scope
[INFO] [stdout] 
[INFO] [stdout] 
[INFO] [stdout] error[E0425]: cannot find value `WS_MAXIMIZEBOX` in this scope
[INFO] [stdout]    --> src/settings_window.rs:103:53
[INFO] [stdout]     |
[INFO] [stdout] 103 |             WS_OVERLAPPEDWINDOW & !WS_THICKFRAME & !WS_MAXIMIZEBOX,
[INFO] [stdout]     |                                                     ^^^^^^^^^^^^^^ not found in this scope
[INFO] [stdout] 
[INFO] [stdout] 
[INFO] [stdout] error[E0425]: cannot find value `SW_SHOW` in this scope
[INFO] [stdout]    --> src/settings_window.rs:118:34
[INFO] [stdout]     |
[INFO] [stdout] 118 |         let _ = ShowWindow(hwnd, SW_SHOW);
[INFO] [stdout]     |                                  ^^^^^^^ not found in this scope
[INFO] [stdout] 
[INFO] [stdout] 
[INFO] [stdout] error[E0425]: cannot find value `CBN_SELCHANGE` in this scope
[INFO] [stdout]    --> src/settings_window.rs:138:25
[INFO] [stdout]     |
[INFO] [stdout] 138 |             if notif == CBN_SELCHANGE as u32 && id == IDC_COMBO_THEME {
[INFO] [stdout]     |                         ^^^^^^^^^^^^^ not found in this scope
[INFO] [stdout] 
[INFO] [stdout] 
[INFO] [stdout] error[E0425]: cannot find value `BN_CLICKED` in this scope
[INFO] [stdout]    --> src/settings_window.rs:166:32
[INFO] [stdout]     |
[INFO] [stdout] 166 |             } else if notif == BN_CLICKED as u32 {
[INFO] [stdout]     |                                ^^^^^^^^^^ not found in this scope
[INFO] [stdout] 
[INFO] [stdout] 
[INFO] [stdout] error[E0425]: cannot find value `MB_OK` in this scope
[INFO] [stdout]    --> src/settings_window.rs:174:33
[INFO] [stdout]     |
[INFO] [stdout] 174 | ...                   MB_OK | MB_ICONINFORMATION,
[INFO] [stdout]     |                       ^^^^^ not found in this scope
[INFO] [stdout] 
[INFO] [stdout] 
[INFO] [stdout] error[E0425]: cannot find value `MB_ICONINFORMATION` in this scope
[INFO] [stdout]    --> src/settings_window.rs:174:41
[INFO] [stdout]     |
[INFO] [stdout] 174 | ...                   MB_OK | MB_ICONINFORMATION,
[INFO] [stdout]     |                               ^^^^^^^^^^^^^^^^^^ not found in this scope
[INFO] [stdout] 
[INFO] [stdout] 
[INFO] [stdout] error[E0425]: cannot find value `WS_CHILD` in this scope
[INFO] [stdout]    --> src/settings_window.rs:257:13
[INFO] [stdout]     |
[INFO] [stdout] 257 |             WS_CHILD | WS_VISIBLE,
[INFO] [stdout]     |             ^^^^^^^^ not found in this scope
[INFO] [stdout] 
[INFO] [stdout] 
[INFO] [stdout] error[E0425]: cannot find value `WS_VISIBLE` in this scope
[INFO] [stdout]    --> src/settings_window.rs:257:24
[INFO] [stdout]     |
[INFO] [stdout] 257 |             WS_CHILD | WS_VISIBLE,
[INFO] [stdout]     |                        ^^^^^^^^^^ not found in this scope
[INFO] [stdout] 
[INFO] [stdout] 
[INFO] [stdout] error[E0425]: cannot find value `WS_CHILD` in this scope
[INFO] [stdout]    --> src/settings_window.rs:272:13
[INFO] [stdout]     |
[INFO] [stdout] 272 |             WS_CHILD | WS_VISIBLE | WS_BORDER,
[INFO] [stdout]     |             ^^^^^^^^ not found in this scope
[INFO] [stdout] 
[INFO] [stdout] 
[INFO] [stdout] error[E0425]: cannot find value `WS_VISIBLE` in this scope
[INFO] [stdout]    --> src/settings_window.rs:272:24
[INFO] [stdout]     |
[INFO] [stdout] 272 |             WS_CHILD | WS_VISIBLE | WS_BORDER,
[INFO] [stdout]     |                        ^^^^^^^^^^ not found in this scope
[INFO] [stdout] 
[INFO] [stdout] 
[INFO] [stdout] error[E0425]: cannot find value `WS_BORDER` in this scope
[INFO] [stdout]    --> src/settings_window.rs:272:37
[INFO] [stdout]     |
[INFO] [stdout] 272 |             WS_CHILD | WS_VISIBLE | WS_BORDER,
[INFO] [stdout]     |                                     ^^^^^^^^^ not found in this scope
[INFO] [stdout] 
[INFO] [stdout] 
[INFO] [stdout] error[E0425]: cannot find value `WS_CHILD` in this scope
[INFO] [stdout]    --> src/settings_window.rs:303:9
[INFO] [stdout]     |
[INFO] [stdout] 303 |         WS_CHILD | WS_VISIBLE,
[INFO] [stdout]     |         ^^^^^^^^ not found in this scope
[INFO] [stdout] 
[INFO] [stdout] 
[INFO] [stdout] error[E0425]: cannot find value `WS_VISIBLE` in this scope
[INFO] [stdout]    --> src/settings_window.rs:303:20
[INFO] [stdout]     |
[INFO] [stdout] 303 |         WS_CHILD | WS_VISIBLE,
[INFO] [stdout]     |                    ^^^^^^^^^^ not found in this scope
[INFO] [stdout] 
[INFO] [stdout] 
[INFO] [stdout] error[E0425]: cannot find value `WS_CHILD` in this scope
[INFO] [stdout]    --> src/settings_window.rs:317:9
[INFO] [stdout]     |
[INFO] [stdout] 317 |         WS_CHILD | WS_VISIBLE,
[INFO] [stdout]     |         ^^^^^^^^ not found in this scope
[INFO] [stdout] 
[INFO] [stdout] 
[INFO] [stdout] error[E0425]: cannot find value `WS_VISIBLE` in this scope
[INFO] [stdout]    --> src/settings_window.rs:317:20
[INFO] [stdout]     |
[INFO] [stdout] 317 |         WS_CHILD | WS_VISIBLE,
[INFO] [stdout]     |                    ^^^^^^^^^^ not found in this scope
[INFO] [stdout] 
[INFO] [stdout] 
[INFO] [stdout] error[E0425]: cannot find value `WS_CHILD` in this scope
[INFO] [stdout]    --> src/settings_window.rs:331:9
[INFO] [stdout]     |
[INFO] [stdout] 331 |         WS_CHILD | WS_VISIBLE,
[INFO] [stdout]     |         ^^^^^^^^ not found in this scope
[INFO] [stdout] 
[INFO] [stdout] 
[INFO] [stdout] error[E0425]: cannot find value `WS_VISIBLE` in this scope
[INFO] [stdout]    --> src/settings_window.rs:331:20
[INFO] [stdout]     |
[INFO] [stdout] 331 |         WS_CHILD | WS_VISIBLE,
[INFO] [stdout]     |                    ^^^^^^^^^^ not found in this scope
[INFO] [stdout] 
[INFO] [stdout] 
[INFO] [stdout] error[E0425]: cannot find value `WS_CHILD` in this scope
[INFO] [stdout]    --> src/settings_window.rs:345:9
[INFO] [stdout]     |
[INFO] [stdout] 345 |         WS_CHILD | WS_VISIBLE,
[INFO] [stdout]     |         ^^^^^^^^ not found in this scope
[INFO] [stdout] 
[INFO] [stdout] 
[INFO] [stdout] error[E0425]: cannot find value `WS_VISIBLE` in this scope
[INFO] [stdout]    --> src/settings_window.rs:345:20
[INFO] [stdout]     |
[INFO] [stdout] 345 |         WS_CHILD | WS_VISIBLE,
[INFO] [stdout]     |                    ^^^^^^^^^^ not found in this scope
[INFO] [stdout] 
[INFO] [stdout] 
[INFO] [stdout] error[E0425]: cannot find value `WS_CHILD` in this scope
[INFO] [stdout]    --> src/settings_window.rs:361:9
[INFO] [stdout]     |
[INFO] [stdout] 361 |         WS_CHILD | WS_VISIBLE,
[INFO] [stdout]     |         ^^^^^^^^ not found in this scope
[INFO] [stdout] 
[INFO] [stdout] 
[INFO] [stdout] error[E0425]: cannot find value `WS_VISIBLE` in this scope
[INFO] [stdout]    --> src/settings_window.rs:361:20
[INFO] [stdout]     |
[INFO] [stdout] 361 |         WS_CHILD | WS_VISIBLE,
[INFO] [stdout]     |                    ^^^^^^^^^^ not found in this scope
[INFO] [stdout] 
[INFO] [stdout] 
[INFO] [stdout] error[E0425]: cannot find value `WS_CHILD` in this scope
[INFO] [stdout]    --> src/settings_window.rs:375:9
[INFO] [stdout]     |
[INFO] [stdout] 375 |         WS_CHILD | WS_VISIBLE | WINDOW_STYLE(CBS_DROPDOWNLIST as u32),
[INFO] [stdout]     |         ^^^^^^^^ not found in this scope
[INFO] [stdout] 
[INFO] [stdout] 
[INFO] [stdout] error[E0425]: cannot find value `WS_VISIBLE` in this scope
[INFO] [stdout]    --> src/settings_window.rs:375:20
[INFO] [stdout]     |
[INFO] [stdout] 375 |         WS_CHILD | WS_VISIBLE | WINDOW_STYLE(CBS_DROPDOWNLIST as u32),
[INFO] [stdout]     |                    ^^^^^^^^^^ not found in this scope
[INFO] [stdout] 
[INFO] [stdout] 
[INFO] [stdout] error[E0425]: cannot find value `CBS_DROPDOWNLIST` in this scope
[INFO] [stdout]    --> src/settings_window.rs:375:46
[INFO] [stdout]     |
[INFO] [stdout] 375 |         WS_CHILD | WS_VISIBLE | WINDOW_STYLE(CBS_DROPDOWNLIST as u32),
[INFO] [stdout]     |                                              ^^^^^^^^^^^^^^^^ not found in this scope
[INFO] [stdout] 
[INFO] [stdout] 
[INFO] [stdout] error[E0425]: cannot find value `CB_ADDSTRING` in this scope
[INFO] [stdout]    --> src/settings_window.rs:390:13
[INFO] [stdout]     |
[INFO] [stdout] 390 |             CB_ADDSTRING,
[INFO] [stdout]     |             ^^^^^^^^^^^^ not found in this scope
[INFO] [stdout] 
[INFO] [stdout] 
[INFO] [stdout] error[E0425]: cannot find value `WS_CHILD` in this scope
[INFO] [stdout]    --> src/settings_window.rs:400:9
[INFO] [stdout]     |
[INFO] [stdout] 400 |         WS_CHILD | WS_VISIBLE,
[INFO] [stdout]     |         ^^^^^^^^ not found in this scope
[INFO] [stdout] 
[INFO] [stdout] 
[INFO] [stdout] error[E0425]: cannot find value `WS_VISIBLE` in this scope
[INFO] [stdout]    --> src/settings_window.rs:400:20
[INFO] [stdout]     |
[INFO] [stdout] 400 |         WS_CHILD | WS_VISIBLE,
[INFO] [stdout]     |                    ^^^^^^^^^^ not found in this scope
[INFO] [stdout] 
[INFO] [stdout] 
[INFO] [stdout] error[E0425]: cannot find value `WS_CHILD` in this scope
[INFO] [stdout]    --> src/settings_window.rs:414:9
[INFO] [stdout]     |
[INFO] [stdout] 414 |         WS_CHILD | WS_VISIBLE | WINDOW_STYLE(CBS_DROPDOWNLIST as u32),
[INFO] [stdout]     |         ^^^^^^^^ not found in this scope
[INFO] [stdout] 
[INFO] [stdout] 
[INFO] [stdout] error[E0425]: cannot find value `WS_VISIBLE` in this scope
[INFO] [stdout]    --> src/settings_window.rs:414:20
[INFO] [stdout]     |
[INFO] [stdout] 414 |         WS_CHILD | WS_VISIBLE | WINDOW_STYLE(CBS_DROPDOWNLIST as u32),
[INFO] [stdout]     |                    ^^^^^^^^^^ not found in this scope
[INFO] [stdout] 
[INFO] [stdout] 
[INFO] [stdout] error[E0425]: cannot find value `CBS_DROPDOWNLIST` in this scope
[INFO] [stdout]    --> src/settings_window.rs:414:46
[INFO] [stdout]     |
[INFO] [stdout] 414 |         WS_CHILD | WS_VISIBLE | WINDOW_STYLE(CBS_DROPDOWNLIST as u32),
[INFO] [stdout]     |                                              ^^^^^^^^^^^^^^^^ not found in this scope
[INFO] [stdout] 
[INFO] [stdout] 
[INFO] [stdout] error[E0425]: cannot find value `CB_ADDSTRING` in this scope
[INFO] [stdout]    --> src/settings_window.rs:429:13
[INFO] [stdout]     |
[INFO] [stdout] 429 |             CB_ADDSTRING,
[INFO] [stdout]     |             ^^^^^^^^^^^^ not found in this scope
[INFO] [stdout] 
[INFO] [stdout] 
[INFO] [stdout] error[E0425]: cannot find value `WS_CHILD` in this scope
[INFO] [stdout]    --> src/settings_window.rs:439:9
[INFO] [stdout]     |
[INFO] [stdout] 439 |         WS_CHILD | WS_VISIBLE,
[INFO] [stdout]     |         ^^^^^^^^ not found in this scope
[INFO] [stdout] 
[INFO] [stdout] 
[INFO] [stdout] error[E0425]: cannot find value `WS_VISIBLE` in this scope
[INFO] [stdout]    --> src/settings_window.rs:439:20
[INFO] [stdout]     |
[INFO] [stdout] 439 |         WS_CHILD | WS_VISIBLE,
[INFO] [stdout]     |                    ^^^^^^^^^^ not found in this scope
[INFO] [stdout] 
[INFO] [stdout] 
[INFO] [stdout] error[E0425]: cannot find value `WS_CHILD` in this scope
[INFO] [stdout]    --> src/settings_window.rs:453:9
[INFO] [stdout]     |
[INFO] [stdout] 453 |         WS_CHILD | WS_VISIBLE | WINDOW_STYLE(CBS_DROPDOWNLIST as u32),
[INFO] [stdout]     |         ^^^^^^^^ not found in this scope
[INFO] [stdout] 
[INFO] [stdout] 
[INFO] [stdout] error[E0425]: cannot find value `WS_VISIBLE` in this scope
[INFO] [stdout]    --> src/settings_window.rs:453:20
[INFO] [stdout]     |
[INFO] [stdout] 453 |         WS_CHILD | WS_VISIBLE | WINDOW_STYLE(CBS_DROPDOWNLIST as u32),
[INFO] [stdout]     |                    ^^^^^^^^^^ not found in this scope
[INFO] [stdout] 
[INFO] [stdout] 
[INFO] [stdout] error[E0425]: cannot find value `CBS_DROPDOWNLIST` in this scope
[INFO] [stdout]    --> src/settings_window.rs:453:46
[INFO] [stdout]     |
[INFO] [stdout] 453 |         WS_CHILD | WS_VISIBLE | WINDOW_STYLE(CBS_DROPDOWNLIST as u32),
[INFO] [stdout]     |                                              ^^^^^^^^^^^^^^^^ not found in this scope
[INFO] [stdout] 
[INFO] [stdout] 
[INFO] [stdout] error[E0425]: cannot find value `CB_ADDSTRING` in this scope
[INFO] [stdout]    --> src/settings_window.rs:468:13
[INFO] [stdout]     |
[INFO] [stdout] 468 |             CB_ADDSTRING,
[INFO] [stdout]     |             ^^^^^^^^^^^^ not found in this scope
[INFO] [stdout] 
[INFO] [stdout] 
[INFO] [stdout] error[E0425]: cannot find value `WS_CHILD` in this scope
[INFO] [stdout]    --> src/settings_window.rs:485:13
[INFO] [stdout]     |
[INFO] [stdout] 485 |             WS_CHILD | WS_VISIBLE | WINDOW_STYLE(BS_AUTOCHECKBOX as u32),
[INFO] [stdout]     |             ^^^^^^^^ not found in this scope
[INFO] [stdout] 
[INFO] [stdout] 
[INFO] [stdout] error[E0425]: cannot find value `WS_VISIBLE` in this scope
[INFO] [stdout]    --> src/settings_window.rs:485:24
[INFO] [stdout]     |
[INFO] [stdout] 485 |             WS_CHILD | WS_VISIBLE | WINDOW_STYLE(BS_AUTOCHECKBOX as u32),
[INFO] [stdout]     |                        ^^^^^^^^^^ not found in this scope
[INFO] [stdout] 
[INFO] [stdout] 
[INFO] [stdout] error[E0425]: cannot find value `BS_AUTOCHECKBOX` in this scope
[INFO] [stdout]    --> src/settings_window.rs:485:50
[INFO] [stdout]     |
[INFO] [stdout] 485 |             WS_CHILD | WS_VISIBLE | WINDOW_STYLE(BS_AUTOCHECKBOX as u32),
[INFO] [stdout]     |                                                  ^^^^^^^^^^^^^^^ not found in this scope
[INFO] [stdout] 
[INFO] [stdout] 
[INFO] [stdout] error[E0425]: cannot find value `WS_CHILD` in this scope
[INFO] [stdout]    --> src/settings_window.rs:502:9
[INFO] [stdout]     |
[INFO] [stdout] 502 |         WS_CHILD | WS_VISIBLE | WINDOW_STYLE(BS_DEFPUSHBUTTON as u32),
[INFO] [stdout]     |         ^^^^^^^^ not found in this scope
[INFO] [stdout] 
[INFO] [stdout] 
[INFO] [stdout] error[E0425]: cannot find value `WS_VISIBLE` in this scope
[INFO] [stdout]    --> src/settings_window.rs:502:20
[INFO] [stdout]     |
[INFO] [stdout] 502 |         WS_CHILD | WS_VISIBLE | WINDOW_STYLE(BS_DEFPUSHBUTTON as u32),
[INFO] [stdout]     |                    ^^^^^^^^^^ not found in this scope
[INFO] [stdout] 
[INFO] [stdout] 
[INFO] [stdout] error[E0425]: cannot find value `BS_DEFPUSHBUTTON` in this scope
[INFO] [stdout]    --> src/settings_window.rs:502:46
[INFO] [stdout]     |
[INFO] [stdout] 502 |         WS_CHILD | WS_VISIBLE | WINDOW_STYLE(BS_DEFPUSHBUTTON as u32),
[INFO] [stdout]     |                                              ^^^^^^^^^^^^^^^^ not found in this scope
[INFO] [stdout] 
[INFO] [stdout] 
[INFO] [stdout] error[E0425]: cannot find value `WS_CHILD` in this scope
[INFO] [stdout]    --> src/settings_window.rs:516:9
[INFO] [stdout]     |
[INFO] [stdout] 516 |         WS_CHILD | WS_VISIBLE,
[INFO] [stdout]     |         ^^^^^^^^ not found in this scope
[INFO] [stdout] 
[INFO] [stdout] 
[INFO] [stdout] error[E0425]: cannot find value `WS_VISIBLE` in this scope
[INFO] [stdout]    --> src/settings_window.rs:516:20
[INFO] [stdout]     |
[INFO] [stdout] 516 |         WS_CHILD | WS_VISIBLE,
[INFO] [stdout]     |                    ^^^^^^^^^^ not found in this scope
[INFO] [stdout] 
[INFO] [stdout] 
[INFO] [stdout] error[E0425]: cannot find value `BM_SETCHECK` in this scope
[INFO] [stdout]    --> src/settings_window.rs:536:9
[INFO] [stdout]     |
[INFO] [stdout] 536 |         BM_SETCHECK,
[INFO] [stdout]     |         ^^^^^^^^^^^ not found in this scope
[INFO] [stdout] 
[INFO] [stdout] 
[INFO] [stdout] error[E0425]: cannot find value `BM_GETCHECK` in this scope
[INFO] [stdout]    --> src/settings_window.rs:546:21
[INFO] [stdout]     |
[INFO] [stdout] 546 |     SendMessageW(h, BM_GETCHECK, WPARAM(0), LPARAM(0)).0 == BST_CHECKED
[INFO] [stdout]     |                     ^^^^^^^^^^^ not found in this scope
[INFO] [stdout] 
[INFO] [stdout] 
[INFO] [stdout] error[E0425]: cannot find value `CB_GETCURSEL` in this scope
[INFO] [stdout]    --> src/settings_window.rs:549:31
[INFO] [stdout]     |
[INFO] [stdout] 549 |     let idx = SendMessageW(h, CB_GETCURSEL, WPARAM(0), LPARAM(0)).0;
[INFO] [stdout]     |                               ^^^^^^^^^^^^ not found in this scope
[INFO] [stdout] 
[INFO] [stdout] 
[INFO] [stdout] error[E0425]: cannot find value `CB_GETLBTEXT` in this scope
[INFO] [stdout]    --> src/settings_window.rs:556:9
[INFO] [stdout]     |
[INFO] [stdout] 556 |         CB_GETLBTEXT,
[INFO] [stdout]     |         ^^^^^^^^^^^^ not found in this scope
[INFO] [stdout] 
[INFO] [stdout] 
[INFO] [stdout] error[E0425]: cannot find value `CB_FINDSTRINGEXACT` in this scope
[INFO] [stdout]    --> src/settings_window.rs:567:9
[INFO] [stdout]     |
[INFO] [stdout] 567 |         CB_FINDSTRINGEXACT,
[INFO] [stdout]     |         ^^^^^^^^^^^^^^^^^^ not found in this scope
[INFO] [stdout] 
[INFO] [stdout] 
[INFO] [stdout] error[E0425]: cannot find value `CB_SETCURSEL` in this scope
[INFO] [stdout]    --> src/settings_window.rs:573:25
[INFO] [stdout]     |
[INFO] [stdout] 573 |         SendMessageW(h, CB_SETCURSEL, WPARAM(idx as usize), LPARAM(0));
[INFO] [stdout]     |                         ^^^^^^^^^^^^ not found in this scope
[INFO] [stdout] 
[INFO] [stdout] 
[INFO] [stdout] error[E0425]: cannot find function, tuple struct or tuple variant `IsWindow` in this scope
[INFO] [stdout]   --> src/settings_window.rs:80:34
[INFO] [stdout]    |
[INFO] [stdout] 80 |             if !h.0.is_null() && IsWindow(h).as_bool() {
[INFO] [stdout]    |                                  ^^^^^^^^ not found in this scope
[INFO] [stdout] 
[INFO] [stdout] 
[INFO] [stdout] error[E0425]: cannot find function, tuple struct or tuple variant `ShowWindow` in this scope
[INFO] [stdout]   --> src/settings_window.rs:81:25
[INFO] [stdout]    |
[INFO] [stdout] 81 |                 let _ = ShowWindow(h, SW_SHOW);
[INFO] [stdout]    |                         ^^^^^^^^^^ not found in this scope
[INFO] [stdout] 
[INFO] [stdout] 
[INFO] [stdout] error[E0425]: cannot find function, tuple struct or tuple variant `SetForegroundWindow` in this scope
[INFO] [stdout]   --> src/settings_window.rs:82:25
[INFO] [stdout]    |
[INFO] [stdout] 82 |                 let _ = SetForegroundWindow(h);
[INFO] [stdout]    |                         ^^^^^^^^^^^^^^^^^^^ not found in this scope
[INFO] [stdout] 
[INFO] [stdout] 
[INFO] [stdout] error[E0425]: cannot find function, tuple struct or tuple variant `LoadCursorW` in this scope
[INFO] [stdout]   --> src/settings_window.rs:93:26
[INFO] [stdout]    |
[INFO] [stdout] 93 |                 hCursor: LoadCursorW(None, IDC_ARROW).unwrap_or_default(),
[INFO] [stdout]    |                          ^^^^^^^^^^^ not found in this scope
[INFO] [stdout] 
[INFO] [stdout] 
[INFO] [stdout] error[E0425]: cannot find function, tuple struct or tuple variant `RegisterClassW` in this scope
[INFO] [stdout]   --> src/settings_window.rs:96:21
[INFO] [stdout]    |
[INFO] [stdout] 96 |             let _ = RegisterClassW(&wc);
[INFO] [stdout]    |                     ^^^^^^^^^^^^^^ not found in this scope
[INFO] [stdout] 
[INFO] [stdout] 
[INFO] [stdout] error[E0433]: cannot find type `WINDOW_EX_STYLE` in this scope
[INFO] [stdout]    --> src/settings_window.rs:100:13
[INFO] [stdout]     |
[INFO] [stdout] 100 |             WINDOW_EX_STYLE::default(),
[INFO] [stdout]     |             ^^^^^^^^^^^^^^^ use of undeclared type `WINDOW_EX_STYLE`
[INFO] [stdout] 
[INFO] [stdout] 
[INFO] [stdout] error[E0425]: cannot find function, tuple struct or tuple variant `HMENU` in this scope
[INFO] [stdout]    --> src/settings_window.rs:109:13
[INFO] [stdout]     |
[INFO] [stdout] 109 |             HMENU(0 as _),
[INFO] [stdout]     |             ^^^^^ not found in this scope
[INFO] [stdout] 
[INFO] [stdout] 
[INFO] [stdout] error[E0425]: cannot find function, tuple struct or tuple variant `CreateWindowExW` in this scope
[INFO] [stdout]   --> src/settings_window.rs:99:20
[INFO] [stdout]    |
[INFO] [stdout] 99 |         let hwnd = CreateWindowExW(
[INFO] [stdout]    |                    ^^^^^^^^^^^^^^^ not found in this scope
[INFO] [stdout] 
[INFO] [stdout] 
[INFO] [stdout] error[E0425]: cannot find function, tuple struct or tuple variant `ShowWindow` in this scope
[INFO] [stdout]    --> src/settings_window.rs:118:17
[INFO] [stdout]     |
[INFO] [stdout] 118 |         let _ = ShowWindow(hwnd, SW_SHOW);
[INFO] [stdout]     |                 ^^^^^^^^^^ not found in this scope
[INFO] [stdout] 
[INFO] [stdout] 
[INFO] [stdout] error[E0425]: cannot find function, tuple struct or tuple variant `SetWindowTextW` in this scope
[INFO] [stdout]    --> src/settings_window.rs:141:29
[INFO] [stdout]     |
[INFO] [stdout] 141 |                     let _ = SetWindowTextW(H_EDITS[7], PCWSTR(to_wide(preset.active_hex).as_ptr()));
[INFO] [stdout]     |                             ^^^^^^^^^^^^^^ not found in this scope
[INFO] [stdout] 
[INFO] [stdout] 
[INFO] [stdout] error[E0425]: cannot find function, tuple struct or tuple variant `SetWindowTextW` in this scope
[INFO] [stdout]    --> src/settings_window.rs:143:25
[INFO] [stdout]     |
[INFO] [stdout] 143 |                         SetWindowTextW(H_EDITS[8], PCWSTR(to_wide(preset.karaoke_hex).as_ptr()));
[INFO] [stdout]     |                         ^^^^^^^^^^^^^^ not found in this scope
[INFO] [stdout] 
[INFO] [stdout] 
[INFO] [stdout] error[E0425]: cannot find function, tuple struct or tuple variant `SetWindowTextW` in this scope
[INFO] [stdout]    --> src/settings_window.rs:145:25
[INFO] [stdout]     |
[INFO] [stdout] 145 |                         SetWindowTextW(H_EDITS[9], PCWSTR(to_wide(preset.karaoke_v2_hex).as_ptr()));
[INFO] [stdout]     |                         ^^^^^^^^^^^^^^ not found in this scope
[INFO] [stdout] 
[INFO] [stdout] 
[INFO] [stdout] error[E0425]: cannot find function, tuple struct or tuple variant `SetWindowTextW` in this scope
[INFO] [stdout]    --> src/settings_window.rs:146:29
[INFO] [stdout]     |
[INFO] [stdout] 146 |                     let _ = SetWindowTextW(
[INFO] [stdout]     |                             ^^^^^^^^^^^^^^ not found in this scope
[INFO] [stdout] 
[INFO] [stdout] 
[INFO] [stdout] error[E0425]: cannot find function, tuple struct or tuple variant `MessageBoxW` in this scope
[INFO] [stdout]    --> src/settings_window.rs:170:29
[INFO] [stdout]     |
[INFO] [stdout] 170 | ...                   MessageBoxW(
[INFO] [stdout]     |                       ^^^^^^^^^^^ not found in this scope
[INFO] [stdout] 
[INFO] [stdout] 
[INFO] [stdout] error[E0425]: cannot find function, tuple struct or tuple variant `DestroyWindow` in this scope
[INFO] [stdout]    --> src/settings_window.rs:176:37
[INFO] [stdout]     |
[INFO] [stdout] 176 | ...                   let _ = DestroyWindow(hwnd);
[INFO] [stdout]     |                               ^^^^^^^^^^^^^ not found in this scope
[INFO] [stdout] 
[INFO] [stdout] 
[INFO] [stdout] error[E0425]: cannot find function, tuple struct or tuple variant `DestroyWindow` in this scope
[INFO] [stdout]    --> src/settings_window.rs:180:33
[INFO] [stdout]     |
[INFO] [stdout] 180 |                         let _ = DestroyWindow(hwnd);
[INFO] [stdout]     |                                 ^^^^^^^^^^^^^ not found in this scope
[INFO] [stdout] 
[INFO] [stdout] 
[INFO] [stdout] error[E0425]: cannot find function, tuple struct or tuple variant `SetWindowTextW` in this scope
[INFO] [stdout]    --> src/settings_window.rs:185:37
[INFO] [stdout]     |
[INFO] [stdout] 185 | ...                   let _ = SetWindowTextW(H_EDITS[7], PCWSTR(to_wide(&new_hex).as_ptr()));
[INFO] [stdout]     |                               ^^^^^^^^^^^^^^ not found in this scope
[INFO] [stdout] 
[INFO] [stdout] 
[INFO] [stdout] error[E0425]: cannot find function, tuple struct or tuple variant `SetWindowTextW` in this scope
[INFO] [stdout]    --> src/settings_window.rs:195:37
[INFO] [stdout]     |
[INFO] [stdout] 195 | ...                   let _ = SetWindowTextW(H_EDITS[8], PCWSTR(to_wide(&new_hex).as_ptr()));
[INFO] [stdout]     |                               ^^^^^^^^^^^^^^ not found in this scope
[INFO] [stdout] 
[INFO] [stdout] 
[INFO] [stdout] error[E0425]: cannot find function, tuple struct or tuple variant `SetWindowTextW` in this scope
[INFO] [stdout]    --> src/settings_window.rs:205:37
[INFO] [stdout]     |
[INFO] [stdout] 205 | ...                   let _ = SetWindowTextW(H_EDITS[9], PCWSTR(to_wide(&new_hex).as_ptr()));
[INFO] [stdout]     |                               ^^^^^^^^^^^^^^ not found in this scope
[INFO] [stdout] 
[INFO] [stdout] 
[INFO] [stdout] error[E0425]: cannot find function, tuple struct or tuple variant `SetWindowTextW` in this scope
[INFO] [stdout]    --> src/settings_window.rs:215:37
[INFO] [stdout]     |
[INFO] [stdout] 215 | ...                   let _ = SetWindowTextW(H_EDITS[10], PCWSTR(to_wide(&new_hex).as_ptr()));
[INFO] [stdout]     |                               ^^^^^^^^^^^^^^ not found in this scope
[INFO] [stdout] 
[INFO] [stdout] 
[INFO] [stdout] error[E0425]: cannot find function, tuple struct or tuple variant `DestroyWindow` in this scope
[INFO] [stdout]    --> src/settings_window.rs:228:21
[INFO] [stdout]     |
[INFO] [stdout] 228 |             let _ = DestroyWindow(hwnd);
[INFO] [stdout]     |                     ^^^^^^^^^^^^^ not found in this scope
[INFO] [stdout] 
[INFO] [stdout] 
[INFO] [stdout] error[E0425]: cannot find function, tuple struct or tuple variant `DefWindowProcW` in this scope
[INFO] [stdout]    --> src/settings_window.rs:235:14
[INFO] [stdout]     |
[INFO] [stdout] 235 |         _ => DefWindowProcW(hwnd, msg, wparam, lparam),
[INFO] [stdout]     |              ^^^^^^^^^^^^^^ not found in this scope
[INFO] [stdout] 
[INFO] [stdout] 
[INFO] [stdout] error[E0433]: cannot find type `WINDOW_EX_STYLE` in this scope
[INFO] [stdout]    --> src/settings_window.rs:254:13
[INFO] [stdout]     |
[INFO] [stdout] 254 |             WINDOW_EX_STYLE::default(),
[INFO] [stdout]     |             ^^^^^^^^^^^^^^^ use of undeclared type `WINDOW_EX_STYLE`
[INFO] [stdout] 
[INFO] [stdout] 
[INFO] [stdout] error[E0425]: cannot find function, tuple struct or tuple variant `HMENU` in this scope
[INFO] [stdout]    --> src/settings_window.rs:263:13
[INFO] [stdout]     |
[INFO] [stdout] 263 |             HMENU(0 as _),
[INFO] [stdout]     |             ^^^^^ not found in this scope
[INFO] [stdout] 
[INFO] [stdout] 
[INFO] [stdout] error[E0425]: cannot find function, tuple struct or tuple variant `CreateWindowExW` in this scope
[INFO] [stdout]    --> src/settings_window.rs:253:17
[INFO] [stdout]     |
[INFO] [stdout] 253 |         let _ = CreateWindowExW(
[INFO] [stdout]     |                 ^^^^^^^^^^^^^^^ not found in this scope
[INFO] [stdout] 
[INFO] [stdout] 
[INFO] [stdout] error[E0433]: cannot find type `WINDOW_EX_STYLE` in this scope
[INFO] [stdout]    --> src/settings_window.rs:269:13
[INFO] [stdout]     |
[INFO] [stdout] 269 |             WINDOW_EX_STYLE::default(),
[INFO] [stdout]     |             ^^^^^^^^^^^^^^^ use of undeclared type `WINDOW_EX_STYLE`
[INFO] [stdout] 
[INFO] [stdout] 
[INFO] [stdout] error[E0425]: cannot find function, tuple struct or tuple variant `HMENU` in this scope
[INFO] [stdout]    --> src/settings_window.rs:278:13
[INFO] [stdout]     |
[INFO] [stdout] 278 |             HMENU(0 as _),
[INFO] [stdout]     |             ^^^^^ not found in this scope
[INFO] [stdout] 
[INFO] [stdout] 
[INFO] [stdout] error[E0425]: cannot find function, tuple struct or tuple variant `CreateWindowExW` in this scope
[INFO] [stdout]    --> src/settings_window.rs:268:19
[INFO] [stdout]     |
[INFO] [stdout] 268 |         let hed = CreateWindowExW(
[INFO] [stdout]     |                   ^^^^^^^^^^^^^^^ not found in this scope
[INFO] [stdout] 
[INFO] [stdout] 
[INFO] [stdout] error[E0433]: cannot find type `WINDOW_EX_STYLE` in this scope
[INFO] [stdout]    --> src/settings_window.rs:300:9
[INFO] [stdout]     |
[INFO] [stdout] 300 |         WINDOW_EX_STYLE::default(),
[INFO] [stdout]     |         ^^^^^^^^^^^^^^^ use of undeclared type `WINDOW_EX_STYLE`
[INFO] [stdout] 
[INFO] [stdout] 
[INFO] [stdout] error[E0425]: cannot find function, tuple struct or tuple variant `HMENU` in this scope
[INFO] [stdout]    --> src/settings_window.rs:309:9
[INFO] [stdout]     |
[INFO] [stdout] 309 |         HMENU(IDC_COLOR_ACTIVE_BTN as _),
[INFO] [stdout]     |         ^^^^^ not found in this scope
[INFO] [stdout] 
[INFO] [stdout] 
[INFO] [stdout] error[E0425]: cannot find function, tuple struct or tuple variant `CreateWindowExW` in this scope
[INFO] [stdout]    --> src/settings_window.rs:299:13
[INFO] [stdout]     |
[INFO] [stdout] 299 |     let _ = CreateWindowExW(
[INFO] [stdout]     |             ^^^^^^^^^^^^^^^ not found in this scope
[INFO] [stdout] 
[INFO] [stdout] 
[INFO] [stdout] error[E0433]: cannot find type `WINDOW_EX_STYLE` in this scope
[INFO] [stdout]    --> src/settings_window.rs:314:9
[INFO] [stdout]     |
[INFO] [stdout] 314 |         WINDOW_EX_STYLE::default(),
[INFO] [stdout]     |         ^^^^^^^^^^^^^^^ use of undeclared type `WINDOW_EX_STYLE`
[INFO] [stdout] 
[INFO] [stdout] 
[INFO] [stdout] error[E0425]: cannot find function, tuple struct or tuple variant `HMENU` in this scope
[INFO] [stdout]    --> src/settings_window.rs:323:9
[INFO] [stdout]     |
[INFO] [stdout] 323 |         HMENU(IDC_COLOR_KARAOKE_BTN as _),
[INFO] [stdout]     |         ^^^^^ not found in this scope
[INFO] [stdout] 
[INFO] [stdout] 
[INFO] [stdout] error[E0425]: cannot find function, tuple struct or tuple variant `CreateWindowExW` in this scope
[INFO] [stdout]    --> src/settings_window.rs:313:13
[INFO] [stdout]     |
[INFO] [stdout] 313 |     let _ = CreateWindowExW(
[INFO] [stdout]     |             ^^^^^^^^^^^^^^^ not found in this scope
[INFO] [stdout] 
[INFO] [stdout] 
[INFO] [stdout] error[E0433]: cannot find type `WINDOW_EX_STYLE` in this scope
[INFO] [stdout]    --> src/settings_window.rs:328:9
[INFO] [stdout]     |
[INFO] [stdout] 328 |         WINDOW_EX_STYLE::default(),
[INFO] [stdout]     |         ^^^^^^^^^^^^^^^ use of undeclared type `WINDOW_EX_STYLE`
[INFO] [stdout] 
[INFO] [stdout] 
[INFO] [stdout] error[E0425]: cannot find function, tuple struct or tuple variant `HMENU` in this scope
[INFO] [stdout]    --> src/settings_window.rs:337:9
[INFO] [stdout]     |
[INFO] [stdout] 337 |         HMENU(IDC_COLOR_KARAOKE_V2_BTN as _),
[INFO] [stdout]     |         ^^^^^ not found in this scope
[INFO] [stdout] 
[INFO] [stdout] 
[INFO] [stdout] error[E0425]: cannot find function, tuple struct or tuple variant `CreateWindowExW` in this scope
[INFO] [stdout]    --> src/settings_window.rs:327:13
[INFO] [stdout]     |
[INFO] [stdout] 327 |     let _ = CreateWindowExW(
[INFO] [stdout]     |             ^^^^^^^^^^^^^^^ not found in this scope
[INFO] [stdout] 
[INFO] [stdout] 
[INFO] [stdout] error[E0433]: cannot find type `WINDOW_EX_STYLE` in this scope
[INFO] [stdout]    --> src/settings_window.rs:342:9
[INFO] [stdout]     |
[INFO] [stdout] 342 |         WINDOW_EX_STYLE::default(),
[INFO] [stdout]     |         ^^^^^^^^^^^^^^^ use of undeclared type `WINDOW_EX_STYLE`
[INFO] [stdout] 
[INFO] [stdout] 
[INFO] [stdout] error[E0425]: cannot find function, tuple struct or tuple variant `HMENU` in this scope
[INFO] [stdout]    --> src/settings_window.rs:351:9
[INFO] [stdout]     |
[INFO] [stdout] 351 |         HMENU(IDC_COLOR_KARAOKE_GROUP_BTN as _),
[INFO] [stdout]     |         ^^^^^ not found in this scope
[INFO] [stdout] 
[INFO] [stdout] 
[INFO] [stdout] error[E0425]: cannot find function, tuple struct or tuple variant `CreateWindowExW` in this scope
[INFO] [stdout]    --> src/settings_window.rs:341:13
[INFO] [stdout]     |
[INFO] [stdout] 341 |     let _ = CreateWindowExW(
[INFO] [stdout]     |             ^^^^^^^^^^^^^^^ not found in this scope
[INFO] [stdout] 
[INFO] [stdout] 
[INFO] [stdout] error[E0433]: cannot find type `WINDOW_EX_STYLE` in this scope
[INFO] [stdout]    --> src/settings_window.rs:358:9
[INFO] [stdout]     |
[INFO] [stdout] 358 |         WINDOW_EX_STYLE::default(),
[INFO] [stdout]     |         ^^^^^^^^^^^^^^^ use of undeclared type `WINDOW_EX_STYLE`
[INFO] [stdout] 
[INFO] [stdout] 
[INFO] [stdout] error[E0425]: cannot find function, tuple struct or tuple variant `HMENU` in this scope
[INFO] [stdout]    --> src/settings_window.rs:367:9
[INFO] [stdout]     |
[INFO] [stdout] 367 |         HMENU(0 as _),
[INFO] [stdout]     |         ^^^^^ not found in this scope
[INFO] [stdout] 
[INFO] [stdout] 
[INFO] [stdout] error[E0425]: cannot find function, tuple struct or tuple variant `CreateWindowExW` in this scope
[INFO] [stdout]    --> src/settings_window.rs:357:13
[INFO] [stdout]     |
[INFO] [stdout] 357 |     let _ = CreateWindowExW(
[INFO] [stdout]     |             ^^^^^^^^^^^^^^^ not found in this scope
[INFO] [stdout] 
[INFO] [stdout] 
[INFO] [stdout] error[E0433]: cannot find type `WINDOW_EX_STYLE` in this scope
[INFO] [stdout]    --> src/settings_window.rs:372:9
[INFO] [stdout]     |
[INFO] [stdout] 372 |         WINDOW_EX_STYLE::default(),
[INFO] [stdout]     |         ^^^^^^^^^^^^^^^ use of undeclared type `WINDOW_EX_STYLE`
[INFO] [stdout] 
[INFO] [stdout] 
[INFO] [stdout] error[E0425]: cannot find function, tuple struct or tuple variant `WINDOW_STYLE` in this scope
[INFO] [stdout]    --> src/settings_window.rs:375:33
[INFO] [stdout]     |
[INFO] [stdout] 375 |         WS_CHILD | WS_VISIBLE | WINDOW_STYLE(CBS_DROPDOWNLIST as u32),
[INFO] [stdout]     |                                 ^^^^^^^^^^^^ not found in this scope
[INFO] [stdout] 
[INFO] [stdout] 
[INFO] [stdout] error[E0425]: cannot find function, tuple struct or tuple variant `HMENU` in this scope
[INFO] [stdout]    --> src/settings_window.rs:381:9
[INFO] [stdout]     |
[INFO] [stdout] 381 |         HMENU(IDC_COMBO_THEME as _),
[INFO] [stdout]     |         ^^^^^ not found in this scope
[INFO] [stdout] 
[INFO] [stdout] 
[INFO] [stdout] error[E0425]: cannot find function, tuple struct or tuple variant `CreateWindowExW` in this scope
[INFO] [stdout]    --> src/settings_window.rs:371:21
[INFO] [stdout]     |
[INFO] [stdout] 371 |     H_COMBO_THEME = CreateWindowExW(
[INFO] [stdout]     |                     ^^^^^^^^^^^^^^^ not found in this scope
[INFO] [stdout] 
[INFO] [stdout] 
[INFO] [stdout] error[E0425]: cannot find function, tuple struct or tuple variant `SendMessageW` in this scope
[INFO] [stdout]    --> src/settings_window.rs:388:9
[INFO] [stdout]     |
[INFO] [stdout] 388 |         SendMessageW(
[INFO] [stdout]     |         ^^^^^^^^^^^^ not found in this scope
[INFO] [stdout] 
[INFO] [stdout] 
[INFO] [stdout] error[E0433]: cannot find type `WINDOW_EX_STYLE` in this scope
[INFO] [stdout]    --> src/settings_window.rs:397:9
[INFO] [stdout]     |
[INFO] [stdout] 397 |         WINDOW_EX_STYLE::default(),
[INFO] [stdout]     |         ^^^^^^^^^^^^^^^ use of undeclared type `WINDOW_EX_STYLE`
[INFO] [stdout] 
[INFO] [stdout] 
[INFO] [stdout] error[E0425]: cannot find function, tuple struct or tuple variant `HMENU` in this scope
[INFO] [stdout]    --> src/settings_window.rs:406:9
[INFO] [stdout]     |
[INFO] [stdout] 406 |         HMENU(0 as _),
[INFO] [stdout]     |         ^^^^^ not found in this scope
[INFO] [stdout] 
[INFO] [stdout] 
[INFO] [stdout] error[E0425]: cannot find function, tuple struct or tuple variant `CreateWindowExW` in this scope
[INFO] [stdout]    --> src/settings_window.rs:396:13
[INFO] [stdout]     |
[INFO] [stdout] 396 |     let _ = CreateWindowExW(
[INFO] [stdout]     |             ^^^^^^^^^^^^^^^ not found in this scope
[INFO] [stdout] 
[INFO] [stdout] 
[INFO] [stdout] error[E0433]: cannot find type `WINDOW_EX_STYLE` in this scope
[INFO] [stdout]    --> src/settings_window.rs:411:9
[INFO] [stdout]     |
[INFO] [stdout] 411 |         WINDOW_EX_STYLE::default(),
[INFO] [stdout]     |         ^^^^^^^^^^^^^^^ use of undeclared type `WINDOW_EX_STYLE`
[INFO] [stdout] 
[INFO] [stdout] 
[INFO] [stdout] error[E0425]: cannot find function, tuple struct or tuple variant `WINDOW_STYLE` in this scope
[INFO] [stdout]    --> src/settings_window.rs:414:33
[INFO] [stdout]     |
[INFO] [stdout] 414 |         WS_CHILD | WS_VISIBLE | WINDOW_STYLE(CBS_DROPDOWNLIST as u32),
[INFO] [stdout]     |                                 ^^^^^^^^^^^^ not found in this scope
[INFO] [stdout] 
[INFO] [stdout] 
[INFO] [stdout] error[E0425]: cannot find function, tuple struct or tuple variant `HMENU` in this scope
[INFO] [stdout]    --> src/settings_window.rs:420:9
[INFO] [stdout]     |
[INFO] [stdout] 420 |         HMENU(0 as _),
[INFO] [stdout]     |         ^^^^^ not found in this scope
[INFO] [stdout] 
[INFO] [stdout] 
[INFO] [stdout] error[E0425]: cannot find function, tuple struct or tuple variant `CreateWindowExW` in this scope
[INFO] [stdout]    --> src/settings_window.rs:410:20
[INFO] [stdout]     |
[INFO] [stdout] 410 |     H_COMBO_MODE = CreateWindowExW(
[INFO] [stdout]     |                    ^^^^^^^^^^^^^^^ not found in this scope
[INFO] [stdout] 
[INFO] [stdout] 
[INFO] [stdout] error[E0425]: cannot find function, tuple struct or tuple variant `SendMessageW` in this scope
[INFO] [stdout]    --> src/settings_window.rs:427:9
[INFO] [stdout]     |
[INFO] [stdout] 427 |         SendMessageW(
[INFO] [stdout]     |         ^^^^^^^^^^^^ not found in this scope
[INFO] [stdout] 
[INFO] [stdout] 
[INFO] [stdout] error[E0433]: cannot find type `WINDOW_EX_STYLE` in this scope
[INFO] [stdout]    --> src/settings_window.rs:436:9
[INFO] [stdout]     |
[INFO] [stdout] 436 |         WINDOW_EX_STYLE::default(),
[INFO] [stdout]     |         ^^^^^^^^^^^^^^^ use of undeclared type `WINDOW_EX_STYLE`
[INFO] [stdout] 
[INFO] [stdout] 
[INFO] [stdout] error[E0425]: cannot find function, tuple struct or tuple variant `HMENU` in this scope
[INFO] [stdout]    --> src/settings_window.rs:445:9
[INFO] [stdout]     |
[INFO] [stdout] 445 |         HMENU(0 as _),
[INFO] [stdout]     |         ^^^^^ not found in this scope
[INFO] [stdout] 
[INFO] [stdout] 
[INFO] [stdout] error[E0425]: cannot find function, tuple struct or tuple variant `CreateWindowExW` in this scope
[INFO] [stdout]    --> src/settings_window.rs:435:13
[INFO] [stdout]     |
[INFO] [stdout] 435 |     let _ = CreateWindowExW(
[INFO] [stdout]     |             ^^^^^^^^^^^^^^^ not found in this scope
[INFO] [stdout] 
[INFO] [stdout] 
[INFO] [stdout] error[E0433]: cannot find type `WINDOW_EX_STYLE` in this scope
[INFO] [stdout]    --> src/settings_window.rs:450:9
[INFO] [stdout]     |
[INFO] [stdout] 450 |         WINDOW_EX_STYLE::default(),
[INFO] [stdout]     |         ^^^^^^^^^^^^^^^ use of undeclared type `WINDOW_EX_STYLE`
[INFO] [stdout] 
[INFO] [stdout] 
[INFO] [stdout] error[E0425]: cannot find function, tuple struct or tuple variant `WINDOW_STYLE` in this scope
[INFO] [stdout]    --> src/settings_window.rs:453:33
[INFO] [stdout]     |
[INFO] [stdout] 453 |         WS_CHILD | WS_VISIBLE | WINDOW_STYLE(CBS_DROPDOWNLIST as u32),
[INFO] [stdout]     |                                 ^^^^^^^^^^^^ not found in this scope
[INFO] [stdout] 
[INFO] [stdout] 
[INFO] [stdout] error[E0425]: cannot find function, tuple struct or tuple variant `HMENU` in this scope
[INFO] [stdout]    --> src/settings_window.rs:459:9
[INFO] [stdout]     |
[INFO] [stdout] 459 |         HMENU(0 as _),
[INFO] [stdout]     |         ^^^^^ not found in this scope
[INFO] [stdout] 
[INFO] [stdout] 
[INFO] [stdout] error[E0425]: cannot find function, tuple struct or tuple variant `CreateWindowExW` in this scope
[INFO] [stdout]    --> src/settings_window.rs:449:22
[INFO] [stdout]     |
[INFO] [stdout] 449 |     H_COMBO_EFFECT = CreateWindowExW(
[INFO] [stdout]     |                      ^^^^^^^^^^^^^^^ not found in this scope
[INFO] [stdout] 
[INFO] [stdout] 
[INFO] [stdout] error[E0425]: cannot find function, tuple struct or tuple variant `SendMessageW` in this scope
[INFO] [stdout]    --> src/settings_window.rs:466:9
[INFO] [stdout]     |
[INFO] [stdout] 466 |         SendMessageW(
[INFO] [stdout]     |         ^^^^^^^^^^^^ not found in this scope
[INFO] [stdout] 
[INFO] [stdout] 
[INFO] [stdout] error[E0433]: cannot find type `WINDOW_EX_STYLE` in this scope
[INFO] [stdout]    --> src/settings_window.rs:482:13
[INFO] [stdout]     |
[INFO] [stdout] 482 |             WINDOW_EX_STYLE::default(),
[INFO] [stdout]     |             ^^^^^^^^^^^^^^^ use of undeclared type `WINDOW_EX_STYLE`
[INFO] [stdout] 
[INFO] [stdout] 
[INFO] [stdout] error[E0425]: cannot find function, tuple struct or tuple variant `WINDOW_STYLE` in this scope
[INFO] [stdout]    --> src/settings_window.rs:485:37
[INFO] [stdout]     |
[INFO] [stdout] 485 |             WS_CHILD | WS_VISIBLE | WINDOW_STYLE(BS_AUTOCHECKBOX as u32),
[INFO] [stdout]     |                                     ^^^^^^^^^^^^ not found in this scope
[INFO] [stdout] 
[INFO] [stdout] 
[INFO] [stdout] error[E0425]: cannot find function, tuple struct or tuple variant `HMENU` in this scope
[INFO] [stdout]    --> src/settings_window.rs:491:13
[INFO] [stdout]     |
[INFO] [stdout] 491 |             HMENU(0 as _),
[INFO] [stdout]     |             ^^^^^ not found in this scope
[INFO] [stdout] 
[INFO] [stdout] 
[INFO] [stdout] error[E0425]: cannot find function, tuple struct or tuple variant `CreateWindowExW` in this scope
[INFO] [stdout]    --> src/settings_window.rs:481:17
[INFO] [stdout]     |
[INFO] [stdout] 481 |         let h = CreateWindowExW(
[INFO] [stdout]     |                 ^^^^^^^^^^^^^^^ not found in this scope
[INFO] [stdout] 
[INFO] [stdout] 
[INFO] [stdout] error[E0433]: cannot find type `WINDOW_EX_STYLE` in this scope
[INFO] [stdout]    --> src/settings_window.rs:499:9
[INFO] [stdout]     |
[INFO] [stdout] 499 |         WINDOW_EX_STYLE::default(),
[INFO] [stdout]     |         ^^^^^^^^^^^^^^^ use of undeclared type `WINDOW_EX_STYLE`
[INFO] [stdout] 
[INFO] [stdout] 
[INFO] [stdout] error[E0425]: cannot find function, tuple struct or tuple variant `WINDOW_STYLE` in this scope
[INFO] [stdout]    --> src/settings_window.rs:502:33
[INFO] [stdout]     |
[INFO] [stdout] 502 |         WS_CHILD | WS_VISIBLE | WINDOW_STYLE(BS_DEFPUSHBUTTON as u32),
[INFO] [stdout]     |                                 ^^^^^^^^^^^^ not found in this scope
[INFO] [stdout] 
[INFO] [stdout] 
[INFO] [stdout] error[E0425]: cannot find function, tuple struct or tuple variant `HMENU` in this scope
[INFO] [stdout]    --> src/settings_window.rs:508:9
[INFO] [stdout]     |
[INFO] [stdout] 508 |         HMENU(IDC_SAVE as _),
[INFO] [stdout]     |         ^^^^^ not found in this scope
[INFO] [stdout] 
[INFO] [stdout] 
[INFO] [stdout] error[E0425]: cannot find function, tuple struct or tuple variant `CreateWindowExW` in this scope
[INFO] [stdout]    --> src/settings_window.rs:498:13
[INFO] [stdout]     |
[INFO] [stdout] 498 |     let _ = CreateWindowExW(
[INFO] [stdout]     |             ^^^^^^^^^^^^^^^ not found in this scope
[INFO] [stdout] 
[INFO] [stdout] 
[INFO] [stdout] error[E0433]: cannot find type `WINDOW_EX_STYLE` in this scope
[INFO] [stdout]    --> src/settings_window.rs:513:9
[INFO] [stdout]     |
[INFO] [stdout] 513 |         WINDOW_EX_STYLE::default(),
[INFO] [stdout]     |         ^^^^^^^^^^^^^^^ use of undeclared type `WINDOW_EX_STYLE`
[INFO] [stdout] 
[INFO] [stdout] 
[INFO] [stdout] error[E0425]: cannot find function, tuple struct or tuple variant `HMENU` in this scope
[INFO] [stdout]    --> src/settings_window.rs:522:9
[INFO] [stdout]     |
[INFO] [stdout] 522 |         HMENU(IDC_CANCEL as _),
[INFO] [stdout]     |         ^^^^^ not found in this scope
[INFO] [stdout] 
[INFO] [stdout] 
[INFO] [stdout] error[E0425]: cannot find function, tuple struct or tuple variant `CreateWindowExW` in this scope
[INFO] [stdout]    --> src/settings_window.rs:512:13
[INFO] [stdout]     |
[INFO] [stdout] 512 |     let _ = CreateWindowExW(
[INFO] [stdout]     |             ^^^^^^^^^^^^^^^ not found in this scope
[INFO] [stdout] 
[INFO] [stdout] 
[INFO] [stdout] error[E0425]: cannot find function, tuple struct or tuple variant `GetWindowTextW` in this scope
[INFO] [stdout]    --> src/settings_window.rs:530:15
[INFO] [stdout]     |
[INFO] [stdout] 530 |     let len = GetWindowTextW(h, &mut buf);
[INFO] [stdout]     |               ^^^^^^^^^^^^^^ not found in this scope
[INFO] [stdout] 
[INFO] [stdout] 
[INFO] [stdout] error[E0425]: cannot find function, tuple struct or tuple variant `SendMessageW` in this scope
[INFO] [stdout]    --> src/settings_window.rs:534:5
[INFO] [stdout]     |
[INFO] [stdout] 534 |     SendMessageW(
[INFO] [stdout]     |     ^^^^^^^^^^^^ not found in this scope
[INFO] [stdout] 
[INFO] [stdout] 
[INFO] [stdout] error[E0425]: cannot find function, tuple struct or tuple variant `SendMessageW` in this scope
[INFO] [stdout]    --> src/settings_window.rs:546:5
[INFO] [stdout]     |
[INFO] [stdout] 546 |     SendMessageW(h, BM_GETCHECK, WPARAM(0), LPARAM(0)).0 == BST_CHECKED
[INFO] [stdout]     |     ^^^^^^^^^^^^ not found in this scope
[INFO] [stdout] 
[INFO] [stdout] 
[INFO] [stdout] error[E0425]: cannot find function, tuple struct or tuple variant `SendMessageW` in this scope
[INFO] [stdout]    --> src/settings_window.rs:549:15
[INFO] [stdout]     |
[INFO] [stdout] 549 |     let idx = SendMessageW(h, CB_GETCURSEL, WPARAM(0), LPARAM(0)).0;
[INFO] [stdout]     |               ^^^^^^^^^^^^ not found in this scope
[INFO] [stdout] 
[INFO] [stdout] 
[INFO] [stdout] error[E0425]: cannot find function, tuple struct or tuple variant `SendMessageW` in this scope
[INFO] [stdout]    --> src/settings_window.rs:554:5
[INFO] [stdout]     |
[INFO] [stdout] 554 |     SendMessageW(
[INFO] [stdout]     |     ^^^^^^^^^^^^ not found in this scope
[INFO] [stdout] 
[INFO] [stdout] 
[INFO] [stdout] error[E0425]: cannot find function, tuple struct or tuple variant `SendMessageW` in this scope
[INFO] [stdout]    --> src/settings_window.rs:565:15
[INFO] [stdout]     |
[INFO] [stdout] 565 |     let idx = SendMessageW(
[INFO] [stdout]     |               ^^^^^^^^^^^^ not found in this scope
[INFO] [stdout] 
[INFO] [stdout] 
[INFO] [stdout] error[E0425]: cannot find function, tuple struct or tuple variant `SendMessageW` in this scope
[INFO] [stdout]    --> src/settings_window.rs:573:9
[INFO] [stdout]     |
[INFO] [stdout] 573 |         SendMessageW(h, CB_SETCURSEL, WPARAM(idx as usize), LPARAM(0));
[INFO] [stdout]     |         ^^^^^^^^^^^^ not found in this scope
[INFO] [stdout] 
[INFO] [stdout] 
[INFO] [stdout] error[E0425]: cannot find function, tuple struct or tuple variant `SetWindowTextW` in this scope
[INFO] [stdout]    --> src/settings_window.rs:582:13
[INFO] [stdout]     |
[INFO] [stdout] 582 |     let _ = SetWindowTextW(H_EDITS[0], PCWSTR(to_wide(&c.font_family).as_ptr()));
[INFO] [stdout]     |             ^^^^^^^^^^^^^^ not found in this scope
[INFO] [stdout] 
[INFO] [stdout] 
[INFO] [stdout] error[E0425]: cannot find function, tuple struct or tuple variant `SetWindowTextW` in this scope
[INFO] [stdout]    --> src/settings_window.rs:583:13
[INFO] [stdout]     |
[INFO] [stdout] 583 |     let _ = SetWindowTextW(
[INFO] [stdout]     |             ^^^^^^^^^^^^^^ not found in this scope
[INFO] [stdout] 
[INFO] [stdout] 
[INFO] [stdout] error[E0425]: cannot find function, tuple struct or tuple variant `SetWindowTextW` in this scope
[INFO] [stdout]    --> src/settings_window.rs:587:13
[INFO] [stdout]     |
[INFO] [stdout] 587 |     let _ = SetWindowTextW(
[INFO] [stdout]     |             ^^^^^^^^^^^^^^ not found in this scope
[INFO] [stdout] 
[INFO] [stdout] 
[INFO] [stdout] error[E0425]: cannot find function, tuple struct or tuple variant `SetWindowTextW` in this scope
[INFO] [stdout]    --> src/settings_window.rs:591:13
[INFO] [stdout]     |
[INFO] [stdout] 591 |     let _ = SetWindowTextW(
[INFO] [stdout]     |             ^^^^^^^^^^^^^^ not found in this scope
[INFO] [stdout] 
[INFO] [stdout] 
[INFO] [stdout] error[E0425]: cannot find function, tuple struct or tuple variant `SetWindowTextW` in this scope
[INFO] [stdout]    --> src/settings_window.rs:595:13
[INFO] [stdout]     |
[INFO] [stdout] 595 |     let _ = SetWindowTextW(H_EDITS[6], PCWSTR(to_wide(&c.opacity.to_string()).as_ptr()));
[INFO] [stdout]     |             ^^^^^^^^^^^^^^ not found in this scope
[INFO] [stdout] 
[INFO] [stdout] 
[INFO] [stdout] error[E0425]: cannot find function, tuple struct or tuple variant `SetWindowTextW` in this scope
[INFO] [stdout]    --> src/settings_window.rs:596:13
[INFO] [stdout]     |
[INFO] [stdout] 596 |     let _ = SetWindowTextW(H_EDITS[7], PCWSTR(to_wide(&c.active_hex).as_ptr()));
[INFO] [stdout]     |             ^^^^^^^^^^^^^^ not found in this scope
[INFO] [stdout] 
[INFO] [stdout] 
[INFO] [stdout] error[E0425]: cannot find function, tuple struct or tuple variant `SetWindowTextW` in this scope
[INFO] [stdout]    --> src/settings_window.rs:597:13
[INFO] [stdout]     |
[INFO] [stdout] 597 |     let _ = SetWindowTextW(H_EDITS[8], PCWSTR(to_wide(&c.karaoke_hex).as_ptr()));
[INFO] [stdout]     |             ^^^^^^^^^^^^^^ not found in this scope
[INFO] [stdout] 
[INFO] [stdout] 
[INFO] [stdout] error[E0425]: cannot find function, tuple struct or tuple variant `SetWindowTextW` in this scope
[INFO] [stdout]    --> src/settings_window.rs:598:13
[INFO] [stdout]     |
[INFO] [stdout] 598 |     let _ = SetWindowTextW(H_EDITS[9], PCWSTR(to_wide(&c.karaoke_v2_hex).as_ptr()));
[INFO] [stdout]     |             ^^^^^^^^^^^^^^ not found in this scope
[INFO] [stdout] 
[INFO] [stdout] 
[INFO] [stdout] error[E0425]: cannot find function, tuple struct or tuple variant `SetWindowTextW` in this scope
[INFO] [stdout]    --> src/settings_window.rs:599:13
[INFO] [stdout]     |
[INFO] [stdout] 599 |     let _ = SetWindowTextW(H_EDITS[10], PCWSTR(to_wide(&c.karaoke_group_hex).as_ptr()));
[INFO] [stdout]     |             ^^^^^^^^^^^^^^ not found in this scope
[INFO] [stdout] 
[INFO] [stdout] 
[INFO] [stdout] error[E0425]: cannot find function, tuple struct or tuple variant `IsWindow` in this scope
[INFO] [stdout]   --> src/settings_window.rs:80:34
[INFO] [stdout]    |
[INFO] [stdout] 80 |             if !h.0.is_null() && IsWindow(h).as_bool() {
[INFO] [stdout]    |                                  ^^^^^^^^ not found in this scope
[INFO] [stdout] 
[INFO] [stdout] 
[INFO] [stdout] error[E0425]: cannot find function, tuple struct or tuple variant `ShowWindow` in this scope
[INFO] [stdout]   --> src/settings_window.rs:81:25
[INFO] [stdout]    |
[INFO] [stdout] 81 |                 let _ = ShowWindow(h, SW_SHOW);
[INFO] [stdout]    |                         ^^^^^^^^^^ not found in this scope
[INFO] [stdout] 
[INFO] [stdout] 
[INFO] [stdout] error[E0425]: cannot find function, tuple struct or tuple variant `SetForegroundWindow` in this scope
[INFO] [stdout]   --> src/settings_window.rs:82:25
[INFO] [stdout]    |
[INFO] [stdout] 82 |                 let _ = SetForegroundWindow(h);
[INFO] [stdout]    |                         ^^^^^^^^^^^^^^^^^^^ not found in this scope
[INFO] [stdout] 
[INFO] [stdout] 
[INFO] [stdout] error[E0425]: cannot find function, tuple struct or tuple variant `LoadCursorW` in this scope
[INFO] [stdout]   --> src/settings_window.rs:93:26
[INFO] [stdout]    |
[INFO] [stdout] 93 |                 hCursor: LoadCursorW(None, IDC_ARROW).unwrap_or_default(),
[INFO] [stdout]    |                          ^^^^^^^^^^^ not found in this scope
[INFO] [stdout] 
[INFO] [stdout] 
[INFO] [stdout] error[E0425]: cannot find function, tuple struct or tuple variant `RegisterClassW` in this scope
[INFO] [stdout]   --> src/settings_window.rs:96:21
[INFO] [stdout]    |
[INFO] [stdout] 96 |             let _ = RegisterClassW(&wc);
[INFO] [stdout]    |                     ^^^^^^^^^^^^^^ not found in this scope
[INFO] [stdout] 
[INFO] [stdout] 
[INFO] [stdout] error[E0433]: cannot find type `WINDOW_EX_STYLE` in this scope
[INFO] [stdout]    --> src/settings_window.rs:100:13
[INFO] [stdout]     |
[INFO] [stdout] 100 |             WINDOW_EX_STYLE::default(),
[INFO] [stdout]     |             ^^^^^^^^^^^^^^^ use of undeclared type `WINDOW_EX_STYLE`
[INFO] [stdout] 
[INFO] [stdout] 
[INFO] [stdout] error[E0425]: cannot find function, tuple struct or tuple variant `HMENU` in this scope
[INFO] [stdout]    --> src/settings_window.rs:109:13
[INFO] [stdout]     |
[INFO] [stdout] 109 |             HMENU(0 as _),
[INFO] [stdout]     |             ^^^^^ not found in this scope
[INFO] [stdout] 
[INFO] [stdout] 
[INFO] [stdout] error[E0425]: cannot find function, tuple struct or tuple variant `CreateWindowExW` in this scope
[INFO] [stdout]   --> src/settings_window.rs:99:20
[INFO] [stdout]    |
[INFO] [stdout] 99 |         let hwnd = CreateWindowExW(
[INFO] [stdout]    |                    ^^^^^^^^^^^^^^^ not found in this scope
[INFO] [stdout] 
[INFO] [stdout] 
[INFO] [stdout] error[E0425]: cannot find function, tuple struct or tuple variant `ShowWindow` in this scope
[INFO] [stdout]    --> src/settings_window.rs:118:17
[INFO] [stdout]     |
[INFO] [stdout] 118 |         let _ = ShowWindow(hwnd, SW_SHOW);
[INFO] [stdout]     |                 ^^^^^^^^^^ not found in this scope
[INFO] [stdout] 
[INFO] [stdout] 
[INFO] [stdout] error[E0425]: cannot find function, tuple struct or tuple variant `SetWindowTextW` in this scope
[INFO] [stdout]    --> src/settings_window.rs:141:29
[INFO] [stdout]     |
[INFO] [stdout] 141 |                     let _ = SetWindowTextW(H_EDITS[7], PCWSTR(to_wide(preset.active_hex).as_ptr()));
[INFO] [stdout]     |                             ^^^^^^^^^^^^^^ not found in this scope
[INFO] [stdout] 
[INFO] [stdout] 
[INFO] [stdout] error[E0425]: cannot find function, tuple struct or tuple variant `SetWindowTextW` in this scope
[INFO] [stdout]    --> src/settings_window.rs:143:25
[INFO] [stdout]     |
[INFO] [stdout] 143 |                         SetWindowTextW(H_EDITS[8], PCWSTR(to_wide(preset.karaoke_hex).as_ptr()));
[INFO] [stdout]     |                         ^^^^^^^^^^^^^^ not found in this scope
[INFO] [stdout] 
[INFO] [stdout] 
[INFO] [stdout] error[E0425]: cannot find function, tuple struct or tuple variant `SetWindowTextW` in this scope
[INFO] [stdout]    --> src/settings_window.rs:145:25
[INFO] [stdout]     |
[INFO] [stdout] 145 |                         SetWindowTextW(H_EDITS[9], PCWSTR(to_wide(preset.karaoke_v2_hex).as_ptr()));
[INFO] [stdout]     |                         ^^^^^^^^^^^^^^ not found in this scope
[INFO] [stdout] 
[INFO] [stdout] 
[INFO] [stdout] error[E0425]: cannot find function, tuple struct or tuple variant `SetWindowTextW` in this scope
[INFO] [stdout]    --> src/settings_window.rs:146:29
[INFO] [stdout]     |
[INFO] [stdout] 146 |                     let _ = SetWindowTextW(
[INFO] [stdout]     |                             ^^^^^^^^^^^^^^ not found in this scope
[INFO] [stdout] 
[INFO] [stdout] 
[INFO] [stdout] error[E0425]: cannot find function, tuple struct or tuple variant `MessageBoxW` in this scope
[INFO] [stdout]    --> src/settings_window.rs:170:29
[INFO] [stdout]     |
[INFO] [stdout] 170 | ...                   MessageBoxW(
[INFO] [stdout]     |                       ^^^^^^^^^^^ not found in this scope
[INFO] [stdout] 
[INFO] [stdout] 
[INFO] [stdout] error[E0425]: cannot find function, tuple struct or tuple variant `DestroyWindow` in this scope
[INFO] [stdout]    --> src/settings_window.rs:176:37
[INFO] [stdout]     |
[INFO] [stdout] 176 | ...                   let _ = DestroyWindow(hwnd);
[INFO] [stdout]     |                               ^^^^^^^^^^^^^ not found in this scope
[INFO] [stdout] 
[INFO] [stdout] 
[INFO] [stdout] error[E0425]: cannot find function, tuple struct or tuple variant `DestroyWindow` in this scope
[INFO] [stdout]    --> src/settings_window.rs:180:33
[INFO] [stdout]     |
[INFO] [stdout] 180 |                         let _ = DestroyWindow(hwnd);
[INFO] [stdout]     |                                 ^^^^^^^^^^^^^ not found in this scope
[INFO] [stdout] 
[INFO] [stdout] 
[INFO] [stdout] error[E0425]: cannot find function, tuple struct or tuple variant `SetWindowTextW` in this scope
[INFO] [stdout]    --> src/settings_window.rs:185:37
[INFO] [stdout]     |
[INFO] [stdout] 185 | ...                   let _ = SetWindowTextW(H_EDITS[7], PCWSTR(to_wide(&new_hex).as_ptr()));
[INFO] [stdout]     |                               ^^^^^^^^^^^^^^ not found in this scope
[INFO] [stdout] 
[INFO] [stdout] 
[INFO] [stdout] error[E0425]: cannot find function, tuple struct or tuple variant `SetWindowTextW` in this scope
[INFO] [stdout]    --> src/settings_window.rs:195:37
[INFO] [stdout]     |
[INFO] [stdout] 195 | ...                   let _ = SetWindowTextW(H_EDITS[8], PCWSTR(to_wide(&new_hex).as_ptr()));
[INFO] [stdout]     |                               ^^^^^^^^^^^^^^ not found in this scope
[INFO] [stdout] 
[INFO] [stdout] 
[INFO] [stdout] error[E0425]: cannot find function, tuple struct or tuple variant `SetWindowTextW` in this scope
[INFO] [stdout]    --> src/settings_window.rs:205:37
[INFO] [stdout]     |
[INFO] [stdout] 205 | ...                   let _ = SetWindowTextW(H_EDITS[9], PCWSTR(to_wide(&new_hex).as_ptr()));
[INFO] [stdout]     |                               ^^^^^^^^^^^^^^ not found in this scope
[INFO] [stdout] 
[INFO] [stdout] 
[INFO] [stdout] error[E0425]: cannot find function, tuple struct or tuple variant `SetWindowTextW` in this scope
[INFO] [stdout]    --> src/settings_window.rs:215:37
[INFO] [stdout]     |
[INFO] [stdout] 215 | ...                   let _ = SetWindowTextW(H_EDITS[10], PCWSTR(to_wide(&new_hex).as_ptr()));
[INFO] [stdout]     |                               ^^^^^^^^^^^^^^ not found in this scope
[INFO] [stdout] 
[INFO] [stdout] 
[INFO] [stdout] error[E0425]: cannot find function, tuple struct or tuple variant `DestroyWindow` in this scope
[INFO] [stdout]    --> src/settings_window.rs:228:21
[INFO] [stdout]     |
[INFO] [stdout] 228 |             let _ = DestroyWindow(hwnd);
[INFO] [stdout]     |                     ^^^^^^^^^^^^^ not found in this scope
[INFO] [stdout] 
[INFO] [stdout] 
[INFO] [stdout] error[E0425]: cannot find function, tuple struct or tuple variant `DefWindowProcW` in this scope
[INFO] [stdout]    --> src/settings_window.rs:235:14
[INFO] [stdout]     |
[INFO] [stdout] 235 |         _ => DefWindowProcW(hwnd, msg, wparam, lparam),
[INFO] [stdout]     |              ^^^^^^^^^^^^^^ not found in this scope
[INFO] [stdout] 
[INFO] [stdout] 
[INFO] [stdout] error[E0433]: cannot find type `WINDOW_EX_STYLE` in this scope
[INFO] [stdout]    --> src/settings_window.rs:254:13
[INFO] [stdout]     |
[INFO] [stdout] 254 |             WINDOW_EX_STYLE::default(),
[INFO] [stdout]     |             ^^^^^^^^^^^^^^^ use of undeclared type `WINDOW_EX_STYLE`
[INFO] [stdout] 
[INFO] [stdout] 
[INFO] [stdout] error[E0425]: cannot find function, tuple struct or tuple variant `HMENU` in this scope
[INFO] [stdout]    --> src/settings_window.rs:263:13
[INFO] [stdout]     |
[INFO] [stdout] 263 |             HMENU(0 as _),
[INFO] [stdout]     |             ^^^^^ not found in this scope
[INFO] [stdout] 
[INFO] [stdout] 
[INFO] [stdout] error[E0425]: cannot find function, tuple struct or tuple variant `CreateWindowExW` in this scope
[INFO] [stdout]    --> src/settings_window.rs:253:17
[INFO] [stdout]     |
[INFO] [stdout] 253 |         let _ = CreateWindowExW(
[INFO] [stdout]     |                 ^^^^^^^^^^^^^^^ not found in this scope
[INFO] [stdout] 
[INFO] [stdout] 
[INFO] [stdout] error[E0433]: cannot find type `WINDOW_EX_STYLE` in this scope
[INFO] [stdout]    --> src/settings_window.rs:269:13
[INFO] [stdout]     |
[INFO] [stdout] 269 |             WINDOW_EX_STYLE::default(),
[INFO] [stdout]     |             ^^^^^^^^^^^^^^^ use of undeclared type `WINDOW_EX_STYLE`
[INFO] [stdout] 
[INFO] [stdout] 
[INFO] [stdout] error[E0425]: cannot find function, tuple struct or tuple variant `HMENU` in this scope
[INFO] [stdout]    --> src/settings_window.rs:278:13
[INFO] [stdout]     |
[INFO] [stdout] 278 |             HMENU(0 as _),
[INFO] [stdout]     |             ^^^^^ not found in this scope
[INFO] [stdout] 
[INFO] [stdout] 
[INFO] [stdout] error[E0425]: cannot find function, tuple struct or tuple variant `CreateWindowExW` in this scope
[INFO] [stdout]    --> src/settings_window.rs:268:19
[INFO] [stdout]     |
[INFO] [stdout] 268 |         let hed = CreateWindowExW(
[INFO] [stdout]     |                   ^^^^^^^^^^^^^^^ not found in this scope
[INFO] [stdout] 
[INFO] [stdout] 
[INFO] [stdout] error[E0433]: cannot find type `WINDOW_EX_STYLE` in this scope
[INFO] [stdout]    --> src/settings_window.rs:300:9
[INFO] [stdout]     |
[INFO] [stdout] 300 |         WINDOW_EX_STYLE::default(),
[INFO] [stdout]     |         ^^^^^^^^^^^^^^^ use of undeclared type `WINDOW_EX_STYLE`
[INFO] [stdout] 
[INFO] [stdout] 
[INFO] [stdout] error[E0425]: cannot find function, tuple struct or tuple variant `HMENU` in this scope
[INFO] [stdout]    --> src/settings_window.rs:309:9
[INFO] [stdout]     |
[INFO] [stdout] 309 |         HMENU(IDC_COLOR_ACTIVE_BTN as _),
[INFO] [stdout]     |         ^^^^^ not found in this scope
[INFO] [stdout] 
[INFO] [stdout] 
[INFO] [stdout] error[E0425]: cannot find function, tuple struct or tuple variant `CreateWindowExW` in this scope
[INFO] [stdout]    --> src/settings_window.rs:299:13
[INFO] [stdout]     |
[INFO] [stdout] 299 |     let _ = CreateWindowExW(
[INFO] [stdout]     |             ^^^^^^^^^^^^^^^ not found in this scope
[INFO] [stdout] 
[INFO] [stdout] 
[INFO] [stdout] error[E0433]: cannot find type `WINDOW_EX_STYLE` in this scope
[INFO] [stdout]    --> src/settings_window.rs:314:9
[INFO] [stdout]     |
[INFO] [stdout] 314 |         WINDOW_EX_STYLE::default(),
[INFO] [stdout]     |         ^^^^^^^^^^^^^^^ use of undeclared type `WINDOW_EX_STYLE`
[INFO] [stdout] 
[INFO] [stdout] 
[INFO] [stdout] error[E0425]: cannot find function, tuple struct or tuple variant `HMENU` in this scope
[INFO] [stdout]    --> src/settings_window.rs:323:9
[INFO] [stdout]     |
[INFO] [stdout] 323 |         HMENU(IDC_COLOR_KARAOKE_BTN as _),
[INFO] [stdout]     |         ^^^^^ not found in this scope
[INFO] [stdout] 
[INFO] [stdout] 
[INFO] [stdout] error[E0425]: cannot find function, tuple struct or tuple variant `CreateWindowExW` in this scope
[INFO] [stdout]    --> src/settings_window.rs:313:13
[INFO] [stdout]     |
[INFO] [stdout] 313 |     let _ = CreateWindowExW(
[INFO] [stdout]     |             ^^^^^^^^^^^^^^^ not found in this scope
[INFO] [stdout] 
[INFO] [stdout] 
[INFO] [stdout] error[E0433]: cannot find type `WINDOW_EX_STYLE` in this scope
[INFO] [stdout]    --> src/settings_window.rs:328:9
[INFO] [stdout]     |
[INFO] [stdout] 328 |         WINDOW_EX_STYLE::default(),
[INFO] [stdout]     |         ^^^^^^^^^^^^^^^ use of undeclared type `WINDOW_EX_STYLE`
[INFO] [stdout] 
[INFO] [stdout] 
[INFO] [stdout] error[E0425]: cannot find function, tuple struct or tuple variant `HMENU` in this scope
[INFO] [stdout]    --> src/settings_window.rs:337:9
[INFO] [stdout]     |
[INFO] [stdout] 337 |         HMENU(IDC_COLOR_KARAOKE_V2_BTN as _),
[INFO] [stdout]     |         ^^^^^ not found in this scope
[INFO] [stdout] 
[INFO] [stdout] 
[INFO] [stdout] error[E0425]: cannot find function, tuple struct or tuple variant `CreateWindowExW` in this scope
[INFO] [stdout]    --> src/settings_window.rs:327:13
[INFO] [stdout]     |
[INFO] [stdout] 327 |     let _ = CreateWindowExW(
[INFO] [stdout]     |             ^^^^^^^^^^^^^^^ not found in this scope
[INFO] [stdout] 
[INFO] [stdout] 
[INFO] [stdout] error[E0433]: cannot find type `WINDOW_EX_STYLE` in this scope
[INFO] [stdout]    --> src/settings_window.rs:342:9
[INFO] [stdout]     |
[INFO] [stdout] 342 |         WINDOW_EX_STYLE::default(),
[INFO] [stdout]     |         ^^^^^^^^^^^^^^^ use of undeclared type `WINDOW_EX_STYLE`
[INFO] [stdout] 
[INFO] [stdout] 
[INFO] [stdout] error[E0425]: cannot find function, tuple struct or tuple variant `HMENU` in this scope
[INFO] [stdout]    --> src/settings_window.rs:351:9
[INFO] [stdout]     |
[INFO] [stdout] 351 |         HMENU(IDC_COLOR_KARAOKE_GROUP_BTN as _),
[INFO] [stdout]     |         ^^^^^ not found in this scope
[INFO] [stdout] 
[INFO] [stdout] 
[INFO] [stdout] error[E0425]: cannot find function, tuple struct or tuple variant `CreateWindowExW` in this scope
[INFO] [stdout]    --> src/settings_window.rs:341:13
[INFO] [stdout]     |
[INFO] [stdout] 341 |     let _ = CreateWindowExW(
[INFO] [stdout]     |             ^^^^^^^^^^^^^^^ not found in this scope
[INFO] [stdout] 
[INFO] [stdout] 
[INFO] [stdout] error[E0433]: cannot find type `WINDOW_EX_STYLE` in this scope
[INFO] [stdout]    --> src/settings_window.rs:358:9
[INFO] [stdout]     |
[INFO] [stdout] 358 |         WINDOW_EX_STYLE::default(),
[INFO] [stdout]     |         ^^^^^^^^^^^^^^^ use of undeclared type `WINDOW_EX_STYLE`
[INFO] [stdout] 
[INFO] [stdout] 
[INFO] [stdout] error[E0425]: cannot find function, tuple struct or tuple variant `HMENU` in this scope
[INFO] [stdout]    --> src/settings_window.rs:367:9
[INFO] [stdout]     |
[INFO] [stdout] 367 |         HMENU(0 as _),
[INFO] [stdout]     |         ^^^^^ not found in this scope
[INFO] [stdout] 
[INFO] [stdout] 
[INFO] [stdout] error[E0425]: cannot find function, tuple struct or tuple variant `CreateWindowExW` in this scope
[INFO] [stdout]    --> src/settings_window.rs:357:13
[INFO] [stdout]     |
[INFO] [stdout] 357 |     let _ = CreateWindowExW(
[INFO] [stdout]     |             ^^^^^^^^^^^^^^^ not found in this scope
[INFO] [stdout] 
[INFO] [stdout] 
[INFO] [stdout] error[E0433]: cannot find type `WINDOW_EX_STYLE` in this scope
[INFO] [stdout]    --> src/settings_window.rs:372:9
[INFO] [stdout]     |
[INFO] [stdout] 372 |         WINDOW_EX_STYLE::default(),
[INFO] [stdout]     |         ^^^^^^^^^^^^^^^ use of undeclared type `WINDOW_EX_STYLE`
[INFO] [stdout] 
[INFO] [stdout] 
[INFO] [stdout] error[E0425]: cannot find function, tuple struct or tuple variant `WINDOW_STYLE` in this scope
[INFO] [stdout]    --> src/settings_window.rs:375:33
[INFO] [stdout]     |
[INFO] [stdout] 375 |         WS_CHILD | WS_VISIBLE | WINDOW_STYLE(CBS_DROPDOWNLIST as u32),
[INFO] [stdout]     |                                 ^^^^^^^^^^^^ not found in this scope
[INFO] [stdout] 
[INFO] [stdout] 
[INFO] [stdout] error[E0425]: cannot find function, tuple struct or tuple variant `HMENU` in this scope
[INFO] [stdout]    --> src/settings_window.rs:381:9
[INFO] [stdout]     |
[INFO] [stdout] 381 |         HMENU(IDC_COMBO_THEME as _),
[INFO] [stdout]     |         ^^^^^ not found in this scope
[INFO] [stdout] 
[INFO] [stdout] 
[INFO] [stdout] error[E0425]: cannot find function, tuple struct or tuple variant `CreateWindowExW` in this scope
[INFO] [stdout]    --> src/settings_window.rs:371:21
[INFO] [stdout]     |
[INFO] [stdout] 371 |     H_COMBO_THEME = CreateWindowExW(
[INFO] [stdout]     |                     ^^^^^^^^^^^^^^^ not found in this scope
[INFO] [stdout] 
[INFO] [stdout] 
[INFO] [stdout] error[E0425]: cannot find function, tuple struct or tuple variant `SendMessageW` in this scope
[INFO] [stdout]    --> src/settings_window.rs:388:9
[INFO] [stdout]     |
[INFO] [stdout] 388 |         SendMessageW(
[INFO] [stdout]     |         ^^^^^^^^^^^^ not found in this scope
[INFO] [stdout] 
[INFO] [stdout] 
[INFO] [stdout] error[E0433]: cannot find type `WINDOW_EX_STYLE` in this scope
[INFO] [stdout]    --> src/settings_window.rs:397:9
[INFO] [stdout]     |
[INFO] [stdout] 397 |         WINDOW_EX_STYLE::default(),
[INFO] [stdout]     |         ^^^^^^^^^^^^^^^ use of undeclared type `WINDOW_EX_STYLE`
[INFO] [stdout] 
[INFO] [stdout] 
[INFO] [stdout] error[E0425]: cannot find function, tuple struct or tuple variant `HMENU` in this scope
[INFO] [stdout]    --> src/settings_window.rs:406:9
[INFO] [stdout]     |
[INFO] [stdout] 406 |         HMENU(0 as _),
[INFO] [stdout]     |         ^^^^^ not found in this scope
[INFO] [stdout] 
[INFO] [stdout] 
[INFO] [stdout] error[E0425]: cannot find function, tuple struct or tuple variant `CreateWindowExW` in this scope
[INFO] [stdout]    --> src/settings_window.rs:396:13
[INFO] [stdout]     |
[INFO] [stdout] 396 |     let _ = CreateWindowExW(
[INFO] [stdout]     |             ^^^^^^^^^^^^^^^ not found in this scope
[INFO] [stdout] 
[INFO] [stdout] 
[INFO] [stdout] error[E0433]: cannot find type `WINDOW_EX_STYLE` in this scope
[INFO] [stdout]    --> src/settings_window.rs:411:9
[INFO] [stdout]     |
[INFO] [stdout] 411 |         WINDOW_EX_STYLE::default(),
[INFO] [stdout]     |         ^^^^^^^^^^^^^^^ use of undeclared type `WINDOW_EX_STYLE`
[INFO] [stdout] 
[INFO] [stdout] 
[INFO] [stdout] error[E0425]: cannot find function, tuple struct or tuple variant `WINDOW_STYLE` in this scope
[INFO] [stdout]    --> src/settings_window.rs:414:33
[INFO] [stdout]     |
[INFO] [stdout] 414 |         WS_CHILD | WS_VISIBLE | WINDOW_STYLE(CBS_DROPDOWNLIST as u32),
[INFO] [stdout]     |                                 ^^^^^^^^^^^^ not found in this scope
[INFO] [stdout] 
[INFO] [stdout] 
[INFO] [stdout] error[E0425]: cannot find function, tuple struct or tuple variant `HMENU` in this scope
[INFO] [stdout]    --> src/settings_window.rs:420:9
[INFO] [stdout]     |
[INFO] [stdout] 420 |         HMENU(0 as _),
[INFO] [stdout]     |         ^^^^^ not found in this scope
[INFO] [stdout] 
[INFO] [stdout] 
[INFO] [stdout] error[E0425]: cannot find function, tuple struct or tuple variant `CreateWindowExW` in this scope
[INFO] [stdout]    --> src/settings_window.rs:410:20
[INFO] [stdout]     |
[INFO] [stdout] 410 |     H_COMBO_MODE = CreateWindowExW(
[INFO] [stdout]     |                    ^^^^^^^^^^^^^^^ not found in this scope
[INFO] [stdout] 
[INFO] [stdout] 
[INFO] [stdout] error[E0425]: cannot find function, tuple struct or tuple variant `SendMessageW` in this scope
[INFO] [stdout]    --> src/settings_window.rs:427:9
[INFO] [stdout]     |
[INFO] [stdout] 427 |         SendMessageW(
[INFO] [stdout]     |         ^^^^^^^^^^^^ not found in this scope
[INFO] [stdout] 
[INFO] [stdout] 
[INFO] [stdout] error[E0433]: cannot find type `WINDOW_EX_STYLE` in this scope
[INFO] [stdout]    --> src/settings_window.rs:436:9
[INFO] [stdout]     |
[INFO] [stdout] 436 |         WINDOW_EX_STYLE::default(),
[INFO] [stdout]     |         ^^^^^^^^^^^^^^^ use of undeclared type `WINDOW_EX_STYLE`
[INFO] [stdout] 
[INFO] [stdout] 
[INFO] [stdout] error[E0425]: cannot find function, tuple struct or tuple variant `HMENU` in this scope
[INFO] [stdout]    --> src/settings_window.rs:445:9
[INFO] [stdout]     |
[INFO] [stdout] 445 |         HMENU(0 as _),
[INFO] [stdout]     |         ^^^^^ not found in this scope
[INFO] [stdout] 
[INFO] [stdout] 
[INFO] [stdout] error[E0425]: cannot find function, tuple struct or tuple variant `CreateWindowExW` in this scope
[INFO] [stdout]    --> src/settings_window.rs:435:13
[INFO] [stdout]     |
[INFO] [stdout] 435 |     let _ = CreateWindowExW(
[INFO] [stdout]     |             ^^^^^^^^^^^^^^^ not found in this scope
[INFO] [stdout] 
[INFO] [stdout] 
[INFO] [stdout] error[E0433]: cannot find type `WINDOW_EX_STYLE` in this scope
[INFO] [stdout]    --> src/settings_window.rs:450:9
[INFO] [stdout]     |
[INFO] [stdout] 450 |         WINDOW_EX_STYLE::default(),
[INFO] [stdout]     |         ^^^^^^^^^^^^^^^ use of undeclared type `WINDOW_EX_STYLE`
[INFO] [stdout] 
[INFO] [stdout] 
[INFO] [stdout] error[E0425]: cannot find function, tuple struct or tuple variant `WINDOW_STYLE` in this scope
[INFO] [stdout]    --> src/settings_window.rs:453:33
[INFO] [stdout]     |
[INFO] [stdout] 453 |         WS_CHILD | WS_VISIBLE | WINDOW_STYLE(CBS_DROPDOWNLIST as u32),
[INFO] [stdout]     |                                 ^^^^^^^^^^^^ not found in this scope
[INFO] [stdout] 
[INFO] [stdout] 
[INFO] [stdout] error[E0425]: cannot find function, tuple struct or tuple variant `HMENU` in this scope
[INFO] [stdout]    --> src/settings_window.rs:459:9
[INFO] [stdout]     |
[INFO] [stdout] 459 |         HMENU(0 as _),
[INFO] [stdout]     |         ^^^^^ not found in this scope
[INFO] [stdout] 
[INFO] [stdout] 
[INFO] [stdout] error[E0425]: cannot find function, tuple struct or tuple variant `CreateWindowExW` in this scope
[INFO] [stdout]    --> src/settings_window.rs:449:22
[INFO] [stdout]     |
[INFO] [stdout] 449 |     H_COMBO_EFFECT = CreateWindowExW(
[INFO] [stdout]     |                      ^^^^^^^^^^^^^^^ not found in this scope
[INFO] [stdout] 
[INFO] [stdout] 
[INFO] [stdout] error[E0425]: cannot find function, tuple struct or tuple variant `SendMessageW` in this scope
[INFO] [stdout]    --> src/settings_window.rs:466:9
[INFO] [stdout]     |
[INFO] [stdout] 466 |         SendMessageW(
[INFO] [stdout]     |         ^^^^^^^^^^^^ not found in this scope
[INFO] [stdout] 
[INFO] [stdout] 
[INFO] [stdout] error[E0433]: cannot find type `WINDOW_EX_STYLE` in this scope
[INFO] [stdout]    --> src/settings_window.rs:482:13
[INFO] [stdout]     |
[INFO] [stdout] 482 |             WINDOW_EX_STYLE::default(),
[INFO] [stdout]     |             ^^^^^^^^^^^^^^^ use of undeclared type `WINDOW_EX_STYLE`
[INFO] [stdout] 
[INFO] [stdout] 
[INFO] [stdout] error[E0425]: cannot find function, tuple struct or tuple variant `WINDOW_STYLE` in this scope
[INFO] [stdout]    --> src/settings_window.rs:485:37
[INFO] [stdout]     |
[INFO] [stdout] 485 |             WS_CHILD | WS_VISIBLE | WINDOW_STYLE(BS_AUTOCHECKBOX as u32),
[INFO] [stdout]     |                                     ^^^^^^^^^^^^ not found in this scope
[INFO] [stdout] 
[INFO] [stdout] 
[INFO] [stdout] error[E0425]: cannot find function, tuple struct or tuple variant `HMENU` in this scope
[INFO] [stdout]    --> src/settings_window.rs:491:13
[INFO] [stdout]     |
[INFO] [stdout] 491 |             HMENU(0 as _),
[INFO] [stdout]     |             ^^^^^ not found in this scope
[INFO] [stdout] 
[INFO] [stdout] 
[INFO] [stdout] error[E0425]: cannot find function, tuple struct or tuple variant `CreateWindowExW` in this scope
[INFO] [stdout]    --> src/settings_window.rs:481:17
[INFO] [stdout]     |
[INFO] [stdout] 481 |         let h = CreateWindowExW(
[INFO] [stdout]     |                 ^^^^^^^^^^^^^^^ not found in this scope
[INFO] [stdout] 
[INFO] [stdout] 
[INFO] [stdout] error[E0433]: cannot find type `WINDOW_EX_STYLE` in this scope
[INFO] [stdout]    --> src/settings_window.rs:499:9
[INFO] [stdout]     |
[INFO] [stdout] 499 |         WINDOW_EX_STYLE::default(),
[INFO] [stdout]     |         ^^^^^^^^^^^^^^^ use of undeclared type `WINDOW_EX_STYLE`
[INFO] [stdout] 
[INFO] [stdout] 
[INFO] [stdout] error[E0425]: cannot find function, tuple struct or tuple variant `WINDOW_STYLE` in this scope
[INFO] [stdout]    --> src/settings_window.rs:502:33
[INFO] [stdout]     |
[INFO] [stdout] 502 |         WS_CHILD | WS_VISIBLE | WINDOW_STYLE(BS_DEFPUSHBUTTON as u32),
[INFO] [stdout]     |                                 ^^^^^^^^^^^^ not found in this scope
[INFO] [stdout] 
[INFO] [stdout] 
[INFO] [stdout] error[E0425]: cannot find function, tuple struct or tuple variant `HMENU` in this scope
[INFO] [stdout]    --> src/settings_window.rs:508:9
[INFO] [stdout]     |
[INFO] [stdout] 508 |         HMENU(IDC_SAVE as _),
[INFO] [stdout]     |         ^^^^^ not found in this scope
[INFO] [stdout] 
[INFO] [stdout] 
[INFO] [stdout] error[E0425]: cannot find function, tuple struct or tuple variant `CreateWindowExW` in this scope
[INFO] [stdout]    --> src/settings_window.rs:498:13
[INFO] [stdout]     |
[INFO] [stdout] 498 |     let _ = CreateWindowExW(
[INFO] [stdout]     |             ^^^^^^^^^^^^^^^ not found in this scope
[INFO] [stdout] 
[INFO] [stdout] 
[INFO] [stdout] error[E0433]: cannot find type `WINDOW_EX_STYLE` in this scope
[INFO] [stdout]    --> src/settings_window.rs:513:9
[INFO] [stdout]     |
[INFO] [stdout] 513 |         WINDOW_EX_STYLE::default(),
[INFO] [stdout]     |         ^^^^^^^^^^^^^^^ use of undeclared type `WINDOW_EX_STYLE`
[INFO] [stdout] 
[INFO] [stdout] 
[INFO] [stdout] error[E0425]: cannot find function, tuple struct or tuple variant `HMENU` in this scope
[INFO] [stdout]    --> src/settings_window.rs:522:9
[INFO] [stdout]     |
[INFO] [stdout] 522 |         HMENU(IDC_CANCEL as _),
[INFO] [stdout]     |         ^^^^^ not found in this scope
[INFO] [stdout] 
[INFO] [stdout] 
[INFO] [stdout] error[E0425]: cannot find function, tuple struct or tuple variant `CreateWindowExW` in this scope
[INFO] [stdout]    --> src/settings_window.rs:512:13
[INFO] [stdout]     |
[INFO] [stdout] 512 |     let _ = CreateWindowExW(
[INFO] [stdout]     |             ^^^^^^^^^^^^^^^ not found in this scope
[INFO] [stdout] 
[INFO] [stdout] 
[INFO] [stdout] error[E0425]: cannot find function, tuple struct or tuple variant `GetWindowTextW` in this scope
[INFO] [stdout]    --> src/settings_window.rs:530:15
[INFO] [stdout]     |
[INFO] [stdout] 530 |     let len = GetWindowTextW(h, &mut buf);
[INFO] [stdout]     |               ^^^^^^^^^^^^^^ not found in this scope
[INFO] [stdout] 
[INFO] [stdout] 
[INFO] [stdout] error[E0425]: cannot find function, tuple struct or tuple variant `SendMessageW` in this scope
[INFO] [stdout]    --> src/settings_window.rs:534:5
[INFO] [stdout]     |
[INFO] [stdout] 534 |     SendMessageW(
[INFO] [stdout]     |     ^^^^^^^^^^^^ not found in this scope
[INFO] [stdout] 
[INFO] [stdout] 
[INFO] [stdout] error[E0425]: cannot find function, tuple struct or tuple variant `SendMessageW` in this scope
[INFO] [stdout]    --> src/settings_window.rs:546:5
[INFO] [stdout]     |
[INFO] [stdout] 546 |     SendMessageW(h, BM_GETCHECK, WPARAM(0), LPARAM(0)).0 == BST_CHECKED
[INFO] [stdout]     |     ^^^^^^^^^^^^ not found in this scope
[INFO] [stdout] 
[INFO] [stdout] 
[INFO] [stdout] error[E0425]: cannot find function, tuple struct or tuple variant `SendMessageW` in this scope
[INFO] [stdout]    --> src/settings_window.rs:549:15
[INFO] [stdout]     |
[INFO] [stdout] 549 |     let idx = SendMessageW(h, CB_GETCURSEL, WPARAM(0), LPARAM(0)).0;
[INFO] [stdout]     |               ^^^^^^^^^^^^ not found in this scope
[INFO] [stdout] 
[INFO] [stdout] 
[INFO] [stdout] error[E0425]: cannot find function, tuple struct or tuple variant `SendMessageW` in this scope
[INFO] [stdout]    --> src/settings_window.rs:554:5
[INFO] [stdout]     |
[INFO] [stdout] 554 |     SendMessageW(
[INFO] [stdout]     |     ^^^^^^^^^^^^ not found in this scope
[INFO] [stdout] 
[INFO] [stdout] 
[INFO] [stdout] error[E0425]: cannot find function, tuple struct or tuple variant `SendMessageW` in this scope
[INFO] [stdout]    --> src/settings_window.rs:565:15
[INFO] [stdout]     |
[INFO] [stdout] 565 |     let idx = SendMessageW(
[INFO] [stdout]     |               ^^^^^^^^^^^^ not found in this scope
[INFO] [stdout] 
[INFO] [stdout] 
[INFO] [stdout] error[E0425]: cannot find function, tuple struct or tuple variant `SendMessageW` in this scope
[INFO] [stdout]    --> src/settings_window.rs:573:9
[INFO] [stdout]     |
[INFO] [stdout] 573 |         SendMessageW(h, CB_SETCURSEL, WPARAM(idx as usize), LPARAM(0));
[INFO] [stdout]     |         ^^^^^^^^^^^^ not found in this scope
[INFO] [stdout] 
[INFO] [stdout] 
[INFO] [stdout] error[E0425]: cannot find function, tuple struct or tuple variant `SetWindowTextW` in this scope
[INFO] [stdout]    --> src/settings_window.rs:582:13
[INFO] [stdout]     |
[INFO] [stdout] 582 |     let _ = SetWindowTextW(H_EDITS[0], PCWSTR(to_wide(&c.font_family).as_ptr()));
[INFO] [stdout]     |             ^^^^^^^^^^^^^^ not found in this scope
[INFO] [stdout] 
[INFO] [stdout] 
[INFO] [stdout] error[E0425]: cannot find function, tuple struct or tuple variant `SetWindowTextW` in this scope
[INFO] [stdout]    --> src/settings_window.rs:583:13
[INFO] [stdout]     |
[INFO] [stdout] 583 |     let _ = SetWindowTextW(
[INFO] [stdout]     |             ^^^^^^^^^^^^^^ not found in this scope
[INFO] [stdout] 
[INFO] [stdout] 
[INFO] [stdout] error[E0425]: cannot find function, tuple struct or tuple variant `SetWindowTextW` in this scope
[INFO] [stdout]    --> src/settings_window.rs:587:13
[INFO] [stdout]     |
[INFO] [stdout] 587 |     let _ = SetWindowTextW(
[INFO] [stdout]     |             ^^^^^^^^^^^^^^ not found in this scope
[INFO] [stdout] 
[INFO] [stdout] 
[INFO] [stdout] error[E0425]: cannot find function, tuple struct or tuple variant `SetWindowTextW` in this scope
[INFO] [stdout]    --> src/settings_window.rs:591:13
[INFO] [stdout]     |
[INFO] [stdout] 591 |     let _ = SetWindowTextW(
[INFO] [stdout]     |             ^^^^^^^^^^^^^^ not found in this scope
[INFO] [stdout] 
[INFO] [stdout] 
[INFO] [stdout] error[E0425]: cannot find function, tuple struct or tuple variant `SetWindowTextW` in this scope
[INFO] [stdout]    --> src/settings_window.rs:595:13
[INFO] [stdout]     |
[INFO] [stdout] 595 |     let _ = SetWindowTextW(H_EDITS[6], PCWSTR(to_wide(&c.opacity.to_string()).as_ptr()));
[INFO] [stdout]     |             ^^^^^^^^^^^^^^ not found in this scope
[INFO] [stdout] 
[INFO] [stdout] 
[INFO] [stdout] error[E0425]: cannot find function, tuple struct or tuple variant `SetWindowTextW` in this scope
[INFO] [stdout]    --> src/settings_window.rs:596:13
[INFO] [stdout]     |
[INFO] [stdout] 596 |     let _ = SetWindowTextW(H_EDITS[7], PCWSTR(to_wide(&c.active_hex).as_ptr()));
[INFO] [stdout]     |             ^^^^^^^^^^^^^^ not found in this scope
[INFO] [stdout] 
[INFO] [stdout] 
[INFO] [stdout] error[E0425]: cannot find function, tuple struct or tuple variant `SetWindowTextW` in this scope
[INFO] [stdout]    --> src/settings_window.rs:597:13
[INFO] [stdout]     |
[INFO] [stdout] 597 |     let _ = SetWindowTextW(H_EDITS[8], PCWSTR(to_wide(&c.karaoke_hex).as_ptr()));
[INFO] [stdout]     |             ^^^^^^^^^^^^^^ not found in this scope
[INFO] [stdout] 
[INFO] [stdout] 
[INFO] [stdout] error[E0425]: cannot find function, tuple struct or tuple variant `SetWindowTextW` in this scope
[INFO] [stdout]    --> src/settings_window.rs:598:13
[INFO] [stdout]     |
[INFO] [stdout] 598 |     let _ = SetWindowTextW(H_EDITS[9], PCWSTR(to_wide(&c.karaoke_v2_hex).as_ptr()));
[INFO] [stdout]     |             ^^^^^^^^^^^^^^ not found in this scope
[INFO] [stdout] 
[INFO] [stdout] 
[INFO] [stdout] error[E0425]: cannot find function, tuple struct or tuple variant `SetWindowTextW` in this scope
[INFO] [stdout]    --> src/settings_window.rs:599:13
[INFO] [stdout]     |
[INFO] [stdout] 599 |     let _ = SetWindowTextW(H_EDITS[10], PCWSTR(to_wide(&c.karaoke_group_hex).as_ptr()));
[INFO] [stdout]     |             ^^^^^^^^^^^^^^ not found in this scope
[INFO] [stdout] 
[INFO] [stdout] 
[INFO] [stdout] Some errors have detailed explanations: E0422, E0425, E0432, E0433.
[INFO] [stdout] 
[INFO] [stdout] For more information about an error, try `rustc --explain E0422`.
[INFO] [stdout] 
[INFO] [stderr] error: could not compile `minilyricv2` (bin "minilyricv2") due to 191 previous errors
[INFO] [stderr] warning: build failed, waiting for other jobs to finish...
[INFO] [stdout] Some errors have detailed explanations: E0422, E0425, E0432, E0433.
[INFO] [stdout] 
[INFO] [stdout] For more information about an error, try `rustc --explain E0422`.
[INFO] [stdout] 
[INFO] [stderr] error: could not compile `minilyricv2` (bin "minilyricv2" test) due to 191 previous errors
[INFO] running `Command { std: "docker" "inspect" "e03a969864bd1a5238f1898903143bb57107ec176ed5aebcc76a8eb33910ea66", kill_on_drop: false }`
[INFO] running `Command { std: "docker" "rm" "-f" "e03a969864bd1a5238f1898903143bb57107ec176ed5aebcc76a8eb33910ea66", kill_on_drop: false }`
[INFO] [stdout] e03a969864bd1a5238f1898903143bb57107ec176ed5aebcc76a8eb33910ea66
