[INFO] cloning repository https://github.com/ptoney514/mac-duplicate-finder
[INFO] running `Command { std: "git" "-c" "credential.helper=" "-c" "credential.helper=/workspace/cargo-home/bin/git-credential-null" "clone" "--bare" "https://github.com/ptoney514/mac-duplicate-finder" "/workspace/cache/git-repos/https%3A%2F%2Fgithub.com%2Fptoney514%2Fmac-duplicate-finder", kill_on_drop: false }`
[INFO] [stderr] Cloning into bare repository '/workspace/cache/git-repos/https%3A%2F%2Fgithub.com%2Fptoney514%2Fmac-duplicate-finder'...
[INFO] running `Command { std: "git" "rev-parse" "HEAD", kill_on_drop: false }`
[INFO] [stdout] a0c2db55e905420cd2cc27554b4e75568b71e719
[INFO] checking ptoney514/mac-duplicate-finder against 3154cc1a3e6424e44f438a95007d043ed5ceaaf6+rustflags=-Znext-solver=coherence for pr-133502-30
[INFO] running `Command { std: "git" "clone" "/workspace/cache/git-repos/https%3A%2F%2Fgithub.com%2Fptoney514%2Fmac-duplicate-finder" "/workspace/builds/worker-7-tc1/source", kill_on_drop: false }`
[INFO] [stderr] Cloning into '/workspace/builds/worker-7-tc1/source'...
[INFO] [stderr] done.
[INFO] started tweaking git repo https://github.com/ptoney514/mac-duplicate-finder
[INFO] finished tweaking git repo https://github.com/ptoney514/mac-duplicate-finder
[INFO] tweaked toml for git repo https://github.com/ptoney514/mac-duplicate-finder written to /workspace/builds/worker-7-tc1/source/Cargo.toml
[INFO] validating manifest of git repo https://github.com/ptoney514/mac-duplicate-finder on toolchain 3154cc1a3e6424e44f438a95007d043ed5ceaaf6
[INFO] running `Command { std: CARGO_HOME="/workspace/cargo-home" RUSTUP_HOME="/workspace/rustup-home" "/workspace/cargo-home/bin/cargo" "+3154cc1a3e6424e44f438a95007d043ed5ceaaf6" "metadata" "--manifest-path" "Cargo.toml" "--no-deps", kill_on_drop: false }`
[INFO] crate git repo https://github.com/ptoney514/mac-duplicate-finder already has a lockfile, it will not be regenerated
[INFO] running `Command { std: CARGO_HOME="/workspace/cargo-home" RUSTUP_HOME="/workspace/rustup-home" "/workspace/cargo-home/bin/cargo" "+3154cc1a3e6424e44f438a95007d043ed5ceaaf6" "fetch" "--manifest-path" "Cargo.toml", kill_on_drop: false }`
[INFO] [stderr]     Updating crates.io index
[INFO] [stderr]  Downloading crates ...
[INFO] [stderr]   Downloaded scratch v1.0.9
[INFO] [stderr]   Downloaded cxxbridge-macro v1.0.199
[INFO] [stderr]   Downloaded cxxbridge-cmd v1.0.199
[INFO] [stderr]   Downloaded cxxbridge-flags v1.0.199
[INFO] [stderr]   Downloaded cxx-build v1.0.199
[INFO] [stderr]   Downloaded usearch v2.26.1
[INFO] [stderr]   Downloaded cxx v1.0.199
[INFO] [stderr]   Downloaded numkong v7.8.1
[INFO] running `Command { std: "docker" "create" "-v" "/var/lib/crater-agent-workspace/builds/worker-7-tc1/source:/opt/rustwide/workdir:ro,Z" "-v" "/var/lib/crater-agent-workspace/builds/worker-7-tc1/target:/opt/rustwide/target:rw,Z" "-v" "/var/lib/crater-agent-workspace/cargo-home:/opt/rustwide/cargo-home:ro,Z" "-v" "/var/lib/crater-agent-workspace/rustup-home:/opt/rustwide/rustup-home:ro,Z" "-m" "1610612736" "--network" "none" "ghcr.io/rust-lang/crates-build-env/linux@sha256:77db811e55d90add9212f6832c23229e3de5f1c1f9905e8cb07319ea15df73ac" "sleep" "infinity", kill_on_drop: false }`
[INFO] [stdout] 8ced543ff1c6e02f4db610b53ddb6ae3fb6e69a2c2463c4fa967450490b8360c
[INFO] running `Command { std: "docker" "start" "8ced543ff1c6e02f4db610b53ddb6ae3fb6e69a2c2463c4fa967450490b8360c", kill_on_drop: false }`
[INFO] running `Command { std: "docker" "inspect" "8ced543ff1c6e02f4db610b53ddb6ae3fb6e69a2c2463c4fa967450490b8360c", kill_on_drop: false }`
[INFO] running `Command { std: "docker" "exec" "-e" "SOURCE_DIR=/opt/rustwide/workdir" "-e" "CARGO_HOME=/opt/rustwide/cargo-home" "-e" "RUSTUP_HOME=/opt/rustwide/rustup-home" "-e" "CARGO_TARGET_DIR=/opt/rustwide/target" "-w" "/opt/rustwide/workdir" "--user" "0:0" "8ced543ff1c6e02f4db610b53ddb6ae3fb6e69a2c2463c4fa967450490b8360c" "/opt/rustwide/cargo-home/bin/cargo" "+3154cc1a3e6424e44f438a95007d043ed5ceaaf6" "metadata" "--no-deps" "--format-version=1", kill_on_drop: false }`
[INFO] running `Command { std: "docker" "inspect" "8ced543ff1c6e02f4db610b53ddb6ae3fb6e69a2c2463c4fa967450490b8360c", kill_on_drop: false }`
[INFO] running `Command { std: "docker" "exec" "-e" "SOURCE_DIR=/opt/rustwide/workdir" "-e" "CARGO_HOME=/opt/rustwide/cargo-home" "-e" "RUSTUP_HOME=/opt/rustwide/rustup-home" "-e" "CARGO_TARGET_DIR=/opt/rustwide/target" "-e" "CARGO_INCREMENTAL=0" "-e" "RUST_BACKTRACE=full" "-e" "RUSTFLAGS=--cap-lints=forbid -Znext-solver=coherence" "-e" "RUSTDOCFLAGS=--cap-lints=forbid" "-w" "/opt/rustwide/workdir" "--user" "0:0" "8ced543ff1c6e02f4db610b53ddb6ae3fb6e69a2c2463c4fa967450490b8360c" "/opt/rustwide/cargo-home/bin/cargo" "+3154cc1a3e6424e44f438a95007d043ed5ceaaf6" "check" "--frozen" "--all" "--all-targets" "--message-format=json", kill_on_drop: false }`
[INFO] [stderr]    Compiling cc v1.4.4
[INFO] [stderr]    Compiling bitflags v2.13.1
[INFO] [stderr]    Compiling syn v2.0.119
[INFO] [stderr]    Compiling syn v3.0.4
[INFO] [stderr]     Checking nom v7.1.3
[INFO] [stderr]    Compiling fs-err v2.11.0
[INFO] [stderr]    Compiling serde_json v1.0.151
[INFO] [stderr]    Compiling httparse v1.10.1
[INFO] [stderr]    Compiling linux-raw-sys v0.12.1
[INFO] [stderr]     Checking rayon v1.12.0
[INFO] [stderr]     Checking indexmap v2.14.1
[INFO] [stderr]    Compiling getrandom v0.4.3
[INFO] [stderr]     Checking arrayvec v0.7.8
[INFO] [stderr]     Checking bytemuck v1.25.2
[INFO] [stderr]    Compiling fastrand v2.5.0
[INFO] [stderr]    Compiling native-tls v0.2.18
[INFO] [stderr]    Compiling http v1.5.0
[INFO] [stderr]    Compiling camino v1.2.5
[INFO] [stderr]    Compiling pem-rfc7468 v1.0.0
[INFO] [stderr]    Compiling rustls-pki-types v1.15.1
[INFO] [stderr]     Checking num-bigint v0.4.8
[INFO] [stderr]    Compiling scratch v1.0.9
[INFO] [stderr]    Compiling base64 v0.23.1
[INFO] [stderr]    Compiling openssl-probe v0.2.1
[INFO] [stderr]     Checking smawk v0.3.3
[INFO] [stderr]    Compiling der v0.8.1
[INFO] [stderr]     Checking textwrap v0.16.2
[INFO] [stderr]     Checking as-slice v0.2.1
[INFO] [stderr]    Compiling rustix v1.1.4
[INFO] [stderr]    Compiling socks v0.3.4
[INFO] [stderr]     Checking num-complex v0.4.6
[INFO] [stderr]     Checking itertools v0.14.0
[INFO] [stderr]    Compiling webpki-root-certs v1.0.9
[INFO] [stderr]     Checking semver v1.0.28
[INFO] [stderr]    Compiling libm v0.2.16
[INFO] [stderr]    Compiling utf8-zero v0.8.1
[INFO] [stderr]    Compiling ureq-proto v0.6.1
[INFO] [stderr]     Checking plain v0.2.3
[INFO] [stderr]    Compiling unicode-width v0.2.2
[INFO] [stderr]    Compiling av-scenechange v0.14.1
[INFO] [stderr]    Compiling cxxbridge-flags v1.0.199
[INFO] [stderr]    Compiling built v0.8.1
[INFO] [stderr]     Checking clap_builder v4.6.6
[INFO] [stderr]     Checking aligned v0.4.3
[INFO] [stderr]    Compiling codespan-reporting v0.13.1
[INFO] [stderr]     Checking num-rational v0.4.2
[INFO] [stderr]    Compiling pulp v0.22.3
[INFO] [stderr]    Compiling matrixmultiply v0.3.11
[INFO] [stderr]     Checking nom v8.0.0
[INFO] [stderr]     Checking no_std_io2 v0.9.4
[INFO] [stderr]    Compiling lzma-rust2 v0.15.8
[INFO] [stderr]    Compiling hmac-sha256 v1.1.14
[INFO] [stderr]     Checking y4m v0.8.0
[INFO] [stderr]     Checking uniffi_core v0.29.5
[INFO] [stderr]    Compiling rav1e v0.8.1
[INFO] [stderr]     Checking bitstream-io v4.10.0
[INFO] [stderr]    Compiling openssl-sys v0.9.117
[INFO] [stderr]    Compiling link-cplusplus v1.0.12
[INFO] [stderr]    Compiling numkong v7.8.1
[INFO] [stderr]    Compiling cxx v1.0.199
[INFO] [stderr]     Checking weedle2 v5.0.0
[INFO] [stderr]    Compiling onig_sys v69.9.3
[INFO] [stderr]    Compiling openssl v0.10.81
[INFO] [stderr]    Compiling esaxx-rs v0.1.10
[INFO] [stderr]    Compiling libsqlite3-sys v0.30.1
[INFO] [stderr]     Checking maybe-rayon v0.1.1
[INFO] [stderr]    Compiling simd_helpers v0.1.0
[INFO] [stderr]     Checking raw-cpuid v11.6.0
[INFO] [stderr]     Checking aho-corasick v1.1.5
[INFO] [stderr]     Checking rawpointer v0.2.1
[INFO] [stderr]     Checking imgref v1.12.3
[INFO] [stderr]     Checking pulp-wasm-simd-flag v0.1.1
[INFO] [stderr]     Checking reborrow v0.5.5
[INFO] [stderr]     Checking console v0.15.11
[INFO] [stderr]     Checking loop9 v0.1.5
[INFO] [stderr]    Compiling tempfile v3.27.0
[INFO] [stderr]    Compiling cxx-build v1.0.199
[INFO] [stderr]     Checking castaway v0.2.4
[INFO] [stderr]    Compiling blake3 v1.8.7
[INFO] [stderr]     Checking avif-serialize v0.8.9
[INFO] [stderr]     Checking zune-inflate v0.2.54
[INFO] [stderr]     Checking fax v0.2.7
[INFO] [stderr]    Compiling macro_rules_attribute-proc_macro v0.2.3
[INFO] [stderr]     Checking rgb v0.8.53
[INFO] [stderr]     Checking foldhash v0.2.0
[INFO] [stderr]     Checking indicatif v0.17.11
[INFO] [stderr]     Checking moxcms v0.8.1
[INFO] [stderr]     Checking regex-automata v0.4.18
[INFO] [stderr]     Checking png v0.18.1
[INFO] [stderr]     Checking macro_rules_attribute v0.2.3
[INFO] [stderr]     Checking ndarray v0.17.2
[INFO] [stderr]     Checking rayon-cond v0.4.0
[INFO] [stderr]     Checking unicode-normalization-alignments v0.1.12
[INFO] [stderr]     Checking qoi v0.4.1
[INFO] [stderr]     Checking mutate_once v0.1.2
[INFO] [stderr]     Checking kamadak-exif v0.6.1
[INFO] [stderr]    Compiling darling_core v0.20.11
[INFO] [stderr]    Compiling serde_derive v1.0.229
[INFO] [stderr]    Compiling thiserror-impl v2.0.20
[INFO] [stderr]    Compiling clap_derive v4.6.4
[INFO] [stderr]    Compiling cxxbridge-macro v1.0.199
[INFO] [stderr]    Compiling usearch v2.26.1
[INFO] [stderr]     Checking regex v1.13.1
[INFO] [stderr]     Checking thiserror v2.0.20
[INFO] [stderr]    Compiling zerocopy-derive v0.8.56
[INFO] [stderr]    Compiling uniffi_internal_macros v0.29.5
[INFO] [stderr]    Compiling equator-macro v0.4.2
[INFO] [stderr]    Compiling openssl-macros v0.1.1
[INFO] [stderr]    Compiling scroll_derive v0.12.1
[INFO] [stderr]    Compiling arg_enum_proc_macro v0.3.4
[INFO] [stderr]    Compiling profiling-procmacros v1.0.18
[INFO] [stderr]     Checking scroll v0.12.0
[INFO] [stderr]     Checking profiling v1.0.18
[INFO] [stderr]    Compiling num-derive v0.4.2
[INFO] [stderr]     Checking equator v0.4.2
[INFO] [stderr]    Compiling monostate-impl v0.1.18
[INFO] [stderr]     Checking uniffi_pipeline v0.29.5
[INFO] [stderr]     Checking goblin v0.8.2
[INFO] [stderr]     Checking clap v4.6.6
[INFO] [stderr]     Checking monostate v0.1.18
[INFO] [stderr]     Checking aligned-vec v0.6.4
[INFO] [stderr]     Checking uniffi_meta v0.29.5
[INFO] [stderr]     Checking v_frame v0.3.9
[INFO] [stderr]     Checking onig v6.5.3
[INFO] [stderr]     Checking av1-grain v0.2.5
[INFO] [stderr]    Compiling darling_macro v0.20.11
[INFO] [stderr] warning: libsqlite3-sys@0.30.1: cc: fatal error: Killed signal terminated program cc1
[INFO] [stderr] warning: libsqlite3-sys@0.30.1: compilation terminated.
[INFO] [stderr] error: failed to run custom build command for `libsqlite3-sys v0.30.1`
[INFO] [stderr] note: To improve backtraces for build dependencies, set the CARGO_PROFILE_DEV_BUILD_OVERRIDE_DEBUG=true environment variable to enable debug information generation.
[INFO] [stderr] 
[INFO] [stderr] Caused by:
[INFO] [stderr]   process didn't exit successfully: `/opt/rustwide/target/debug/build/libsqlite3-sys/30ae17d2576541c0/out/build_script_build` (exit status: 1)
[INFO] [stderr]   --- stdout
[INFO] [stderr]   cargo:rerun-if-env-changed=LIBSQLITE3_SYS_USE_PKG_CONFIG
[INFO] [stderr]   cargo:include=/opt/rustwide/cargo-home/registry/src/index.crates.io-1949cf8c6b5b557f/libsqlite3-sys-0.30.1/sqlite3
[INFO] [stderr]   cargo:rerun-if-changed=sqlite3/sqlite3.c
[INFO] [stderr]   cargo:rerun-if-changed=sqlite3/wasm32-wasi-vfs.c
[INFO] [stderr]   cargo:rerun-if-env-changed=SQLITE_MAX_VARIABLE_NUMBER
[INFO] [stderr]   cargo:rerun-if-env-changed=SQLITE_MAX_EXPR_DEPTH
[INFO] [stderr]   cargo:rerun-if-env-changed=SQLITE_MAX_COLUMN
[INFO] [stderr]   cargo:rerun-if-env-changed=LIBSQLITE3_FLAGS
[INFO] [stderr]   cargo:rerun-if-env-changed=CC_FORCE_DISABLE
[INFO] [stderr]   CC_FORCE_DISABLE = None
[INFO] [stderr]   cargo:rerun-if-env-changed=CC_x86_64-unknown-linux-gnu
[INFO] [stderr]   CC_x86_64-unknown-linux-gnu = None
[INFO] [stderr]   cargo:rerun-if-env-changed=CC_x86_64_unknown_linux_gnu
[INFO] [stderr]   CC_x86_64_unknown_linux_gnu = None
[INFO] [stderr]   cargo:rerun-if-env-changed=HOST_CC
[INFO] [stderr]   HOST_CC = None
[INFO] [stderr]   cargo:rerun-if-env-changed=CC
[INFO] [stderr]   CC = None
[INFO] [stderr]   cargo:rerun-if-env-changed=CC_ENABLE_DEBUG_OUTPUT
[INFO] [stderr]   cargo:rerun-if-env-changed=CRATE_CC_NO_DEFAULTS
[INFO] [stderr]   CRATE_CC_NO_DEFAULTS = None
[INFO] [stderr]   cargo:rerun-if-env-changed=CRATE_CC_NO_DEFAULTS
[INFO] [stderr]   CRATE_CC_NO_DEFAULTS = None
[INFO] [stderr]   cargo:rerun-if-env-changed=CFLAGS
[INFO] [stderr]   CFLAGS = None
[INFO] [stderr]   cargo:rerun-if-env-changed=HOST_CFLAGS
[INFO] [stderr]   HOST_CFLAGS = None
[INFO] [stderr]   cargo:rerun-if-env-changed=CFLAGS_x86_64_unknown_linux_gnu
[INFO] [stderr]   CFLAGS_x86_64_unknown_linux_gnu = None
[INFO] [stderr]   cargo:rerun-if-env-changed=CFLAGS_x86_64-unknown-linux-gnu
[INFO] [stderr]   CFLAGS_x86_64-unknown-linux-gnu = None
[INFO] [stderr]   cargo:rerun-if-env-changed=CFLAGS
[INFO] [stderr]   CFLAGS = None
[INFO] [stderr]   cargo:rerun-if-env-changed=HOST_CFLAGS
[INFO] [stderr]   HOST_CFLAGS = None
[INFO] [stderr]   cargo:rerun-if-env-changed=CFLAGS_x86_64_unknown_linux_gnu
[INFO] [stderr]   CFLAGS_x86_64_unknown_linux_gnu = None
[INFO] [stderr]   cargo:rerun-if-env-changed=CFLAGS_x86_64-unknown-linux-gnu
[INFO] [stderr]   CFLAGS_x86_64-unknown-linux-gnu = None
[INFO] [stderr]   cargo:warning=cc: fatal error: Killed signal terminated program cc1
[INFO] [stderr]   cargo:warning=compilation terminated.
[INFO] [stderr] 
[INFO] [stderr]   --- stderr
[INFO] [stderr] 
[INFO] [stderr] 
[INFO] [stderr]   error occurred in cc-rs: command did not execute successfully (status code exit status: 1): LC_ALL="C" "cc" "-O0" "-ffunction-sections" "-fdata-sections" "-fPIC" "-g" "-gdwarf-4" "-fno-omit-frame-pointer" "-mno-omit-leaf-frame-pointer" "-m64" "-w" "-DSQLITE_CORE" "-DSQLITE_DEFAULT_FOREIGN_KEYS=1" "-DSQLITE_ENABLE_API_ARMOR" "-DSQLITE_ENABLE_COLUMN_METADATA" "-DSQLITE_ENABLE_DBSTAT_VTAB" "-DSQLITE_ENABLE_FTS3" "-DSQLITE_ENABLE_FTS3_PARENTHESIS" "-DSQLITE_ENABLE_FTS5" "-DSQLITE_ENABLE_JSON1" "-DSQLITE_ENABLE_LOAD_EXTENSION=1" "-DSQLITE_ENABLE_MEMORY_MANAGEMENT" "-DSQLITE_ENABLE_RTREE" "-DSQLITE_ENABLE_STAT4" "-DSQLITE_SOUNDEX" "-DSQLITE_THREADSAFE=1" "-DSQLITE_USE_URI" "-DHAVE_USLEEP=1" "-DHAVE_ISNAN" "-D_POSIX_THREAD_SAFE_FUNCTIONS" "-DHAVE_LOCALTIME_R" "-o" "/opt/rustwide/target/debug/build/libsqlite3-sys/6466f88b80009996/out/c877a2978823c39d-sqlite3.o" "-c" "sqlite3/sqlite3.c"
[INFO] [stderr] 
[INFO] [stderr] 
[INFO] [stderr] warning: build failed, waiting for other jobs to finish...
[INFO] [stderr] error: could not compile `cxxbridge-macro` (lib)
[INFO] [stderr] 
[INFO] [stderr] Caused by:
[INFO] [stderr]   process didn't exit successfully: `/opt/rustwide/rustup-home/toolchains/3154cc1a3e6424e44f438a95007d043ed5ceaaf6/bin/rustc --crate-name cxxbridge_macro --edition=2024 /opt/rustwide/cargo-home/registry/src/index.crates.io-1949cf8c6b5b557f/cxxbridge-macro-1.0.199/src/lib.rs --error-format=json --json=diagnostic-rendered-ansi,artifacts,future-incompat,unused-externs-silent --crate-type proc-macro --emit=dep-info,link -C prefer-dynamic -C embed-bitcode=no --check-cfg 'cfg(docsrs,test)' --check-cfg 'cfg(feature, values())' -C metadata=f4ecedad528c343b -C extra-filename=-48b9ac052f9847b5 --out-dir /opt/rustwide/target/debug/build/cxxbridge-macro/48b9ac052f9847b5/out -L dependency=/opt/rustwide/target/debug/build/equivalent/e5e22d8b9df2b788/out -L dependency=/opt/rustwide/target/debug/build/hashbrown/7d1ecd9b8a4f5a9d/out -L dependency=/opt/rustwide/target/debug/build/proc-macro2/62e2d13e47da04c7/out -L dependency=/opt/rustwide/target/debug/build/quote/a4054d8ffd541a69/out -L dependency=/opt/rustwide/target/debug/build/unicode-ident/69fd460968039056/out --extern indexmap=/opt/rustwide/target/debug/build/indexmap/830091ec80297589/out/libindexmap-830091ec80297589.rlib --extern indexmap=/opt/rustwide/target/debug/build/indexmap/830091ec80297589/out/libindexmap-830091ec80297589.rmeta --extern proc_macro2=/opt/rustwide/target/debug/build/proc-macro2/62e2d13e47da04c7/out/libproc_macro2-62e2d13e47da04c7.rlib --extern proc_macro2=/opt/rustwide/target/debug/build/proc-macro2/62e2d13e47da04c7/out/libproc_macro2-62e2d13e47da04c7.rmeta --extern quote=/opt/rustwide/target/debug/build/quote/a4054d8ffd541a69/out/libquote-a4054d8ffd541a69.rlib --extern quote=/opt/rustwide/target/debug/build/quote/a4054d8ffd541a69/out/libquote-a4054d8ffd541a69.rmeta --extern syn=/opt/rustwide/target/debug/build/syn/ddf69fb0c7420edb/out/libsyn-ddf69fb0c7420edb.rlib --extern syn=/opt/rustwide/target/debug/build/syn/ddf69fb0c7420edb/out/libsyn-ddf69fb0c7420edb.rmeta --extern proc_macro --cap-lints allow --cap-lints=forbid -Znext-solver=coherence --force-warn=unused_crate_dependencies` (signal: 9, SIGKILL: kill)
[ERROR] error running command: no output for 300 seconds
[INFO] running `Command { std: "docker" "inspect" "8ced543ff1c6e02f4db610b53ddb6ae3fb6e69a2c2463c4fa967450490b8360c", kill_on_drop: false }`
[INFO] running `Command { std: "docker" "rm" "-f" "8ced543ff1c6e02f4db610b53ddb6ae3fb6e69a2c2463c4fa967450490b8360c", kill_on_drop: false }`
[INFO] [stdout] 8ced543ff1c6e02f4db610b53ddb6ae3fb6e69a2c2463c4fa967450490b8360c
