[INFO] cloning repository https://github.com/ptai-eng/chronos-agent
[INFO] running `Command { std: "git" "-c" "credential.helper=" "-c" "credential.helper=/workspace/cargo-home/bin/git-credential-null" "clone" "--bare" "https://github.com/ptai-eng/chronos-agent" "/workspace/cache/git-repos/https%3A%2F%2Fgithub.com%2Fptai-eng%2Fchronos-agent", kill_on_drop: false }`
[INFO] [stderr] Cloning into bare repository '/workspace/cache/git-repos/https%3A%2F%2Fgithub.com%2Fptai-eng%2Fchronos-agent'...
[INFO] running `Command { std: "git" "rev-parse" "HEAD", kill_on_drop: false }`
[INFO] [stdout] 476868395143850ba95bda62c3e38654357286a0
[INFO] checking ptai-eng/chronos-agent against 3154cc1a3e6424e44f438a95007d043ed5ceaaf6 for pr-133502-30
[INFO] running `Command { std: "git" "clone" "/workspace/cache/git-repos/https%3A%2F%2Fgithub.com%2Fptai-eng%2Fchronos-agent" "/workspace/builds/worker-2-tc2/source", kill_on_drop: false }`
[INFO] [stderr] Cloning into '/workspace/builds/worker-2-tc2/source'...
[INFO] [stderr] done.
[INFO] started tweaking git repo https://github.com/ptai-eng/chronos-agent
[INFO] finished tweaking git repo https://github.com/ptai-eng/chronos-agent
[INFO] tweaked toml for git repo https://github.com/ptai-eng/chronos-agent written to /workspace/builds/worker-2-tc2/source/Cargo.toml
[INFO] validating manifest of git repo https://github.com/ptai-eng/chronos-agent on toolchain 3154cc1a3e6424e44f438a95007d043ed5ceaaf6
[INFO] running `Command { std: CARGO_HOME="/workspace/cargo-home" RUSTUP_HOME="/workspace/rustup-home" "/workspace/cargo-home/bin/cargo" "+3154cc1a3e6424e44f438a95007d043ed5ceaaf6" "metadata" "--manifest-path" "Cargo.toml" "--no-deps", kill_on_drop: false }`
[INFO] crate git repo https://github.com/ptai-eng/chronos-agent already has a lockfile, it will not be regenerated
[INFO] running `Command { std: CARGO_HOME="/workspace/cargo-home" RUSTUP_HOME="/workspace/rustup-home" "/workspace/cargo-home/bin/cargo" "+3154cc1a3e6424e44f438a95007d043ed5ceaaf6" "fetch" "--manifest-path" "Cargo.toml", kill_on_drop: false }`
[INFO] [stderr] warning: unused workspace dependency `crossbeam-channel`
[INFO] [stderr]   --> Cargo.toml:16:1
[INFO] [stderr]    |
[INFO] [stderr] 16 | crossbeam-channel = "0.5.12"
[INFO] [stderr]    | ^^^^^^^^^^^^^^^^^
[INFO] [stderr]    |
[INFO] [stderr]    = note: `cargo::unused_workspace_dependencies` is set to `warn` by default
[INFO] [stderr] help: consider removing the workspace dependency `crossbeam-channel`
[INFO] [stderr] warning: unused workspace dependency `shared_child`
[INFO] [stderr]   --> Cargo.toml:24:1
[INFO] [stderr]    |
[INFO] [stderr] 24 | shared_child = "1"
[INFO] [stderr]    | ^^^^^^^^^^^^
[INFO] [stderr]    |
[INFO] [stderr] help: consider removing the workspace dependency `shared_child`
[INFO] [stderr] warning: unused field `description` in `workspace.package`
[INFO] [stderr]   --> Cargo.toml:80:1
[INFO] [stderr]    |
[INFO] [stderr] 80 | description = "4D Dynamic Knowledge Graph + Runtime Telemetry + Mutation Testing Agent Harness"
[INFO] [stderr]    | ^^^^^^^^^^^
[INFO] [stderr]    |
[INFO] [stderr]    = note: `cargo::unused_workspace_package_fields` is set to `warn` by default
[INFO] [stderr] help: consider removing the field `workspace.package.description`
[INFO] [stderr] warning: workspace (manifest) generated 3 warnings
[INFO] running `Command { std: "docker" "create" "-v" "/var/lib/crater-agent-workspace/builds/worker-2-tc2/source:/opt/rustwide/workdir:ro,Z" "-v" "/var/lib/crater-agent-workspace/builds/worker-2-tc2/target:/opt/rustwide/target:rw,Z" "-v" "/var/lib/crater-agent-workspace/cargo-home:/opt/rustwide/cargo-home:ro,Z" "-v" "/var/lib/crater-agent-workspace/rustup-home:/opt/rustwide/rustup-home:ro,Z" "-m" "1610612736" "--network" "none" "ghcr.io/rust-lang/crates-build-env/linux@sha256:77db811e55d90add9212f6832c23229e3de5f1c1f9905e8cb07319ea15df73ac" "sleep" "infinity", kill_on_drop: false }`
[INFO] [stdout] 67faa9f64debe2fa42abc1de490315784dd25a0b58d98fd342ec0adab1e70c52
[INFO] running `Command { std: "docker" "start" "67faa9f64debe2fa42abc1de490315784dd25a0b58d98fd342ec0adab1e70c52", kill_on_drop: false }`
[INFO] running `Command { std: "docker" "inspect" "67faa9f64debe2fa42abc1de490315784dd25a0b58d98fd342ec0adab1e70c52", kill_on_drop: false }`
[INFO] running `Command { std: "docker" "exec" "-e" "SOURCE_DIR=/opt/rustwide/workdir" "-e" "CARGO_HOME=/opt/rustwide/cargo-home" "-e" "RUSTUP_HOME=/opt/rustwide/rustup-home" "-e" "CARGO_TARGET_DIR=/opt/rustwide/target" "-w" "/opt/rustwide/workdir" "--user" "0:0" "67faa9f64debe2fa42abc1de490315784dd25a0b58d98fd342ec0adab1e70c52" "/opt/rustwide/cargo-home/bin/cargo" "+3154cc1a3e6424e44f438a95007d043ed5ceaaf6" "metadata" "--no-deps" "--format-version=1", kill_on_drop: false }`
[INFO] running `Command { std: "docker" "inspect" "67faa9f64debe2fa42abc1de490315784dd25a0b58d98fd342ec0adab1e70c52", kill_on_drop: false }`
[INFO] running `Command { std: "docker" "exec" "-e" "SOURCE_DIR=/opt/rustwide/workdir" "-e" "CARGO_HOME=/opt/rustwide/cargo-home" "-e" "RUSTUP_HOME=/opt/rustwide/rustup-home" "-e" "CARGO_TARGET_DIR=/opt/rustwide/target" "-e" "CARGO_INCREMENTAL=0" "-e" "RUST_BACKTRACE=full" "-e" "RUSTFLAGS=--cap-lints=forbid" "-e" "RUSTDOCFLAGS=--cap-lints=forbid" "-w" "/opt/rustwide/workdir" "--user" "0:0" "67faa9f64debe2fa42abc1de490315784dd25a0b58d98fd342ec0adab1e70c52" "/opt/rustwide/cargo-home/bin/cargo" "+3154cc1a3e6424e44f438a95007d043ed5ceaaf6" "check" "--frozen" "--all" "--all-targets" "--message-format=json", kill_on_drop: false }`
[INFO] [stderr] warning: unused workspace dependency `crossbeam-channel`
[INFO] [stderr]   --> Cargo.toml:16:1
[INFO] [stderr]    |
[INFO] [stderr] 16 | crossbeam-channel = "0.5.12"
[INFO] [stderr]    | ^^^^^^^^^^^^^^^^^
[INFO] [stderr]    |
[INFO] [stderr]    = note: `cargo::unused_workspace_dependencies` is set to `warn` by default
[INFO] [stderr] help: consider removing the workspace dependency `crossbeam-channel`
[INFO] [stderr] warning: unused workspace dependency `shared_child`
[INFO] [stderr]   --> Cargo.toml:24:1
[INFO] [stderr]    |
[INFO] [stderr] 24 | shared_child = "1"
[INFO] [stderr]    | ^^^^^^^^^^^^
[INFO] [stderr]    |
[INFO] [stderr] help: consider removing the workspace dependency `shared_child`
[INFO] [stderr] warning: unused field `description` in `workspace.package`
[INFO] [stderr]   --> Cargo.toml:80:1
[INFO] [stderr]    |
[INFO] [stderr] 80 | description = "4D Dynamic Knowledge Graph + Runtime Telemetry + Mutation Testing Agent Harness"
[INFO] [stderr]    | ^^^^^^^^^^^
[INFO] [stderr]    |
[INFO] [stderr]    = note: `cargo::unused_workspace_package_fields` is set to `warn` by default
[INFO] [stderr] help: consider removing the field `workspace.package.description`
[INFO] [stderr] warning: workspace (manifest) generated 3 warnings
[INFO] [stderr]    Compiling cc v1.4.4
[INFO] [stderr]    Compiling syn v3.0.3
[INFO] [stderr]    Compiling syn v2.0.119
[INFO] [stderr]     Checking mio v1.2.2
[INFO] [stderr]     Checking indexmap v2.14.0
[INFO] [stderr]     Checking tracing-core v0.1.36
[INFO] [stderr]     Checking aho-corasick v1.1.5
[INFO] [stderr]     Checking generic-array v0.14.7
[INFO] [stderr]    Compiling scratch v1.0.9
[INFO] [stderr]    Compiling core-error v0.0.0
[INFO] [stderr]    Compiling object v0.36.7
[INFO] [stderr]    Compiling unicode-width v0.1.14
[INFO] [stderr]    Compiling termcolor v1.4.1
[INFO] [stderr]    Compiling cxxbridge-flags v1.0.199
[INFO] [stderr]     Checking block-buffer v0.10.4
[INFO] [stderr]     Checking crypto-common v0.1.7
[INFO] [stderr]    Compiling num-traits v0.2.19
[INFO] [stderr]    Compiling codespan-reporting v0.13.1
[INFO] [stderr]     Checking futures-channel v0.3.34
[INFO] [stderr]    Compiling inotify-sys v0.1.8
[INFO] [stderr]    Compiling num_cpus v1.17.0
[INFO] [stderr]     Checking regex-automata v0.4.18
[INFO] [stderr]     Checking digest v0.10.7
[INFO] [stderr]    Compiling cmake v0.1.58
[INFO] [stderr]    Compiling rust_decimal v1.42.1
[INFO] [stderr]     Checking sha1 v0.10.7
[INFO] [stderr]     Checking rand v0.8.7
[INFO] [stderr]     Checking http-body-util v0.1.5
[INFO] [stderr]     Checking assert_matches v1.5.0
[INFO] [stderr]     Checking foldhash v0.2.0
[INFO] [stderr]    Compiling openssl-sys v0.9.117
[INFO] [stderr]    Compiling tree-sitter v0.22.6
[INFO] [stderr]    Compiling link-cplusplus v1.0.12
[INFO] [stderr]    Compiling cxx v1.0.199
[INFO] [stderr]    Compiling tree-sitter-python v0.21.0
[INFO] [stderr]    Compiling openssl v0.10.81
[INFO] [stderr]    Compiling native-tls v0.2.18
[INFO] [stderr]    Compiling tree-sitter-rust v0.21.2
[INFO] [stderr]    Compiling tree-sitter-typescript v0.21.2
[INFO] [stderr]     Checking time v0.3.55
[INFO] [stderr]     Checking inotify v0.9.6
[INFO] [stderr]     Checking serde_json v1.0.151
[INFO] [stderr]     Checking uuid v1.25.0
[INFO] [stderr]     Checking regex v1.13.1
[INFO] [stderr]    Compiling cxx-build v1.0.199
[INFO] [stderr]    Compiling synstructure v0.13.2
[INFO] [stderr]     Checking matchers v0.2.0
[INFO] [stderr]     Checking tracing-log v0.2.0
[INFO] [stderr]     Checking filetime v0.2.29
[INFO] [stderr]     Checking mio v0.8.11
[INFO] [stderr]     Checking thread_local v1.1.10
[INFO] [stderr]     Checking fixedbitset v0.4.2
[INFO] [stderr]     Checking tempfile v3.27.0
[INFO] [stderr]     Checking notify v6.1.1
[INFO] [stderr]     Checking xxhash-rust v0.8.18
[INFO] [stderr]     Checking clap_builder v4.6.6
[INFO] [stderr]    Compiling darling_core v0.24.1
[INFO] [stderr]    Compiling rustix v0.38.44
[INFO] [stderr]     Checking signal-hook-mio v0.2.5
[INFO] [stderr]    Compiling zerovec-derive v0.11.6
[INFO] [stderr]    Compiling tokio-macros v2.7.2
[INFO] [stderr]    Compiling displaydoc v0.2.7
[INFO] [stderr]    Compiling zerofrom-derive v0.1.7
[INFO] [stderr]    Compiling yoke-derive v0.8.2
[INFO] [stderr]     Checking tokio v1.53.1
[INFO] [stderr]    Compiling openssl-macros v0.1.1
[INFO] [stderr]    Compiling tracing-attributes v0.1.31
[INFO] [stderr]     Checking zerofrom v0.1.8
[INFO] [stderr]    Compiling futures-macro v0.3.34
[INFO] [stderr]     Checking yoke v0.8.3
[INFO] [stderr]     Checking zerovec v0.11.8
[INFO] [stderr]     Checking zerotrie v0.2.5
[INFO] [stderr]    Compiling thiserror-impl v1.0.69
[INFO] [stderr]     Checking futures-util v0.3.34
[INFO] [stderr]    Compiling serde_derive v1.0.229
[INFO] [stderr]     Checking tinystr v0.8.4
[INFO] [stderr]     Checking icu_locale_core v2.3.0
[INFO] [stderr]     Checking potential_utf v0.1.6
[INFO] [stderr]     Checking icu_collections v2.3.0
[INFO] [stderr]     Checking tracing v0.1.44
[INFO] [stderr]    Compiling num_enum_derive v0.7.6
[INFO] [stderr]     Checking thiserror v1.0.69
[INFO] [stderr]     Checking aya-obj v0.2.1
[INFO] [stderr]     Checking icu_provider v2.3.1
[INFO] [stderr]    Compiling kuzu v0.9.0
[INFO] [stderr]     Checking icu_normalizer v2.3.0
[INFO] [stderr]     Checking icu_properties v2.3.0
[INFO] [stderr]    Compiling cxxbridge-macro v1.0.199
[INFO] [stderr]     Checking num_enum v0.7.6
[INFO] [stderr]     Checking aya-log-common v0.1.15
[INFO] [stderr]     Checking tracing-subscriber v0.3.23
[INFO] [stderr]    Compiling async-trait v0.1.92
[INFO] [stderr]     Checking idna_adapter v1.2.2
[INFO] [stderr]     Checking tungstenite v0.23.0
[INFO] [stderr]     Checking idna v1.1.0
[INFO] [stderr]     Checking url v2.5.8
[INFO] [stderr]    Compiling clap_derive v4.6.4
[INFO] [stderr]    Compiling darling_macro v0.24.1
[INFO] [stderr]    Compiling strum_macros v0.26.4
[INFO] [stderr]    Compiling darling v0.24.1
[INFO] [stderr]     Checking itertools v0.13.0
[INFO] [stderr]     Checking tokio-util v0.7.19
[INFO] [stderr]     Checking serde v1.0.229
[INFO] [stderr]     Checking tokio-native-tls v0.3.1
[INFO] [stderr]     Checking tower v0.5.3
[INFO] [stderr]     Checking h2 v0.4.18
[INFO] [stderr]     Checking serde_urlencoded v0.7.1
[INFO] [stderr]     Checking aya v0.13.1
[INFO] [stderr]     Checking tower-http v0.6.11
[INFO] [stderr]     Checking chrono v0.4.45
[INFO] [stderr]     Checking petgraph v0.6.5
[INFO] [stderr] error: could not compile `itertools` (lib)
[INFO] [stderr] 
[INFO] [stderr] Caused by:
[INFO] [stderr]   process didn't exit successfully: `/opt/rustwide/rustup-home/toolchains/3154cc1a3e6424e44f438a95007d043ed5ceaaf6/bin/rustc --crate-name itertools --edition=2018 /opt/rustwide/cargo-home/registry/src/index.crates.io-1949cf8c6b5b557f/itertools-0.13.0/src/lib.rs --error-format=json --json=diagnostic-rendered-ansi,artifacts,future-incompat,unused-externs-silent --crate-type lib --emit=dep-info,metadata -C embed-bitcode=no -C debuginfo=2 --cfg 'feature="default"' --cfg 'feature="use_alloc"' --cfg 'feature="use_std"' --check-cfg 'cfg(docsrs,test)' --check-cfg 'cfg(feature, values("default", "use_alloc", "use_std"))' -C metadata=a891af57c5977e61 -C extra-filename=-0269f7ee52e44122 --out-dir /opt/rustwide/target/debug/build/itertools/0269f7ee52e44122/out --extern either=/opt/rustwide/target/debug/build/either/91f0e0364e264e7b/out/libeither-91f0e0364e264e7b.rmeta --cap-lints allow --cap-lints=forbid --force-warn=unused_crate_dependencies` (signal: 9, SIGKILL: kill)
[INFO] [stderr] warning: build failed, waiting for other jobs to finish...
[INFO] [stderr] error: could not compile `cxxbridge-macro` (lib)
[INFO] [stderr] 
[INFO] [stderr] Caused by:
[INFO] [stderr]   process didn't exit successfully: `/opt/rustwide/rustup-home/toolchains/3154cc1a3e6424e44f438a95007d043ed5ceaaf6/bin/rustc --crate-name cxxbridge_macro --edition=2024 /opt/rustwide/cargo-home/registry/src/index.crates.io-1949cf8c6b5b557f/cxxbridge-macro-1.0.199/src/lib.rs --error-format=json --json=diagnostic-rendered-ansi,artifacts,future-incompat,unused-externs-silent --crate-type proc-macro --emit=dep-info,link -C prefer-dynamic -C embed-bitcode=no --check-cfg 'cfg(docsrs,test)' --check-cfg 'cfg(feature, values())' -C metadata=1576cdc9a906b246 -C extra-filename=-a7d54db4787659db --out-dir /opt/rustwide/target/debug/build/cxxbridge-macro/a7d54db4787659db/out -L dependency=/opt/rustwide/target/debug/build/equivalent/1cd2a250f2449a60/out -L dependency=/opt/rustwide/target/debug/build/hashbrown/e6a297648138f250/out -L dependency=/opt/rustwide/target/debug/build/proc-macro2/66baf18af1fdf36f/out -L dependency=/opt/rustwide/target/debug/build/quote/31698eed8d28fe2c/out -L dependency=/opt/rustwide/target/debug/build/unicode-ident/8c98a1a0e58216a9/out --extern indexmap=/opt/rustwide/target/debug/build/indexmap/4fb158964f0af1f0/out/libindexmap-4fb158964f0af1f0.rlib --extern indexmap=/opt/rustwide/target/debug/build/indexmap/4fb158964f0af1f0/out/libindexmap-4fb158964f0af1f0.rmeta --extern proc_macro2=/opt/rustwide/target/debug/build/proc-macro2/66baf18af1fdf36f/out/libproc_macro2-66baf18af1fdf36f.rlib --extern proc_macro2=/opt/rustwide/target/debug/build/proc-macro2/66baf18af1fdf36f/out/libproc_macro2-66baf18af1fdf36f.rmeta --extern quote=/opt/rustwide/target/debug/build/quote/31698eed8d28fe2c/out/libquote-31698eed8d28fe2c.rlib --extern quote=/opt/rustwide/target/debug/build/quote/31698eed8d28fe2c/out/libquote-31698eed8d28fe2c.rmeta --extern syn=/opt/rustwide/target/debug/build/syn/3575ae228d9d967e/out/libsyn-3575ae228d9d967e.rlib --extern syn=/opt/rustwide/target/debug/build/syn/3575ae228d9d967e/out/libsyn-3575ae228d9d967e.rmeta --extern proc_macro --cap-lints allow --cap-lints=forbid --force-warn=unused_crate_dependencies` (signal: 9, SIGKILL: kill)
[INFO] [stderr] error: failed to run custom build command for `kuzu v0.9.0`
[INFO] [stderr] note: To improve backtraces for build dependencies, set the CARGO_PROFILE_DEV_BUILD_OVERRIDE_DEBUG=true environment variable to enable debug information generation.
[INFO] [stderr] 
[INFO] [stderr] Caused by:
[INFO] [stderr]   process didn't exit successfully: `/opt/rustwide/target/debug/build/kuzu/a2faae79a537e1d2/out/build_script_build` (exit status: 101)
[INFO] [stderr]   --- stdout
[INFO] [stderr]   CMAKE_TOOLCHAIN_FILE_x86_64-unknown-linux-gnu = None
[INFO] [stderr]   CMAKE_TOOLCHAIN_FILE_x86_64_unknown_linux_gnu = None
[INFO] [stderr]   HOST_CMAKE_TOOLCHAIN_FILE = None
[INFO] [stderr]   CMAKE_TOOLCHAIN_FILE = None
[INFO] [stderr]   CMAKE_GENERATOR_x86_64-unknown-linux-gnu = None
[INFO] [stderr]   CMAKE_GENERATOR_x86_64_unknown_linux_gnu = None
[INFO] [stderr]   HOST_CMAKE_GENERATOR = None
[INFO] [stderr]   CMAKE_GENERATOR = None
[INFO] [stderr]   CMAKE_PREFIX_PATH_x86_64-unknown-linux-gnu = None
[INFO] [stderr]   CMAKE_PREFIX_PATH_x86_64_unknown_linux_gnu = None
[INFO] [stderr]   HOST_CMAKE_PREFIX_PATH = None
[INFO] [stderr]   CMAKE_PREFIX_PATH = None
[INFO] [stderr]   CMAKE_x86_64-unknown-linux-gnu = None
[INFO] [stderr]   CMAKE_x86_64_unknown_linux_gnu = None
[INFO] [stderr]   HOST_CMAKE = None
[INFO] [stderr]   CMAKE = None
[INFO] [stderr]   -- The CXX compiler identification is GNU 15.2.0
[INFO] [stderr]   -- The C compiler identification is GNU 15.2.0
[INFO] [stderr]   -- Detecting CXX compiler ABI info
[INFO] [stderr]   -- Detecting CXX compiler ABI info - done
[INFO] [stderr]   -- Check for working CXX compiler: /usr/bin/c++ - skipped
[INFO] [stderr]   -- Detecting CXX compile features
[INFO] [stderr]   -- Detecting CXX compile features - done
[INFO] [stderr]   -- Detecting C compiler ABI info
[INFO] [stderr]   -- Detecting C compiler ABI info - done
[INFO] [stderr]   -- Check for working C compiler: /usr/bin/cc - skipped
[INFO] [stderr]   -- Detecting C compile features
[INFO] [stderr]   -- Detecting C compile features - done
[INFO] [stderr]   -- Performing Test CMAKE_HAVE_LIBC_PTHREAD
[INFO] [stderr]   -- Performing Test CMAKE_HAVE_LIBC_PTHREAD - Success
[INFO] [stderr]   -- Found Threads: TRUE
[INFO] [stderr]   -- 64-bit architecture detected
[INFO] [stderr]   -- KUZU_PAGE_SIZE_LOG2: 12
[INFO] [stderr]   -- KUZU_VECTOR_CAPACITY_LOG2: 11
[INFO] [stderr]   -- KUZU_NODE_GROUP_SIZE_LOG2: 17
[INFO] [stderr]   -- Build type is 'Debug'
[INFO] [stderr]   -- Performing Test BROTLI_EMSCRIPTEN
[INFO] [stderr]   -- Performing Test BROTLI_EMSCRIPTEN - Failed
[INFO] [stderr]   -- Looking for log2 in m
[INFO] [stderr]   -- Looking for log2 in m - found
[INFO] [stderr]   -- Configuring done (6.0s)
[INFO] [stderr]   -- Generating done (8.0s)
[INFO] [stderr]   -- Build files have been written to: /opt/rustwide/target/debug/build/kuzu/05d9f005e9ad50d0/out/build
[INFO] [stderr]   [  0%] Building CXX object third_party/lz4/CMakeFiles/lz4.dir/lz4.cpp.o
[INFO] [stderr]   [  0%] Building C object third_party/brotli/CMakeFiles/brotlicommon.dir/c/common/constants.c.o
[INFO] [stderr]   [  0%] Building CXX object third_party/parquet/CMakeFiles/parquet.dir/parquet_constants.cpp.o
[INFO] [stderr]   [  0%] Building CXX object third_party/fastpfor/CMakeFiles/fastpfor.dir/fastpfor/bitpacking.cpp.o
[INFO] [stderr]   [  0%] Building CXX object third_party/re2/CMakeFiles/re2.dir/bitstate.cpp.o
[INFO] [stderr]   [  0%] Building CXX object third_party/mbedtls/CMakeFiles/mbedtls.dir/library/aes.cpp.o
[INFO] [stderr]   [  0%] Building CXX object third_party/antlr4_runtime/CMakeFiles/antlr4_runtime.dir/src/ANTLRErrorListener.cpp.o
[INFO] [stderr]   [  0%] Building CXX object third_party/miniz/CMakeFiles/miniz.dir/miniz.cpp.o
[INFO] [stderr]   [  0%] Building C object third_party/brotli/CMakeFiles/brotlicommon.dir/c/common/context.c.o
[INFO] [stderr]   [  0%] Building C object third_party/brotli/CMakeFiles/brotlicommon.dir/c/common/dictionary.c.o
[INFO] [stderr]   [  0%] Building C object third_party/brotli/CMakeFiles/brotlicommon.dir/c/common/platform.c.o
[INFO] [stderr]   [  0%] Linking CXX static library liblz4.a
[INFO] [stderr]   [  1%] Building C object third_party/brotli/CMakeFiles/brotlicommon.dir/c/common/shared_dictionary.c.o
[INFO] [stderr]   [  1%] Built target lz4
[INFO] [stderr]   [  1%] Building C object third_party/brotli/CMakeFiles/brotlicommon.dir/c/common/transform.c.o
[INFO] [stderr]   [  1%] Building CXX object third_party/mbedtls/CMakeFiles/mbedtls.dir/library/aria.cpp.o
[INFO] [stderr]   [  1%] Building C object third_party/roaring_bitmap/CMakeFiles/roaring_bitmap.dir/roaring.c.o
[INFO] [stderr]   [  1%] Linking C static library libbrotlicommon.a
[INFO] [stderr]   [  1%] Building CXX object third_party/mbedtls/CMakeFiles/mbedtls.dir/library/asn1parse.cpp.o
[INFO] [stderr]   [  1%] Built target brotlicommon
[INFO] [stderr]   [  1%] Building C object third_party/simsimd/CMakeFiles/simsimd.dir/lib.c.o
[INFO] [stderr]   [  1%] Building CXX object third_party/mbedtls/CMakeFiles/mbedtls.dir/library/base64.cpp.o
[INFO] [stderr]   [  2%] Building CXX object third_party/mbedtls/CMakeFiles/mbedtls.dir/library/bignum.cpp.o
[INFO] [stderr]   [  2%] Building CXX object third_party/mbedtls/CMakeFiles/mbedtls.dir/library/camellia.cpp.o
[INFO] [stderr]   [  2%] Linking CXX static library libminiz.a
[INFO] [stderr]   [  2%] Building CXX object third_party/mbedtls/CMakeFiles/mbedtls.dir/library/cipher.cpp.o
[INFO] [stderr]   [  2%] Building CXX object third_party/parquet/CMakeFiles/parquet.dir/parquet_types.cpp.o
[INFO] [stderr]   [  2%] Building CXX object third_party/mbedtls/CMakeFiles/mbedtls.dir/library/cipher_wrap.cpp.o
[INFO] [stderr]   [  2%] Built target miniz
[INFO] [stderr]   [  2%] Building CXX object third_party/antlr4_runtime/CMakeFiles/antlr4_runtime.dir/src/ANTLRErrorStrategy.cpp.o
[INFO] [stderr]   [  2%] Building CXX object third_party/mbedtls/CMakeFiles/mbedtls.dir/library/constant_time.cpp.o
[INFO] [stderr]   [  2%] Building CXX object third_party/mbedtls/CMakeFiles/mbedtls.dir/library/entropy.cpp.o
[INFO] [stderr]   [  2%] Building CXX object third_party/mbedtls/CMakeFiles/mbedtls.dir/library/entropy_poll.cpp.o
[INFO] [stderr]   [  2%] Building CXX object third_party/mbedtls/CMakeFiles/mbedtls.dir/library/gcm.cpp.o
[INFO] [stderr]   [  2%] Building CXX object third_party/re2/CMakeFiles/re2.dir/compile.cpp.o
[INFO] [stderr]   [  2%] Building CXX object third_party/mbedtls/CMakeFiles/mbedtls.dir/library/md.cpp.o
[INFO] [stderr]   [  3%] Building CXX object third_party/mbedtls/CMakeFiles/mbedtls.dir/library/oid.cpp.o
[INFO] [stderr]   [  3%] Building CXX object third_party/mbedtls/CMakeFiles/mbedtls.dir/library/pem.cpp.o
[INFO] [stderr]   [  3%] Building CXX object third_party/mbedtls/CMakeFiles/mbedtls.dir/library/pk.cpp.o
[INFO] [stderr]   [  3%] Building CXX object third_party/mbedtls/CMakeFiles/mbedtls.dir/library/pk_wrap.cpp.o
[INFO] [stderr]   [  3%] Building CXX object third_party/mbedtls/CMakeFiles/mbedtls.dir/library/pkparse.cpp.o
[INFO] [stderr]   [  3%] Building CXX object third_party/mbedtls/CMakeFiles/mbedtls.dir/library/platform_util.cpp.o
[INFO] [stderr]   [  3%] Building CXX object third_party/mbedtls/CMakeFiles/mbedtls.dir/library/rsa.cpp.o
[INFO] [stderr]   [  3%] Building CXX object third_party/re2/CMakeFiles/re2.dir/dfa.cpp.o
[INFO] [stderr]   [  3%] Building CXX object third_party/mbedtls/CMakeFiles/mbedtls.dir/library/rsa_alt_helpers.cpp.o
[INFO] [stderr]   [  3%] Building CXX object third_party/mbedtls/CMakeFiles/mbedtls.dir/library/sha1.cpp.o
[INFO] [stderr]   [  3%] Linking C static library libsimsimd.a
[INFO] [stderr]   [  3%] Building CXX object third_party/mbedtls/CMakeFiles/mbedtls.dir/library/sha256.cpp.o
[INFO] [stderr]   [  3%] Built target simsimd
[INFO] [stderr]   [  3%] Building CXX object third_party/snappy/CMakeFiles/snappy.dir/snappy.cc.o
[INFO] [stderr]   [  4%] Building CXX object third_party/mbedtls/CMakeFiles/mbedtls.dir/library/sha512.cpp.o
[INFO] [stderr]   [  4%] Linking CXX static library libmbedtls.a
[INFO] [stderr]   [  4%] Built target mbedtls
[INFO] [stderr]   [  4%] Building CXX object third_party/antlr4_runtime/CMakeFiles/antlr4_runtime.dir/src/ANTLRFileStream.cpp.o
[INFO] [stderr]   [  4%] Building CXX object third_party/antlr4_runtime/CMakeFiles/antlr4_runtime.dir/src/ANTLRInputStream.cpp.o
[INFO] [stderr]   [  5%] Building CXX object third_party/re2/CMakeFiles/re2.dir/filtered_re2.cpp.o
[INFO] [stderr]   [  5%] Linking C static library libroaring_bitmap.a
[INFO] [stderr]   [  5%] Built target roaring_bitmap
[INFO] [stderr]   [  5%] Building CXX object third_party/re2/CMakeFiles/re2.dir/mimics_pcre.cpp.o
[INFO] [stderr]   [  5%] Building CXX object third_party/snappy/CMakeFiles/snappy.dir/snappy-sinksource.cc.o
[INFO] [stderr]   [  5%] Linking CXX static library libsnappy.a
[INFO] [stderr]   [  5%] Built target snappy
[INFO] [stderr]   [  5%] Building CXX object third_party/antlr4_runtime/CMakeFiles/antlr4_runtime.dir/src/atn/ActionTransition.cpp.o
[INFO] [stderr]   [  5%] Building CXX object third_party/re2/CMakeFiles/re2.dir/nfa.cpp.o
[INFO] [stderr]   [  5%] Building CXX object third_party/thrift/CMakeFiles/thrift.dir/protocol/TProtocol.cpp.o
[INFO] [stderr]   [  5%] Building CXX object third_party/antlr4_runtime/CMakeFiles/antlr4_runtime.dir/src/atn/AmbiguityInfo.cpp.o
[INFO] [stderr]   [  6%] Building CXX object third_party/antlr4_runtime/CMakeFiles/antlr4_runtime.dir/src/atn/ArrayPredictionContext.cpp.o
[INFO] [stderr]   [  6%] Building CXX object third_party/thrift/CMakeFiles/thrift.dir/transport/TTransportException.cpp.o
[INFO] [stderr]   [  6%] Building CXX object third_party/antlr4_runtime/CMakeFiles/antlr4_runtime.dir/src/atn/ATNConfig.cpp.o
[INFO] [stderr]   [  6%] Building CXX object third_party/re2/CMakeFiles/re2.dir/onepass.cpp.o
[INFO] [stderr]   [  7%] Building CXX object third_party/thrift/CMakeFiles/thrift.dir/transport/TBufferTransports.cpp.o
[INFO] [stderr]   [  7%] Linking CXX static library libparquet.a
[INFO] [stderr]   [  7%] Built target parquet
[INFO] [stderr]   [  7%] Building CXX object third_party/re2/CMakeFiles/re2.dir/parse.cpp.o
[INFO] [stderr]   [  7%] Building CXX object third_party/utf8proc/CMakeFiles/utf8proc.dir/utf8proc.cpp.o
[INFO] [stderr]   [  7%] Building CXX object third_party/antlr4_runtime/CMakeFiles/antlr4_runtime.dir/src/atn/ATNConfigSet.cpp.o
[INFO] [stderr]   [  7%] Building C object third_party/yyjson/CMakeFiles/yyjson.dir/src/yyjson.c.o
[INFO] [stderr]   [  7%] Linking CXX static library libthrift.a
[INFO] [stderr]   [  7%] Built target thrift
[INFO] [stderr]   [  7%] Building CXX object third_party/utf8proc/CMakeFiles/utf8proc.dir/utf8proc_wrapper.cpp.o
[INFO] [stderr]   [  7%] Building CXX object third_party/antlr4_runtime/CMakeFiles/antlr4_runtime.dir/src/atn/ATN.cpp.o
[INFO] [stderr]   [  7%] Building CXX object third_party/re2/CMakeFiles/re2.dir/perl_groups.cpp.o
[INFO] [stderr]   [  7%] Building CXX object third_party/re2/CMakeFiles/re2.dir/prefilter.cpp.o
[INFO] [stderr]   [  7%] Linking CXX static library libutf8proc.a
[INFO] [stderr]   [  7%] Built target utf8proc
[INFO] [stderr]   [  7%] Building CXX object third_party/zstd/CMakeFiles/zstd.dir/common/entropy_common.cpp.o
[INFO] [stderr]   [  7%] Building CXX object third_party/zstd/CMakeFiles/zstd.dir/common/error_private.cpp.o
[INFO] [stderr]   [  7%] Building CXX object third_party/re2/CMakeFiles/re2.dir/prefilter_tree.cpp.o
[INFO] [stderr]   [  8%] Building CXX object third_party/zstd/CMakeFiles/zstd.dir/common/fse_decompress.cpp.o
[INFO] [stderr]   [  8%] Building CXX object src/extension/CMakeFiles/kuzu_extension.dir/catalog_extension.cpp.o
[INFO] [stderr]   [  8%] Building CXX object third_party/zstd/CMakeFiles/zstd.dir/common/xxhash.cpp.o
[INFO] [stderr]   [  8%] Building CXX object third_party/zstd/CMakeFiles/zstd.dir/common/zstd_common.cpp.o
[INFO] [stderr]   [  8%] Building CXX object third_party/zstd/CMakeFiles/zstd.dir/compress/fse_compress.cpp.o
[INFO] [stderr]   [  8%] Building CXX object third_party/zstd/CMakeFiles/zstd.dir/compress/hist.cpp.o
[INFO] [stderr]   [  8%] Building CXX object third_party/zstd/CMakeFiles/zstd.dir/compress/huf_compress.cpp.o
[INFO] [stderr]   [  8%] Building CXX object third_party/zstd/CMakeFiles/zstd.dir/compress/zstd_compress.cpp.o
[INFO] [stderr]   [  8%] Building CXX object third_party/zstd/CMakeFiles/zstd.dir/compress/zstd_compress_literals.cpp.o
[INFO] [stderr]   [  8%] Building CXX object third_party/zstd/CMakeFiles/zstd.dir/compress/zstd_compress_sequences.cpp.o
[INFO] [stderr]   [  8%] Building CXX object third_party/antlr4_runtime/CMakeFiles/antlr4_runtime.dir/src/atn/ATNDeserializationOptions.cpp.o
[INFO] [stderr]   [  8%] Building CXX object src/extension/CMakeFiles/kuzu_extension.dir/extension.cpp.o
[INFO] [stderr]   [  8%] Building CXX object third_party/zstd/CMakeFiles/zstd.dir/compress/zstd_compress_superblock.cpp.o
[INFO] [stderr]   [  9%] Building CXX object third_party/zstd/CMakeFiles/zstd.dir/compress/zstd_double_fast.cpp.o
[INFO] [stderr]   [  9%] Building CXX object third_party/antlr4_runtime/CMakeFiles/antlr4_runtime.dir/src/atn/ATNDeserializer.cpp.o
[INFO] [stderr]   [  9%] Building CXX object third_party/re2/CMakeFiles/re2.dir/prog.cpp.o
[INFO] [stderr]   [  9%] Building CXX object third_party/zstd/CMakeFiles/zstd.dir/compress/zstd_fast.cpp.o
[INFO] [stderr]   [  9%] Linking C static library libyyjson.a
[INFO] [stderr]   [  9%] Building CXX object third_party/zstd/CMakeFiles/zstd.dir/compress/zstd_lazy.cpp.o
[INFO] [stderr]   [  9%] Built target yyjson
[INFO] [stderr]   [ 10%] Building CXX object third_party/re2/CMakeFiles/re2.dir/re2.cpp.o
[INFO] [stderr]   [ 10%] Building CXX object src/extension/CMakeFiles/kuzu_extension.dir/extension_entries.cpp.o
[INFO] [stderr]   [ 10%] Building CXX object third_party/zstd/CMakeFiles/zstd.dir/compress/zstd_ldm.cpp.o
[INFO] [stderr]   [ 10%] Building CXX object third_party/zstd/CMakeFiles/zstd.dir/compress/zstd_opt.cpp.o
[INFO] [stderr]   [ 10%] Building CXX object third_party/zstd/CMakeFiles/zstd.dir/decompress/huf_decompress.cpp.o
[INFO] [stderr]   [ 10%] Building CXX object third_party/re2/CMakeFiles/re2.dir/regexp.cpp.o
[INFO] [stderr]   [ 10%] Building CXX object third_party/antlr4_runtime/CMakeFiles/antlr4_runtime.dir/src/atn/ATNSimulator.cpp.o
[INFO] [stderr]   [ 10%] Building CXX object third_party/antlr4_runtime/CMakeFiles/antlr4_runtime.dir/src/atn/ATNState.cpp.o
[INFO] [stderr]   [ 10%] Building CXX object third_party/zstd/CMakeFiles/zstd.dir/decompress/zstd_ddict.cpp.o
[INFO] [stderr]   [ 10%] Building CXX object third_party/zstd/CMakeFiles/zstd.dir/decompress/zstd_decompress.cpp.o
[INFO] [stderr]   [ 10%] Building CXX object third_party/zstd/CMakeFiles/zstd.dir/decompress/zstd_decompress_block.cpp.o
[INFO] [stderr]   [ 10%] Building CXX object third_party/re2/CMakeFiles/re2.dir/set.cpp.o
[INFO] [stderr]   [ 10%] Building CXX object third_party/antlr4_runtime/CMakeFiles/antlr4_runtime.dir/src/atn/ATNStateType.cpp.o
[INFO] [stderr]   [ 11%] Linking CXX static library libzstd.a
[INFO] [stderr]   [ 11%] Built target zstd
[INFO] [stderr]   [ 11%] Building CXX object third_party/re2/CMakeFiles/re2.dir/simplify.cpp.o
[INFO] [stderr]   [ 11%] Building CXX object third_party/antlr4_runtime/CMakeFiles/antlr4_runtime.dir/src/atn/AtomTransition.cpp.o
[INFO] [stderr]   [ 11%] Building CXX object third_party/re2/CMakeFiles/re2.dir/stringpiece.cpp.o
[INFO] [stderr]   [ 11%] Building CXX object third_party/re2/CMakeFiles/re2.dir/tostring.cpp.o
[INFO] [stderr]   [ 11%] Building CXX object third_party/re2/CMakeFiles/re2.dir/unicode_casefold.cpp.o
[INFO] [stderr]   [ 11%] Building CXX object third_party/re2/CMakeFiles/re2.dir/unicode_groups.cpp.o
[INFO] [stderr]   [ 12%] Building CXX object third_party/antlr4_runtime/CMakeFiles/antlr4_runtime.dir/src/atn/ContextSensitivityInfo.cpp.o
[INFO] [stderr]   [ 12%] Building CXX object third_party/re2/CMakeFiles/re2.dir/rune.cpp.o
[INFO] [stderr]   [ 12%] Building CXX object third_party/re2/CMakeFiles/re2.dir/strutil.cpp.o
[INFO] [stderr]   [ 12%] Building CXX object third_party/antlr4_runtime/CMakeFiles/antlr4_runtime.dir/src/atn/DecisionEventInfo.cpp.o
[INFO] [stderr]   [ 12%] Building CXX object third_party/antlr4_runtime/CMakeFiles/antlr4_runtime.dir/src/atn/DecisionInfo.cpp.o
[INFO] [stderr]   [ 12%] Building CXX object third_party/antlr4_runtime/CMakeFiles/antlr4_runtime.dir/src/atn/DecisionState.cpp.o
[INFO] [stderr]   [ 12%] Building CXX object third_party/antlr4_runtime/CMakeFiles/antlr4_runtime.dir/src/atn/EpsilonTransition.cpp.o
[INFO] [stderr]   [ 13%] Linking CXX static library libre2.a
[INFO] [stderr]   [ 13%] Built target re2
[INFO] [stderr]   [ 13%] Building CXX object third_party/antlr4_runtime/CMakeFiles/antlr4_runtime.dir/src/atn/ErrorInfo.cpp.o
[INFO] [stderr]   [ 13%] Building CXX object third_party/antlr4_runtime/CMakeFiles/antlr4_runtime.dir/src/atn/LexerAction.cpp.o
[INFO] [stderr]   [ 13%] Building CXX object third_party/antlr4_runtime/CMakeFiles/antlr4_runtime.dir/src/atn/LexerActionExecutor.cpp.o
[INFO] [stderr]   [ 13%] Building CXX object third_party/antlr4_runtime/CMakeFiles/antlr4_runtime.dir/src/atn/LexerATNConfig.cpp.o
[INFO] [stderr]   [ 14%] Building CXX object third_party/antlr4_runtime/CMakeFiles/antlr4_runtime.dir/src/atn/LexerATNSimulator.cpp.o
[INFO] [stderr]   [ 14%] Building CXX object third_party/antlr4_runtime/CMakeFiles/antlr4_runtime.dir/src/atn/LexerChannelAction.cpp.o
[INFO] [stderr]   [ 14%] Building CXX object third_party/antlr4_runtime/CMakeFiles/antlr4_runtime.dir/src/atn/LexerCustomAction.cpp.o
[INFO] [stderr]   [ 14%] Building CXX object third_party/antlr4_runtime/CMakeFiles/antlr4_runtime.dir/src/atn/LexerIndexedCustomAction.cpp.o
[INFO] [stderr]   [ 14%] Building CXX object third_party/antlr4_runtime/CMakeFiles/antlr4_runtime.dir/src/atn/LexerModeAction.cpp.o
[INFO] [stderr]   [ 14%] Building CXX object third_party/antlr4_runtime/CMakeFiles/antlr4_runtime.dir/src/atn/LexerMoreAction.cpp.o
[INFO] [stderr]   [ 14%] Building CXX object third_party/antlr4_runtime/CMakeFiles/antlr4_runtime.dir/src/atn/LexerPopModeAction.cpp.o
[INFO] [stderr]   [ 14%] Building CXX object third_party/antlr4_runtime/CMakeFiles/antlr4_runtime.dir/src/atn/LexerPushModeAction.cpp.o
[INFO] [stderr]   [ 14%] Building CXX object third_party/antlr4_runtime/CMakeFiles/antlr4_runtime.dir/src/atn/LexerSkipAction.cpp.o
[INFO] [stderr]   [ 14%] Building CXX object third_party/antlr4_runtime/CMakeFiles/antlr4_runtime.dir/src/atn/LexerTypeAction.cpp.o
[INFO] [stderr]   [ 15%] Building CXX object third_party/antlr4_runtime/CMakeFiles/antlr4_runtime.dir/src/atn/LL1Analyzer.cpp.o
[INFO] [stderr]   [ 15%] Building CXX object third_party/antlr4_runtime/CMakeFiles/antlr4_runtime.dir/src/atn/LookaheadEventInfo.cpp.o
[INFO] [stderr]   [ 15%] Building CXX object third_party/antlr4_runtime/CMakeFiles/antlr4_runtime.dir/src/atn/NotSetTransition.cpp.o
[INFO] [stderr]   [ 15%] Building CXX object third_party/antlr4_runtime/CMakeFiles/antlr4_runtime.dir/src/atn/OrderedATNConfigSet.cpp.o
[INFO] [stderr]   [ 15%] Building CXX object third_party/antlr4_runtime/CMakeFiles/antlr4_runtime.dir/src/atn/ParseInfo.cpp.o
[INFO] [stderr]   [ 15%] Building CXX object third_party/antlr4_runtime/CMakeFiles/antlr4_runtime.dir/src/atn/ParserATNSimulator.cpp.o
[INFO] [stderr]   [ 15%] Building CXX object third_party/antlr4_runtime/CMakeFiles/antlr4_runtime.dir/src/atn/PrecedencePredicateTransition.cpp.o
[INFO] [stderr]   [ 15%] Building CXX object third_party/antlr4_runtime/CMakeFiles/antlr4_runtime.dir/src/atn/PredicateEvalInfo.cpp.o
[INFO] [stderr]   [ 15%] Building CXX object third_party/antlr4_runtime/CMakeFiles/antlr4_runtime.dir/src/atn/PredicateTransition.cpp.o
[INFO] [stderr]   [ 15%] Building CXX object third_party/antlr4_runtime/CMakeFiles/antlr4_runtime.dir/src/atn/PredictionContextCache.cpp.o
[INFO] [stderr]   [ 16%] Building CXX object third_party/antlr4_runtime/CMakeFiles/antlr4_runtime.dir/src/atn/PredictionContext.cpp.o
[INFO] [stderr]   [ 16%] Building CXX object third_party/antlr4_runtime/CMakeFiles/antlr4_runtime.dir/src/atn/PredictionContextMergeCache.cpp.o
[INFO] [stderr]   [ 16%] Building CXX object third_party/antlr4_runtime/CMakeFiles/antlr4_runtime.dir/src/atn/PredictionMode.cpp.o
[INFO] [stderr]   [ 16%] Building CXX object third_party/antlr4_runtime/CMakeFiles/antlr4_runtime.dir/src/atn/ProfilingATNSimulator.cpp.o
[INFO] [stderr]   [ 16%] Building CXX object third_party/antlr4_runtime/CMakeFiles/antlr4_runtime.dir/src/atn/RangeTransition.cpp.o
[INFO] [stderr]   [ 16%] Building CXX object third_party/antlr4_runtime/CMakeFiles/antlr4_runtime.dir/src/atn/RuleTransition.cpp.o
[INFO] [stderr]   [ 16%] Building CXX object third_party/antlr4_runtime/CMakeFiles/antlr4_runtime.dir/src/atn/SemanticContext.cpp.o
[INFO] [stderr] 
[INFO] [stderr]   --- stderr
[INFO] [stderr]   running: cd "/opt/rustwide/target/debug/build/kuzu/05d9f005e9ad50d0/out/build" && CMAKE_PREFIX_PATH="" LC_ALL="C" "cmake" "/opt/rustwide/cargo-home/registry/src/index.crates.io-1949cf8c6b5b557f/kuzu-0.9.0/kuzu-src" "-B" "/opt/rustwide/target/debug/build/kuzu/05d9f005e9ad50d0/out/build" "-DBUILD_SHELL=OFF" "-DBUILD_SINGLE_FILE_HEADER=OFF" "-DAUTO_UPDATE_GRAMMAR=OFF" "-DCMAKE_INSTALL_PREFIX=/opt/rustwide/target/debug/build/kuzu/05d9f005e9ad50d0/out" "-DCMAKE_C_FLAGS= -ffunction-sections -fdata-sections -fPIC -m64 -w" "-DCMAKE_C_COMPILER=/usr/bin/cc" "-DCMAKE_CXX_FLAGS= -ffunction-sections -fdata-sections -fPIC -m64 -w" "-DCMAKE_CXX_COMPILER=/usr/bin/c++" "-DCMAKE_ASM_FLAGS= -ffunction-sections -fdata-sections -fPIC -m64 -w" "-DCMAKE_ASM_COMPILER=/usr/bin/cc" "-DCMAKE_BUILD_TYPE=Debug"
[INFO] [stderr]   -- Compiler is not EMSCRIPTEN
[INFO] [stderr]   CMake Warning:
[INFO] [stderr]     Manually-specified variables were not used by the project:
[INFO] [stderr] 
[INFO] [stderr]       CMAKE_ASM_COMPILER
[INFO] [stderr]       CMAKE_ASM_FLAGS
[INFO] [stderr] 
[INFO] [stderr] 
[INFO] [stderr]   running: cd "/opt/rustwide/target/debug/build/kuzu/05d9f005e9ad50d0/out/build" && LC_ALL="C" MAKEFLAGS="-j --jobserver-fds=4,5 --jobserver-auth=4,5" "cmake" "--build" "/opt/rustwide/target/debug/build/kuzu/05d9f005e9ad50d0/out/build" "--config" "Debug"
[INFO] [stderr]   gmake: warning: -j8 forced in submake: resetting jobserver mode.
[INFO] [stderr]   c++: fatal error: Killed signal terminated program cc1plus
[INFO] [stderr]   compilation terminated.
[INFO] [stderr]   gmake[2]: *** [third_party/fastpfor/CMakeFiles/fastpfor.dir/build.make:79: third_party/fastpfor/CMakeFiles/fastpfor.dir/fastpfor/bitpacking.cpp.o] Error 1
[INFO] [stderr]   gmake[1]: *** [CMakeFiles/Makefile2:2955: third_party/fastpfor/CMakeFiles/fastpfor.dir/all] Error 2
[INFO] [stderr]   gmake[1]: *** Waiting for unfinished jobs....
[INFO] [stderr]   c++: fatal error: Killed signal terminated program cc1plus
[INFO] [stderr]   compilation terminated.
[INFO] [stderr]   gmake[2]: *** [src/extension/CMakeFiles/kuzu_extension.dir/build.make:93: src/extension/CMakeFiles/kuzu_extension.dir/extension.cpp.o] Error 1
[INFO] [stderr]   gmake[2]: *** Waiting for unfinished jobs....
[INFO] [stderr]   gmake[1]: *** [CMakeFiles/Makefile2:7561: src/extension/CMakeFiles/kuzu_extension.dir/all] Error 2
[INFO] [stderr]   c++: fatal error: Killed signal terminated program cc1plus
[INFO] [stderr]   compilation terminated.
[INFO] [stderr]   gmake[2]: *** [third_party/antlr4_runtime/CMakeFiles/antlr4_runtime.dir/build.make:723: third_party/antlr4_runtime/CMakeFiles/antlr4_runtime.dir/src/atn/PredictionContextMergeCache.cpp.o] Error 1
[INFO] [stderr]   gmake[2]: *** Waiting for unfinished jobs....
[INFO] [stderr]   c++: fatal error: Killed signal terminated program cc1plus
[INFO] [stderr]   compilation terminated.
[INFO] [stderr]   gmake[2]: *** [third_party/antlr4_runtime/CMakeFiles/antlr4_runtime.dir/build.make:751: third_party/antlr4_runtime/CMakeFiles/antlr4_runtime.dir/src/atn/ProfilingATNSimulator.cpp.o] Error 1
[INFO] [stderr]   c++: fatal error: Killed signal terminated program cc1plus
[INFO] [stderr]   compilation terminated.
[INFO] [stderr]   gmake[2]: *** [third_party/antlr4_runtime/CMakeFiles/antlr4_runtime.dir/build.make:639: third_party/antlr4_runtime/CMakeFiles/antlr4_runtime.dir/src/atn/ParserATNSimulator.cpp.o] Error 1
[INFO] [stderr]   c++: fatal error: Killed signal terminated program cc1plus
[INFO] [stderr]   compilation terminated.
[INFO] [stderr]   gmake[2]: *** [third_party/antlr4_runtime/CMakeFiles/antlr4_runtime.dir/build.make:709: third_party/antlr4_runtime/CMakeFiles/antlr4_runtime.dir/src/atn/PredictionContext.cpp.o] Error 1
[INFO] [stderr]   gmake[1]: *** [CMakeFiles/Makefile2:2827: third_party/antlr4_runtime/CMakeFiles/antlr4_runtime.dir/all] Error 2
[INFO] [stderr]   gmake: *** [Makefile:136: all] Error 2
[INFO] [stderr] 
[INFO] [stderr]   thread 'main' (1134) panicked at /opt/rustwide/cargo-home/registry/src/index.crates.io-1949cf8c6b5b557f/cmake-0.1.58/src/lib.rs:1132:5:
[INFO] [stderr] 
[INFO] [stderr]   command did not execute successfully, got: exit status: 2
[INFO] [stderr] 
[INFO] [stderr]   build script failed, must exit now
[INFO] [stderr]   stack backtrace:
[INFO] [stderr]      0:     0x5adf8dfdd3b1 - std[3164a59e47d3bde]::backtrace_rs::backtrace::libunwind::trace
[INFO] [stderr]                                  at /rustc/3154cc1a3e6424e44f438a95007d043ed5ceaaf6/library/std/src/../../backtrace/src/backtrace/libunwind.rs:117:9
[INFO] [stderr]      1:     0x5adf8dfdd3b1 - std[3164a59e47d3bde]::backtrace_rs::backtrace::trace_unsynchronized::<std[3164a59e47d3bde]::sys::backtrace::_print_fmt::{closure#1}>
[INFO] [stderr]                                  at /rustc/3154cc1a3e6424e44f438a95007d043ed5ceaaf6/library/std/src/../../backtrace/src/backtrace/mod.rs:66:14
[INFO] [stderr]      2:     0x5adf8dfdd3b1 - std[3164a59e47d3bde]::sys::backtrace::_print_fmt
[INFO] [stderr]                                  at /rustc/3154cc1a3e6424e44f438a95007d043ed5ceaaf6/library/std/src/sys/backtrace.rs:74:9
[INFO] [stderr]      3:     0x5adf8dfdd3b1 - <<std[3164a59e47d3bde]::sys::backtrace::BacktraceLock>::print::DisplayBacktrace as core[934024a1e6126fb4]::fmt::Display>::fmt
[INFO] [stderr]                                  at /rustc/3154cc1a3e6424e44f438a95007d043ed5ceaaf6/library/std/src/sys/backtrace.rs:44:26
[INFO] [stderr]      4:     0x5adf8dff339a - <core[934024a1e6126fb4]::fmt::rt::Argument>::fmt
[INFO] [stderr]                                  at /rustc/3154cc1a3e6424e44f438a95007d043ed5ceaaf6/library/core/src/fmt/rt.rs:152:76
[INFO] [stderr]      5:     0x5adf8dff339a - core[934024a1e6126fb4]::fmt::write
[INFO] [stderr]      6:     0x5adf8dfe38dc - core[934024a1e6126fb4]::io::write::default_write_fmt::<std[3164a59e47d3bde]::sys::stdio::unix::Stderr>
[INFO] [stderr]                                  at /rustc/3154cc1a3e6424e44f438a95007d043ed5ceaaf6/library/core/src/io/write.rs:402:11
[INFO] [stderr]      7:     0x5adf8dfe38dc - <std[3164a59e47d3bde]::sys::stdio::unix::Stderr as core[934024a1e6126fb4]::io::write::Write>::write_fmt
[INFO] [stderr]                                  at /rustc/3154cc1a3e6424e44f438a95007d043ed5ceaaf6/library/core/src/io/write.rs:335:13
[INFO] [stderr]      8:     0x5adf8dfb9776 - <std[3164a59e47d3bde]::sys::backtrace::BacktraceLock>::print
[INFO] [stderr]                                  at /rustc/3154cc1a3e6424e44f438a95007d043ed5ceaaf6/library/std/src/sys/backtrace.rs:47:9
[INFO] [stderr]      9:     0x5adf8dfb9776 - std[3164a59e47d3bde]::panicking::default_hook::{closure#0}
[INFO] [stderr]                                  at /rustc/3154cc1a3e6424e44f438a95007d043ed5ceaaf6/library/std/src/panicking.rs:289:27
[INFO] [stderr]     10:     0x5adf8dfd6541 - std[3164a59e47d3bde]::panicking::default_hook
[INFO] [stderr]                                  at /rustc/3154cc1a3e6424e44f438a95007d043ed5ceaaf6/library/std/src/panicking.rs:316:9
[INFO] [stderr]     11:     0x5adf8dfd686b - std[3164a59e47d3bde]::panicking::panic_with_hook
[INFO] [stderr]                                  at /rustc/3154cc1a3e6424e44f438a95007d043ed5ceaaf6/library/std/src/panicking.rs:811:13
[INFO] [stderr]     12:     0x5adf8dfb9822 - std[3164a59e47d3bde]::panicking::panic_handler::{closure#0}
[INFO] [stderr]                                  at /rustc/3154cc1a3e6424e44f438a95007d043ed5ceaaf6/library/std/src/panicking.rs:685:13
[INFO] [stderr]     13:     0x5adf8dfb1e79 - std[3164a59e47d3bde]::sys::backtrace::__rust_end_short_backtrace::<std[3164a59e47d3bde]::panicking::panic_handler::{closure#0}, !>
[INFO] [stderr]                                  at /rustc/3154cc1a3e6424e44f438a95007d043ed5ceaaf6/library/std/src/sys/backtrace.rs:182:18
[INFO] [stderr]     14:     0x5adf8dfba35d - __rustc[2e7b49d4226056d3]::rust_begin_unwind
[INFO] [stderr]                                  at /rustc/3154cc1a3e6424e44f438a95007d043ed5ceaaf6/library/std/src/panicking.rs:676:5
[INFO] [stderr]     15:     0x5adf8dff3c3c - core[934024a1e6126fb4]::panicking::panic_fmt
[INFO] [stderr]                                  at /rustc/3154cc1a3e6424e44f438a95007d043ed5ceaaf6/library/core/src/panicking.rs:80:14
[INFO] [stderr]     16:     0x5adf8df2d277 - cmake[88d69019b5068629]::fail
[INFO] [stderr]     17:     0x5adf8df2cf03 - cmake[88d69019b5068629]::run
[INFO] [stderr]     18:     0x5adf8df32ee5 - <cmake[88d69019b5068629]::Config>::build
[INFO] [stderr]     19:     0x5adf8dcc8ba0 - build_script_build[f4ee93058a94fc9c]::build_bundled_cmake
[INFO] [stderr]     20:     0x5adf8dcc9da9 - build_script_build[f4ee93058a94fc9c]::main
[INFO] [stderr]     21:     0x5adf8dccc4b3 - <fn() as core[934024a1e6126fb4]::ops::function::FnOnce<()>>::call_once
[INFO] [stderr]     22:     0x5adf8dcc7ade - std[3164a59e47d3bde]::sys::backtrace::__rust_begin_short_backtrace::<fn(), ()>
[INFO] [stderr]     23:     0x5adf8dcc7da9 - std[3164a59e47d3bde]::rt::lang_start::<()>::{closure#0}
[INFO] [stderr]     24:     0x5adf8dfd5838 - <&dyn core[934024a1e6126fb4]::ops::function::Fn<(), Output = i32> + core[934024a1e6126fb4]::marker::Sync + core[934024a1e6126fb4]::panic::unwind_safe::RefUnwindSafe as core[934024a1e6126fb4]::ops::function::FnOnce<()>>::call_once
[INFO] [stderr]                                  at /rustc/3154cc1a3e6424e44f438a95007d043ed5ceaaf6/library/core/src/ops/function.rs:287:21
[INFO] [stderr]     25:     0x5adf8dfd5838 - std[3164a59e47d3bde]::panicking::catch_unwind::do_call::<&dyn core[934024a1e6126fb4]::ops::function::Fn<(), Output = i32> + core[934024a1e6126fb4]::marker::Sync + core[934024a1e6126fb4]::panic::unwind_safe::RefUnwindSafe, i32>
[INFO] [stderr]                                  at /rustc/3154cc1a3e6424e44f438a95007d043ed5ceaaf6/library/std/src/panicking.rs:573:43
[INFO] [stderr]     26:     0x5adf8dfd5838 - std[3164a59e47d3bde]::panicking::catch_unwind::<i32, &dyn core[934024a1e6126fb4]::ops::function::Fn<(), Output = i32> + core[934024a1e6126fb4]::marker::Sync + core[934024a1e6126fb4]::panic::unwind_safe::RefUnwindSafe>
[INFO] [stderr]                                  at /rustc/3154cc1a3e6424e44f438a95007d043ed5ceaaf6/library/std/src/panicking.rs:541:19
[INFO] [stderr]     27:     0x5adf8dfd5838 - std[3164a59e47d3bde]::panic::catch_unwind::<&dyn core[934024a1e6126fb4]::ops::function::Fn<(), Output = i32> + core[934024a1e6126fb4]::marker::Sync + core[934024a1e6126fb4]::panic::unwind_safe::RefUnwindSafe, i32>
[INFO] [stderr]                                  at /rustc/3154cc1a3e6424e44f438a95007d043ed5ceaaf6/library/std/src/panic.rs:359:14
[INFO] [stderr]     28:     0x5adf8dfd5838 - std[3164a59e47d3bde]::rt::lang_start_internal::{closure#0}
[INFO] [stderr]                                  at /rustc/3154cc1a3e6424e44f438a95007d043ed5ceaaf6/library/std/src/rt.rs:175:24
[INFO] [stderr]     29:     0x5adf8dfd5838 - std[3164a59e47d3bde]::panicking::catch_unwind::do_call::<std[3164a59e47d3bde]::rt::lang_start_internal::{closure#0}, isize>
[INFO] [stderr]                                  at /rustc/3154cc1a3e6424e44f438a95007d043ed5ceaaf6/library/std/src/panicking.rs:573:43
[INFO] [stderr]     30:     0x5adf8dfd5838 - std[3164a59e47d3bde]::panicking::catch_unwind::<isize, std[3164a59e47d3bde]::rt::lang_start_internal::{closure#0}>
[INFO] [stderr]                                  at /rustc/3154cc1a3e6424e44f438a95007d043ed5ceaaf6/library/std/src/panicking.rs:541:19
[INFO] [stderr]     31:     0x5adf8dfd5838 - std[3164a59e47d3bde]::panic::catch_unwind::<std[3164a59e47d3bde]::rt::lang_start_internal::{closure#0}, isize>
[INFO] [stderr]                                  at /rustc/3154cc1a3e6424e44f438a95007d043ed5ceaaf6/library/std/src/panic.rs:359:14
[INFO] [stderr]     32:     0x5adf8dfd5838 - std[3164a59e47d3bde]::rt::lang_start_internal
[INFO] [stderr]                                  at /rustc/3154cc1a3e6424e44f438a95007d043ed5ceaaf6/library/std/src/rt.rs:171:5
[INFO] [stderr]     33:     0x5adf8dcc7981 - std[3164a59e47d3bde]::rt::lang_start::<()>
[INFO] [stderr]     34:     0x5adf8dccc5f5 - main
[INFO] [stderr]     35:     0x7d2b5e630601 - <unknown>
[INFO] [stderr]     36:     0x7d2b5e630718 - __libc_start_main
[INFO] [stderr]     37:     0x5adf8dcc5435 - _start
[INFO] [stderr]     38:                0x0 - <unknown>
[INFO] running `Command { std: "docker" "inspect" "67faa9f64debe2fa42abc1de490315784dd25a0b58d98fd342ec0adab1e70c52", kill_on_drop: false }`
[INFO] running `Command { std: "docker" "rm" "-f" "67faa9f64debe2fa42abc1de490315784dd25a0b58d98fd342ec0adab1e70c52", kill_on_drop: false }`
[INFO] [stdout] 67faa9f64debe2fa42abc1de490315784dd25a0b58d98fd342ec0adab1e70c52
