[INFO] cloning repository https://github.com/prongbang/mucs
[INFO] running `Command { std: "git" "-c" "credential.helper=" "-c" "credential.helper=/workspace/cargo-home/bin/git-credential-null" "clone" "--bare" "https://github.com/prongbang/mucs" "/workspace/cache/git-repos/https%3A%2F%2Fgithub.com%2Fprongbang%2Fmucs", kill_on_drop: false }`
[INFO] [stderr] Cloning into bare repository '/workspace/cache/git-repos/https%3A%2F%2Fgithub.com%2Fprongbang%2Fmucs'...
[INFO] running `Command { std: "git" "rev-parse" "HEAD", kill_on_drop: false }`
[INFO] [stdout] 25ce311d6b117c2ee5e71aba9404a84e2446d2a0
[INFO] checking prongbang/mucs against 3154cc1a3e6424e44f438a95007d043ed5ceaaf6 for pr-133502-30
[INFO] running `Command { std: "git" "clone" "/workspace/cache/git-repos/https%3A%2F%2Fgithub.com%2Fprongbang%2Fmucs" "/workspace/builds/worker-5-tc2/source", kill_on_drop: false }`
[INFO] [stderr] Cloning into '/workspace/builds/worker-5-tc2/source'...
[INFO] [stderr] done.
[INFO] removed /workspace/builds/worker-5-tc2/source/rust-toolchain.toml
[INFO] started tweaking git repo https://github.com/prongbang/mucs
[INFO] finished tweaking git repo https://github.com/prongbang/mucs
[INFO] tweaked toml for git repo https://github.com/prongbang/mucs written to /workspace/builds/worker-5-tc2/source/Cargo.toml
[INFO] validating manifest of git repo https://github.com/prongbang/mucs on toolchain 3154cc1a3e6424e44f438a95007d043ed5ceaaf6
[INFO] running `Command { std: CARGO_HOME="/workspace/cargo-home" RUSTUP_HOME="/workspace/rustup-home" "/workspace/cargo-home/bin/cargo" "+3154cc1a3e6424e44f438a95007d043ed5ceaaf6" "metadata" "--manifest-path" "Cargo.toml" "--no-deps", kill_on_drop: false }`
[INFO] crate git repo https://github.com/prongbang/mucs already has a lockfile, it will not be regenerated
[INFO] running `Command { std: CARGO_HOME="/workspace/cargo-home" RUSTUP_HOME="/workspace/rustup-home" "/workspace/cargo-home/bin/cargo" "+3154cc1a3e6424e44f438a95007d043ed5ceaaf6" "fetch" "--manifest-path" "Cargo.toml", kill_on_drop: false }`
[INFO] running `Command { std: "docker" "create" "-v" "/var/lib/crater-agent-workspace/builds/worker-5-tc2/source:/opt/rustwide/workdir:ro,Z" "-v" "/var/lib/crater-agent-workspace/builds/worker-5-tc2/target:/opt/rustwide/target:rw,Z" "-v" "/var/lib/crater-agent-workspace/cargo-home:/opt/rustwide/cargo-home:ro,Z" "-v" "/var/lib/crater-agent-workspace/rustup-home:/opt/rustwide/rustup-home:ro,Z" "-m" "1610612736" "--network" "none" "ghcr.io/rust-lang/crates-build-env/linux@sha256:77db811e55d90add9212f6832c23229e3de5f1c1f9905e8cb07319ea15df73ac" "sleep" "infinity", kill_on_drop: false }`
[INFO] [stdout] 58e333cd67da72f4fb707bc75a89977ba9f488dc59efd75ab569204222286f4d
[INFO] running `Command { std: "docker" "start" "58e333cd67da72f4fb707bc75a89977ba9f488dc59efd75ab569204222286f4d", kill_on_drop: false }`
[INFO] running `Command { std: "docker" "inspect" "58e333cd67da72f4fb707bc75a89977ba9f488dc59efd75ab569204222286f4d", kill_on_drop: false }`
[INFO] running `Command { std: "docker" "exec" "-e" "SOURCE_DIR=/opt/rustwide/workdir" "-e" "CARGO_HOME=/opt/rustwide/cargo-home" "-e" "RUSTUP_HOME=/opt/rustwide/rustup-home" "-e" "CARGO_TARGET_DIR=/opt/rustwide/target" "-w" "/opt/rustwide/workdir" "--user" "0:0" "58e333cd67da72f4fb707bc75a89977ba9f488dc59efd75ab569204222286f4d" "/opt/rustwide/cargo-home/bin/cargo" "+3154cc1a3e6424e44f438a95007d043ed5ceaaf6" "metadata" "--no-deps" "--format-version=1", kill_on_drop: false }`
[INFO] running `Command { std: "docker" "inspect" "58e333cd67da72f4fb707bc75a89977ba9f488dc59efd75ab569204222286f4d", kill_on_drop: false }`
[INFO] running `Command { std: "docker" "exec" "-e" "SOURCE_DIR=/opt/rustwide/workdir" "-e" "CARGO_HOME=/opt/rustwide/cargo-home" "-e" "RUSTUP_HOME=/opt/rustwide/rustup-home" "-e" "CARGO_TARGET_DIR=/opt/rustwide/target" "-e" "CARGO_INCREMENTAL=0" "-e" "RUST_BACKTRACE=full" "-e" "RUSTFLAGS=--cap-lints=forbid" "-e" "RUSTDOCFLAGS=--cap-lints=forbid" "-w" "/opt/rustwide/workdir" "--user" "0:0" "58e333cd67da72f4fb707bc75a89977ba9f488dc59efd75ab569204222286f4d" "/opt/rustwide/cargo-home/bin/cargo" "+3154cc1a3e6424e44f438a95007d043ed5ceaaf6" "check" "--frozen" "--all" "--all-targets" "--message-format=json", kill_on_drop: false }`
[INFO] [stderr]    Compiling syn v3.0.3
[INFO] [stderr]    Compiling zeroize_derive v1.5.0
[INFO] [stderr]     Checking log v0.4.33
[INFO] [stderr]    Compiling cc v1.4.3
[INFO] [stderr]     Checking futures-util v0.3.34
[INFO] [stderr]    Compiling getrandom v0.4.3
[INFO] [stderr]    Compiling num-traits v0.2.19
[INFO] [stderr]     Checking deranged v0.5.8
[INFO] [stderr]     Checking tracing v0.1.44
[INFO] [stderr]     Checking crypto-common v0.2.2
[INFO] [stderr]     Checking base64-simd v0.8.0
[INFO] [stderr]    Compiling aws-smithy-runtime-api-macros v1.1.0
[INFO] [stderr]     Checking zeroize v1.9.0
[INFO] [stderr]     Checking generic-array v0.14.7
[INFO] [stderr]     Checking zerofrom v0.1.8
[INFO] [stderr]    Compiling yoke v0.8.3
[INFO] [stderr]     Checking num-integer v0.1.47
[INFO] [stderr]    Compiling aws-lc-rs v1.18.0
[INFO] [stderr]     Checking digest v0.11.3
[INFO] [stderr]     Checking block-buffer v0.10.4
[INFO] [stderr]     Checking crypto-common v0.1.7
[INFO] [stderr]    Compiling cmake v0.1.58
[INFO] [stderr]     Checking der v0.7.10
[INFO] [stderr]     Checking digest v0.10.7
[INFO] [stderr]     Checking rustls-pki-types v1.15.1
[INFO] [stderr]     Checking time v0.3.55
[INFO] [stderr]     Checking untrusted v0.7.1
[INFO] [stderr]     Checking ff v0.13.1
[INFO] [stderr]    Compiling rustls v0.23.43
[INFO] [stderr]    Compiling rustls v0.21.12
[INFO] [stderr]    Compiling smallvec v1.15.2
[INFO] [stderr]     Checking group v0.13.0
[INFO] [stderr]     Checking sha2 v0.10.9
[INFO] [stderr]     Checking crypto-bigint v0.5.5
[INFO] [stderr]     Checking hmac v0.12.1
[INFO] [stderr]     Checking sha2 v0.11.0
[INFO] [stderr]     Checking socket2 v0.5.10
[INFO] [stderr]    Compiling aws-lc-sys v0.44.0
[INFO] [stderr]    Compiling ring v0.17.14
[INFO] [stderr]     Checking spki v0.7.3
[INFO] [stderr]     Checking rustls-native-certs v0.8.4
[INFO] [stderr]     Checking rfc6979 v0.4.0
[INFO] [stderr]     Checking pkcs8 v0.10.2
[INFO] [stderr]     Checking sec1 v0.7.3
[INFO] [stderr]     Checking signature v2.2.0
[INFO] [stderr]    Compiling libsqlite3-sys v0.30.1
[INFO] [stderr]    Compiling aws-types v1.5.0
[INFO] [stderr]    Compiling parking_lot_core v0.9.12
[INFO] [stderr]     Checking hmac v0.13.0
[INFO] [stderr]     Checking elliptic-curve v0.13.8
[INFO] [stderr]    Compiling hybrid-array v0.4.14
[INFO] [stderr]    Compiling mio v1.2.2
[INFO] [stderr]     Checking ecdsa v0.16.9
[INFO] [stderr]     Checking primeorder v0.13.6
[INFO] [stderr]    Compiling tokio v1.53.1
[INFO] [stderr]     Checking p256 v0.13.2
[INFO] [stderr]    Compiling parking_lot v0.12.5
[INFO] [stderr]    Compiling crossbeam-utils v0.8.22
[INFO] [stderr]     Checking uuid v1.24.1
[INFO] [stderr]     Checking inout v0.2.2
[INFO] [stderr]    Compiling unicase v2.9.0
[INFO] [stderr]    Compiling mime_guess v2.0.5
[INFO] [stderr]    Compiling crossbeam-queue v0.3.13
[INFO] [stderr]    Compiling futures-intrusive v0.5.0
[INFO] [stderr]    Compiling block-buffer v0.12.1
[INFO] [stderr]    Compiling curve25519-dalek v4.1.3
[INFO] [stderr]     Checking xmlparser v0.13.6
[INFO] [stderr]    Compiling const-oid v0.10.2
[INFO] [stderr]    Compiling tokio-macros v2.7.2
[INFO] [stderr]    Compiling serde_derive v1.0.229
[INFO] [stderr]    Compiling zerovec-derive v0.11.4
[INFO] [stderr]    Compiling displaydoc v0.2.7
[INFO] [stderr]     Checking sct v0.7.1
[INFO] [stderr]     Checking rustls-webpki v0.101.7
[INFO] [stderr]     Checking zerovec v0.11.7
[INFO] [stderr]    Compiling zerotrie v0.2.5
[INFO] [stderr]     Checking tinystr v0.8.4
[INFO] [stderr]     Checking potential_utf v0.1.6
[INFO] [stderr]     Checking icu_locale_core v2.3.0
[INFO] [stderr]     Checking icu_collections v2.3.0
[INFO] [stderr]     Checking icu_provider v2.3.0
[INFO] [stderr]    Compiling thiserror-impl v2.0.20
[INFO] [stderr]     Checking serde v1.0.229
[INFO] [stderr]    Compiling icu_normalizer v2.3.0
[INFO] [stderr]    Compiling icu_properties v2.3.0
[INFO] [stderr]     Checking either v1.17.0
[INFO] [stderr]     Checking bytes-utils v0.1.4
[INFO] [stderr]    Compiling thiserror v2.0.20
[INFO] [stderr]    Compiling tokio-stream v0.1.19
[INFO] [stderr]     Checking regex-lite v0.1.9
[INFO] [stderr]    Compiling serde_urlencoded v0.7.1
[INFO] [stderr]     Checking tokio-util v0.7.19
[INFO] [stderr]     Checking aws-smithy-async v1.3.0
[INFO] [stderr]     Checking tower v0.5.3
[INFO] [stderr]     Checking tokio-rustls v0.24.1
[INFO] [stderr]    Compiling idna_adapter v1.2.2
[INFO] [stderr]    Compiling idna v1.1.0
[INFO] [stderr]    Compiling flume v0.11.1
[INFO] [stderr]     Checking cipher v0.5.2
[INFO] [stderr]    Compiling url v2.5.8
[INFO] [stderr]     Checking aws-smithy-types v1.6.2
[INFO] [stderr]     Checking h2 v0.4.15
[INFO] [stderr]     Checking h2 v0.3.27
[INFO] [stderr]     Checking universal-hash v0.6.1
[INFO] [stderr]    Compiling curve25519-dalek-derive v0.1.1
[INFO] [stderr]    Compiling multer v3.1.0
[INFO] [stderr]    Compiling sqlx-core v0.8.6
[INFO] [stderr]    Compiling cpufeatures v0.3.0
[INFO] [stderr]     Checking aws-smithy-runtime-api v1.14.0
[INFO] [stderr]     Checking aws-smithy-eventstream v0.61.2
[INFO] [stderr]     Checking poly1305 v0.9.1
[INFO] [stderr]    Compiling serde_json v1.0.151
[INFO] [stderr]     Checking aws-smithy-schema v0.2.0
[INFO] [stderr]     Checking aws-smithy-http v0.64.0
[INFO] [stderr]     Checking aws-credential-types v1.3.0
[INFO] [stderr]     Checking aws-smithy-observability v0.3.0
[INFO] [stderr]     Checking aws-smithy-json v0.63.0
[INFO] [stderr]     Checking aws-sigv4 v1.5.1
[INFO] [stderr]     Checking aws-smithy-xml v0.62.0
[INFO] [stderr]     Checking chacha20 v0.10.1
[INFO] [stderr]     Checking aead v0.6.1
[INFO] [stderr]    Compiling mime v0.3.17
[INFO] [stderr]     Checking spin v0.10.1
[INFO] [stderr]     Checking aws-smithy-query v0.62.0
[INFO] [stderr]     Checking crc-fast v1.10.0
[INFO] [stderr]     Checking chacha20poly1305 v0.11.0
[INFO] [stderr]     Checking x25519-dalek v2.0.1
[INFO] [stderr]    Compiling rust-embed-utils v8.12.0
[INFO] [stderr]     Checking axum-core v0.5.6
[INFO] [stderr]    Compiling sqlx-sqlite v0.8.6
[INFO] [stderr]     Checking hyper v0.14.32
[INFO] [stderr]     Checking faster-hex v0.9.0
[INFO] [stderr]     Checking hyper v1.11.0
[INFO] [stderr]     Checking futures-executor v0.3.34
[INFO] [stderr]     Checking md-5 v0.11.0
[INFO] [stderr]     Checking sha1 v0.11.0
[INFO] [stderr]     Checking atoi v2.0.0
[INFO] [stderr]    Compiling axum-macros v0.5.1
[INFO] [stderr]     Checking aws-smithy-checksums v0.65.0
[INFO] [stderr]     Checking lazyxchacha v0.2.0
[INFO] [stderr]    Compiling rust-embed-impl v8.12.0
[INFO] [stderr]     Checking lru v0.16.4
[INFO] [stderr]     Checking hyper-util v0.1.20
[INFO] [stderr]     Checking sha1 v0.10.7
[INFO] [stderr]     Checking tracing-log v0.2.0
[INFO] [stderr]    Compiling demucs-service v0.1.0 (/opt/rustwide/workdir)
[INFO] [stderr]    Compiling sqlx-macros-core v0.8.6
[INFO] [stderr]     Checking tracing-subscriber v0.3.23
[INFO] [stderr]     Checking rust-embed v8.12.0
[INFO] [stderr]     Checking tempfile v3.27.0
[INFO] [stderr]     Checking tower-http v0.6.11
[INFO] [stderr]     Checking axum v0.8.9
[INFO] [stderr]    Compiling sqlx-macros v0.8.6
[INFO] [stderr]     Checking hyper-rustls v0.24.2
[INFO] [stderr]     Checking sqlx v0.8.6
[INFO] [stderr]     Checking lazynton v0.3.0
[INFO] [stderr]     Checking rustls-webpki v0.103.14
[INFO] [stderr]     Checking tokio-rustls v0.26.4
[INFO] [stderr]     Checking hyper-rustls v0.27.9
[INFO] [stderr]     Checking aws-smithy-http-client v1.3.0
[INFO] [stderr]     Checking aws-smithy-runtime v1.13.1
[INFO] [stderr]     Checking aws-runtime v1.9.1
[INFO] [stderr]     Checking aws-sdk-sso v1.105.0
[INFO] [stderr]     Checking aws-sdk-ssooidc v1.107.0
[INFO] [stderr]     Checking aws-sdk-sts v1.110.0
[INFO] [stderr]     Checking aws-sdk-s3 v1.141.0
[INFO] [stderr]     Checking aws-config v1.10.1
[INFO] [stdout] error: #[derive(RustEmbed)] folder '/opt/rustwide/workdir/web/build' does not exist. cwd: '/opt/rustwide/workdir'
[INFO] [stdout]  --> src/web.rs:7:1
[INFO] [stdout]   |
[INFO] [stdout] 7 | / #[folder = "web/build"]
[INFO] [stdout] 8 | | struct Assets;
[INFO] [stdout]   | |______________^
[INFO] [stdout] 
[INFO] [stdout] 
[INFO] [stdout] error: #[derive(RustEmbed)] folder '/opt/rustwide/workdir/web/build' does not exist. cwd: '/opt/rustwide/workdir'
[INFO] [stdout]  --> src/web.rs:7:1
[INFO] [stdout]   |
[INFO] [stdout] 7 | / #[folder = "web/build"]
[INFO] [stdout] 8 | | struct Assets;
[INFO] [stdout]   | |______________^
[INFO] [stdout] 
[INFO] [stdout] 
[INFO] [stdout] error[E0599]: no associated function or constant named `get` found for struct `Assets` in the current scope
[INFO] [stdout]   --> src/web.rs:19:19
[INFO] [stdout]    |
[INFO] [stdout]  8 | struct Assets;
[INFO] [stdout]    | ------------- associated function or constant `get` not found for this struct
[INFO] [stdout] ...
[INFO] [stdout] 19 |     match Assets::get(path) {
[INFO] [stdout]    |                   ^^^ associated function or constant not found in `Assets`
[INFO] [stdout]    |
[INFO] [stdout]    = help: items from traits can only be used if the trait is implemented and in scope
[INFO] [stdout]    = note: the following traits define an item `get`, perhaps you need to implement one of them:
[INFO] [stdout]            candidate #1: `Embed`
[INFO] [stdout]            candidate #2: `KeyStore`
[INFO] [stdout]            candidate #3: `Row`
[INFO] [stdout]            candidate #4: `SliceIndex`
[INFO] [stdout]            candidate #5: `icu_collections::codepointtrie::cptrie::TypedCodePointTrie`
[INFO] [stdout]            candidate #6: `icu_properties::names::PropertyEnumToValueNameLookup`
[INFO] [stdout]            candidate #7: `icu_provider::baked::DataStore`
[INFO] [stdout]            candidate #8: `rustls::server::server_conn::StoresServerSessions`
[INFO] [stdout]            candidate #9: `rustls::server::server_conn::StoresServerSessions`
[INFO] [stdout] 
[INFO] [stdout] 
[INFO] [stdout] error[E0599]: no associated function or constant named `get` found for struct `Assets` in the current scope
[INFO] [stdout]   --> src/web.rs:21:54
[INFO] [stdout]    |
[INFO] [stdout]  8 | struct Assets;
[INFO] [stdout]    | ------------- associated function or constant `get` not found for this struct
[INFO] [stdout] ...
[INFO] [stdout] 21 |         None if !path.contains('.') => match Assets::get("index.html") {
[INFO] [stdout]    |                                                      ^^^ associated function or constant not found in `Assets`
[INFO] [stdout]    |
[INFO] [stdout]    = help: items from traits can only be used if the trait is implemented and in scope
[INFO] [stdout]    = note: the following traits define an item `get`, perhaps you need to implement one of them:
[INFO] [stdout]            candidate #1: `Embed`
[INFO] [stdout]            candidate #2: `KeyStore`
[INFO] [stdout]            candidate #3: `Row`
[INFO] [stdout]            candidate #4: `SliceIndex`
[INFO] [stdout]            candidate #5: `icu_collections::codepointtrie::cptrie::TypedCodePointTrie`
[INFO] [stdout]            candidate #6: `icu_properties::names::PropertyEnumToValueNameLookup`
[INFO] [stdout]            candidate #7: `icu_provider::baked::DataStore`
[INFO] [stdout]            candidate #8: `rustls::server::server_conn::StoresServerSessions`
[INFO] [stdout]            candidate #9: `rustls::server::server_conn::StoresServerSessions`
[INFO] [stdout] 
[INFO] [stdout] 
[INFO] [stdout] error[E0599]: no associated function or constant named `get` found for struct `Assets` in the current scope
[INFO] [stdout]   --> src/web.rs:19:19
[INFO] [stdout]    |
[INFO] [stdout]  8 | struct Assets;
[INFO] [stdout]    | ------------- associated function or constant `get` not found for this struct
[INFO] [stdout] ...
[INFO] [stdout] 19 |     match Assets::get(path) {
[INFO] [stdout]    |                   ^^^ associated function or constant not found in `Assets`
[INFO] [stdout]    |
[INFO] [stdout]    = help: items from traits can only be used if the trait is implemented and in scope
[INFO] [stdout]    = note: the following traits define an item `get`, perhaps you need to implement one of them:
[INFO] [stdout]            candidate #1: `Embed`
[INFO] [stdout]            candidate #2: `KeyStore`
[INFO] [stdout]            candidate #3: `Row`
[INFO] [stdout]            candidate #4: `SliceIndex`
[INFO] [stdout]            candidate #5: `icu_collections::codepointtrie::cptrie::TypedCodePointTrie`
[INFO] [stdout]            candidate #6: `icu_properties::names::PropertyEnumToValueNameLookup`
[INFO] [stdout]            candidate #7: `icu_provider::baked::DataStore`
[INFO] [stdout]            candidate #8: `rustls::server::server_conn::StoresServerSessions`
[INFO] [stdout]            candidate #9: `rustls::server::server_conn::StoresServerSessions`
[INFO] [stdout] 
[INFO] [stdout] 
[INFO] [stdout] error[E0599]: no associated function or constant named `get` found for struct `Assets` in the current scope
[INFO] [stdout]   --> src/web.rs:21:54
[INFO] [stdout]    |
[INFO] [stdout]  8 | struct Assets;
[INFO] [stdout]    | ------------- associated function or constant `get` not found for this struct
[INFO] [stdout] ...
[INFO] [stdout] 21 |         None if !path.contains('.') => match Assets::get("index.html") {
[INFO] [stdout]    |                                                      ^^^ associated function or constant not found in `Assets`
[INFO] [stdout]    |
[INFO] [stdout]    = help: items from traits can only be used if the trait is implemented and in scope
[INFO] [stdout]    = note: the following traits define an item `get`, perhaps you need to implement one of them:
[INFO] [stdout]            candidate #1: `Embed`
[INFO] [stdout]            candidate #2: `KeyStore`
[INFO] [stdout]            candidate #3: `Row`
[INFO] [stdout]            candidate #4: `SliceIndex`
[INFO] [stdout]            candidate #5: `icu_collections::codepointtrie::cptrie::TypedCodePointTrie`
[INFO] [stdout]            candidate #6: `icu_properties::names::PropertyEnumToValueNameLookup`
[INFO] [stdout]            candidate #7: `icu_provider::baked::DataStore`
[INFO] [stdout]            candidate #8: `rustls::server::server_conn::StoresServerSessions`
[INFO] [stdout]            candidate #9: `rustls::server::server_conn::StoresServerSessions`
[INFO] [stdout] 
[INFO] [stdout] 
[INFO] [stdout] For more information about this error, try `rustc --explain E0599`.
[INFO] [stdout] 
[INFO] [stderr] error: could not compile `demucs-service` (bin "demucs-service") due to 3 previous errors
[INFO] [stderr] warning: build failed, waiting for other jobs to finish...
[INFO] [stdout] For more information about this error, try `rustc --explain E0599`.
[INFO] [stdout] 
[INFO] [stderr] error: could not compile `demucs-service` (bin "demucs-service" test) due to 3 previous errors
[INFO] [stderr] warning: unused dependency `tempfile`
[INFO] [stderr]   --> Cargo.toml:14:1
[INFO] [stderr]    |
[INFO] [stderr] 14 | tempfile = "3"
[INFO] [stderr]    | ^^^^^^^^^^^^^^
[INFO] [stderr]    |
[INFO] [stderr]    = note: `cargo::unused_dependencies` is set to `warn` by default
[INFO] [stderr] help: consider removing the dependency on `tempfile`
[INFO] [stderr] warning: `demucs-service` (manifest) generated 1 warning
[INFO] running `Command { std: "docker" "inspect" "58e333cd67da72f4fb707bc75a89977ba9f488dc59efd75ab569204222286f4d", kill_on_drop: false }`
[INFO] running `Command { std: "docker" "rm" "-f" "58e333cd67da72f4fb707bc75a89977ba9f488dc59efd75ab569204222286f4d", kill_on_drop: false }`
[INFO] [stdout] 58e333cd67da72f4fb707bc75a89977ba9f488dc59efd75ab569204222286f4d
