[INFO] cloning repository https://github.com/promanai/local-search
[INFO] running `Command { std: "git" "-c" "credential.helper=" "-c" "credential.helper=/workspace/cargo-home/bin/git-credential-null" "clone" "--bare" "https://github.com/promanai/local-search" "/workspace/cache/git-repos/https%3A%2F%2Fgithub.com%2Fpromanai%2Flocal-search", kill_on_drop: false }`
[INFO] [stderr] Cloning into bare repository '/workspace/cache/git-repos/https%3A%2F%2Fgithub.com%2Fpromanai%2Flocal-search'...
[INFO] running `Command { std: "git" "rev-parse" "HEAD", kill_on_drop: false }`
[INFO] [stdout] 53f008391764004bed5b9c2ad9d9f7d81758ba80
[INFO] checking promanai/local-search against 3154cc1a3e6424e44f438a95007d043ed5ceaaf6+rustflags=-Znext-solver=coherence for pr-133502-30
[INFO] running `Command { std: "git" "clone" "/workspace/cache/git-repos/https%3A%2F%2Fgithub.com%2Fpromanai%2Flocal-search" "/workspace/builds/worker-6-tc1/source", kill_on_drop: false }`
[INFO] [stderr] Cloning into '/workspace/builds/worker-6-tc1/source'...
[INFO] [stderr] done.
[INFO] removed /workspace/builds/worker-6-tc1/source/rust-toolchain.toml
[INFO] started tweaking git repo https://github.com/promanai/local-search
[INFO] finished tweaking git repo https://github.com/promanai/local-search
[INFO] tweaked toml for git repo https://github.com/promanai/local-search written to /workspace/builds/worker-6-tc1/source/Cargo.toml
[INFO] validating manifest of git repo https://github.com/promanai/local-search on toolchain 3154cc1a3e6424e44f438a95007d043ed5ceaaf6
[INFO] running `Command { std: CARGO_HOME="/workspace/cargo-home" RUSTUP_HOME="/workspace/rustup-home" "/workspace/cargo-home/bin/cargo" "+3154cc1a3e6424e44f438a95007d043ed5ceaaf6" "metadata" "--manifest-path" "Cargo.toml" "--no-deps", kill_on_drop: false }`
[INFO] crate git repo https://github.com/promanai/local-search already has a lockfile, it will not be regenerated
[INFO] running `Command { std: CARGO_HOME="/workspace/cargo-home" RUSTUP_HOME="/workspace/rustup-home" "/workspace/cargo-home/bin/cargo" "+3154cc1a3e6424e44f438a95007d043ed5ceaaf6" "fetch" "--manifest-path" "Cargo.toml", kill_on_drop: false }`
[INFO] [stderr]  Downloading crates ...
[INFO] [stderr]   Downloaded jsonschema v0.41.0
[INFO] [stderr]   Downloaded referencing v0.41.0
[INFO] [stderr]   Downloaded windows-service v0.8.1
[INFO] [stderr]   Downloaded tauri-plugin-single-instance v2.4.3
[INFO] running `Command { std: "docker" "create" "-v" "/var/lib/crater-agent-workspace/builds/worker-6-tc1/source:/opt/rustwide/workdir:ro,Z" "-v" "/var/lib/crater-agent-workspace/builds/worker-6-tc1/target:/opt/rustwide/target:rw,Z" "-v" "/var/lib/crater-agent-workspace/cargo-home:/opt/rustwide/cargo-home:ro,Z" "-v" "/var/lib/crater-agent-workspace/rustup-home:/opt/rustwide/rustup-home:ro,Z" "-m" "1610612736" "--network" "none" "ghcr.io/rust-lang/crates-build-env/linux@sha256:77db811e55d90add9212f6832c23229e3de5f1c1f9905e8cb07319ea15df73ac" "sleep" "infinity", kill_on_drop: false }`
[INFO] [stdout] 4ac8726ba4a856e9e18d99182df26d1c0575899be142398c5cf91179b534a3a6
[INFO] running `Command { std: "docker" "start" "4ac8726ba4a856e9e18d99182df26d1c0575899be142398c5cf91179b534a3a6", kill_on_drop: false }`
[INFO] running `Command { std: "docker" "inspect" "4ac8726ba4a856e9e18d99182df26d1c0575899be142398c5cf91179b534a3a6", kill_on_drop: false }`
[INFO] running `Command { std: "docker" "exec" "-e" "SOURCE_DIR=/opt/rustwide/workdir" "-e" "CARGO_HOME=/opt/rustwide/cargo-home" "-e" "RUSTUP_HOME=/opt/rustwide/rustup-home" "-e" "CARGO_TARGET_DIR=/opt/rustwide/target" "-w" "/opt/rustwide/workdir" "--user" "0:0" "4ac8726ba4a856e9e18d99182df26d1c0575899be142398c5cf91179b534a3a6" "/opt/rustwide/cargo-home/bin/cargo" "+3154cc1a3e6424e44f438a95007d043ed5ceaaf6" "metadata" "--no-deps" "--format-version=1", kill_on_drop: false }`
[INFO] running `Command { std: "docker" "inspect" "4ac8726ba4a856e9e18d99182df26d1c0575899be142398c5cf91179b534a3a6", kill_on_drop: false }`
[INFO] running `Command { std: "docker" "exec" "-e" "SOURCE_DIR=/opt/rustwide/workdir" "-e" "CARGO_HOME=/opt/rustwide/cargo-home" "-e" "RUSTUP_HOME=/opt/rustwide/rustup-home" "-e" "CARGO_TARGET_DIR=/opt/rustwide/target" "-e" "CARGO_INCREMENTAL=0" "-e" "RUST_BACKTRACE=full" "-e" "RUSTFLAGS=--cap-lints=forbid -Znext-solver=coherence" "-e" "RUSTDOCFLAGS=--cap-lints=forbid" "-w" "/opt/rustwide/workdir" "--user" "0:0" "4ac8726ba4a856e9e18d99182df26d1c0575899be142398c5cf91179b534a3a6" "/opt/rustwide/cargo-home/bin/cargo" "+3154cc1a3e6424e44f438a95007d043ed5ceaaf6" "check" "--frozen" "--all" "--all-targets" "--message-format=json", kill_on_drop: false }`
[INFO] [stderr]     Checking stable_deref_trait v1.2.1
[INFO] [stderr]    Compiling syn v3.0.3
[INFO] [stderr]     Checking serde_json v1.0.151
[INFO] [stderr]    Compiling darling_core v0.23.0
[INFO] [stderr]     Checking deranged v0.5.8
[INFO] [stderr]     Checking either v1.17.0
[INFO] [stderr]     Checking regex-automata v0.4.18
[INFO] [stderr]     Checking bitpacking v0.9.3
[INFO] [stderr]     Checking ownedbytes v0.9.0
[INFO] [stderr]     Checking utf8-ranges v1.0.5
[INFO] [stderr]    Compiling prettyplease v0.2.37
[INFO] [stderr]    Compiling typetag v0.2.23
[INFO] [stderr]     Checking murmurhash32 v0.3.1
[INFO] [stderr]     Checking nom v7.1.3
[INFO] [stderr]     Checking erased-serde v0.4.10
[INFO] [stderr]     Checking ordered-float v5.3.0
[INFO] [stderr]     Checking fastdivide v0.4.2
[INFO] [stderr]     Checking tantivy-bitpacker v0.10.0
[INFO] [stderr]     Checking downcast-rs v2.0.2
[INFO] [stderr]     Checking sha2 v0.10.9
[INFO] [stderr]     Checking lru v0.16.4
[INFO] [stderr]     Checking tantivy-fst v0.5.0
[INFO] [stderr]     Checking measure_time v0.9.0
[INFO] [stderr]     Checking crossbeam-channel v0.5.16
[INFO] [stderr]     Checking fs4 v0.13.1
[INFO] [stderr]     Checking uuid v1.24.1
[INFO] [stderr]     Checking itertools v0.14.0
[INFO] [stderr]     Checking rayon v1.12.0
[INFO] [stderr]     Checking htmlescape v0.3.1
[INFO] [stderr]     Checking lz4_flex v0.13.1
[INFO] [stderr]     Checking census v0.4.2
[INFO] [stderr]     Checking oneshot v0.1.13
[INFO] [stderr]     Checking datasketches v0.2.0
[INFO] [stderr]     Checking levenshtein_automata v0.2.1
[INFO] [stderr]    Compiling libsqlite3-sys v0.38.2
[INFO] [stderr]     Checking sysinfo v0.38.4
[INFO] [stderr]    Compiling zerofrom v0.1.8
[INFO] [stderr]     Checking yoke v0.8.3
[INFO] [stderr]     Checking tokio v1.53.1
[INFO] [stderr]    Compiling phf_macros v0.13.1
[INFO] [stderr]    Compiling string_cache_codegen v0.6.1
[INFO] [stderr]    Compiling log v0.4.33
[INFO] [stderr]    Compiling rustls v0.23.43
[INFO] [stderr]    Compiling derive_more-impl v2.1.1
[INFO] [stderr]    Compiling web_atoms v0.2.6
[INFO] [stderr]    Compiling cssparser-macros v0.6.1
[INFO] [stderr]    Compiling phf v0.13.1
[INFO] [stderr]    Compiling thiserror-impl v1.0.69
[INFO] [stderr]     Checking time v0.3.55
[INFO] [stderr]    Compiling serde_derive_internals v0.29.1
[INFO] [stderr]    Compiling cfb v0.7.3
[INFO] [stderr]    Compiling cssparser v0.36.0
[INFO] [stderr]    Compiling anyhow v1.0.104
[INFO] [stderr]    Compiling ahash v0.8.12
[INFO] [stderr]    Compiling toml v0.9.12+spec-1.1.0
[INFO] [stderr]    Compiling derive_more v2.1.1
[INFO] [stderr]    Compiling embed-resource v3.0.11
[INFO] [stderr]    Compiling infer v0.19.0
[INFO] [stderr]    Compiling unicode-general-category v1.1.0
[INFO] [stderr]     Checking num v0.4.3
[INFO] [stderr]    Compiling selectors v0.36.1
[INFO] [stderr]    Compiling schemars_derive v0.8.22
[INFO] [stderr]    Compiling tauri-winres v0.3.6
[INFO] [stderr]    Compiling dirs v6.0.0
[INFO] [stderr]     Checking uuid-simd v0.8.0
[INFO] [stderr]     Checking fraction v0.15.4
[INFO] [stderr]    Compiling thiserror v1.0.69
[INFO] [stderr]     Checking num-cmp v0.1.0
[INFO] [stderr]     Checking bytecount v0.6.9
[INFO] [stderr]     Checking data-encoding v2.11.1
[INFO] [stderr]     Checking memory-stats v1.2.0
[INFO] [stderr]    Compiling markup5ever v0.38.0
[INFO] [stderr]     Checking regex v1.13.1
[INFO] [stderr]     Checking fancy-regex v0.17.0
[INFO] [stderr]    Compiling html5ever v0.38.0
[INFO] [stderr]    Compiling darling_macro v0.23.0
[INFO] [stderr]    Compiling darling v0.23.0
[INFO] [stderr]    Compiling bon-macros v3.9.3
[INFO] [stderr]    Compiling serde_with_macros v3.22.0
[INFO] [stderr]     Checking tokio-util v0.7.19
[INFO] [stderr]     Checking h2 v0.4.15
[INFO] [stderr]    Compiling serde_with v3.22.0
[INFO] [stderr]    Compiling serde_derive v1.0.229
[INFO] [stderr]    Compiling thiserror-impl v2.0.20
[INFO] [stderr]    Compiling futures-macro v0.3.34
[INFO] [stderr]    Compiling async-trait v0.1.92
[INFO] [stderr]    Compiling zerovec-derive v0.11.4
[INFO] [stderr]    Compiling typetag-impl v0.2.23
[INFO] [stderr]    Compiling displaydoc v0.2.7
[INFO] [stderr]    Compiling ref-cast-impl v1.0.26
[INFO] [stderr]    Compiling dom_query v0.27.0
[INFO] [stderr]     Checking ref-cast v1.0.26
[INFO] [stderr]    Compiling zerotrie v0.2.5
[INFO] [stderr]     Checking tokio-rustls v0.26.4
[INFO] [stderr]     Checking rustls-platform-verifier v0.7.0
[INFO] [stderr]     Checking futures-util v0.3.34
[INFO] [stderr]     Checking thiserror v2.0.20
[INFO] [stderr]    Compiling zerovec v0.11.7
[INFO] [stderr]     Checking tinystr v0.8.4
[INFO] [stderr]     Checking potential_utf v0.1.6
[INFO] [stderr]     Checking icu_collections v2.3.0
[INFO] [stderr]     Checking icu_locale_core v2.3.0
[INFO] [stderr]     Checking icu_provider v2.3.0
[INFO] [stderr]     Checking hyper v1.11.0
[INFO] [stderr]     Checking serde v1.0.229
[INFO] [stderr]     Checking icu_properties v2.3.0
[INFO] [stderr]     Checking icu_normalizer v2.3.0
[INFO] [stderr]     Checking localsearch-core v0.1.0 (/opt/rustwide/workdir/crates/core)
[INFO] [stderr]     Checking localsearch-benchmark-data v0.1.0 (/opt/rustwide/workdir/crates/benchmark-data)
[INFO] [stderr]     Checking tantivy-common v0.11.0
[INFO] [stderr]     Checking tantivy-tokenizer-api v0.7.0
[INFO] [stderr]     Checking sketches-ddsketch v0.4.1
[INFO] [stderr]     Checking tantivy-query-grammar v0.26.0
[INFO] [stderr]     Checking bon v3.9.3
[INFO] [stderr]     Checking fluent-uri v0.4.1
[INFO] [stderr]     Checking email_address v0.2.9
[INFO] [stderr]     Checking chrono v0.4.45
[INFO] [stderr]    Compiling cargo-platform v0.1.9
[INFO] [stderr]    Compiling indexmap v1.9.3
[INFO] [stderr]    Compiling jsonptr v0.6.3
[INFO] [stderr]    Compiling plist v1.10.0
[INFO] [stderr]     Checking tantivy-stacker v0.7.0
[INFO] [stderr]    Compiling cargo_toml v0.22.3
[INFO] [stderr]    Compiling cargo_metadata v0.19.2
[INFO] [stderr]     Checking referencing v0.41.0
[INFO] [stderr]     Checking localsearch-platform-core v0.1.0 (/opt/rustwide/workdir/crates/platform-core)
[INFO] [stderr]     Checking localsearch-agent-api v0.1.0 (/opt/rustwide/workdir/crates/agent-api)
[INFO] [stderr]    Compiling json-patch v3.0.1
[INFO] [stderr]     Checking idna_adapter v1.2.2
[INFO] [stderr]     Checking idna v1.1.0
[INFO] [stderr]     Checking tantivy-sstable v0.7.0
[INFO] [stderr]     Checking hyper-util v0.1.20
[INFO] [stderr]     Checking tower v0.5.3
[INFO] [stderr]     Checking localsearch-local-transport v0.1.0 (/opt/rustwide/workdir/crates/local-transport)
[INFO] [stderr]     Checking url v2.5.8
[INFO] [stderr]     Checking localsearch-mcp v0.1.0 (/opt/rustwide/workdir/crates/mcp-adapter)
[INFO] [stderr]     Checking localsearch-broker-api v0.1.0 (/opt/rustwide/workdir/crates/broker-api)
[INFO] [stderr]     Checking localsearch-resource-governor v0.1.0 (/opt/rustwide/workdir/crates/resource-governor)
[INFO] [stderr]     Checking localsearch-windows-fs v0.1.0 (/opt/rustwide/workdir/crates/windows-fs)
[INFO] [stdout] error[E0425]: cannot find function `file_identity` in module `native`
[INFO] [stdout]    --> crates/windows-fs/src/provider.rs:202:52
[INFO] [stdout]     |
[INFO] [stdout] 202 |         let root_key = file_key(volume_id, native::file_identity(&canonical)?);
[INFO] [stdout]     |                                                    ^^^^^^^^^^^^^ not found in `native`
[INFO] [stdout] 
[INFO] [stdout] 
[INFO] [stdout] error[E0425]: cannot find function `file_identity` in module `native`
[INFO] [stdout]    --> crates/windows-fs/src/provider.rs:351:38
[INFO] [stdout]     |
[INFO] [stdout] 351 |         let root_reference = native::file_identity(&native.root)?;
[INFO] [stdout]     |                                      ^^^^^^^^^^^^^ not found in `native`
[INFO] [stdout] 
[INFO] [stdout] 
[INFO] [stdout] warning: unused imports: `Availability`, `FileKind`, and `FileMetadata`
[INFO] [stdout]  --> crates/windows-fs/src/provider.rs:9:5
[INFO] [stdout]   |
[INFO] [stdout] 9 |     Availability, FileId128, FileKey, FileKind, FileLinkId, FileLinkSnapshot, FileMetadata,
[INFO] [stdout]   |     ^^^^^^^^^^^^                      ^^^^^^^^                                ^^^^^^^^^^^^
[INFO] [stdout]   |
[INFO] [stdout]   = note: `#[warn(unused_imports)]` (part of `#[warn(unused)]`) on by default
[INFO] [stdout] 
[INFO] [stdout] 
[INFO] [stderr]     Checking localsearch-windows-resources v0.1.0 (/opt/rustwide/workdir/crates/windows-resources)
[INFO] [stdout] error[E0425]: cannot find function `file_identity` in module `native`
[INFO] [stdout]    --> crates/windows-fs/src/provider.rs:202:52
[INFO] [stdout]     |
[INFO] [stdout] 202 |         let root_key = file_key(volume_id, native::file_identity(&canonical)?);
[INFO] [stdout]     |                                                    ^^^^^^^^^^^^^ not found in `native`
[INFO] [stdout] 
[INFO] [stdout] 
[INFO] [stdout] error[E0425]: cannot find function `file_identity` in module `native`
[INFO] [stdout]    --> crates/windows-fs/src/provider.rs:351:38
[INFO] [stdout]     |
[INFO] [stdout] 351 |         let root_reference = native::file_identity(&native.root)?;
[INFO] [stdout]     |                                      ^^^^^^^^^^^^^ not found in `native`
[INFO] [stdout] 
[INFO] [stdout] 
[INFO] [stdout] warning: unused imports: `Availability`, `FileKind`, and `FileMetadata`
[INFO] [stdout]  --> crates/windows-fs/src/provider.rs:9:5
[INFO] [stdout]   |
[INFO] [stdout] 9 |     Availability, FileId128, FileKey, FileKind, FileLinkId, FileLinkSnapshot, FileMetadata,
[INFO] [stdout]   |     ^^^^^^^^^^^^                      ^^^^^^^^                                ^^^^^^^^^^^^
[INFO] [stdout]   |
[INFO] [stdout]   = note: `#[warn(unused_imports)]` (part of `#[warn(unused)]`) on by default
[INFO] [stdout] 
[INFO] [stdout] 
[INFO] [stdout] warning: unused import: `ScopedScanOptions`
[INFO] [stdout]     --> crates/windows-fs/src/provider.rs:1093:49
[INFO] [stdout]      |
[INFO] [stdout] 1093 |         ChangeTrackingMode, FilesystemProvider, ScopedScanOptions, WindowsFilesystemProvider,
[INFO] [stdout]      |                                                 ^^^^^^^^^^^^^^^^^
[INFO] [stdout] 
[INFO] [stdout] 
[INFO] [stdout] warning: constant `PIPE_DEADLINE` is never used
[INFO] [stdout]   --> crates/mcp-adapter/src/adapter.rs:20:7
[INFO] [stdout]    |
[INFO] [stdout] 20 | const PIPE_DEADLINE: Duration = Duration::from_secs(3);
[INFO] [stdout]    |       ^^^^^^^^^^^^^
[INFO] [stdout]    |
[INFO] [stdout]    = note: `#[warn(dead_code)]` (part of `#[warn(unused)]`) on by default
[INFO] [stdout] 
[INFO] [stdout] 
[INFO] [stdout] warning: field `pipe_name` is never read
[INFO] [stdout]   --> crates/mcp-adapter/src/adapter.rs:54:5
[INFO] [stdout]    |
[INFO] [stdout] 53 | pub struct NamedPipeAgentInvoker {
[INFO] [stdout]    |            --------------------- field in this struct
[INFO] [stdout] 54 |     pipe_name: String,
[INFO] [stdout]    |     ^^^^^^^^^
[INFO] [stdout]    |
[INFO] [stdout]    = note: `NamedPipeAgentInvoker` has derived impls for the traits `Debug` and `Clone`, but these are intentionally ignored during dead code analysis
[INFO] [stdout] 
[INFO] [stdout] 
[INFO] [stderr]     Checking tantivy-columnar v0.7.0
[INFO] [stdout] warning: function `elapsed_input_millis` is never used
[INFO] [stdout]    --> crates/windows-resources/src/lib.rs:326:4
[INFO] [stdout]     |
[INFO] [stdout] 326 | fn elapsed_input_millis(now: u32, last_input: u32) -> u64 {
[INFO] [stdout]     |    ^^^^^^^^^^^^^^^^^^^^
[INFO] [stdout]     |
[INFO] [stdout]     = note: `#[warn(dead_code)]` (part of `#[warn(unused)]`) on by default
[INFO] [stdout] 
[INFO] [stdout] 
[INFO] [stdout] warning: function `decode_power_status` is never used
[INFO] [stdout]    --> crates/windows-resources/src/lib.rs:330:4
[INFO] [stdout]     |
[INFO] [stdout] 330 | fn decode_power_status(
[INFO] [stdout]     |    ^^^^^^^^^^^^^^^^^^^
[INFO] [stdout] 
[INFO] [stdout] 
[INFO] [stdout] For more information about this error, try `rustc --explain E0425`.
[INFO] [stdout] 
[INFO] [stderr] error: could not compile `localsearch-windows-fs` (lib) due to 2 previous errors; 1 warning emitted
[INFO] [stderr] warning: build failed, waiting for other jobs to finish...
[INFO] [stdout] For more information about this error, try `rustc --explain E0425`.
[INFO] [stdout] 
[INFO] [stderr] error: could not compile `localsearch-windows-fs` (lib test) due to 2 previous errors; 2 warnings emitted
[INFO] [stderr] warning: unused dependency `localsearch-agent-api`
[INFO] [stderr]   --> crates/local-transport/Cargo.toml:10:1
[INFO] [stderr]    |
[INFO] [stderr] 10 | localsearch-agent-api = { path = "../agent-api", optional = true }
[INFO] [stderr]    | ^^^^^^^^^^^^^^^^^^^^^^^^^^^^^^^^^^^^^^^^^^^^^^^^^^^^^^^^^^^^^^^^^^
[INFO] [stderr]    |
[INFO] [stderr]    = note: `cargo::unused_dependencies` is set to `warn` by default
[INFO] [stderr] help: consider removing the dependency on `localsearch-agent-api`
[INFO] [stderr] warning: `localsearch-local-transport` (manifest) generated 1 warning
[INFO] running `Command { std: "docker" "inspect" "4ac8726ba4a856e9e18d99182df26d1c0575899be142398c5cf91179b534a3a6", kill_on_drop: false }`
[INFO] running `Command { std: "docker" "rm" "-f" "4ac8726ba4a856e9e18d99182df26d1c0575899be142398c5cf91179b534a3a6", kill_on_drop: false }`
[INFO] [stdout] 4ac8726ba4a856e9e18d99182df26d1c0575899be142398c5cf91179b534a3a6
