[INFO] cloning repository https://github.com/projectGloria/Velox
[INFO] running `Command { std: "git" "-c" "credential.helper=" "-c" "credential.helper=/workspace/cargo-home/bin/git-credential-null" "clone" "--bare" "https://github.com/projectGloria/Velox" "/workspace/cache/git-repos/https%3A%2F%2Fgithub.com%2FprojectGloria%2FVelox", kill_on_drop: false }`
[INFO] [stderr] Cloning into bare repository '/workspace/cache/git-repos/https%3A%2F%2Fgithub.com%2FprojectGloria%2FVelox'...
[INFO] running `Command { std: "git" "rev-parse" "HEAD", kill_on_drop: false }`
[INFO] [stdout] a53d5de67b5837626149e386c733cf5da3108237
[INFO] checking projectGloria/Velox against 3154cc1a3e6424e44f438a95007d043ed5ceaaf6 for pr-133502-30
[INFO] running `Command { std: "git" "clone" "/workspace/cache/git-repos/https%3A%2F%2Fgithub.com%2FprojectGloria%2FVelox" "/workspace/builds/worker-7-tc2/source", kill_on_drop: false }`
[INFO] [stderr] Cloning into '/workspace/builds/worker-7-tc2/source'...
[INFO] [stderr] done.
[INFO] removed /workspace/builds/worker-7-tc2/source/rust-toolchain.toml
[INFO] started tweaking git repo https://github.com/projectGloria/Velox
[INFO] finished tweaking git repo https://github.com/projectGloria/Velox
[INFO] tweaked toml for git repo https://github.com/projectGloria/Velox written to /workspace/builds/worker-7-tc2/source/Cargo.toml
[INFO] validating manifest of git repo https://github.com/projectGloria/Velox on toolchain 3154cc1a3e6424e44f438a95007d043ed5ceaaf6
[INFO] running `Command { std: CARGO_HOME="/workspace/cargo-home" RUSTUP_HOME="/workspace/rustup-home" "/workspace/cargo-home/bin/cargo" "+3154cc1a3e6424e44f438a95007d043ed5ceaaf6" "metadata" "--manifest-path" "Cargo.toml" "--no-deps", kill_on_drop: false }`
[INFO] crate git repo https://github.com/projectGloria/Velox already has a lockfile, it will not be regenerated
[INFO] running `Command { std: CARGO_HOME="/workspace/cargo-home" RUSTUP_HOME="/workspace/rustup-home" "/workspace/cargo-home/bin/cargo" "+3154cc1a3e6424e44f438a95007d043ed5ceaaf6" "fetch" "--manifest-path" "Cargo.toml", kill_on_drop: false }`
[INFO] [stderr] warning: unused field `repository` in `workspace.package`
[INFO] [stderr]   --> Cargo.toml:24:1
[INFO] [stderr]    |
[INFO] [stderr] 24 | repository = "https://github.com/nihil/velox"
[INFO] [stderr]    | ^^^^^^^^^^
[INFO] [stderr]    |
[INFO] [stderr]    = note: `cargo::unused_workspace_package_fields` is set to `warn` by default
[INFO] [stderr] help: consider removing the field `workspace.package.repository`
[INFO] [stderr] warning: workspace (manifest) generated 1 warning
[INFO] running `Command { std: "docker" "create" "-v" "/var/lib/crater-agent-workspace/builds/worker-7-tc2/source:/opt/rustwide/workdir:ro,Z" "-v" "/var/lib/crater-agent-workspace/builds/worker-7-tc2/target:/opt/rustwide/target:rw,Z" "-v" "/var/lib/crater-agent-workspace/cargo-home:/opt/rustwide/cargo-home:ro,Z" "-v" "/var/lib/crater-agent-workspace/rustup-home:/opt/rustwide/rustup-home:ro,Z" "-m" "1610612736" "--network" "none" "ghcr.io/rust-lang/crates-build-env/linux@sha256:77db811e55d90add9212f6832c23229e3de5f1c1f9905e8cb07319ea15df73ac" "sleep" "infinity", kill_on_drop: false }`
[INFO] [stdout] 0afed5f08707968dcf3a10f12630c1d876fb73bb84a7f4bd3f3835c0f09af6a7
[INFO] running `Command { std: "docker" "start" "0afed5f08707968dcf3a10f12630c1d876fb73bb84a7f4bd3f3835c0f09af6a7", kill_on_drop: false }`
[INFO] running `Command { std: "docker" "inspect" "0afed5f08707968dcf3a10f12630c1d876fb73bb84a7f4bd3f3835c0f09af6a7", kill_on_drop: false }`
[INFO] running `Command { std: "docker" "exec" "-e" "SOURCE_DIR=/opt/rustwide/workdir" "-e" "CARGO_HOME=/opt/rustwide/cargo-home" "-e" "RUSTUP_HOME=/opt/rustwide/rustup-home" "-e" "CARGO_TARGET_DIR=/opt/rustwide/target" "-w" "/opt/rustwide/workdir" "--user" "0:0" "0afed5f08707968dcf3a10f12630c1d876fb73bb84a7f4bd3f3835c0f09af6a7" "/opt/rustwide/cargo-home/bin/cargo" "+3154cc1a3e6424e44f438a95007d043ed5ceaaf6" "metadata" "--no-deps" "--format-version=1", kill_on_drop: false }`
[INFO] running `Command { std: "docker" "inspect" "0afed5f08707968dcf3a10f12630c1d876fb73bb84a7f4bd3f3835c0f09af6a7", kill_on_drop: false }`
[INFO] running `Command { std: "docker" "exec" "-e" "SOURCE_DIR=/opt/rustwide/workdir" "-e" "CARGO_HOME=/opt/rustwide/cargo-home" "-e" "RUSTUP_HOME=/opt/rustwide/rustup-home" "-e" "CARGO_TARGET_DIR=/opt/rustwide/target" "-e" "CARGO_INCREMENTAL=0" "-e" "RUST_BACKTRACE=full" "-e" "RUSTFLAGS=--cap-lints=forbid" "-e" "RUSTDOCFLAGS=--cap-lints=forbid" "-w" "/opt/rustwide/workdir" "--user" "0:0" "0afed5f08707968dcf3a10f12630c1d876fb73bb84a7f4bd3f3835c0f09af6a7" "/opt/rustwide/cargo-home/bin/cargo" "+3154cc1a3e6424e44f438a95007d043ed5ceaaf6" "check" "--frozen" "--all" "--all-targets" "--message-format=json", kill_on_drop: false }`
[INFO] [stderr] warning: unused field `repository` in `workspace.package`
[INFO] [stderr]   --> Cargo.toml:24:1
[INFO] [stderr]    |
[INFO] [stderr] 24 | repository = "https://github.com/nihil/velox"
[INFO] [stderr]    | ^^^^^^^^^^
[INFO] [stderr]    |
[INFO] [stderr]    = note: `cargo::unused_workspace_package_fields` is set to `warn` by default
[INFO] [stderr] help: consider removing the field `workspace.package.repository`
[INFO] [stderr] warning: workspace (manifest) generated 1 warning
[INFO] [stderr]    Compiling proc-macro2 v1.0.107
[INFO] [stderr]    Compiling quote v1.0.47
[INFO] [stderr]    Compiling unicode-ident v1.0.24
[INFO] [stderr]    Compiling crossbeam-utils v0.8.22
[INFO] [stderr]    Compiling crossbeam-epoch v0.9.20
[INFO] [stderr]    Compiling crossbeam-deque v0.8.7
[INFO] [stderr]     Checking either v1.18.0
[INFO] [stderr]    Compiling rustversion v1.0.23
[INFO] [stderr]    Compiling rayon-core v1.13.0
[INFO] [stderr]     Checking memchr v2.8.3
[INFO] [stderr]    Compiling thiserror v2.0.20
[INFO] [stderr]    Compiling serde_core v1.0.229
[INFO] [stderr]    Compiling zerocopy v0.8.56
[INFO] [stderr]    Compiling serde v1.0.229
[INFO] [stderr]    Compiling zmij v1.0.23
[INFO] [stderr]    Compiling libc v0.2.189
[INFO] [stderr]    Compiling autocfg v1.5.1
[INFO] [stderr]     Checking cfg-if v1.0.4
[INFO] [stderr]    Compiling serde_json v1.0.151
[INFO] [stderr]    Compiling syn v3.0.4
[INFO] [stderr]    Compiling syn v2.0.119
[INFO] [stderr]     Checking rayon v1.12.0
[INFO] [stderr]     Checking itoa v1.0.18
[INFO] [stderr]     Checking anstyle v1.0.14
[INFO] [stderr]    Compiling num-traits v0.2.19
[INFO] [stderr]     Checking arc-swap v1.9.2
[INFO] [stderr]     Checking regex-syntax v0.8.11
[INFO] [stderr]     Checking clap_lex v1.1.0
[INFO] [stderr]     Checking ciborium-io v0.2.2
[INFO] [stderr]     Checking clap_builder v4.6.6
[INFO] [stderr]     Checking itertools v0.10.5
[INFO] [stderr]     Checking same-file v1.0.6
[INFO] [stderr]     Checking cast v0.3.0
[INFO] [stderr]     Checking regex-automata v0.4.18
[INFO] [stderr]     Checking walkdir v2.5.0
[INFO] [stderr]     Checking is-terminal v0.4.17
[INFO] [stderr]     Checking clap v4.6.6
[INFO] [stderr]     Checking once_cell v1.21.4
[INFO] [stderr]     Checking anes v0.1.6
[INFO] [stderr]     Checking oorandom v11.1.5
[INFO] [stderr]     Checking criterion-plot v0.5.0
[INFO] [stderr]     Checking regex v1.13.1
[INFO] [stderr]    Compiling thiserror-impl v2.0.20
[INFO] [stderr]    Compiling serde_derive v1.0.229
[INFO] [stderr]    Compiling zerocopy-derive v0.8.56
[INFO] [stderr]     Checking velox-core v0.1.0 (/opt/rustwide/workdir/crates/velox-core)
[INFO] [stderr]     Checking velox-cli v0.1.0 (/opt/rustwide/workdir/crates/velox-cli)
[INFO] [stderr]     Checking velox-gui v0.1.0 (/opt/rustwide/workdir/crates/velox-gui)
[INFO] [stdout] error[E0433]: cannot find `windows` in `os`
[INFO] [stdout]   --> crates/velox-gui/src/main.rs:15:14
[INFO] [stdout]    |
[INFO] [stdout] 15 | use std::os::windows::process::CommandExt;
[INFO] [stdout]    |              ^^^^^^^ could not find `windows` in `os`
[INFO] [stdout]    |
[INFO] [stdout] note: found an item that was configured out
[INFO] [stdout]   --> /rustc/3154cc1a3e6424e44f438a95007d043ed5ceaaf6/library/std/src/os/mod.rs:62:4
[INFO] [stdout]    |
[INFO] [stdout]    = note: the item is gated behind the `windows` feature
[INFO] [stdout] 
[INFO] [stdout] 
[INFO] [stdout] error[E0433]: cannot find module or crate `windows` in this scope
[INFO] [stdout]   --> crates/velox-gui/src/main.rs:33:5
[INFO] [stdout]    |
[INFO] [stdout] 33 | use windows::Win32::UI::WindowsAndMessaging::*;
[INFO] [stdout]    |     ^^^^^^^ use of unresolved module or unlinked crate `windows`
[INFO] [stdout]    |
[INFO] [stdout]    = help: if you wanted to use a crate named `windows`, use `cargo add windows` to add it to your `Cargo.toml`
[INFO] [stdout] 
[INFO] [stdout] 
[INFO] [stdout] error[E0433]: cannot find module or crate `windows` in this scope
[INFO] [stdout]  --> crates/velox-gui/src/view.rs:8:5
[INFO] [stdout]   |
[INFO] [stdout] 8 | use windows::core::PCWSTR;
[INFO] [stdout]   |     ^^^^^^^ use of unresolved module or unlinked crate `windows`
[INFO] [stdout]   |
[INFO] [stdout]   = help: if you wanted to use a crate named `windows`, use `cargo add windows` to add it to your `Cargo.toml`
[INFO] [stdout] 
[INFO] [stdout] 
[INFO] [stdout] error[E0433]: cannot find module or crate `windows` in this scope
[INFO] [stdout]  --> crates/velox-gui/src/view.rs:9:5
[INFO] [stdout]   |
[INFO] [stdout] 9 | use windows::Win32::Foundation::HWND;
[INFO] [stdout]   |     ^^^^^^^ use of unresolved module or unlinked crate `windows`
[INFO] [stdout]   |
[INFO] [stdout]   = help: if you wanted to use a crate named `windows`, use `cargo add windows` to add it to your `Cargo.toml`
[INFO] [stdout] 
[INFO] [stdout] 
[INFO] [stdout] error[E0433]: cannot find module or crate `windows` in this scope
[INFO] [stdout]   --> crates/velox-gui/src/view.rs:10:5
[INFO] [stdout]    |
[INFO] [stdout] 10 | use windows::Win32::Graphics::Direct2D::Common::{
[INFO] [stdout]    |     ^^^^^^^ use of unresolved module or unlinked crate `windows`
[INFO] [stdout]    |
[INFO] [stdout]    = help: if you wanted to use a crate named `windows`, use `cargo add windows` to add it to your `Cargo.toml`
[INFO] [stdout] 
[INFO] [stdout] 
[INFO] [stdout] error[E0433]: cannot find module or crate `windows` in this scope
[INFO] [stdout]   --> crates/velox-gui/src/view.rs:13:5
[INFO] [stdout]    |
[INFO] [stdout] 13 | use windows::Win32::Graphics::Direct2D::{
[INFO] [stdout]    |     ^^^^^^^ use of unresolved module or unlinked crate `windows`
[INFO] [stdout]    |
[INFO] [stdout]    = help: if you wanted to use a crate named `windows`, use `cargo add windows` to add it to your `Cargo.toml`
[INFO] [stdout] 
[INFO] [stdout] 
[INFO] [stdout] error[E0433]: cannot find module or crate `windows` in this scope
[INFO] [stdout]   --> crates/velox-gui/src/view.rs:19:5
[INFO] [stdout]    |
[INFO] [stdout] 19 | use windows::Win32::Graphics::DirectWrite::{
[INFO] [stdout]    |     ^^^^^^^ use of unresolved module or unlinked crate `windows`
[INFO] [stdout]    |
[INFO] [stdout]    = help: if you wanted to use a crate named `windows`, use `cargo add windows` to add it to your `Cargo.toml`
[INFO] [stdout] 
[INFO] [stdout] 
[INFO] [stdout] error[E0433]: cannot find module or crate `windows` in this scope
[INFO] [stdout]   --> crates/velox-gui/src/worker.rs:14:5
[INFO] [stdout]    |
[INFO] [stdout] 14 | use windows::Win32::Foundation::{HWND, LPARAM, WPARAM};
[INFO] [stdout]    |     ^^^^^^^ use of unresolved module or unlinked crate `windows`
[INFO] [stdout]    |
[INFO] [stdout]    = help: if you wanted to use a crate named `windows`, use `cargo add windows` to add it to your `Cargo.toml`
[INFO] [stdout] 
[INFO] [stdout] 
[INFO] [stdout] error[E0433]: cannot find module or crate `windows` in this scope
[INFO] [stdout]   --> crates/velox-gui/src/worker.rs:15:5
[INFO] [stdout]    |
[INFO] [stdout] 15 | use windows::Win32::UI::WindowsAndMessaging::{PostMessageW, WM_APP};
[INFO] [stdout]    |     ^^^^^^^ use of unresolved module or unlinked crate `windows`
[INFO] [stdout]    |
[INFO] [stdout]    = help: if you wanted to use a crate named `windows`, use `cargo add windows` to add it to your `Cargo.toml`
[INFO] [stdout] 
[INFO] [stdout] 
[INFO] [stdout] error[E0433]: cannot find module or crate `windows` in this scope
[INFO] [stdout]   --> crates/velox-gui/src/main.rs:20:5
[INFO] [stdout]    |
[INFO] [stdout] 20 | use windows::core::PCWSTR;
[INFO] [stdout]    |     ^^^^^^^ use of unresolved module or unlinked crate `windows`
[INFO] [stdout]    |
[INFO] [stdout]    = help: if you wanted to use a crate named `windows`, use `cargo add windows` to add it to your `Cargo.toml`
[INFO] [stdout] 
[INFO] [stdout] 
[INFO] [stdout] error[E0433]: cannot find module or crate `windows` in this scope
[INFO] [stdout]   --> crates/velox-gui/src/main.rs:21:5
[INFO] [stdout]    |
[INFO] [stdout] 21 | use windows::Win32::Foundation::{COLORREF, HINSTANCE, HWND, LPARAM, LRESULT, RECT, WPARAM};
[INFO] [stdout]    |     ^^^^^^^ use of unresolved module or unlinked crate `windows`
[INFO] [stdout]    |
[INFO] [stdout]    = help: if you wanted to use a crate named `windows`, use `cargo add windows` to add it to your `Cargo.toml`
[INFO] [stdout] 
[INFO] [stdout] 
[INFO] [stdout] error[E0433]: cannot find module or crate `windows` in this scope
[INFO] [stdout]   --> crates/velox-gui/src/main.rs:22:5
[INFO] [stdout]    |
[INFO] [stdout] 22 | use windows::Win32::Graphics::Gdi::{
[INFO] [stdout]    |     ^^^^^^^ use of unresolved module or unlinked crate `windows`
[INFO] [stdout]    |
[INFO] [stdout]    = help: if you wanted to use a crate named `windows`, use `cargo add windows` to add it to your `Cargo.toml`
[INFO] [stdout] 
[INFO] [stdout] 
[INFO] [stdout] error[E0433]: cannot find module or crate `windows` in this scope
[INFO] [stdout]   --> crates/velox-gui/src/main.rs:27:5
[INFO] [stdout]    |
[INFO] [stdout] 27 | use windows::Win32::System::LibraryLoader::GetModuleHandleW;
[INFO] [stdout]    |     ^^^^^^^ use of unresolved module or unlinked crate `windows`
[INFO] [stdout]    |
[INFO] [stdout]    = help: if you wanted to use a crate named `windows`, use `cargo add windows` to add it to your `Cargo.toml`
[INFO] [stdout] 
[INFO] [stdout] 
[INFO] [stdout] error[E0433]: cannot find module or crate `windows` in this scope
[INFO] [stdout]   --> crates/velox-gui/src/main.rs:28:5
[INFO] [stdout]    |
[INFO] [stdout] 28 | use windows::Win32::UI::HiDpi::GetDpiForWindow;
[INFO] [stdout]    |     ^^^^^^^ use of unresolved module or unlinked crate `windows`
[INFO] [stdout]    |
[INFO] [stdout]    = help: if you wanted to use a crate named `windows`, use `cargo add windows` to add it to your `Cargo.toml`
[INFO] [stdout] 
[INFO] [stdout] 
[INFO] [stdout] error[E0433]: cannot find module or crate `windows` in this scope
[INFO] [stdout]   --> crates/velox-gui/src/main.rs:29:5
[INFO] [stdout]    |
[INFO] [stdout] 29 | use windows::Win32::UI::Input::KeyboardAndMouse::{
[INFO] [stdout]    |     ^^^^^^^ use of unresolved module or unlinked crate `windows`
[INFO] [stdout]    |
[INFO] [stdout]    = help: if you wanted to use a crate named `windows`, use `cargo add windows` to add it to your `Cargo.toml`
[INFO] [stdout] 
[INFO] [stdout] 
[INFO] [stdout] error[E0432]: unresolved imports `windows::core::PCWSTR`, `windows::Win32::Foundation::COLORREF`, `windows::Win32::Foundation::HINSTANCE`, `windows::Win32::Foundation::HWND`, `windows::Win32::Foundation::LPARAM`, `windows::Win32::Foundation::LRESULT`, `windows::Win32::Foundation::RECT`, `windows::Win32::Foundation::WPARAM`, `windows::Win32::Graphics::Gdi::BeginPaint`, `windows::Win32::Graphics::Gdi::CreateFontW`, `windows::Win32::Graphics::Gdi::CreateSolidBrush`, `windows::Win32::Graphics::Gdi::DeleteObject`, `windows::Win32::Graphics::Gdi::EndPaint`, `windows::Win32::Graphics::Gdi::InvalidateRect`, `windows::Win32::Graphics::Gdi::SetBkColor`, `windows::Win32::Graphics::Gdi::SetTextColor`, `windows::Win32::Graphics::Gdi::HBRUSH`, `windows::Win32::Graphics::Gdi::HDC`, `windows::Win32::Graphics::Gdi::HFONT`, `windows::Win32::Graphics::Gdi::PAINTSTRUCT`, `windows::Win32::Graphics::Gdi::DEFAULT_CHARSET`, `windows::Win32::Graphics::Gdi::DEFAULT_PITCH`, `windows::Win32::Graphics::Gdi::FONT_CLIP_PRECISION`, `windows::Win32::Graphics::Gdi::FONT_OUTPUT_PRECISION`, `windows::Win32::Graphics::Gdi::FONT_QUALITY`, `windows::Win32::System::LibraryLoader::GetModuleHandleW`, `windows::Win32::UI::HiDpi::GetDpiForWindow`, `windows::Win32::UI::Input::KeyboardAndMouse::ReleaseCapture`, `windows::Win32::UI::Input::KeyboardAndMouse::SetCapture`, `windows::Win32::UI::Input::KeyboardAndMouse::SetFocus`, `windows::Win32::UI::Input::KeyboardAndMouse::VIRTUAL_KEY`, `windows::Win32::UI::Input::KeyboardAndMouse::VK_DOWN`, `windows::Win32::UI::Input::KeyboardAndMouse::VK_END`, `windows::Win32::UI::Input::KeyboardAndMouse::VK_ESCAPE`, `windows::Win32::UI::Input::KeyboardAndMouse::VK_F2`, `windows::Win32::UI::Input::KeyboardAndMouse::VK_F3`, `windows::Win32::UI::Input::KeyboardAndMouse::VK_F5`, `windows::Win32::UI::Input::KeyboardAndMouse::VK_HOME`, `windows::Win32::UI::Input::KeyboardAndMouse::VK_NEXT`, `windows::Win32::UI::Input::KeyboardAndMouse::VK_PRIOR`, `windows::Win32::UI::Input::KeyboardAndMouse::VK_RETURN`, `windows::Win32::UI::Input::KeyboardAndMouse::VK_UP`
[INFO] [stdout]   --> crates/velox-gui/src/main.rs:20:5
[INFO] [stdout]    |
[INFO] [stdout] 20 | use windows::core::PCWSTR;
[INFO] [stdout]    |     ^^^^^^^^^^^^^^^^^^^^^
[INFO] [stdout] 21 | use windows::Win32::Foundation::{COLORREF, HINSTANCE, HWND, LPARAM, LRESULT, RECT, WPARAM};
[INFO] [stdout]    |                                  ^^^^^^^^  ^^^^^^^^^  ^^^^  ^^^^^^  ^^^^^^^  ^^^^  ^^^^^^
[INFO] [stdout] 22 | use windows::Win32::Graphics::Gdi::{
[INFO] [stdout] 23 |     BeginPaint, CreateFontW, CreateSolidBrush, DeleteObject, EndPaint, InvalidateRect, SetBkColor,
[INFO] [stdout]    |     ^^^^^^^^^^  ^^^^^^^^^^^  ^^^^^^^^^^^^^^^^  ^^^^^^^^^^^^  ^^^^^^^^  ^^^^^^^^^^^^^^  ^^^^^^^^^^
[INFO] [stdout] 24 |     SetTextColor, HBRUSH, HDC, HFONT, PAINTSTRUCT, DEFAULT_CHARSET, DEFAULT_PITCH,
[INFO] [stdout]    |     ^^^^^^^^^^^^  ^^^^^^  ^^^  ^^^^^  ^^^^^^^^^^^  ^^^^^^^^^^^^^^^  ^^^^^^^^^^^^^
[INFO] [stdout] 25 |     FONT_CLIP_PRECISION, FONT_OUTPUT_PRECISION, FONT_QUALITY,
[INFO] [stdout]    |     ^^^^^^^^^^^^^^^^^^^  ^^^^^^^^^^^^^^^^^^^^^  ^^^^^^^^^^^^
[INFO] [stdout] 26 | };
[INFO] [stdout] 27 | use windows::Win32::System::LibraryLoader::GetModuleHandleW;
[INFO] [stdout]    |     ^^^^^^^^^^^^^^^^^^^^^^^^^^^^^^^^^^^^^^^^^^^^^^^^^^^^^^^
[INFO] [stdout] 28 | use windows::Win32::UI::HiDpi::GetDpiForWindow;
[INFO] [stdout]    |     ^^^^^^^^^^^^^^^^^^^^^^^^^^^^^^^^^^^^^^^^^^
[INFO] [stdout] 29 | use windows::Win32::UI::Input::KeyboardAndMouse::{
[INFO] [stdout] 30 |     ReleaseCapture, SetCapture, SetFocus, VIRTUAL_KEY, VK_DOWN, VK_END, VK_ESCAPE, VK_F2, VK_F3,
[INFO] [stdout]    |     ^^^^^^^^^^^^^^  ^^^^^^^^^^  ^^^^^^^^  ^^^^^^^^^^^  ^^^^^^^  ^^^^^^  ^^^^^^^^^  ^^^^^  ^^^^^
[INFO] [stdout] 31 |     VK_F5, VK_HOME, VK_NEXT, VK_PRIOR, VK_RETURN, VK_UP,
[INFO] [stdout]    |     ^^^^^  ^^^^^^^  ^^^^^^^  ^^^^^^^^  ^^^^^^^^^  ^^^^^
[INFO] [stdout] 
[INFO] [stdout] 
[INFO] [stdout] error[E0433]: cannot find module or crate `windows` in this scope
[INFO] [stdout]    --> crates/velox-gui/src/view.rs:136:74
[INFO] [stdout]     |
[INFO] [stdout] 136 |     pub fn new(hwnd: HWND, width: u32, height: u32, metrics: Metrics) -> windows::core::Result<View> {
[INFO] [stdout]     |                                                                          ^^^^^^^ use of unresolved module or unlinked crate `windows`
[INFO] [stdout]     |
[INFO] [stdout]     = help: if you wanted to use a crate named `windows`, use `cargo add windows` to add it to your `Cargo.toml`
[INFO] [stdout] 
[INFO] [stdout] 
[INFO] [stdout] error[E0433]: cannot find module or crate `windows` in this scope
[INFO] [stdout]    --> crates/velox-gui/src/view.rs:154:47
[INFO] [stdout]     |
[INFO] [stdout] 154 |             let make = |weight, size: f32| -> windows::core::Result<IDWriteTextFormat> {
[INFO] [stdout]     |                                               ^^^^^^^ use of unresolved module or unlinked crate `windows`
[INFO] [stdout]     |
[INFO] [stdout]     = help: if you wanted to use a crate named `windows`, use `cargo add windows` to add it to your `Cargo.toml`
[INFO] [stdout] 
[INFO] [stdout] 
[INFO] [stdout] error[E0408]: variable `VK_DOWN` is not bound in all patterns
[INFO] [stdout]    --> crates/velox-gui/src/main.rs:386:13
[INFO] [stdout]     |
[INFO] [stdout] 386 |             VK_UP | VK_DOWN | VK_PRIOR | VK_NEXT | VK_RETURN | VK_F2 | VK_F3 | VK_F5 | VK_ESCAPE
[INFO] [stdout]     |             ^^^^^   -------   ^^^^^^^^   ^^^^^^^   ^^^^^^^^^   ^^^^^   ^^^^^   ^^^^^   ^^^^^^^^^ pattern doesn't bind `VK_DOWN`
[INFO] [stdout]     |             |       |         |          |         |           |       |       |
[INFO] [stdout]     |             |       |         |          |         |           |       |       pattern doesn't bind `VK_DOWN`
[INFO] [stdout]     |             |       |         |          |         |           |       pattern doesn't bind `VK_DOWN`
[INFO] [stdout]     |             |       |         |          |         |           pattern doesn't bind `VK_DOWN`
[INFO] [stdout]     |             |       |         |          |         pattern doesn't bind `VK_DOWN`
[INFO] [stdout]     |             |       |         |          pattern doesn't bind `VK_DOWN`
[INFO] [stdout]     |             |       |         pattern doesn't bind `VK_DOWN`
[INFO] [stdout]     |             |       variable not in all patterns
[INFO] [stdout]     |             pattern doesn't bind `VK_DOWN`
[INFO] [stdout]     |
[INFO] [stdout] help: if you meant to match on a unit struct, unit variant or a `const` item, consider making the path in the pattern qualified: `path::to::ModOrType::VK_DOWN`
[INFO] [stdout]    --> crates/velox-gui/src/main.rs:386:21
[INFO] [stdout]     |
[INFO] [stdout] 386 |             VK_UP | VK_DOWN | VK_PRIOR | VK_NEXT | VK_RETURN | VK_F2 | VK_F3 | VK_F5 | VK_ESCAPE
[INFO] [stdout]     |                     ^^^^^^^
[INFO] [stdout] 
[INFO] [stdout] 
[INFO] [stdout] error[E0408]: variable `VK_PRIOR` is not bound in all patterns
[INFO] [stdout]    --> crates/velox-gui/src/main.rs:386:13
[INFO] [stdout]     |
[INFO] [stdout] 386 |             VK_UP | VK_DOWN | VK_PRIOR | VK_NEXT | VK_RETURN | VK_F2 | VK_F3 | VK_F5 | VK_ESCAPE
[INFO] [stdout]     |             ^^^^^   ^^^^^^^   --------   ^^^^^^^   ^^^^^^^^^   ^^^^^   ^^^^^   ^^^^^   ^^^^^^^^^ pattern doesn't bind `VK_PRIOR`
[INFO] [stdout]     |             |       |         |          |         |           |       |       |
[INFO] [stdout]     |             |       |         |          |         |           |       |       pattern doesn't bind `VK_PRIOR`
[INFO] [stdout]     |             |       |         |          |         |           |       pattern doesn't bind `VK_PRIOR`
[INFO] [stdout]     |             |       |         |          |         |           pattern doesn't bind `VK_PRIOR`
[INFO] [stdout]     |             |       |         |          |         pattern doesn't bind `VK_PRIOR`
[INFO] [stdout]     |             |       |         |          pattern doesn't bind `VK_PRIOR`
[INFO] [stdout]     |             |       |         variable not in all patterns
[INFO] [stdout]     |             |       pattern doesn't bind `VK_PRIOR`
[INFO] [stdout]     |             pattern doesn't bind `VK_PRIOR`
[INFO] [stdout]     |
[INFO] [stdout] help: if you meant to match on a unit struct, unit variant or a `const` item, consider making the path in the pattern qualified: `path::to::ModOrType::VK_PRIOR`
[INFO] [stdout]    --> crates/velox-gui/src/main.rs:386:31
[INFO] [stdout]     |
[INFO] [stdout] 386 |             VK_UP | VK_DOWN | VK_PRIOR | VK_NEXT | VK_RETURN | VK_F2 | VK_F3 | VK_F5 | VK_ESCAPE
[INFO] [stdout]     |                               ^^^^^^^^
[INFO] [stdout] 
[INFO] [stdout] 
[INFO] [stdout] error[E0408]: variable `VK_NEXT` is not bound in all patterns
[INFO] [stdout]    --> crates/velox-gui/src/main.rs:386:13
[INFO] [stdout]     |
[INFO] [stdout] 386 |             VK_UP | VK_DOWN | VK_PRIOR | VK_NEXT | VK_RETURN | VK_F2 | VK_F3 | VK_F5 | VK_ESCAPE
[INFO] [stdout]     |             ^^^^^   ^^^^^^^   ^^^^^^^^   -------   ^^^^^^^^^   ^^^^^   ^^^^^   ^^^^^   ^^^^^^^^^ pattern doesn't bind `VK_NEXT`
[INFO] [stdout]     |             |       |         |          |         |           |       |       |
[INFO] [stdout]     |             |       |         |          |         |           |       |       pattern doesn't bind `VK_NEXT`
[INFO] [stdout]     |             |       |         |          |         |           |       pattern doesn't bind `VK_NEXT`
[INFO] [stdout]     |             |       |         |          |         |           pattern doesn't bind `VK_NEXT`
[INFO] [stdout]     |             |       |         |          |         pattern doesn't bind `VK_NEXT`
[INFO] [stdout]     |             |       |         |          variable not in all patterns
[INFO] [stdout]     |             |       |         pattern doesn't bind `VK_NEXT`
[INFO] [stdout]     |             |       pattern doesn't bind `VK_NEXT`
[INFO] [stdout]     |             pattern doesn't bind `VK_NEXT`
[INFO] [stdout]     |
[INFO] [stdout] help: if you meant to match on a unit struct, unit variant or a `const` item, consider making the path in the pattern qualified: `path::to::ModOrType::VK_NEXT`
[INFO] [stdout]    --> crates/velox-gui/src/main.rs:386:42
[INFO] [stdout]     |
[INFO] [stdout] 386 |             VK_UP | VK_DOWN | VK_PRIOR | VK_NEXT | VK_RETURN | VK_F2 | VK_F3 | VK_F5 | VK_ESCAPE
[INFO] [stdout]     |                                          ^^^^^^^
[INFO] [stdout] 
[INFO] [stdout] 
[INFO] [stdout] error[E0408]: variable `VK_RETURN` is not bound in all patterns
[INFO] [stdout]    --> crates/velox-gui/src/main.rs:386:13
[INFO] [stdout]     |
[INFO] [stdout] 386 |             VK_UP | VK_DOWN | VK_PRIOR | VK_NEXT | VK_RETURN | VK_F2 | VK_F3 | VK_F5 | VK_ESCAPE
[INFO] [stdout]     |             ^^^^^   ^^^^^^^   ^^^^^^^^   ^^^^^^^   ---------   ^^^^^   ^^^^^   ^^^^^   ^^^^^^^^^ pattern doesn't bind `VK_RETURN`
[INFO] [stdout]     |             |       |         |          |         |           |       |       |
[INFO] [stdout]     |             |       |         |          |         |           |       |       pattern doesn't bind `VK_RETURN`
[INFO] [stdout]     |             |       |         |          |         |           |       pattern doesn't bind `VK_RETURN`
[INFO] [stdout]     |             |       |         |          |         |           pattern doesn't bind `VK_RETURN`
[INFO] [stdout]     |             |       |         |          |         variable not in all patterns
[INFO] [stdout]     |             |       |         |          pattern doesn't bind `VK_RETURN`
[INFO] [stdout]     |             |       |         pattern doesn't bind `VK_RETURN`
[INFO] [stdout]     |             |       pattern doesn't bind `VK_RETURN`
[INFO] [stdout]     |             pattern doesn't bind `VK_RETURN`
[INFO] [stdout]     |
[INFO] [stdout] help: if you meant to match on a unit struct, unit variant or a `const` item, consider making the path in the pattern qualified: `path::to::ModOrType::VK_RETURN`
[INFO] [stdout]    --> crates/velox-gui/src/main.rs:386:52
[INFO] [stdout]     |
[INFO] [stdout] 386 |             VK_UP | VK_DOWN | VK_PRIOR | VK_NEXT | VK_RETURN | VK_F2 | VK_F3 | VK_F5 | VK_ESCAPE
[INFO] [stdout]     |                                                    ^^^^^^^^^
[INFO] [stdout] 
[INFO] [stdout] 
[INFO] [stdout] error[E0408]: variable `VK_F2` is not bound in all patterns
[INFO] [stdout]    --> crates/velox-gui/src/main.rs:386:13
[INFO] [stdout]     |
[INFO] [stdout] 386 |             VK_UP | VK_DOWN | VK_PRIOR | VK_NEXT | VK_RETURN | VK_F2 | VK_F3 | VK_F5 | VK_ESCAPE
[INFO] [stdout]     |             ^^^^^   ^^^^^^^   ^^^^^^^^   ^^^^^^^   ^^^^^^^^^   -----   ^^^^^   ^^^^^   ^^^^^^^^^ pattern doesn't bind `VK_F2`
[INFO] [stdout]     |             |       |         |          |         |           |       |       |
[INFO] [stdout]     |             |       |         |          |         |           |       |       pattern doesn't bind `VK_F2`
[INFO] [stdout]     |             |       |         |          |         |           |       pattern doesn't bind `VK_F2`
[INFO] [stdout]     |             |       |         |          |         |           variable not in all patterns
[INFO] [stdout]     |             |       |         |          |         pattern doesn't bind `VK_F2`
[INFO] [stdout]     |             |       |         |          pattern doesn't bind `VK_F2`
[INFO] [stdout]     |             |       |         pattern doesn't bind `VK_F2`
[INFO] [stdout]     |             |       pattern doesn't bind `VK_F2`
[INFO] [stdout]     |             pattern doesn't bind `VK_F2`
[INFO] [stdout]     |
[INFO] [stdout] help: if you meant to match on a unit struct, unit variant or a `const` item, consider making the path in the pattern qualified: `path::to::ModOrType::VK_F2`
[INFO] [stdout]    --> crates/velox-gui/src/main.rs:386:64
[INFO] [stdout]     |
[INFO] [stdout] 386 |             VK_UP | VK_DOWN | VK_PRIOR | VK_NEXT | VK_RETURN | VK_F2 | VK_F3 | VK_F5 | VK_ESCAPE
[INFO] [stdout]     |                                                                ^^^^^
[INFO] [stdout] 
[INFO] [stdout] 
[INFO] [stdout] error[E0408]: variable `VK_F3` is not bound in all patterns
[INFO] [stdout]    --> crates/velox-gui/src/main.rs:386:13
[INFO] [stdout]     |
[INFO] [stdout] 386 |             VK_UP | VK_DOWN | VK_PRIOR | VK_NEXT | VK_RETURN | VK_F2 | VK_F3 | VK_F5 | VK_ESCAPE
[INFO] [stdout]     |             ^^^^^   ^^^^^^^   ^^^^^^^^   ^^^^^^^   ^^^^^^^^^   ^^^^^   -----   ^^^^^   ^^^^^^^^^ pattern doesn't bind `VK_F3`
[INFO] [stdout]     |             |       |         |          |         |           |       |       |
[INFO] [stdout]     |             |       |         |          |         |           |       |       pattern doesn't bind `VK_F3`
[INFO] [stdout]     |             |       |         |          |         |           |       variable not in all patterns
[INFO] [stdout]     |             |       |         |          |         |           pattern doesn't bind `VK_F3`
[INFO] [stdout]     |             |       |         |          |         pattern doesn't bind `VK_F3`
[INFO] [stdout]     |             |       |         |          pattern doesn't bind `VK_F3`
[INFO] [stdout]     |             |       |         pattern doesn't bind `VK_F3`
[INFO] [stdout]     |             |       pattern doesn't bind `VK_F3`
[INFO] [stdout]     |             pattern doesn't bind `VK_F3`
[INFO] [stdout]     |
[INFO] [stdout] help: if you meant to match on a unit struct, unit variant or a `const` item, consider making the path in the pattern qualified: `path::to::ModOrType::VK_F3`
[INFO] [stdout]    --> crates/velox-gui/src/main.rs:386:72
[INFO] [stdout]     |
[INFO] [stdout] 386 |             VK_UP | VK_DOWN | VK_PRIOR | VK_NEXT | VK_RETURN | VK_F2 | VK_F3 | VK_F5 | VK_ESCAPE
[INFO] [stdout]     |                                                                        ^^^^^
[INFO] [stdout] 
[INFO] [stdout] 
[INFO] [stdout] error[E0408]: variable `VK_F5` is not bound in all patterns
[INFO] [stdout]    --> crates/velox-gui/src/main.rs:386:13
[INFO] [stdout]     |
[INFO] [stdout] 386 |             VK_UP | VK_DOWN | VK_PRIOR | VK_NEXT | VK_RETURN | VK_F2 | VK_F3 | VK_F5 | VK_ESCAPE
[INFO] [stdout]     |             ^^^^^   ^^^^^^^   ^^^^^^^^   ^^^^^^^   ^^^^^^^^^   ^^^^^   ^^^^^   -----   ^^^^^^^^^ pattern doesn't bind `VK_F5`
[INFO] [stdout]     |             |       |         |          |         |           |       |       |
[INFO] [stdout]     |             |       |         |          |         |           |       |       variable not in all patterns
[INFO] [stdout]     |             |       |         |          |         |           |       pattern doesn't bind `VK_F5`
[INFO] [stdout]     |             |       |         |          |         |           pattern doesn't bind `VK_F5`
[INFO] [stdout]     |             |       |         |          |         pattern doesn't bind `VK_F5`
[INFO] [stdout]     |             |       |         |          pattern doesn't bind `VK_F5`
[INFO] [stdout]     |             |       |         pattern doesn't bind `VK_F5`
[INFO] [stdout]     |             |       pattern doesn't bind `VK_F5`
[INFO] [stdout]     |             pattern doesn't bind `VK_F5`
[INFO] [stdout]     |
[INFO] [stdout] help: if you meant to match on a unit struct, unit variant or a `const` item, consider making the path in the pattern qualified: `path::to::ModOrType::VK_F5`
[INFO] [stdout]    --> crates/velox-gui/src/main.rs:386:80
[INFO] [stdout]     |
[INFO] [stdout] 386 |             VK_UP | VK_DOWN | VK_PRIOR | VK_NEXT | VK_RETURN | VK_F2 | VK_F3 | VK_F5 | VK_ESCAPE
[INFO] [stdout]     |                                                                                ^^^^^
[INFO] [stdout] 
[INFO] [stdout] 
[INFO] [stdout] error[E0408]: variable `VK_ESCAPE` is not bound in all patterns
[INFO] [stdout]    --> crates/velox-gui/src/main.rs:386:13
[INFO] [stdout]     |
[INFO] [stdout] 386 |             VK_UP | VK_DOWN | VK_PRIOR | VK_NEXT | VK_RETURN | VK_F2 | VK_F3 | VK_F5 | VK_ESCAPE
[INFO] [stdout]     |             ^^^^^   ^^^^^^^   ^^^^^^^^   ^^^^^^^   ^^^^^^^^^   ^^^^^   ^^^^^   ^^^^^   --------- variable not in all patterns
[INFO] [stdout]     |             |       |         |          |         |           |       |       |
[INFO] [stdout]     |             |       |         |          |         |           |       |       pattern doesn't bind `VK_ESCAPE`
[INFO] [stdout]     |             |       |         |          |         |           |       pattern doesn't bind `VK_ESCAPE`
[INFO] [stdout]     |             |       |         |          |         |           pattern doesn't bind `VK_ESCAPE`
[INFO] [stdout]     |             |       |         |          |         pattern doesn't bind `VK_ESCAPE`
[INFO] [stdout]     |             |       |         |          pattern doesn't bind `VK_ESCAPE`
[INFO] [stdout]     |             |       |         pattern doesn't bind `VK_ESCAPE`
[INFO] [stdout]     |             |       pattern doesn't bind `VK_ESCAPE`
[INFO] [stdout]     |             pattern doesn't bind `VK_ESCAPE`
[INFO] [stdout]     |
[INFO] [stdout] help: if you meant to match on a unit struct, unit variant or a `const` item, consider making the path in the pattern qualified: `path::to::ModOrType::VK_ESCAPE`
[INFO] [stdout]    --> crates/velox-gui/src/main.rs:386:88
[INFO] [stdout]     |
[INFO] [stdout] 386 |             VK_UP | VK_DOWN | VK_PRIOR | VK_NEXT | VK_RETURN | VK_F2 | VK_F3 | VK_F5 | VK_ESCAPE
[INFO] [stdout]     |                                                                                        ^^^^^^^^^
[INFO] [stdout] 
[INFO] [stdout] 
[INFO] [stdout] error[E0408]: variable `VK_UP` is not bound in all patterns
[INFO] [stdout]    --> crates/velox-gui/src/main.rs:386:21
[INFO] [stdout]     |
[INFO] [stdout] 386 |             VK_UP | VK_DOWN | VK_PRIOR | VK_NEXT | VK_RETURN | VK_F2 | VK_F3 | VK_F5 | VK_ESCAPE
[INFO] [stdout]     |             -----   ^^^^^^^   ^^^^^^^^   ^^^^^^^   ^^^^^^^^^   ^^^^^   ^^^^^   ^^^^^   ^^^^^^^^^ pattern doesn't bind `VK_UP`
[INFO] [stdout]     |             |       |         |          |         |           |       |       |
[INFO] [stdout]     |             |       |         |          |         |           |       |       pattern doesn't bind `VK_UP`
[INFO] [stdout]     |             |       |         |          |         |           |       pattern doesn't bind `VK_UP`
[INFO] [stdout]     |             |       |         |          |         |           pattern doesn't bind `VK_UP`
[INFO] [stdout]     |             |       |         |          |         pattern doesn't bind `VK_UP`
[INFO] [stdout]     |             |       |         |          pattern doesn't bind `VK_UP`
[INFO] [stdout]     |             |       |         pattern doesn't bind `VK_UP`
[INFO] [stdout]     |             |       pattern doesn't bind `VK_UP`
[INFO] [stdout]     |             variable not in all patterns
[INFO] [stdout]     |
[INFO] [stdout] help: if you meant to match on a unit struct, unit variant or a `const` item, consider making the path in the pattern qualified: `path::to::ModOrType::VK_UP`
[INFO] [stdout]    --> crates/velox-gui/src/main.rs:386:13
[INFO] [stdout]     |
[INFO] [stdout] 386 |             VK_UP | VK_DOWN | VK_PRIOR | VK_NEXT | VK_RETURN | VK_F2 | VK_F3 | VK_F5 | VK_ESCAPE
[INFO] [stdout]     |             ^^^^^
[INFO] [stdout] 
[INFO] [stdout] 
[INFO] [stdout] error[E0408]: variable `WM_LBUTTONDBLCLK` is not bound in all patterns
[INFO] [stdout]    --> crates/velox-gui/src/main.rs:510:9
[INFO] [stdout]     |
[INFO] [stdout] 510 |         WM_LBUTTONDOWN | WM_LBUTTONDBLCLK => {
[INFO] [stdout]     |         ^^^^^^^^^^^^^^   ---------------- variable not in all patterns
[INFO] [stdout]     |         |
[INFO] [stdout]     |         pattern doesn't bind `WM_LBUTTONDBLCLK`
[INFO] [stdout]     |
[INFO] [stdout] help: if you meant to match on a unit struct, unit variant or a `const` item, consider making the path in the pattern qualified: `path::to::ModOrType::WM_LBUTTONDBLCLK`
[INFO] [stdout]    --> crates/velox-gui/src/main.rs:510:26
[INFO] [stdout]     |
[INFO] [stdout] 510 |         WM_LBUTTONDOWN | WM_LBUTTONDBLCLK => {
[INFO] [stdout]     |                          ^^^^^^^^^^^^^^^^
[INFO] [stdout] 
[INFO] [stdout] 
[INFO] [stdout] error[E0408]: variable `WM_LBUTTONDOWN` is not bound in all patterns
[INFO] [stdout]    --> crates/velox-gui/src/main.rs:510:26
[INFO] [stdout]     |
[INFO] [stdout] 510 |         WM_LBUTTONDOWN | WM_LBUTTONDBLCLK => {
[INFO] [stdout]     |         --------------   ^^^^^^^^^^^^^^^^ pattern doesn't bind `WM_LBUTTONDOWN`
[INFO] [stdout]     |         |
[INFO] [stdout]     |         variable not in all patterns
[INFO] [stdout]     |
[INFO] [stdout] help: if you meant to match on a unit struct, unit variant or a `const` item, consider making the path in the pattern qualified: `path::to::ModOrType::WM_LBUTTONDOWN`
[INFO] [stdout]    --> crates/velox-gui/src/main.rs:510:9
[INFO] [stdout]     |
[INFO] [stdout] 510 |         WM_LBUTTONDOWN | WM_LBUTTONDBLCLK => {
[INFO] [stdout]     |         ^^^^^^^^^^^^^^
[INFO] [stdout] 
[INFO] [stdout] 
[INFO] [stdout] error[E0425]: cannot find value `SWP_NOZORDER` in this scope
[INFO] [stdout]    --> crates/velox-gui/src/main.rs:252:17
[INFO] [stdout]     |
[INFO] [stdout] 252 |                 SWP_NOZORDER,
[INFO] [stdout]     |                 ^^^^^^^^^^^^ not found in this scope
[INFO] [stdout] 
[INFO] [stdout] 
[INFO] [stdout] error[E0425]: cannot find value `GWLP_USERDATA` in this scope
[INFO] [stdout]    --> crates/velox-gui/src/main.rs:368:43
[INFO] [stdout]     |
[INFO] [stdout] 368 |         let ptr = GetWindowLongPtrW(hwnd, GWLP_USERDATA) as *mut App;
[INFO] [stdout]     |                                           ^^^^^^^^^^^^^ not found in this scope
[INFO] [stdout] 
[INFO] [stdout] 
[INFO] [stdout] error[E0425]: cannot find value `WM_KEYDOWN` in this scope
[INFO] [stdout]    --> crates/velox-gui/src/main.rs:382:15
[INFO] [stdout]     |
[INFO] [stdout] 382 |     if msg == WM_KEYDOWN {
[INFO] [stdout]     |               ^^^^^^^^^^ not found in this scope
[INFO] [stdout] 
[INFO] [stdout] 
[INFO] [stdout] error[E0425]: cannot find value `WM_CHAR` in this scope
[INFO] [stdout]    --> crates/velox-gui/src/main.rs:400:15
[INFO] [stdout]     |
[INFO] [stdout] 400 |     if msg == WM_CHAR && (wparam.0 == 0x0D || wparam.0 == 0x1B) {
[INFO] [stdout]     |               ^^^^^^^ not found in this scope
[INFO] [stdout] 
[INFO] [stdout] 
[INFO] [stdout] error[E0425]: cannot find type `WNDPROC` in this scope
[INFO] [stdout]    --> crates/velox-gui/src/main.rs:404:16
[INFO] [stdout]     |
[INFO] [stdout] 404 |         let f: WNDPROC = std::mem::transmute(original);
[INFO] [stdout]     |                ^^^^^^^ not found in this scope
[INFO] [stdout] 
[INFO] [stdout] 
[INFO] [stdout] error[E0425]: cannot find type `CREATESTRUCTW` in this scope
[INFO] [stdout]    --> crates/velox-gui/src/main.rs:418:41
[INFO] [stdout]     |
[INFO] [stdout] 418 |             let cs = lparam.0 as *const CREATESTRUCTW;
[INFO] [stdout]     |                                         ^^^^^^^^^^^^^ not found in this scope
[INFO] [stdout] 
[INFO] [stdout] 
[INFO] [stdout] error[E0425]: cannot find value `GWLP_USERDATA` in this scope
[INFO] [stdout]    --> crates/velox-gui/src/main.rs:421:41
[INFO] [stdout]     |
[INFO] [stdout] 421 |                 SetWindowLongPtrW(hwnd, GWLP_USERDATA, app as isize);
[INFO] [stdout]     |                                         ^^^^^^^^^^^^^ not found in this scope
[INFO] [stdout] 
[INFO] [stdout] 
[INFO] [stdout] error[E0425]: cannot find value `EN_CHANGE` in this scope
[INFO] [stdout]    --> crates/velox-gui/src/main.rs:479:24
[INFO] [stdout]     |
[INFO] [stdout] 479 |             if code == EN_CHANGE {
[INFO] [stdout]     |                        ^^^^^^^^^ not found in this scope
[INFO] [stdout] 
[INFO] [stdout] 
[INFO] [stdout] error[E0425]: cannot find value `WS_CHILD` in this scope
[INFO] [stdout]    --> crates/velox-gui/src/main.rs:638:13
[INFO] [stdout]     |
[INFO] [stdout] 638 |             WS_CHILD | WS_VISIBLE | WINDOW_STYLE(ES_AUTOHSCROLL as u32),
[INFO] [stdout]     |             ^^^^^^^^ not found in this scope
[INFO] [stdout] 
[INFO] [stdout] 
[INFO] [stdout] error[E0425]: cannot find value `WS_VISIBLE` in this scope
[INFO] [stdout]    --> crates/velox-gui/src/main.rs:638:24
[INFO] [stdout]     |
[INFO] [stdout] 638 |             WS_CHILD | WS_VISIBLE | WINDOW_STYLE(ES_AUTOHSCROLL as u32),
[INFO] [stdout]     |                        ^^^^^^^^^^ not found in this scope
[INFO] [stdout] 
[INFO] [stdout] 
[INFO] [stdout] error[E0425]: cannot find value `ES_AUTOHSCROLL` in this scope
[INFO] [stdout]    --> crates/velox-gui/src/main.rs:638:50
[INFO] [stdout]     |
[INFO] [stdout] 638 |             WS_CHILD | WS_VISIBLE | WINDOW_STYLE(ES_AUTOHSCROLL as u32),
[INFO] [stdout]     |                                                  ^^^^^^^^^^^^^^ not found in this scope
[INFO] [stdout] 
[INFO] [stdout] 
[INFO] [stdout] error[E0425]: cannot find value `WM_SETFONT` in this scope
[INFO] [stdout]    --> crates/velox-gui/src/main.rs:674:28
[INFO] [stdout]     |
[INFO] [stdout] 674 |         SendMessageW(edit, WM_SETFONT, Some(WPARAM(font.0 as usize)), Some(LPARAM(1)));
[INFO] [stdout]     |                            ^^^^^^^^^^ not found in this scope
[INFO] [stdout] 
[INFO] [stdout] 
[INFO] [stdout] error[E0425]: cannot find value `GWLP_WNDPROC` in this scope
[INFO] [stdout]    --> crates/velox-gui/src/main.rs:676:44
[INFO] [stdout]     |
[INFO] [stdout] 676 |         let prev = SetWindowLongPtrW(edit, GWLP_WNDPROC, edit_proc as *const () as isize);
[INFO] [stdout]     |                                            ^^^^^^^^^^^^ not found in this scope
[INFO] [stdout] 
[INFO] [stdout] 
[INFO] [stdout] error[E0422]: cannot find struct, variant or union type `WNDCLASSW` in this scope
[INFO] [stdout]    --> crates/velox-gui/src/main.rs:718:18
[INFO] [stdout]     |
[INFO] [stdout] 718 |         let wc = WNDCLASSW {
[INFO] [stdout]     |                  ^^^^^^^^^ not found in this scope
[INFO] [stdout] 
[INFO] [stdout] 
[INFO] [stdout] error[E0425]: cannot find value `CS_HREDRAW` in this scope
[INFO] [stdout]    --> crates/velox-gui/src/main.rs:719:20
[INFO] [stdout]     |
[INFO] [stdout] 719 |             style: CS_HREDRAW | CS_VREDRAW | CS_DBLCLKS,
[INFO] [stdout]     |                    ^^^^^^^^^^ not found in this scope
[INFO] [stdout] 
[INFO] [stdout] 
[INFO] [stdout] error[E0425]: cannot find value `CS_VREDRAW` in this scope
[INFO] [stdout]    --> crates/velox-gui/src/main.rs:719:33
[INFO] [stdout]     |
[INFO] [stdout] 719 |             style: CS_HREDRAW | CS_VREDRAW | CS_DBLCLKS,
[INFO] [stdout]     |                                 ^^^^^^^^^^ not found in this scope
[INFO] [stdout] 
[INFO] [stdout] 
[INFO] [stdout] error[E0425]: cannot find value `CS_DBLCLKS` in this scope
[INFO] [stdout]    --> crates/velox-gui/src/main.rs:719:46
[INFO] [stdout]     |
[INFO] [stdout] 719 |             style: CS_HREDRAW | CS_VREDRAW | CS_DBLCLKS,
[INFO] [stdout]     |                                              ^^^^^^^^^^ not found in this scope
[INFO] [stdout] 
[INFO] [stdout] 
[INFO] [stdout] error[E0425]: cannot find value `IDC_ARROW` in this scope
[INFO] [stdout]    --> crates/velox-gui/src/main.rs:722:40
[INFO] [stdout]     |
[INFO] [stdout] 722 |             hCursor: LoadCursorW(None, IDC_ARROW).unwrap_or_default(),
[INFO] [stdout]     |                                        ^^^^^^^^^ not found in this scope
[INFO] [stdout] 
[INFO] [stdout] 
[INFO] [stdout] error[E0425]: cannot find value `WS_OVERLAPPEDWINDOW` in this scope
[INFO] [stdout]    --> crates/velox-gui/src/main.rs:737:13
[INFO] [stdout]     |
[INFO] [stdout] 737 |             WS_OVERLAPPEDWINDOW | WS_CLIPCHILDREN,
[INFO] [stdout]     |             ^^^^^^^^^^^^^^^^^^^ not found in this scope
[INFO] [stdout] 
[INFO] [stdout] 
[INFO] [stdout] error[E0425]: cannot find value `WS_CLIPCHILDREN` in this scope
[INFO] [stdout]    --> crates/velox-gui/src/main.rs:737:35
[INFO] [stdout]     |
[INFO] [stdout] 737 |             WS_OVERLAPPEDWINDOW | WS_CLIPCHILDREN,
[INFO] [stdout]     |                                   ^^^^^^^^^^^^^^^ not found in this scope
[INFO] [stdout] 
[INFO] [stdout] 
[INFO] [stdout] error[E0425]: cannot find value `CW_USEDEFAULT` in this scope
[INFO] [stdout]    --> crates/velox-gui/src/main.rs:738:13
[INFO] [stdout]     |
[INFO] [stdout] 738 |             CW_USEDEFAULT,
[INFO] [stdout]     |             ^^^^^^^^^^^^^ not found in this scope
[INFO] [stdout] 
[INFO] [stdout] 
[INFO] [stdout] error[E0425]: cannot find value `CW_USEDEFAULT` in this scope
[INFO] [stdout]    --> crates/velox-gui/src/main.rs:739:13
[INFO] [stdout]     |
[INFO] [stdout] 739 |             CW_USEDEFAULT,
[INFO] [stdout]     |             ^^^^^^^^^^^^^ not found in this scope
[INFO] [stdout] 
[INFO] [stdout] 
[INFO] [stdout] error[E0425]: cannot find value `SW_SHOW` in this scope
[INFO] [stdout]    --> crates/velox-gui/src/main.rs:753:34
[INFO] [stdout]     |
[INFO] [stdout] 753 |         let _ = ShowWindow(hwnd, SW_SHOW);
[INFO] [stdout]     |                                  ^^^^^^^ not found in this scope
[INFO] [stdout] 
[INFO] [stdout] 
[INFO] [stdout] warning: unused imports: `Duration` and `Instant`
[INFO] [stdout]   --> crates/velox-gui/src/worker.rs:12:17
[INFO] [stdout]    |
[INFO] [stdout] 12 | use std::time::{Duration, Instant};
[INFO] [stdout]    |                 ^^^^^^^^  ^^^^^^^
[INFO] [stdout]    |
[INFO] [stdout]    = note: `#[warn(unused_imports)]` (part of `#[warn(unused)]`) on by default
[INFO] [stdout] 
[INFO] [stdout] 
[INFO] [stdout] error[E0425]: cannot find function, tuple struct or tuple variant `GetClientRect` in this scope
[INFO] [stdout]   --> crates/velox-gui/src/main.rs:88:21
[INFO] [stdout]    |
[INFO] [stdout] 88 |             let _ = GetClientRect(self.hwnd, &mut r);
[INFO] [stdout]    |                     ^^^^^^^^^^^^^ not found in this scope
[INFO] [stdout] 
[INFO] [stdout] 
[INFO] [stdout] error[E0425]: cannot find function, tuple struct or tuple variant `GetWindowTextW` in this scope
[INFO] [stdout]    --> crates/velox-gui/src/main.rs:120:26
[INFO] [stdout]     |
[INFO] [stdout] 120 |         let n = unsafe { GetWindowTextW(self.edit, &mut buf) } as usize;
[INFO] [stdout]     |                          ^^^^^^^^^^^^^^ not found in this scope
[INFO] [stdout] 
[INFO] [stdout] 
[INFO] [stdout] error[E0425]: cannot find function, tuple struct or tuple variant `SetWindowPos` in this scope
[INFO] [stdout]    --> crates/velox-gui/src/main.rs:245:21
[INFO] [stdout]     |
[INFO] [stdout] 245 |             let _ = SetWindowPos(
[INFO] [stdout]     |                     ^^^^^^^^^^^^ not found in this scope
[INFO] [stdout] 
[INFO] [stdout] 
[INFO] [stdout] error[E0599]: no method named `raw_arg` found for struct `std::process::Command` in the current scope
[INFO] [stdout]    --> crates/velox-gui/src/main.rs:291:14
[INFO] [stdout]     |
[INFO] [stdout] 290 |         let _ = std::process::Command::new("explorer.exe")
[INFO] [stdout] 291 |             .raw_arg(format!("/select,\"{path}\""))
[INFO] [stdout]     |              ^^^^^^^ method not found in `std::process::Command`
[INFO] [stdout] 
[INFO] [stdout] 
[INFO] [stdout] error[E0425]: cannot find function, tuple struct or tuple variant `SetWindowTextW` in this scope
[INFO] [stdout]    --> crates/velox-gui/src/main.rs:322:29
[INFO] [stdout]     |
[INFO] [stdout] 322 |                     let _ = SetWindowTextW(self.edit, PCWSTR(empty.as_ptr()));
[INFO] [stdout]     |                             ^^^^^^^^^^^^^^ not found in this scope
[INFO] [stdout] 
[INFO] [stdout] 
[INFO] [stdout] error[E0425]: cannot find function, tuple struct or tuple variant `GetWindowLongPtrW` in this scope
[INFO] [stdout]    --> crates/velox-gui/src/main.rs:368:19
[INFO] [stdout]     |
[INFO] [stdout] 368 |         let ptr = GetWindowLongPtrW(hwnd, GWLP_USERDATA) as *mut App;
[INFO] [stdout]     |                   ^^^^^^^^^^^^^^^^^ not found in this scope
[INFO] [stdout] 
[INFO] [stdout] 
[INFO] [stdout] error[E0425]: cannot find function, tuple struct or tuple variant `GetParent` in this scope
[INFO] [stdout]    --> crates/velox-gui/src/main.rs:389:35
[INFO] [stdout]     |
[INFO] [stdout] 389 |             let parent = unsafe { GetParent(hwnd) };
[INFO] [stdout]     |                                   ^^^^^^^^^ not found in this scope
[INFO] [stdout] 
[INFO] [stdout] 
[INFO] [stdout] error[E0425]: cannot find function, tuple struct or tuple variant `CallWindowProcW` in this scope
[INFO] [stdout]    --> crates/velox-gui/src/main.rs:405:9
[INFO] [stdout]     |
[INFO] [stdout] 405 |         CallWindowProcW(f, hwnd, msg, wparam, lparam)
[INFO] [stdout]     |         ^^^^^^^^^^^^^^^ not found in this scope
[INFO] [stdout] 
[INFO] [stdout] 
[INFO] [stdout] error[E0425]: cannot find function, tuple struct or tuple variant `SetWindowLongPtrW` in this scope
[INFO] [stdout]    --> crates/velox-gui/src/main.rs:421:17
[INFO] [stdout]     |
[INFO] [stdout] 421 |                 SetWindowLongPtrW(hwnd, GWLP_USERDATA, app as isize);
[INFO] [stdout]     |                 ^^^^^^^^^^^^^^^^^ not found in this scope
[INFO] [stdout] 
[INFO] [stdout] 
[INFO] [stdout] error[E0425]: cannot find function, tuple struct or tuple variant `DefWindowProcW` in this scope
[INFO] [stdout]    --> crates/velox-gui/src/main.rs:424:22
[INFO] [stdout]     |
[INFO] [stdout] 424 |             unsafe { DefWindowProcW(hwnd, msg, wparam, lparam) }
[INFO] [stdout]     |                      ^^^^^^^^^^^^^^ not found in this scope
[INFO] [stdout] 
[INFO] [stdout] 
[INFO] [stdout] error[E0425]: cannot find function, tuple struct or tuple variant `DefWindowProcW` in this scope
[INFO] [stdout]    --> crates/velox-gui/src/main.rs:475:22
[INFO] [stdout]     |
[INFO] [stdout] 475 |             unsafe { DefWindowProcW(hwnd, msg, wparam, lparam) }
[INFO] [stdout]     |                      ^^^^^^^^^^^^^^ not found in this scope
[INFO] [stdout] 
[INFO] [stdout] 
[INFO] [stdout] error[E0425]: cannot find function, tuple struct or tuple variant `DefWindowProcW` in this scope
[INFO] [stdout]    --> crates/velox-gui/src/main.rs:500:22
[INFO] [stdout]     |
[INFO] [stdout] 500 |             unsafe { DefWindowProcW(hwnd, msg, wparam, lparam) }
[INFO] [stdout]     |                      ^^^^^^^^^^^^^^ not found in this scope
[INFO] [stdout] 
[INFO] [stdout] 
[INFO] [stdout] error[E0425]: cannot find function, tuple struct or tuple variant `PostQuitMessage` in this scope
[INFO] [stdout]    --> crates/velox-gui/src/main.rs:603:22
[INFO] [stdout]     |
[INFO] [stdout] 603 |             unsafe { PostQuitMessage(0) };
[INFO] [stdout]     |                      ^^^^^^^^^^^^^^^ not found in this scope
[INFO] [stdout] 
[INFO] [stdout] 
[INFO] [stdout] error[E0425]: cannot find function, tuple struct or tuple variant `DefWindowProcW` in this scope
[INFO] [stdout]    --> crates/velox-gui/src/main.rs:606:23
[INFO] [stdout]     |
[INFO] [stdout] 606 |         _ => unsafe { DefWindowProcW(hwnd, msg, wparam, lparam) },
[INFO] [stdout]     |                       ^^^^^^^^^^^^^^ not found in this scope
[INFO] [stdout] 
[INFO] [stdout] 
[INFO] [stdout] error[E0425]: cannot find function, tuple struct or tuple variant `WINDOW_EX_STYLE` in this scope
[INFO] [stdout]    --> crates/velox-gui/src/main.rs:635:13
[INFO] [stdout]     |
[INFO] [stdout] 635 |             WINDOW_EX_STYLE(0),
[INFO] [stdout]     |             ^^^^^^^^^^^^^^^ not found in this scope
[INFO] [stdout]     |
[INFO] [stdout] note: similarly named constant `WINDOW_TITLE` defined here
[INFO] [stdout]    --> crates/velox-gui/src/main.rs:46:1
[INFO] [stdout]     |
[INFO] [stdout]  46 | const WINDOW_TITLE: &str = "Velox";
[INFO] [stdout]     | ^^^^^^^^^^^^^^^^^^^^^^^^^^^^^^^^^^^
[INFO] [stdout] help: a constant with a similar name exists
[INFO] [stdout]     |
[INFO] [stdout] 635 -             WINDOW_EX_STYLE(0),
[INFO] [stdout] 635 +             WINDOW_TITLE(0),
[INFO] [stdout]     |
[INFO] [stdout] 
[INFO] [stdout] 
[INFO] [stdout] error[E0425]: cannot find function, tuple struct or tuple variant `WINDOW_STYLE` in this scope
[INFO] [stdout]    --> crates/velox-gui/src/main.rs:638:37
[INFO] [stdout]     |
[INFO] [stdout] 638 |             WS_CHILD | WS_VISIBLE | WINDOW_STYLE(ES_AUTOHSCROLL as u32),
[INFO] [stdout]     |                                     ^^^^^^^^^^^^ not found in this scope
[INFO] [stdout]     |
[INFO] [stdout] note: similarly named constant `WINDOW_TITLE` defined here
[INFO] [stdout]    --> crates/velox-gui/src/main.rs:46:1
[INFO] [stdout]     |
[INFO] [stdout]  46 | const WINDOW_TITLE: &str = "Velox";
[INFO] [stdout]     | ^^^^^^^^^^^^^^^^^^^^^^^^^^^^^^^^^^^
[INFO] [stdout] help: a constant with a similar name exists
[INFO] [stdout]     |
[INFO] [stdout] 638 -             WS_CHILD | WS_VISIBLE | WINDOW_STYLE(ES_AUTOHSCROLL as u32),
[INFO] [stdout] 638 +             WS_CHILD | WS_VISIBLE | WINDOW_TITLE(ES_AUTOHSCROLL as u32),
[INFO] [stdout]     |
[INFO] [stdout] 
[INFO] [stdout] 
[INFO] [stdout] error[E0425]: cannot find function, tuple struct or tuple variant `HMENU` in this scope
[INFO] [stdout]    --> crates/velox-gui/src/main.rs:644:18
[INFO] [stdout]     |
[INFO] [stdout] 644 |             Some(HMENU(ID_SEARCH as *mut core::ffi::c_void)),
[INFO] [stdout]     |                  ^^^^^ not found in this scope
[INFO] [stdout] 
[INFO] [stdout] 
[INFO] [stdout] error[E0425]: cannot find function, tuple struct or tuple variant `CreateWindowExW` in this scope
[INFO] [stdout]    --> crates/velox-gui/src/main.rs:634:9
[INFO] [stdout]     |
[INFO] [stdout] 634 |         CreateWindowExW(
[INFO] [stdout]     |         ^^^^^^^^^^^^^^^ not found in this scope
[INFO] [stdout] 
[INFO] [stdout] 
[INFO] [stdout] error[E0425]: cannot find function, tuple struct or tuple variant `SendMessageW` in this scope
[INFO] [stdout]    --> crates/velox-gui/src/main.rs:674:9
[INFO] [stdout]     |
[INFO] [stdout] 674 |         SendMessageW(edit, WM_SETFONT, Some(WPARAM(font.0 as usize)), Some(LPARAM(1)));
[INFO] [stdout]     |         ^^^^^^^^^^^^ not found in this scope
[INFO] [stdout] 
[INFO] [stdout] 
[INFO] [stdout] error[E0425]: cannot find function, tuple struct or tuple variant `SetWindowLongPtrW` in this scope
[INFO] [stdout]    --> crates/velox-gui/src/main.rs:676:20
[INFO] [stdout]     |
[INFO] [stdout] 676 |         let prev = SetWindowLongPtrW(edit, GWLP_WNDPROC, edit_proc as *const () as isize);
[INFO] [stdout]     |                    ^^^^^^^^^^^^^^^^^ not found in this scope
[INFO] [stdout] 
[INFO] [stdout] 
[INFO] [stdout] error[E0425]: cannot find function, tuple struct or tuple variant `LoadCursorW` in this scope
[INFO] [stdout]    --> crates/velox-gui/src/main.rs:722:22
[INFO] [stdout]     |
[INFO] [stdout] 722 |             hCursor: LoadCursorW(None, IDC_ARROW).unwrap_or_default(),
[INFO] [stdout]     |                      ^^^^^^^^^^^ not found in this scope
[INFO] [stdout] 
[INFO] [stdout] 
[INFO] [stdout] error[E0425]: cannot find function, tuple struct or tuple variant `RegisterClassW` in this scope
[INFO] [stdout]    --> crates/velox-gui/src/main.rs:726:12
[INFO] [stdout]     |
[INFO] [stdout] 726 |         if RegisterClassW(&wc) == 0 {
[INFO] [stdout]     |            ^^^^^^^^^^^^^^ not found in this scope
[INFO] [stdout] 
[INFO] [stdout] 
[INFO] [stdout] error[E0425]: cannot find function, tuple struct or tuple variant `WINDOW_EX_STYLE` in this scope
[INFO] [stdout]    --> crates/velox-gui/src/main.rs:733:13
[INFO] [stdout]     |
[INFO] [stdout] 733 |             WINDOW_EX_STYLE(0),
[INFO] [stdout]     |             ^^^^^^^^^^^^^^^ not found in this scope
[INFO] [stdout]     |
[INFO] [stdout] note: similarly named constant `WINDOW_TITLE` defined here
[INFO] [stdout]    --> crates/velox-gui/src/main.rs:46:1
[INFO] [stdout]     |
[INFO] [stdout]  46 | const WINDOW_TITLE: &str = "Velox";
[INFO] [stdout]     | ^^^^^^^^^^^^^^^^^^^^^^^^^^^^^^^^^^^
[INFO] [stdout] help: a constant with a similar name exists
[INFO] [stdout]     |
[INFO] [stdout] 733 -             WINDOW_EX_STYLE(0),
[INFO] [stdout] 733 +             WINDOW_TITLE(0),
[INFO] [stdout]     |
[INFO] [stdout] 
[INFO] [stdout] 
[INFO] [stdout] error[E0425]: cannot find function, tuple struct or tuple variant `CreateWindowExW` in this scope
[INFO] [stdout]    --> crates/velox-gui/src/main.rs:732:20
[INFO] [stdout]     |
[INFO] [stdout] 732 |         let hwnd = CreateWindowExW(
[INFO] [stdout]     |                    ^^^^^^^^^^^^^^^ not found in this scope
[INFO] [stdout] 
[INFO] [stdout] 
[INFO] [stdout] error[E0425]: cannot find function, tuple struct or tuple variant `ShowWindow` in this scope
[INFO] [stdout]    --> crates/velox-gui/src/main.rs:753:17
[INFO] [stdout]     |
[INFO] [stdout] 753 |         let _ = ShowWindow(hwnd, SW_SHOW);
[INFO] [stdout]     |                 ^^^^^^^^^^ not found in this scope
[INFO] [stdout] 
[INFO] [stdout] 
[INFO] [stdout] error[E0433]: cannot find type `MSG` in this scope
[INFO] [stdout]    --> crates/velox-gui/src/main.rs:756:23
[INFO] [stdout]     |
[INFO] [stdout] 756 |         let mut msg = MSG::default();
[INFO] [stdout]     |                       ^^^ use of undeclared type `MSG`
[INFO] [stdout] 
[INFO] [stdout] 
[INFO] [stdout] error[E0425]: cannot find function, tuple struct or tuple variant `GetMessageW` in this scope
[INFO] [stdout]    --> crates/velox-gui/src/main.rs:757:15
[INFO] [stdout]     |
[INFO] [stdout] 757 |         while GetMessageW(&mut msg, None, 0, 0).as_bool() {
[INFO] [stdout]     |               ^^^^^^^^^^^ not found in this scope
[INFO] [stdout] 
[INFO] [stdout] 
[INFO] [stdout] error[E0425]: cannot find function, tuple struct or tuple variant `TranslateMessage` in this scope
[INFO] [stdout]    --> crates/velox-gui/src/main.rs:758:21
[INFO] [stdout]     |
[INFO] [stdout] 758 |             let _ = TranslateMessage(&msg);
[INFO] [stdout]     |                     ^^^^^^^^^^^^^^^^ not found in this scope
[INFO] [stdout] 
[INFO] [stdout] 
[INFO] [stdout] error[E0425]: cannot find function, tuple struct or tuple variant `DispatchMessageW` in this scope
[INFO] [stdout]    --> crates/velox-gui/src/main.rs:759:13
[INFO] [stdout]     |
[INFO] [stdout] 759 |             DispatchMessageW(&msg);
[INFO] [stdout]     |             ^^^^^^^^^^^^^^^^ not found in this scope
[INFO] [stdout] 
[INFO] [stdout] 
[INFO] [stdout] Some errors have detailed explanations: E0408, E0422, E0425, E0432, E0433, E0599.
[INFO] [stdout] 
[INFO] [stdout] For more information about an error, try `rustc --explain E0408`.
[INFO] [stdout] 
[INFO] [stderr] error: could not compile `velox-gui` (bin "Velox") due to 81 previous errors; 1 warning emitted
[INFO] [stderr] warning: build failed, waiting for other jobs to finish...
[INFO] running `Command { std: "docker" "inspect" "0afed5f08707968dcf3a10f12630c1d876fb73bb84a7f4bd3f3835c0f09af6a7", kill_on_drop: false }`
[INFO] running `Command { std: "docker" "rm" "-f" "0afed5f08707968dcf3a10f12630c1d876fb73bb84a7f4bd3f3835c0f09af6a7", kill_on_drop: false }`
[INFO] [stdout] 0afed5f08707968dcf3a10f12630c1d876fb73bb84a7f4bd3f3835c0f09af6a7
