[INFO] cloning repository https://github.com/praiae/LPSF
[INFO] running `Command { std: "git" "-c" "credential.helper=" "-c" "credential.helper=/workspace/cargo-home/bin/git-credential-null" "clone" "--bare" "https://github.com/praiae/LPSF" "/workspace/cache/git-repos/https%3A%2F%2Fgithub.com%2Fpraiae%2FLPSF", kill_on_drop: false }`
[INFO] [stderr] Cloning into bare repository '/workspace/cache/git-repos/https%3A%2F%2Fgithub.com%2Fpraiae%2FLPSF'...
[INFO] running `Command { std: "git" "rev-parse" "HEAD", kill_on_drop: false }`
[INFO] [stdout] 536fdc714812d5f743ac9df776b622d6e5f13772
[INFO] checking praiae/LPSF against 3154cc1a3e6424e44f438a95007d043ed5ceaaf6+rustflags=-Znext-solver=coherence for pr-133502-30
[INFO] running `Command { std: "git" "clone" "/workspace/cache/git-repos/https%3A%2F%2Fgithub.com%2Fpraiae%2FLPSF" "/workspace/builds/worker-3-tc1/source", kill_on_drop: false }`
[INFO] [stderr] Cloning into '/workspace/builds/worker-3-tc1/source'...
[INFO] [stderr] done.
[INFO] started tweaking git repo https://github.com/praiae/LPSF
[INFO] finished tweaking git repo https://github.com/praiae/LPSF
[INFO] tweaked toml for git repo https://github.com/praiae/LPSF written to /workspace/builds/worker-3-tc1/source/Cargo.toml
[INFO] validating manifest of git repo https://github.com/praiae/LPSF on toolchain 3154cc1a3e6424e44f438a95007d043ed5ceaaf6
[INFO] running `Command { std: CARGO_HOME="/workspace/cargo-home" RUSTUP_HOME="/workspace/rustup-home" "/workspace/cargo-home/bin/cargo" "+3154cc1a3e6424e44f438a95007d043ed5ceaaf6" "metadata" "--manifest-path" "Cargo.toml" "--no-deps", kill_on_drop: false }`
[INFO] crate git repo https://github.com/praiae/LPSF already has a lockfile, it will not be regenerated
[INFO] running `Command { std: CARGO_HOME="/workspace/cargo-home" RUSTUP_HOME="/workspace/rustup-home" "/workspace/cargo-home/bin/cargo" "+3154cc1a3e6424e44f438a95007d043ed5ceaaf6" "fetch" "--manifest-path" "Cargo.toml", kill_on_drop: false }`
[INFO] [stderr] warning: unused workspace dependency `config`
[INFO] [stderr]  --> Cargo.toml:8:1
[INFO] [stderr]   |
[INFO] [stderr] 8 | config = "0.14"
[INFO] [stderr]   | ^^^^^^
[INFO] [stderr]   |
[INFO] [stderr]   = note: `cargo::unused_workspace_dependencies` is set to `warn` by default
[INFO] [stderr] help: consider removing the workspace dependency `config`
[INFO] [stderr] warning: workspace (manifest) generated 1 warning
[INFO] [stderr]     Updating crates.io index
[INFO] [stderr]  Downloading crates ...
[INFO] [stderr]   Downloaded qrcode v0.14.1
[INFO] running `Command { std: "docker" "create" "-v" "/var/lib/crater-agent-workspace/builds/worker-3-tc1/source:/opt/rustwide/workdir:ro,Z" "-v" "/var/lib/crater-agent-workspace/builds/worker-3-tc1/target:/opt/rustwide/target:rw,Z" "-v" "/var/lib/crater-agent-workspace/cargo-home:/opt/rustwide/cargo-home:ro,Z" "-v" "/var/lib/crater-agent-workspace/rustup-home:/opt/rustwide/rustup-home:ro,Z" "-m" "1610612736" "--network" "none" "ghcr.io/rust-lang/crates-build-env/linux@sha256:77db811e55d90add9212f6832c23229e3de5f1c1f9905e8cb07319ea15df73ac" "sleep" "infinity", kill_on_drop: false }`
[INFO] [stdout] 2692b795f4149fadee8cba51fae4d3cc698d8d7ee84f9315f6a9d216e6a95c0e
[INFO] running `Command { std: "docker" "start" "2692b795f4149fadee8cba51fae4d3cc698d8d7ee84f9315f6a9d216e6a95c0e", kill_on_drop: false }`
[INFO] running `Command { std: "docker" "inspect" "2692b795f4149fadee8cba51fae4d3cc698d8d7ee84f9315f6a9d216e6a95c0e", kill_on_drop: false }`
[INFO] running `Command { std: "docker" "exec" "-e" "SOURCE_DIR=/opt/rustwide/workdir" "-e" "CARGO_HOME=/opt/rustwide/cargo-home" "-e" "RUSTUP_HOME=/opt/rustwide/rustup-home" "-e" "CARGO_TARGET_DIR=/opt/rustwide/target" "-w" "/opt/rustwide/workdir" "--user" "0:0" "2692b795f4149fadee8cba51fae4d3cc698d8d7ee84f9315f6a9d216e6a95c0e" "/opt/rustwide/cargo-home/bin/cargo" "+3154cc1a3e6424e44f438a95007d043ed5ceaaf6" "metadata" "--no-deps" "--format-version=1", kill_on_drop: false }`
[INFO] running `Command { std: "docker" "inspect" "2692b795f4149fadee8cba51fae4d3cc698d8d7ee84f9315f6a9d216e6a95c0e", kill_on_drop: false }`
[INFO] running `Command { std: "docker" "exec" "-e" "SOURCE_DIR=/opt/rustwide/workdir" "-e" "CARGO_HOME=/opt/rustwide/cargo-home" "-e" "RUSTUP_HOME=/opt/rustwide/rustup-home" "-e" "CARGO_TARGET_DIR=/opt/rustwide/target" "-e" "CARGO_INCREMENTAL=0" "-e" "RUST_BACKTRACE=full" "-e" "RUSTFLAGS=--cap-lints=forbid -Znext-solver=coherence" "-e" "RUSTDOCFLAGS=--cap-lints=forbid" "-w" "/opt/rustwide/workdir" "--user" "0:0" "2692b795f4149fadee8cba51fae4d3cc698d8d7ee84f9315f6a9d216e6a95c0e" "/opt/rustwide/cargo-home/bin/cargo" "+3154cc1a3e6424e44f438a95007d043ed5ceaaf6" "check" "--frozen" "--all" "--all-targets" "--message-format=json", kill_on_drop: false }`
[INFO] [stderr] warning: unused workspace dependency `config`
[INFO] [stderr]  --> Cargo.toml:8:1
[INFO] [stderr]   |
[INFO] [stderr] 8 | config = "0.14"
[INFO] [stderr]   | ^^^^^^
[INFO] [stderr]   |
[INFO] [stderr]   = note: `cargo::unused_workspace_dependencies` is set to `warn` by default
[INFO] [stderr] help: consider removing the workspace dependency `config`
[INFO] [stderr] warning: workspace (manifest) generated 1 warning
[INFO] [stderr]     Checking log v0.4.33
[INFO] [stderr]    Compiling num-traits v0.2.19
[INFO] [stderr]     Checking futures-core v0.3.33
[INFO] [stderr]    Compiling syn v3.0.3
[INFO] [stderr]    Compiling crossbeam-utils v0.8.22
[INFO] [stderr]     Checking futures-sink v0.3.33
[INFO] [stderr]    Compiling zerovec-derive v0.11.3
[INFO] [stderr]    Compiling zerocopy-derive v0.8.56
[INFO] [stderr]    Compiling serde_core v1.0.229
[INFO] [stderr]     Checking getrandom v0.2.17
[INFO] [stderr]     Checking futures-io v0.3.33
[INFO] [stderr]    Compiling zerofrom v0.1.8
[INFO] [stderr]     Checking futures-task v0.3.33
[INFO] [stderr]     Checking serde_json v1.0.151
[INFO] [stderr]     Checking arrayvec v0.7.8
[INFO] [stderr]    Compiling ring v0.17.14
[INFO] [stderr]    Compiling thiserror-impl v1.0.69
[INFO] [stderr]     Checking futures-channel v0.3.33
[INFO] [stderr]     Checking uuid v1.24.0
[INFO] [stderr]     Checking tracing v0.1.44
[INFO] [stderr]    Compiling yoke v0.8.3
[INFO] [stderr]     Checking futures-util v0.3.33
[INFO] [stderr]    Compiling pin-project-lite v0.2.17
[INFO] [stderr]    Compiling crossbeam-epoch v0.9.20
[INFO] [stderr]    Compiling pastey v0.1.1
[INFO] [stderr]    Compiling zeroize v1.9.0
[INFO] [stderr]    Compiling openssl-sys v0.9.117
[INFO] [stderr]    Compiling rustls-pki-types v1.15.1
[INFO] [stderr]    Compiling digest v0.10.7
[INFO] [stderr]     Checking sync_wrapper v1.0.2
[INFO] [stderr]    Compiling crossbeam-deque v0.8.7
[INFO] [stderr]    Compiling zerocopy v0.8.56
[INFO] [stderr]     Checking http-body-util v0.1.4
[INFO] [stderr]     Checking nom v7.1.3
[INFO] [stderr]    Compiling equator-macro v0.4.2
[INFO] [stderr]    Compiling mio v1.2.2
[INFO] [stderr]    Compiling socket2 v0.6.5
[INFO] [stderr]    Compiling rust_decimal v1.42.1
[INFO] [stderr]    Compiling foldhash v0.1.5
[INFO] [stderr]     Checking num-integer v0.1.46
[INFO] [stderr]     Checking zerovec v0.11.6
[INFO] [stderr]     Checking thiserror v1.0.69
[INFO] [stderr]     Checking num-bigint v0.4.8
[INFO] [stderr]    Compiling form_urlencoded v1.2.2
[INFO] [stderr]     Checking tinyvec v1.12.0
[INFO] [stderr]    Compiling hashbrown v0.15.5
[INFO] [stderr]     Checking potential_utf v0.1.5
[INFO] [stderr]     Checking rayon-core v1.13.0
[INFO] [stderr]     Checking equator v0.4.2
[INFO] [stderr]    Compiling tokio v1.53.1
[INFO] [stderr]    Compiling webpki-roots v1.0.9
[INFO] [stderr]    Compiling tracing-core v0.1.36
[INFO] [stderr]     Checking rand_core v0.6.4
[INFO] [stderr]    Compiling asn1-rs-derive v0.5.1
[INFO] [stderr]    Compiling asn1-rs-impl v0.2.0
[INFO] [stderr]    Compiling iana-time-zone v0.1.65
[INFO] [stderr]    Compiling crc-catalog v2.5.0
[INFO] [stderr]    Compiling slab v0.4.12
[INFO] [stderr]    Compiling sha2 v0.10.9
[INFO] [stderr]    Compiling crc v3.4.0
[INFO] [stderr]     Checking rusticata-macros v4.1.0
[INFO] [stderr]    Compiling event-listener v5.4.2
[INFO] [stderr]    Compiling hashlink v0.10.0
[INFO] [stderr]    Compiling chrono v0.4.45
[INFO] [stderr]    Compiling crossbeam-queue v0.3.13
[INFO] [stderr]    Compiling unicode-normalization v0.1.25
[INFO] [stderr]    Compiling webpki-roots v0.26.11
[INFO] [stderr]     Checking aligned-vec v0.6.4
[INFO] [stderr]     Checking getrandom v0.3.4
[INFO] [stderr]    Compiling hmac v0.12.1
[INFO] [stderr]    Compiling axum-macros v0.4.2
[INFO] [stderr]     Checking serde_path_to_error v0.1.20
[INFO] [stderr]    Compiling oid-registry v0.7.1
[INFO] [stderr]     Checking num-rational v0.4.2
[INFO] [stderr]    Compiling openssl v0.10.81
[INFO] [stderr]    Compiling stringprep v0.1.5
[INFO] [stderr]    Compiling hkdf v0.12.4
[INFO] [stderr]    Compiling rustls v0.23.43
[INFO] [stderr]     Checking rand_core v0.9.5
[INFO] [stderr]     Checking v_frame v0.3.9
[INFO] [stderr]    Compiling atoi v2.0.0
[INFO] [stderr]    Compiling md-5 v0.10.6
[INFO] [stderr]    Compiling openssl-macros v0.1.1
[INFO] [stderr]     Checking as-slice v0.2.1
[INFO] [stderr]     Checking bytemuck v1.25.2
[INFO] [stderr]    Compiling av-scenechange v0.14.1
[INFO] [stderr]    Compiling webauthn-attestation-ca v0.5.5
[INFO] [stderr]    Compiling built v0.8.1
[INFO] [stderr]    Compiling libm v0.2.16
[INFO] [stderr]     Checking aligned v0.4.3
[INFO] [stderr]    Compiling profiling-procmacros v1.0.18
[INFO] [stderr]    Compiling arg_enum_proc_macro v0.3.4
[INFO] [stderr]     Checking nom v8.0.0
[INFO] [stderr]    Compiling rav1e v0.8.1
[INFO] [stderr]     Checking no_std_io2 v0.9.4
[INFO] [stderr]    Compiling pulp v0.22.3
[INFO] [stderr]     Checking y4m v0.8.0
[INFO] [stderr]     Checking regex-syntax v0.8.11
[INFO] [stderr]    Compiling webauthn-rs-core v0.5.5
[INFO] [stderr]     Checking profiling v1.0.18
[INFO] [stderr]     Checking bitstream-io v4.10.0
[INFO] [stderr]     Checking num-complex v0.4.6
[INFO] [stderr]     Checking raw-cpuid v11.6.0
[INFO] [stderr]    Compiling simd_helpers v0.1.0
[INFO] [stderr]    Compiling ppv-lite86 v0.2.21
[INFO] [stderr]     Checking weezl v0.1.12
[INFO] [stderr]    Compiling noop_proc_macro v0.3.0
[INFO] [stderr]     Checking new_debug_unreachable v1.0.6
[INFO] [stderr]     Checking pulp-wasm-simd-flag v0.1.1
[INFO] [stderr]     Checking imgref v1.12.2
[INFO] [stderr]    Compiling rustls-webpki v0.103.13
[INFO] [stderr]     Checking reborrow v0.5.5
[INFO] [stderr]     Checking loop9 v0.1.5
[INFO] [stderr]    Compiling proc-macro-error-attr v1.0.4
[INFO] [stderr]    Compiling syn v1.0.109
[INFO] [stderr]    Compiling rand_chacha v0.3.1
[INFO] [stderr]     Checking zune-inflate v0.2.54
[INFO] [stderr]     Checking avif-serialize v0.8.9
[INFO] [stderr]    Compiling serde_derive v1.0.229
[INFO] [stderr]    Compiling displaydoc v0.2.7
[INFO] [stderr]    Compiling tokio-macros v2.7.2
[INFO] [stderr]    Compiling thiserror-impl v2.0.20
[INFO] [stderr]    Compiling async-trait v0.1.92
[INFO] [stderr]    Compiling rand v0.8.7
[INFO] [stderr]     Checking regex-automata v0.4.18
[INFO] [stderr]     Checking rgb v0.8.53
[INFO] [stderr]     Checking color_quant v1.1.0
[INFO] [stderr]     Checking bit_field v0.10.3
[INFO] [stderr]     Checking tinystr v0.8.3
[INFO] [stderr]     Checking zerotrie v0.2.4
[INFO] [stderr]     Checking icu_collections v2.2.0
[INFO] [stderr]     Checking icu_locale_core v2.2.0
[INFO] [stderr]     Checking axum-core v0.4.5
[INFO] [stderr]     Checking asn1-rs v0.6.2
[INFO] [stderr]     Checking lebe v0.5.3
[INFO] [stderr]     Checking fax v0.2.7
[INFO] [stderr]     Checking thiserror v2.0.20
[INFO] [stderr]     Checking gif v0.14.2
[INFO] [stderr]     Checking icu_provider v2.2.0
[INFO] [stderr]     Checking moxcms v0.8.1
[INFO] [stderr]    Compiling proc-macro-error v1.0.4
[INFO] [stderr]     Checking icu_properties v2.2.0
[INFO] [stderr]     Checking half v2.7.1
[INFO] [stderr]     Checking png v0.18.1
[INFO] [stderr]     Checking qoi v0.4.1
[INFO] [stderr]     Checking rand_chacha v0.9.0
[INFO] [stderr]     Checking av1-grain v0.2.5
[INFO] [stderr]     Checking rand v0.9.5
[INFO] [stderr]     Checking tiff v0.11.3
[INFO] [stderr]     Checking der-parser v9.0.0
[INFO] [stderr]    Compiling tokio-stream v0.1.19
[INFO] [stderr]     Checking password-hash v0.5.0
[INFO] [stderr]    Compiling validator_derive v0.18.2
[INFO] [stderr]     Checking regex v1.13.1
[INFO] [stderr]     Checking matchers v0.2.0
[INFO] [stderr]     Checking simple_asn1 v0.6.4
[INFO] [stderr]     Checking x509-parser v0.16.0
[INFO] [stderr]     Checking idna v0.5.0
[INFO] [stderr]     Checking blake2 v0.10.6
[INFO] [stderr]     Checking tracing-log v0.2.0
[INFO] [stderr]     Checking tower-http v0.5.2
[INFO] [stderr]     Checking tower v0.4.13
[INFO] [stderr]     Checking argon2 v0.5.3
[INFO] [stderr]     Checking serde v1.0.229
[INFO] [stderr]     Checking smallvec v1.15.2
[INFO] [stderr]     Checking either v1.17.0
[INFO] [stderr]     Checking serde_urlencoded v0.7.1
[INFO] [stderr]     Checking base64urlsafedata v0.5.5
[INFO] [stderr]     Checking serde_cbor_2 v0.13.0
[INFO] [stderr]     Checking jsonwebtoken v9.3.1
[INFO] [stderr]     Checking rayon v1.12.0
[INFO] [stderr]     Checking itertools v0.14.0
[INFO] [stderr]     Checking parking_lot_core v0.9.12
[INFO] [stderr]     Checking icu_normalizer v2.2.0
[INFO] [stderr]     Checking tracing-subscriber v0.3.23
[INFO] [stderr]    Compiling parking_lot v0.12.5
[INFO] [stderr]     Checking futures-intrusive v0.5.0
[INFO] [stderr]     Checking idna_adapter v1.2.2
[INFO] [stderr]     Checking idna v1.1.0
[INFO] [stderr]    Compiling url v2.5.8
[INFO] [stderr]    Compiling sqlx-core v0.8.6
[INFO] [stderr]     Checking exr v1.74.2
[INFO] [stderr]     Checking webauthn-rs-proto v0.5.5
[INFO] [stderr]     Checking validator v0.18.1
[INFO] [stderr]     Checking maybe-rayon v0.1.1
[INFO] [stderr]    Compiling sqlx-postgres v0.8.6
[INFO] [stderr]     Checking webauthn-rs v0.5.5
[INFO] [stderr]     Checking hyper v1.11.0
[INFO] [stderr]     Checking tower v0.5.3
[INFO] [stderr]     Checking tokio-rustls v0.26.4
[INFO] [stderr]     Checking tower-http v0.6.11
[INFO] [stderr]     Checking hyper-util v0.1.20
[INFO] [stderr]     Checking ravif v0.13.0
[INFO] [stderr]     Checking image v0.25.10
[INFO] [stderr]     Checking axum v0.7.9
[INFO] [stderr]     Checking hyper-rustls v0.27.9
[INFO] [stderr]     Checking reqwest v0.12.28
[INFO] [stderr]    Compiling sqlx-macros-core v0.8.6
[INFO] [stderr]     Checking qrcode v0.14.1
[INFO] [stderr]    Compiling sqlx-macros v0.8.6
[INFO] [stderr]     Checking common v0.1.0 (/opt/rustwide/workdir/crates/common)
[INFO] [stderr]     Checking domain v0.1.0 (/opt/rustwide/workdir/crates/domain)
[INFO] [stderr]     Checking sqlx v0.8.6
[INFO] [stderr]     Checking db v0.1.0 (/opt/rustwide/workdir/crates/db)
[INFO] [stdout] error: set `DATABASE_URL` to use query macros online, or run `cargo sqlx prepare` to update the query cache
[INFO] [stdout]   --> crates/db/src/cost_simulations.rs:17:15
[INFO] [stdout]    |
[INFO] [stdout] 17 |       let rec = sqlx::query_as!(
[INFO] [stdout]    |  _______________^
[INFO] [stdout] 18 | |         CostSimulation,
[INFO] [stdout] 19 | |         r#"
[INFO] [stdout] 20 | |         INSERT INTO cost_simulations (event_id, organizer_id, participants, selections, total_minor, currency, breakdown)
[INFO] [stdout] ...  |
[INFO] [stdout] 30 | |         input.breakdown
[INFO] [stdout] 31 | |     )
[INFO] [stdout]    | |_____^
[INFO] [stdout]    |
[INFO] [stdout]    = note: this error originates in the macro `$crate::sqlx_macros::expand_query` which comes from the expansion of the macro `sqlx::query_as` (in Nightly builds, run with -Z macro-backtrace for more info)
[INFO] [stdout] 
[INFO] [stdout] 
[INFO] [stdout] error: set `DATABASE_URL` to use query macros online, or run `cargo sqlx prepare` to update the query cache
[INFO] [stdout]   --> crates/db/src/event_media.rs:30:15
[INFO] [stdout]    |
[INFO] [stdout] 30 |       let rec = sqlx::query!(
[INFO] [stdout]    |  _______________^
[INFO] [stdout] 31 | |         r#"
[INFO] [stdout] 32 | |         INSERT INTO event_media (event_id, uploader_id, storage_key, content_type, kind, size_bytes, caption)
[INFO] [stdout] 33 | |         VALUES ($1, $2, $3, $4, $5, $6, $7)
[INFO] [stdout] ...  |
[INFO] [stdout] 42 | |         input.caption
[INFO] [stdout] 43 | |     )
[INFO] [stdout]    | |_____^
[INFO] [stdout]    |
[INFO] [stdout]    = note: this error originates in the macro `$crate::sqlx_macros::expand_query` which comes from the expansion of the macro `sqlx::query` (in Nightly builds, run with -Z macro-backtrace for more info)
[INFO] [stdout] 
[INFO] [stdout] 
[INFO] [stdout] error: set `DATABASE_URL` to use query macros online, or run `cargo sqlx prepare` to update the query cache
[INFO] [stdout]   --> crates/db/src/event_media.rs:61:16
[INFO] [stdout]    |
[INFO] [stdout] 61 |       let recs = sqlx::query!(
[INFO] [stdout]    |  ________________^
[INFO] [stdout] 62 | |         r#"
[INFO] [stdout] 63 | |         SELECT id, event_id, uploader_id, storage_key, content_type, kind, size_bytes, caption, created_at
[INFO] [stdout] 64 | |         FROM event_media WHERE event_id = $1 ORDER BY created_at DESC
[INFO] [stdout] 65 | |         "#,
[INFO] [stdout] 66 | |         event_id
[INFO] [stdout] 67 | |     )
[INFO] [stdout]    | |_____^
[INFO] [stdout]    |
[INFO] [stdout]    = note: this error originates in the macro `$crate::sqlx_macros::expand_query` which comes from the expansion of the macro `sqlx::query` (in Nightly builds, run with -Z macro-backtrace for more info)
[INFO] [stdout] 
[INFO] [stdout] 
[INFO] [stdout] error: set `DATABASE_URL` to use query macros online, or run `cargo sqlx prepare` to update the query cache
[INFO] [stdout]   --> crates/db/src/event_media.rs:88:15
[INFO] [stdout]    |
[INFO] [stdout] 88 |       let rec = sqlx::query!(
[INFO] [stdout]    |  _______________^
[INFO] [stdout] 89 | |         r#"
[INFO] [stdout] 90 | |         SELECT id, event_id, uploader_id, storage_key, content_type, kind, size_bytes, caption, created_at
[INFO] [stdout] 91 | |         FROM event_media WHERE id = $1
[INFO] [stdout] 92 | |         "#,
[INFO] [stdout] 93 | |         id
[INFO] [stdout] 94 | |     )
[INFO] [stdout]    | |_____^
[INFO] [stdout]    |
[INFO] [stdout]    = note: this error originates in the macro `$crate::sqlx_macros::expand_query` which comes from the expansion of the macro `sqlx::query` (in Nightly builds, run with -Z macro-backtrace for more info)
[INFO] [stdout] 
[INFO] [stdout] 
[INFO] [stdout] error: set `DATABASE_URL` to use query macros online, or run `cargo sqlx prepare` to update the query cache
[INFO] [stdout]    --> crates/db/src/event_media.rs:112:18
[INFO] [stdout]     |
[INFO] [stdout] 112 |     let result = sqlx::query!("DELETE FROM event_media WHERE id = $1", id)
[INFO] [stdout]     |                  ^^^^^^^^^^^^^^^^^^^^^^^^^^^^^^^^^^^^^^^^^^^^^^^^^^^^^^^^^
[INFO] [stdout]     |
[INFO] [stdout]     = note: this error originates in the macro `$crate::sqlx_macros::expand_query` which comes from the expansion of the macro `sqlx::query` (in Nightly builds, run with -Z macro-backtrace for more info)
[INFO] [stdout] 
[INFO] [stdout] 
[INFO] [stdout] error: set `DATABASE_URL` to use query macros online, or run `cargo sqlx prepare` to update the query cache
[INFO] [stdout]   --> crates/db/src/event_type_packages.rs:12:20
[INFO] [stdout]    |
[INFO] [stdout] 12 |       let packages = sqlx::query!(
[INFO] [stdout]    |  ____________________^
[INFO] [stdout] 13 | |         r#"SELECT id, code, label_pt FROM event_type_packages ORDER BY display_order"#
[INFO] [stdout] 14 | |     )
[INFO] [stdout]    | |_____^
[INFO] [stdout]    |
[INFO] [stdout]    = note: this error originates in the macro `$crate::sqlx_macros::expand_query` which comes from the expansion of the macro `sqlx::query` (in Nightly builds, run with -Z macro-backtrace for more info)
[INFO] [stdout] 
[INFO] [stdout] 
[INFO] [stdout] error: set `DATABASE_URL` to use query macros online, or run `cargo sqlx prepare` to update the query cache
[INFO] [stdout]   --> crates/db/src/event_type_packages.rs:18:17
[INFO] [stdout]    |
[INFO] [stdout] 18 |       let items = sqlx::query!(
[INFO] [stdout]    |  _________________^
[INFO] [stdout] 19 | |         r#"
[INFO] [stdout] 20 | |         SELECT package_id, id, code, label_pt, cost_model, amount_minor, currency, min_tier
[INFO] [stdout] 21 | |         FROM event_type_cost_items
[INFO] [stdout] 22 | |         ORDER BY package_id, display_order
[INFO] [stdout] 23 | |         "#
[INFO] [stdout] 24 | |     )
[INFO] [stdout]    | |_____^
[INFO] [stdout]    |
[INFO] [stdout]    = note: this error originates in the macro `$crate::sqlx_macros::expand_query` which comes from the expansion of the macro `sqlx::query` (in Nightly builds, run with -Z macro-backtrace for more info)
[INFO] [stdout] 
[INFO] [stdout] 
[INFO] [stdout] error: set `DATABASE_URL` to use query macros online, or run `cargo sqlx prepare` to update the query cache
[INFO] [stdout]   --> crates/db/src/cost_simulations.rs:17:15
[INFO] [stdout]    |
[INFO] [stdout] 17 |       let rec = sqlx::query_as!(
[INFO] [stdout]    |  _______________^
[INFO] [stdout] 18 | |         CostSimulation,
[INFO] [stdout] 19 | |         r#"
[INFO] [stdout] 20 | |         INSERT INTO cost_simulations (event_id, organizer_id, participants, selections, total_minor, currency, breakdown)
[INFO] [stdout] ...  |
[INFO] [stdout] 30 | |         input.breakdown
[INFO] [stdout] 31 | |     )
[INFO] [stdout]    | |_____^
[INFO] [stdout]    |
[INFO] [stdout]    = note: this error originates in the macro `$crate::sqlx_macros::expand_query` which comes from the expansion of the macro `sqlx::query_as` (in Nightly builds, run with -Z macro-backtrace for more info)
[INFO] [stdout] 
[INFO] [stdout] 
[INFO] [stdout] error: set `DATABASE_URL` to use query macros online, or run `cargo sqlx prepare` to update the query cache
[INFO] [stdout]   --> crates/db/src/event_media.rs:30:15
[INFO] [stdout]    |
[INFO] [stdout] 30 |       let rec = sqlx::query!(
[INFO] [stdout]    |  _______________^
[INFO] [stdout] 31 | |         r#"
[INFO] [stdout] 32 | |         INSERT INTO event_media (event_id, uploader_id, storage_key, content_type, kind, size_bytes, caption)
[INFO] [stdout] 33 | |         VALUES ($1, $2, $3, $4, $5, $6, $7)
[INFO] [stdout] ...  |
[INFO] [stdout] 42 | |         input.caption
[INFO] [stdout] 43 | |     )
[INFO] [stdout]    | |_____^
[INFO] [stdout]    |
[INFO] [stdout]    = note: this error originates in the macro `$crate::sqlx_macros::expand_query` which comes from the expansion of the macro `sqlx::query` (in Nightly builds, run with -Z macro-backtrace for more info)
[INFO] [stdout] 
[INFO] [stdout] 
[INFO] [stdout] error: set `DATABASE_URL` to use query macros online, or run `cargo sqlx prepare` to update the query cache
[INFO] [stdout]   --> crates/db/src/event_media.rs:61:16
[INFO] [stdout]    |
[INFO] [stdout] 61 |       let recs = sqlx::query!(
[INFO] [stdout]    |  ________________^
[INFO] [stdout] 62 | |         r#"
[INFO] [stdout] 63 | |         SELECT id, event_id, uploader_id, storage_key, content_type, kind, size_bytes, caption, created_at
[INFO] [stdout] 64 | |         FROM event_media WHERE event_id = $1 ORDER BY created_at DESC
[INFO] [stdout] 65 | |         "#,
[INFO] [stdout] 66 | |         event_id
[INFO] [stdout] 67 | |     )
[INFO] [stdout]    | |_____^
[INFO] [stdout]    |
[INFO] [stdout]    = note: this error originates in the macro `$crate::sqlx_macros::expand_query` which comes from the expansion of the macro `sqlx::query` (in Nightly builds, run with -Z macro-backtrace for more info)
[INFO] [stdout] 
[INFO] [stdout] 
[INFO] [stdout] error: set `DATABASE_URL` to use query macros online, or run `cargo sqlx prepare` to update the query cache
[INFO] [stdout]   --> crates/db/src/event_media.rs:88:15
[INFO] [stdout]    |
[INFO] [stdout] 88 |       let rec = sqlx::query!(
[INFO] [stdout]    |  _______________^
[INFO] [stdout] 89 | |         r#"
[INFO] [stdout] 90 | |         SELECT id, event_id, uploader_id, storage_key, content_type, kind, size_bytes, caption, created_at
[INFO] [stdout] 91 | |         FROM event_media WHERE id = $1
[INFO] [stdout] 92 | |         "#,
[INFO] [stdout] 93 | |         id
[INFO] [stdout] 94 | |     )
[INFO] [stdout]    | |_____^
[INFO] [stdout]    |
[INFO] [stdout]    = note: this error originates in the macro `$crate::sqlx_macros::expand_query` which comes from the expansion of the macro `sqlx::query` (in Nightly builds, run with -Z macro-backtrace for more info)
[INFO] [stdout] 
[INFO] [stdout] 
[INFO] [stdout] error: set `DATABASE_URL` to use query macros online, or run `cargo sqlx prepare` to update the query cache
[INFO] [stdout]    --> crates/db/src/event_media.rs:112:18
[INFO] [stdout]     |
[INFO] [stdout] 112 |     let result = sqlx::query!("DELETE FROM event_media WHERE id = $1", id)
[INFO] [stdout]     |                  ^^^^^^^^^^^^^^^^^^^^^^^^^^^^^^^^^^^^^^^^^^^^^^^^^^^^^^^^^
[INFO] [stdout]     |
[INFO] [stdout]     = note: this error originates in the macro `$crate::sqlx_macros::expand_query` which comes from the expansion of the macro `sqlx::query` (in Nightly builds, run with -Z macro-backtrace for more info)
[INFO] [stdout] 
[INFO] [stdout] 
[INFO] [stdout] error: set `DATABASE_URL` to use query macros online, or run `cargo sqlx prepare` to update the query cache
[INFO] [stdout]   --> crates/db/src/event_type_packages.rs:12:20
[INFO] [stdout]    |
[INFO] [stdout] 12 |       let packages = sqlx::query!(
[INFO] [stdout]    |  ____________________^
[INFO] [stdout] 13 | |         r#"SELECT id, code, label_pt FROM event_type_packages ORDER BY display_order"#
[INFO] [stdout] 14 | |     )
[INFO] [stdout]    | |_____^
[INFO] [stdout]    |
[INFO] [stdout]    = note: this error originates in the macro `$crate::sqlx_macros::expand_query` which comes from the expansion of the macro `sqlx::query` (in Nightly builds, run with -Z macro-backtrace for more info)
[INFO] [stdout] 
[INFO] [stdout] 
[INFO] [stdout] error: set `DATABASE_URL` to use query macros online, or run `cargo sqlx prepare` to update the query cache
[INFO] [stdout]   --> crates/db/src/event_type_packages.rs:18:17
[INFO] [stdout]    |
[INFO] [stdout] 18 |       let items = sqlx::query!(
[INFO] [stdout]    |  _________________^
[INFO] [stdout] 19 | |         r#"
[INFO] [stdout] 20 | |         SELECT package_id, id, code, label_pt, cost_model, amount_minor, currency, min_tier
[INFO] [stdout] 21 | |         FROM event_type_cost_items
[INFO] [stdout] 22 | |         ORDER BY package_id, display_order
[INFO] [stdout] 23 | |         "#
[INFO] [stdout] 24 | |     )
[INFO] [stdout]    | |_____^
[INFO] [stdout]    |
[INFO] [stdout]    = note: this error originates in the macro `$crate::sqlx_macros::expand_query` which comes from the expansion of the macro `sqlx::query` (in Nightly builds, run with -Z macro-backtrace for more info)
[INFO] [stdout] 
[INFO] [stdout] 
[INFO] [stdout] error: set `DATABASE_URL` to use query macros online, or run `cargo sqlx prepare` to update the query cache
[INFO] [stdout]   --> crates/db/src/events.rs:54:15
[INFO] [stdout]    |
[INFO] [stdout] 54 |       let rec = sqlx::query!(
[INFO] [stdout]    |  _______________^
[INFO] [stdout] 55 | |         r#"
[INFO] [stdout] 56 | |         INSERT INTO events (organizer_id, name, description, category, event_type, venue_name, address, province, starts_at, ends_...
[INFO] [stdout] 57 | |         VALUES ($1, $2, $3, $4, $5, $6, $7, $8, $9, $10, $11)
[INFO] [stdout] ...  |
[INFO] [stdout] 70 | |         input.currency
[INFO] [stdout] 71 | |     )
[INFO] [stdout]    | |_____^
[INFO] [stdout]    |
[INFO] [stdout]    = note: this error originates in the macro `$crate::sqlx_macros::expand_query` which comes from the expansion of the macro `sqlx::query` (in Nightly builds, run with -Z macro-backtrace for more info)
[INFO] [stdout] 
[INFO] [stdout] 
[INFO] [stdout] error: set `DATABASE_URL` to use query macros online, or run `cargo sqlx prepare` to update the query cache
[INFO] [stdout]    --> crates/db/src/events.rs:94:15
[INFO] [stdout]     |
[INFO] [stdout]  94 |       let rec = sqlx::query!(
[INFO] [stdout]     |  _______________^
[INFO] [stdout]  95 | |         r#"
[INFO] [stdout]  96 | |         SELECT id, organizer_id, name, description, category, event_type, venue_name, address, province, starts_at, ends_at, stat...
[INFO] [stdout]  97 | |         FROM events WHERE id = $1
[INFO] [stdout]  98 | |         "#,
[INFO] [stdout]  99 | |         id
[INFO] [stdout] 100 | |     )
[INFO] [stdout]     | |_____^
[INFO] [stdout]     |
[INFO] [stdout]     = note: this error originates in the macro `$crate::sqlx_macros::expand_query` which comes from the expansion of the macro `sqlx::query` (in Nightly builds, run with -Z macro-backtrace for more info)
[INFO] [stdout] 
[INFO] [stdout] 
[INFO] [stdout] error: set `DATABASE_URL` to use query macros online, or run `cargo sqlx prepare` to update the query cache
[INFO] [stdout]    --> crates/db/src/events.rs:123:16
[INFO] [stdout]     |
[INFO] [stdout] 123 |       let recs = sqlx::query!(
[INFO] [stdout]     |  ________________^
[INFO] [stdout] 124 | |         r#"
[INFO] [stdout] 125 | |         SELECT id, organizer_id, name, description, category, event_type, venue_name, address, province, starts_at, ends_at, stat...
[INFO] [stdout] 126 | |         FROM events WHERE status = 'published' ORDER BY starts_at ASC
[INFO] [stdout] 127 | |         "#
[INFO] [stdout] 128 | |     )
[INFO] [stdout]     | |_____^
[INFO] [stdout]     |
[INFO] [stdout]     = note: this error originates in the macro `$crate::sqlx_macros::expand_query` which comes from the expansion of the macro `sqlx::query` (in Nightly builds, run with -Z macro-backtrace for more info)
[INFO] [stdout] 
[INFO] [stdout] 
[INFO] [stdout] error: set `DATABASE_URL` to use query macros online, or run `cargo sqlx prepare` to update the query cache
[INFO] [stdout]    --> crates/db/src/events.rs:154:16
[INFO] [stdout]     |
[INFO] [stdout] 154 |       let recs = sqlx::query!(
[INFO] [stdout]     |  ________________^
[INFO] [stdout] 155 | |         r#"
[INFO] [stdout] 156 | |         SELECT id, organizer_id, name, description, category, event_type, venue_name, address, province, starts_at, ends_at, stat...
[INFO] [stdout] 157 | |         FROM events WHERE organizer_id = $1 ORDER BY created_at DESC
[INFO] [stdout] 158 | |         "#,
[INFO] [stdout] 159 | |         organizer_id
[INFO] [stdout] 160 | |     )
[INFO] [stdout]     | |_____^
[INFO] [stdout]     |
[INFO] [stdout]     = note: this error originates in the macro `$crate::sqlx_macros::expand_query` which comes from the expansion of the macro `sqlx::query` (in Nightly builds, run with -Z macro-backtrace for more info)
[INFO] [stdout] 
[INFO] [stdout] 
[INFO] [stdout] error: set `DATABASE_URL` to use query macros online, or run `cargo sqlx prepare` to update the query cache
[INFO] [stdout]    --> crates/db/src/events.rs:221:15
[INFO] [stdout]     |
[INFO] [stdout] 221 |       let rec = sqlx::query!(
[INFO] [stdout]     |  _______________^
[INFO] [stdout] 222 | |         r#"
[INFO] [stdout] 223 | |         UPDATE events SET
[INFO] [stdout] 224 | |             name = $1, description = $2, category = $3, event_type = $4, venue_name = $5,
[INFO] [stdout] ...   |
[INFO] [stdout] 239 | |         id
[INFO] [stdout] 240 | |     )
[INFO] [stdout]     | |_____^
[INFO] [stdout]     |
[INFO] [stdout]     = note: this error originates in the macro `$crate::sqlx_macros::expand_query` which comes from the expansion of the macro `sqlx::query` (in Nightly builds, run with -Z macro-backtrace for more info)
[INFO] [stdout] 
[INFO] [stdout] 
[INFO] [stdout] error: set `DATABASE_URL` to use query macros online, or run `cargo sqlx prepare` to update the query cache
[INFO] [stdout]    --> crates/db/src/events.rs:263:18
[INFO] [stdout]     |
[INFO] [stdout] 263 |     let result = sqlx::query!("DELETE FROM events WHERE id = $1", id)
[INFO] [stdout]     |                  ^^^^^^^^^^^^^^^^^^^^^^^^^^^^^^^^^^^^^^^^^^^^^^^^^^^^
[INFO] [stdout]     |
[INFO] [stdout]     = note: this error originates in the macro `$crate::sqlx_macros::expand_query` which comes from the expansion of the macro `sqlx::query` (in Nightly builds, run with -Z macro-backtrace for more info)
[INFO] [stdout] 
[INFO] [stdout] 
[INFO] [stdout] error: set `DATABASE_URL` to use query macros online, or run `cargo sqlx prepare` to update the query cache
[INFO] [stdout]  --> crates/db/src/location_factors.rs:5:16
[INFO] [stdout]   |
[INFO] [stdout] 5 |       let recs = sqlx::query!(
[INFO] [stdout]   |  ________________^
[INFO] [stdout] 6 | |         r#"SELECT code, label_pt, surcharge_percent FROM location_factors ORDER BY display_order"#
[INFO] [stdout] 7 | |     )
[INFO] [stdout]   | |_____^
[INFO] [stdout]   |
[INFO] [stdout]   = note: this error originates in the macro `$crate::sqlx_macros::expand_query` which comes from the expansion of the macro `sqlx::query` (in Nightly builds, run with -Z macro-backtrace for more info)
[INFO] [stdout] 
[INFO] [stdout] 
[INFO] [stdout] error: set `DATABASE_URL` to use query macros online, or run `cargo sqlx prepare` to update the query cache
[INFO] [stdout]   --> crates/db/src/events.rs:54:15
[INFO] [stdout]    |
[INFO] [stdout] 54 |       let rec = sqlx::query!(
[INFO] [stdout]    |  _______________^
[INFO] [stdout] 55 | |         r#"
[INFO] [stdout] 56 | |         INSERT INTO events (organizer_id, name, description, category, event_type, venue_name, address, province, starts_at, ends_...
[INFO] [stdout] 57 | |         VALUES ($1, $2, $3, $4, $5, $6, $7, $8, $9, $10, $11)
[INFO] [stdout] ...  |
[INFO] [stdout] 70 | |         input.currency
[INFO] [stdout] 71 | |     )
[INFO] [stdout]    | |_____^
[INFO] [stdout]    |
[INFO] [stdout]    = note: this error originates in the macro `$crate::sqlx_macros::expand_query` which comes from the expansion of the macro `sqlx::query` (in Nightly builds, run with -Z macro-backtrace for more info)
[INFO] [stdout] 
[INFO] [stdout] 
[INFO] [stdout] error: set `DATABASE_URL` to use query macros online, or run `cargo sqlx prepare` to update the query cache
[INFO] [stdout]   --> crates/db/src/passkeys.rs:9:5
[INFO] [stdout]    |
[INFO] [stdout]  9 | /     sqlx::query!(
[INFO] [stdout] 10 | |         r#"INSERT INTO passkeys (user_id, credential_id, passkey_data) VALUES ($1, $2, $3)"#,
[INFO] [stdout] 11 | |         user_id,
[INFO] [stdout] 12 | |         credential_id,
[INFO] [stdout] 13 | |         passkey_data,
[INFO] [stdout] 14 | |     )
[INFO] [stdout]    | |_____^
[INFO] [stdout]    |
[INFO] [stdout]    = note: this error originates in the macro `$crate::sqlx_macros::expand_query` which comes from the expansion of the macro `sqlx::query` (in Nightly builds, run with -Z macro-backtrace for more info)
[INFO] [stdout] 
[INFO] [stdout] 
[INFO] [stdout] error: set `DATABASE_URL` to use query macros online, or run `cargo sqlx prepare` to update the query cache
[INFO] [stdout]    --> crates/db/src/events.rs:94:15
[INFO] [stdout]     |
[INFO] [stdout]  94 |       let rec = sqlx::query!(
[INFO] [stdout]     |  _______________^
[INFO] [stdout]  95 | |         r#"
[INFO] [stdout]  96 | |         SELECT id, organizer_id, name, description, category, event_type, venue_name, address, province, starts_at, ends_at, stat...
[INFO] [stdout]  97 | |         FROM events WHERE id = $1
[INFO] [stdout]  98 | |         "#,
[INFO] [stdout]  99 | |         id
[INFO] [stdout] 100 | |     )
[INFO] [stdout]     | |_____^
[INFO] [stdout]     |
[INFO] [stdout]     = note: this error originates in the macro `$crate::sqlx_macros::expand_query` which comes from the expansion of the macro `sqlx::query` (in Nightly builds, run with -Z macro-backtrace for more info)
[INFO] [stdout] 
[INFO] [stdout] 
[INFO] [stdout] error: set `DATABASE_URL` to use query macros online, or run `cargo sqlx prepare` to update the query cache
[INFO] [stdout]    --> crates/db/src/events.rs:123:16
[INFO] [stdout]     |
[INFO] [stdout] 123 |       let recs = sqlx::query!(
[INFO] [stdout]     |  ________________^
[INFO] [stdout] 124 | |         r#"
[INFO] [stdout] 125 | |         SELECT id, organizer_id, name, description, category, event_type, venue_name, address, province, starts_at, ends_at, stat...
[INFO] [stdout] 126 | |         FROM events WHERE status = 'published' ORDER BY starts_at ASC
[INFO] [stdout] 127 | |         "#
[INFO] [stdout] 128 | |     )
[INFO] [stdout]     | |_____^
[INFO] [stdout]     |
[INFO] [stdout]     = note: this error originates in the macro `$crate::sqlx_macros::expand_query` which comes from the expansion of the macro `sqlx::query` (in Nightly builds, run with -Z macro-backtrace for more info)
[INFO] [stdout] 
[INFO] [stdout] 
[INFO] [stdout] error: set `DATABASE_URL` to use query macros online, or run `cargo sqlx prepare` to update the query cache
[INFO] [stdout]    --> crates/db/src/events.rs:154:16
[INFO] [stdout]     |
[INFO] [stdout] 154 |       let recs = sqlx::query!(
[INFO] [stdout]     |  ________________^
[INFO] [stdout] 155 | |         r#"
[INFO] [stdout] 156 | |         SELECT id, organizer_id, name, description, category, event_type, venue_name, address, province, starts_at, ends_at, stat...
[INFO] [stdout] 157 | |         FROM events WHERE organizer_id = $1 ORDER BY created_at DESC
[INFO] [stdout] 158 | |         "#,
[INFO] [stdout] 159 | |         organizer_id
[INFO] [stdout] 160 | |     )
[INFO] [stdout]     | |_____^
[INFO] [stdout]     |
[INFO] [stdout]     = note: this error originates in the macro `$crate::sqlx_macros::expand_query` which comes from the expansion of the macro `sqlx::query` (in Nightly builds, run with -Z macro-backtrace for more info)
[INFO] [stdout] 
[INFO] [stdout] 
[INFO] [stdout] error: set `DATABASE_URL` to use query macros online, or run `cargo sqlx prepare` to update the query cache
[INFO] [stdout]   --> crates/db/src/passkeys.rs:22:16
[INFO] [stdout]    |
[INFO] [stdout] 22 |       let rows = sqlx::query!(
[INFO] [stdout]    |  ________________^
[INFO] [stdout] 23 | |         r#"SELECT passkey_data FROM passkeys WHERE user_id = $1"#,
[INFO] [stdout] 24 | |         user_id
[INFO] [stdout] 25 | |     )
[INFO] [stdout]    | |_____^
[INFO] [stdout]    |
[INFO] [stdout]    = note: this error originates in the macro `$crate::sqlx_macros::expand_query` which comes from the expansion of the macro `sqlx::query` (in Nightly builds, run with -Z macro-backtrace for more info)
[INFO] [stdout] 
[INFO] [stdout] 
[INFO] [stdout] error: set `DATABASE_URL` to use query macros online, or run `cargo sqlx prepare` to update the query cache
[INFO] [stdout]    --> crates/db/src/events.rs:221:15
[INFO] [stdout]     |
[INFO] [stdout] 221 |       let rec = sqlx::query!(
[INFO] [stdout]     |  _______________^
[INFO] [stdout] 222 | |         r#"
[INFO] [stdout] 223 | |         UPDATE events SET
[INFO] [stdout] 224 | |             name = $1, description = $2, category = $3, event_type = $4, venue_name = $5,
[INFO] [stdout] ...   |
[INFO] [stdout] 239 | |         id
[INFO] [stdout] 240 | |     )
[INFO] [stdout]     | |_____^
[INFO] [stdout]     |
[INFO] [stdout]     = note: this error originates in the macro `$crate::sqlx_macros::expand_query` which comes from the expansion of the macro `sqlx::query` (in Nightly builds, run with -Z macro-backtrace for more info)
[INFO] [stdout] 
[INFO] [stdout] 
[INFO] [stdout] error: set `DATABASE_URL` to use query macros online, or run `cargo sqlx prepare` to update the query cache
[INFO] [stdout]    --> crates/db/src/events.rs:263:18
[INFO] [stdout]     |
[INFO] [stdout] 263 |     let result = sqlx::query!("DELETE FROM events WHERE id = $1", id)
[INFO] [stdout]     |                  ^^^^^^^^^^^^^^^^^^^^^^^^^^^^^^^^^^^^^^^^^^^^^^^^^^^^
[INFO] [stdout]     |
[INFO] [stdout]     = note: this error originates in the macro `$crate::sqlx_macros::expand_query` which comes from the expansion of the macro `sqlx::query` (in Nightly builds, run with -Z macro-backtrace for more info)
[INFO] [stdout] 
[INFO] [stdout] 
[INFO] [stdout] error: set `DATABASE_URL` to use query macros online, or run `cargo sqlx prepare` to update the query cache
[INFO] [stdout]   --> crates/db/src/passkeys.rs:35:5
[INFO] [stdout]    |
[INFO] [stdout] 35 | /     sqlx::query!(
[INFO] [stdout] 36 | |         r#"UPDATE passkeys SET last_used_at = now() WHERE credential_id = $1"#,
[INFO] [stdout] 37 | |         credential_id
[INFO] [stdout] 38 | |     )
[INFO] [stdout]    | |_____^
[INFO] [stdout]    |
[INFO] [stdout]    = note: this error originates in the macro `$crate::sqlx_macros::expand_query` which comes from the expansion of the macro `sqlx::query` (in Nightly builds, run with -Z macro-backtrace for more info)
[INFO] [stdout] 
[INFO] [stdout] 
[INFO] [stdout] error: set `DATABASE_URL` to use query macros online, or run `cargo sqlx prepare` to update the query cache
[INFO] [stdout]  --> crates/db/src/location_factors.rs:5:16
[INFO] [stdout]   |
[INFO] [stdout] 5 |       let recs = sqlx::query!(
[INFO] [stdout]   |  ________________^
[INFO] [stdout] 6 | |         r#"SELECT code, label_pt, surcharge_percent FROM location_factors ORDER BY display_order"#
[INFO] [stdout] 7 | |     )
[INFO] [stdout]   | |_____^
[INFO] [stdout]   |
[INFO] [stdout]   = note: this error originates in the macro `$crate::sqlx_macros::expand_query` which comes from the expansion of the macro `sqlx::query` (in Nightly builds, run with -Z macro-backtrace for more info)
[INFO] [stdout] 
[INFO] [stdout] 
[INFO] [stdout] error: set `DATABASE_URL` to use query macros online, or run `cargo sqlx prepare` to update the query cache
[INFO] [stdout]   --> crates/db/src/reports.rs:15:16
[INFO] [stdout]    |
[INFO] [stdout] 15 |       let recs = sqlx::query!(
[INFO] [stdout]    |  ________________^
[INFO] [stdout] 16 | |         r#"
[INFO] [stdout] 17 | |         SELECT
[INFO] [stdout] 18 | |             tt.id, tt.name, tt.price_minor, tt.currency, tt.quantity_total,
[INFO] [stdout] ...  |
[INFO] [stdout] 27 | |         event_id
[INFO] [stdout] 28 | |     )
[INFO] [stdout]    | |_____^
[INFO] [stdout]    |
[INFO] [stdout]    = note: this error originates in the macro `$crate::sqlx_macros::expand_query` which comes from the expansion of the macro `sqlx::query` (in Nightly builds, run with -Z macro-backtrace for more info)
[INFO] [stdout] 
[INFO] [stdout] 
[INFO] [stdout] error: set `DATABASE_URL` to use query macros online, or run `cargo sqlx prepare` to update the query cache
[INFO] [stdout]   --> crates/db/src/passkeys.rs:9:5
[INFO] [stdout]    |
[INFO] [stdout]  9 | /     sqlx::query!(
[INFO] [stdout] 10 | |         r#"INSERT INTO passkeys (user_id, credential_id, passkey_data) VALUES ($1, $2, $3)"#,
[INFO] [stdout] 11 | |         user_id,
[INFO] [stdout] 12 | |         credential_id,
[INFO] [stdout] 13 | |         passkey_data,
[INFO] [stdout] 14 | |     )
[INFO] [stdout]    | |_____^
[INFO] [stdout]    |
[INFO] [stdout]    = note: this error originates in the macro `$crate::sqlx_macros::expand_query` which comes from the expansion of the macro `sqlx::query` (in Nightly builds, run with -Z macro-backtrace for more info)
[INFO] [stdout] 
[INFO] [stdout] 
[INFO] [stdout] error: set `DATABASE_URL` to use query macros online, or run `cargo sqlx prepare` to update the query cache
[INFO] [stdout]  --> crates/db/src/simulator_tiers.rs:5:16
[INFO] [stdout]   |
[INFO] [stdout] 5 |       let recs = sqlx::query!(
[INFO] [stdout]   |  ________________^
[INFO] [stdout] 6 | |         r#"SELECT code, label_pt, rank FROM simulator_tiers ORDER BY display_order"#
[INFO] [stdout] 7 | |     )
[INFO] [stdout]   | |_____^
[INFO] [stdout]   |
[INFO] [stdout]   = note: this error originates in the macro `$crate::sqlx_macros::expand_query` which comes from the expansion of the macro `sqlx::query` (in Nightly builds, run with -Z macro-backtrace for more info)
[INFO] [stdout] 
[INFO] [stdout] 
[INFO] [stdout] error: set `DATABASE_URL` to use query macros online, or run `cargo sqlx prepare` to update the query cache
[INFO] [stdout]   --> crates/db/src/passkeys.rs:22:16
[INFO] [stdout]    |
[INFO] [stdout] 22 |       let rows = sqlx::query!(
[INFO] [stdout]    |  ________________^
[INFO] [stdout] 23 | |         r#"SELECT passkey_data FROM passkeys WHERE user_id = $1"#,
[INFO] [stdout] 24 | |         user_id
[INFO] [stdout] 25 | |     )
[INFO] [stdout]    | |_____^
[INFO] [stdout]    |
[INFO] [stdout]    = note: this error originates in the macro `$crate::sqlx_macros::expand_query` which comes from the expansion of the macro `sqlx::query` (in Nightly builds, run with -Z macro-backtrace for more info)
[INFO] [stdout] 
[INFO] [stdout] 
[INFO] [stdout] error: set `DATABASE_URL` to use query macros online, or run `cargo sqlx prepare` to update the query cache
[INFO] [stdout]   --> crates/db/src/passkeys.rs:35:5
[INFO] [stdout]    |
[INFO] [stdout] 35 | /     sqlx::query!(
[INFO] [stdout] 36 | |         r#"UPDATE passkeys SET last_used_at = now() WHERE credential_id = $1"#,
[INFO] [stdout] 37 | |         credential_id
[INFO] [stdout] 38 | |     )
[INFO] [stdout]    | |_____^
[INFO] [stdout]    |
[INFO] [stdout]    = note: this error originates in the macro `$crate::sqlx_macros::expand_query` which comes from the expansion of the macro `sqlx::query` (in Nightly builds, run with -Z macro-backtrace for more info)
[INFO] [stdout] 
[INFO] [stdout] 
[INFO] [stdout] error: set `DATABASE_URL` to use query macros online, or run `cargo sqlx prepare` to update the query cache
[INFO] [stdout]   --> crates/db/src/ticket_types.rs:14:15
[INFO] [stdout]    |
[INFO] [stdout] 14 |       let rec = sqlx::query_as!(
[INFO] [stdout]    |  _______________^
[INFO] [stdout] 15 | |         TicketType,
[INFO] [stdout] 16 | |         r#"
[INFO] [stdout] 17 | |         INSERT INTO ticket_types (event_id, name, price_minor, currency, quantity_total)
[INFO] [stdout] ...  |
[INFO] [stdout] 25 | |         input.quantity_total
[INFO] [stdout] 26 | |     )
[INFO] [stdout]    | |_____^
[INFO] [stdout]    |
[INFO] [stdout]    = note: this error originates in the macro `$crate::sqlx_macros::expand_query` which comes from the expansion of the macro `sqlx::query_as` (in Nightly builds, run with -Z macro-backtrace for more info)
[INFO] [stdout] 
[INFO] [stdout] 
[INFO] [stdout] error: set `DATABASE_URL` to use query macros online, or run `cargo sqlx prepare` to update the query cache
[INFO] [stdout]   --> crates/db/src/reports.rs:15:16
[INFO] [stdout]    |
[INFO] [stdout] 15 |       let recs = sqlx::query!(
[INFO] [stdout]    |  ________________^
[INFO] [stdout] 16 | |         r#"
[INFO] [stdout] 17 | |         SELECT
[INFO] [stdout] 18 | |             tt.id, tt.name, tt.price_minor, tt.currency, tt.quantity_total,
[INFO] [stdout] ...  |
[INFO] [stdout] 27 | |         event_id
[INFO] [stdout] 28 | |     )
[INFO] [stdout]    | |_____^
[INFO] [stdout]    |
[INFO] [stdout]    = note: this error originates in the macro `$crate::sqlx_macros::expand_query` which comes from the expansion of the macro `sqlx::query` (in Nightly builds, run with -Z macro-backtrace for more info)
[INFO] [stdout] 
[INFO] [stdout] 
[INFO] [stdout] error: set `DATABASE_URL` to use query macros online, or run `cargo sqlx prepare` to update the query cache
[INFO] [stdout]   --> crates/db/src/ticket_types.rs:34:15
[INFO] [stdout]    |
[INFO] [stdout] 34 |       let rec = sqlx::query_as!(
[INFO] [stdout]    |  _______________^
[INFO] [stdout] 35 | |         TicketType,
[INFO] [stdout] 36 | |         r#"
[INFO] [stdout] 37 | |         SELECT id, event_id, name, price_minor, currency, quantity_total, quantity_sold, created_at
[INFO] [stdout] ...  |
[INFO] [stdout] 40 | |         id
[INFO] [stdout] 41 | |     )
[INFO] [stdout]    | |_____^
[INFO] [stdout]    |
[INFO] [stdout]    = note: this error originates in the macro `$crate::sqlx_macros::expand_query` which comes from the expansion of the macro `sqlx::query_as` (in Nightly builds, run with -Z macro-backtrace for more info)
[INFO] [stdout] 
[INFO] [stdout] 
[INFO] [stdout] error: set `DATABASE_URL` to use query macros online, or run `cargo sqlx prepare` to update the query cache
[INFO] [stdout]  --> crates/db/src/simulator_tiers.rs:5:16
[INFO] [stdout]   |
[INFO] [stdout] 5 |       let recs = sqlx::query!(
[INFO] [stdout]   |  ________________^
[INFO] [stdout] 6 | |         r#"SELECT code, label_pt, rank FROM simulator_tiers ORDER BY display_order"#
[INFO] [stdout] 7 | |     )
[INFO] [stdout]   | |_____^
[INFO] [stdout]   |
[INFO] [stdout]   = note: this error originates in the macro `$crate::sqlx_macros::expand_query` which comes from the expansion of the macro `sqlx::query` (in Nightly builds, run with -Z macro-backtrace for more info)
[INFO] [stdout] 
[INFO] [stdout] 
[INFO] [stdout] error: set `DATABASE_URL` to use query macros online, or run `cargo sqlx prepare` to update the query cache
[INFO] [stdout]   --> crates/db/src/ticket_types.rs:49:16
[INFO] [stdout]    |
[INFO] [stdout] 49 |       let recs = sqlx::query_as!(
[INFO] [stdout]    |  ________________^
[INFO] [stdout] 50 | |         TicketType,
[INFO] [stdout] 51 | |         r#"
[INFO] [stdout] 52 | |         SELECT id, event_id, name, price_minor, currency, quantity_total, quantity_sold, created_at
[INFO] [stdout] ...  |
[INFO] [stdout] 55 | |         event_id
[INFO] [stdout] 56 | |     )
[INFO] [stdout]    | |_____^
[INFO] [stdout]    |
[INFO] [stdout]    = note: this error originates in the macro `$crate::sqlx_macros::expand_query` which comes from the expansion of the macro `sqlx::query_as` (in Nightly builds, run with -Z macro-backtrace for more info)
[INFO] [stdout] 
[INFO] [stdout] 
[INFO] [stdout] error: set `DATABASE_URL` to use query macros online, or run `cargo sqlx prepare` to update the query cache
[INFO] [stdout]   --> crates/db/src/ticket_types.rs:14:15
[INFO] [stdout]    |
[INFO] [stdout] 14 |       let rec = sqlx::query_as!(
[INFO] [stdout]    |  _______________^
[INFO] [stdout] 15 | |         TicketType,
[INFO] [stdout] 16 | |         r#"
[INFO] [stdout] 17 | |         INSERT INTO ticket_types (event_id, name, price_minor, currency, quantity_total)
[INFO] [stdout] ...  |
[INFO] [stdout] 25 | |         input.quantity_total
[INFO] [stdout] 26 | |     )
[INFO] [stdout]    | |_____^
[INFO] [stdout]    |
[INFO] [stdout]    = note: this error originates in the macro `$crate::sqlx_macros::expand_query` which comes from the expansion of the macro `sqlx::query_as` (in Nightly builds, run with -Z macro-backtrace for more info)
[INFO] [stdout] 
[INFO] [stdout] 
[INFO] [stdout] error: set `DATABASE_URL` to use query macros online, or run `cargo sqlx prepare` to update the query cache
[INFO] [stdout]   --> crates/db/src/ticket_types.rs:88:15
[INFO] [stdout]    |
[INFO] [stdout] 88 |       let rec = sqlx::query_as!(
[INFO] [stdout]    |  _______________^
[INFO] [stdout] 89 | |         TicketType,
[INFO] [stdout] 90 | |         r#"
[INFO] [stdout] 91 | |         UPDATE ticket_types SET name = $1, price_minor = $2, quantity_total = $3
[INFO] [stdout] ...  |
[INFO] [stdout] 98 | |         id
[INFO] [stdout] 99 | |     )
[INFO] [stdout]    | |_____^
[INFO] [stdout]    |
[INFO] [stdout]    = note: this error originates in the macro `$crate::sqlx_macros::expand_query` which comes from the expansion of the macro `sqlx::query_as` (in Nightly builds, run with -Z macro-backtrace for more info)
[INFO] [stdout] 
[INFO] [stdout] 
[INFO] [stdout] error: set `DATABASE_URL` to use query macros online, or run `cargo sqlx prepare` to update the query cache
[INFO] [stdout]   --> crates/db/src/ticket_types.rs:34:15
[INFO] [stdout]    |
[INFO] [stdout] 34 |       let rec = sqlx::query_as!(
[INFO] [stdout]    |  _______________^
[INFO] [stdout] 35 | |         TicketType,
[INFO] [stdout] 36 | |         r#"
[INFO] [stdout] 37 | |         SELECT id, event_id, name, price_minor, currency, quantity_total, quantity_sold, created_at
[INFO] [stdout] ...  |
[INFO] [stdout] 40 | |         id
[INFO] [stdout] 41 | |     )
[INFO] [stdout]    | |_____^
[INFO] [stdout]    |
[INFO] [stdout]    = note: this error originates in the macro `$crate::sqlx_macros::expand_query` which comes from the expansion of the macro `sqlx::query_as` (in Nightly builds, run with -Z macro-backtrace for more info)
[INFO] [stdout] 
[INFO] [stdout] 
[INFO] [stdout] error: set `DATABASE_URL` to use query macros online, or run `cargo sqlx prepare` to update the query cache
[INFO] [stdout]   --> crates/db/src/ticket_types.rs:49:16
[INFO] [stdout]    |
[INFO] [stdout] 49 |       let recs = sqlx::query_as!(
[INFO] [stdout]    |  ________________^
[INFO] [stdout] 50 | |         TicketType,
[INFO] [stdout] 51 | |         r#"
[INFO] [stdout] 52 | |         SELECT id, event_id, name, price_minor, currency, quantity_total, quantity_sold, created_at
[INFO] [stdout] ...  |
[INFO] [stdout] 55 | |         event_id
[INFO] [stdout] 56 | |     )
[INFO] [stdout]    | |_____^
[INFO] [stdout]    |
[INFO] [stdout]    = note: this error originates in the macro `$crate::sqlx_macros::expand_query` which comes from the expansion of the macro `sqlx::query_as` (in Nightly builds, run with -Z macro-backtrace for more info)
[INFO] [stdout] 
[INFO] [stdout] 
[INFO] [stdout] error: set `DATABASE_URL` to use query macros online, or run `cargo sqlx prepare` to update the query cache
[INFO] [stdout]   --> crates/db/src/ticket_types.rs:88:15
[INFO] [stdout]    |
[INFO] [stdout] 88 |       let rec = sqlx::query_as!(
[INFO] [stdout]    |  _______________^
[INFO] [stdout] 89 | |         TicketType,
[INFO] [stdout] 90 | |         r#"
[INFO] [stdout] 91 | |         UPDATE ticket_types SET name = $1, price_minor = $2, quantity_total = $3
[INFO] [stdout] ...  |
[INFO] [stdout] 98 | |         id
[INFO] [stdout] 99 | |     )
[INFO] [stdout]    | |_____^
[INFO] [stdout]    |
[INFO] [stdout]    = note: this error originates in the macro `$crate::sqlx_macros::expand_query` which comes from the expansion of the macro `sqlx::query_as` (in Nightly builds, run with -Z macro-backtrace for more info)
[INFO] [stdout] 
[INFO] [stdout] 
[INFO] [stdout] error: set `DATABASE_URL` to use query macros online, or run `cargo sqlx prepare` to update the query cache
[INFO] [stdout]    --> crates/db/src/ticket_types.rs:107:18
[INFO] [stdout]     |
[INFO] [stdout] 107 |     let result = sqlx::query!("DELETE FROM ticket_types WHERE id = $1", id)
[INFO] [stdout]     |                  ^^^^^^^^^^^^^^^^^^^^^^^^^^^^^^^^^^^^^^^^^^^^^^^^^^^^^^^^^^
[INFO] [stdout]     |
[INFO] [stdout]     = note: this error originates in the macro `$crate::sqlx_macros::expand_query` which comes from the expansion of the macro `sqlx::query` (in Nightly builds, run with -Z macro-backtrace for more info)
[INFO] [stdout] 
[INFO] [stdout] 
[INFO] [stdout] error: set `DATABASE_URL` to use query macros online, or run `cargo sqlx prepare` to update the query cache
[INFO] [stdout]   --> crates/db/src/tickets.rs:45:20
[INFO] [stdout]    |
[INFO] [stdout] 45 |       let reserved = sqlx::query!(
[INFO] [stdout]    |  ____________________^
[INFO] [stdout] 46 | |         r#"
[INFO] [stdout] 47 | |         UPDATE ticket_types SET quantity_sold = quantity_sold + 1
[INFO] [stdout] 48 | |         WHERE id = $1 AND quantity_sold < quantity_total
[INFO] [stdout] 49 | |         "#,
[INFO] [stdout] 50 | |         input.ticket_type_id
[INFO] [stdout] 51 | |     )
[INFO] [stdout]    | |_____^
[INFO] [stdout]    |
[INFO] [stdout]    = note: this error originates in the macro `$crate::sqlx_macros::expand_query` which comes from the expansion of the macro `sqlx::query` (in Nightly builds, run with -Z macro-backtrace for more info)
[INFO] [stdout] 
[INFO] [stdout] 
[INFO] [stdout] error: set `DATABASE_URL` to use query macros online, or run `cargo sqlx prepare` to update the query cache
[INFO] [stdout]    --> crates/db/src/ticket_types.rs:107:18
[INFO] [stdout]     |
[INFO] [stdout] 107 |     let result = sqlx::query!("DELETE FROM ticket_types WHERE id = $1", id)
[INFO] [stdout]     |                  ^^^^^^^^^^^^^^^^^^^^^^^^^^^^^^^^^^^^^^^^^^^^^^^^^^^^^^^^^^
[INFO] [stdout]     |
[INFO] [stdout]     = note: this error originates in the macro `$crate::sqlx_macros::expand_query` which comes from the expansion of the macro `sqlx::query` (in Nightly builds, run with -Z macro-backtrace for more info)
[INFO] [stdout] 
[INFO] [stdout] 
[INFO] [stdout] error: set `DATABASE_URL` to use query macros online, or run `cargo sqlx prepare` to update the query cache
[INFO] [stdout]   --> crates/db/src/tickets.rs:60:15
[INFO] [stdout]    |
[INFO] [stdout] 60 |       let rec = sqlx::query!(
[INFO] [stdout]    |  _______________^
[INFO] [stdout] 61 | |         r#"
[INFO] [stdout] 62 | |         INSERT INTO tickets (id, ticket_type_id, event_id, holder_name, holder_email, holder_phone, qr_token)
[INFO] [stdout] 63 | |         VALUES ($1, $2, $3, $4, $5, $6, $7)
[INFO] [stdout] ...  |
[INFO] [stdout] 72 | |         input.qr_token
[INFO] [stdout] 73 | |     )
[INFO] [stdout]    | |_____^
[INFO] [stdout]    |
[INFO] [stdout]    = note: this error originates in the macro `$crate::sqlx_macros::expand_query` which comes from the expansion of the macro `sqlx::query` (in Nightly builds, run with -Z macro-backtrace for more info)
[INFO] [stdout] 
[INFO] [stdout] 
[INFO] [stdout] error: set `DATABASE_URL` to use query macros online, or run `cargo sqlx prepare` to update the query cache
[INFO] [stdout]   --> crates/db/src/tickets.rs:93:15
[INFO] [stdout]    |
[INFO] [stdout] 93 |       let rec = sqlx::query!(
[INFO] [stdout]    |  _______________^
[INFO] [stdout] 94 | |         r#"
[INFO] [stdout] 95 | |         SELECT id, ticket_type_id, event_id, holder_name, holder_email, holder_phone, qr_token, status, purchased_at
[INFO] [stdout] 96 | |         FROM tickets WHERE id = $1
[INFO] [stdout] 97 | |         "#,
[INFO] [stdout] 98 | |         id
[INFO] [stdout] 99 | |     )
[INFO] [stdout]    | |_____^
[INFO] [stdout]    |
[INFO] [stdout]    = note: this error originates in the macro `$crate::sqlx_macros::expand_query` which comes from the expansion of the macro `sqlx::query` (in Nightly builds, run with -Z macro-backtrace for more info)
[INFO] [stdout] 
[INFO] [stdout] 
[INFO] [stdout] error: set `DATABASE_URL` to use query macros online, or run `cargo sqlx prepare` to update the query cache
[INFO] [stdout]   --> crates/db/src/tickets.rs:45:20
[INFO] [stdout]    |
[INFO] [stdout] 45 |       let reserved = sqlx::query!(
[INFO] [stdout]    |  ____________________^
[INFO] [stdout] 46 | |         r#"
[INFO] [stdout] 47 | |         UPDATE ticket_types SET quantity_sold = quantity_sold + 1
[INFO] [stdout] 48 | |         WHERE id = $1 AND quantity_sold < quantity_total
[INFO] [stdout] 49 | |         "#,
[INFO] [stdout] 50 | |         input.ticket_type_id
[INFO] [stdout] 51 | |     )
[INFO] [stdout]    | |_____^
[INFO] [stdout]    |
[INFO] [stdout]    = note: this error originates in the macro `$crate::sqlx_macros::expand_query` which comes from the expansion of the macro `sqlx::query` (in Nightly builds, run with -Z macro-backtrace for more info)
[INFO] [stdout] 
[INFO] [stdout] 
[INFO] [stdout] error: set `DATABASE_URL` to use query macros online, or run `cargo sqlx prepare` to update the query cache
[INFO] [stdout]    --> crates/db/src/tickets.rs:119:15
[INFO] [stdout]     |
[INFO] [stdout] 119 |       let rec = sqlx::query!(
[INFO] [stdout]     |  _______________^
[INFO] [stdout] 120 | |         r#"
[INFO] [stdout] 121 | |         SELECT id, ticket_type_id, event_id, holder_name, holder_email, holder_phone, qr_token, status, purchased_at
[INFO] [stdout] 122 | |         FROM tickets WHERE qr_token = $1
[INFO] [stdout] 123 | |         "#,
[INFO] [stdout] 124 | |         qr_token
[INFO] [stdout] 125 | |     )
[INFO] [stdout]     | |_____^
[INFO] [stdout]     |
[INFO] [stdout]     = note: this error originates in the macro `$crate::sqlx_macros::expand_query` which comes from the expansion of the macro `sqlx::query` (in Nightly builds, run with -Z macro-backtrace for more info)
[INFO] [stdout] 
[INFO] [stdout] 
[INFO] [stdout] error: set `DATABASE_URL` to use query macros online, or run `cargo sqlx prepare` to update the query cache
[INFO] [stdout]   --> crates/db/src/tickets.rs:60:15
[INFO] [stdout]    |
[INFO] [stdout] 60 |       let rec = sqlx::query!(
[INFO] [stdout]    |  _______________^
[INFO] [stdout] 61 | |         r#"
[INFO] [stdout] 62 | |         INSERT INTO tickets (id, ticket_type_id, event_id, holder_name, holder_email, holder_phone, qr_token)
[INFO] [stdout] 63 | |         VALUES ($1, $2, $3, $4, $5, $6, $7)
[INFO] [stdout] ...  |
[INFO] [stdout] 72 | |         input.qr_token
[INFO] [stdout] 73 | |     )
[INFO] [stdout]    | |_____^
[INFO] [stdout]    |
[INFO] [stdout]    = note: this error originates in the macro `$crate::sqlx_macros::expand_query` which comes from the expansion of the macro `sqlx::query` (in Nightly builds, run with -Z macro-backtrace for more info)
[INFO] [stdout] 
[INFO] [stdout] 
[INFO] [stdout] error: set `DATABASE_URL` to use query macros online, or run `cargo sqlx prepare` to update the query cache
[INFO] [stdout]    --> crates/db/src/tickets.rs:145:5
[INFO] [stdout]     |
[INFO] [stdout] 145 |     sqlx::query!("UPDATE tickets SET status = 'checked_in' WHERE id = $1", id)
[INFO] [stdout]     |     ^^^^^^^^^^^^^^^^^^^^^^^^^^^^^^^^^^^^^^^^^^^^^^^^^^^^^^^^^^^^^^^^^^^^^^^^^^
[INFO] [stdout]     |
[INFO] [stdout]     = note: this error originates in the macro `$crate::sqlx_macros::expand_query` which comes from the expansion of the macro `sqlx::query` (in Nightly builds, run with -Z macro-backtrace for more info)
[INFO] [stdout] 
[INFO] [stdout] 
[INFO] [stdout] error: set `DATABASE_URL` to use query macros online, or run `cargo sqlx prepare` to update the query cache
[INFO] [stdout]   --> crates/db/src/tickets.rs:93:15
[INFO] [stdout]    |
[INFO] [stdout] 93 |       let rec = sqlx::query!(
[INFO] [stdout]    |  _______________^
[INFO] [stdout] 94 | |         r#"
[INFO] [stdout] 95 | |         SELECT id, ticket_type_id, event_id, holder_name, holder_email, holder_phone, qr_token, status, purchased_at
[INFO] [stdout] 96 | |         FROM tickets WHERE id = $1
[INFO] [stdout] 97 | |         "#,
[INFO] [stdout] 98 | |         id
[INFO] [stdout] 99 | |     )
[INFO] [stdout]    | |_____^
[INFO] [stdout]    |
[INFO] [stdout]    = note: this error originates in the macro `$crate::sqlx_macros::expand_query` which comes from the expansion of the macro `sqlx::query` (in Nightly builds, run with -Z macro-backtrace for more info)
[INFO] [stdout] 
[INFO] [stdout] 
[INFO] [stdout] error: set `DATABASE_URL` to use query macros online, or run `cargo sqlx prepare` to update the query cache
[INFO] [stdout]    --> crates/db/src/tickets.rs:156:15
[INFO] [stdout]     |
[INFO] [stdout] 156 |       let rec = sqlx::query_as!(
[INFO] [stdout]     |  _______________^
[INFO] [stdout] 157 | |         CheckIn,
[INFO] [stdout] 158 | |         r#"
[INFO] [stdout] 159 | |         INSERT INTO check_ins (ticket_id, checked_in_by)
[INFO] [stdout] ...   |
[INFO] [stdout] 164 | |         checked_in_by
[INFO] [stdout] 165 | |     )
[INFO] [stdout]     | |_____^
[INFO] [stdout]     |
[INFO] [stdout]     = note: this error originates in the macro `$crate::sqlx_macros::expand_query` which comes from the expansion of the macro `sqlx::query_as` (in Nightly builds, run with -Z macro-backtrace for more info)
[INFO] [stdout] 
[INFO] [stdout] 
[INFO] [stdout] error: set `DATABASE_URL` to use query macros online, or run `cargo sqlx prepare` to update the query cache
[INFO] [stdout]    --> crates/db/src/tickets.rs:119:15
[INFO] [stdout]     |
[INFO] [stdout] 119 |       let rec = sqlx::query!(
[INFO] [stdout]     |  _______________^
[INFO] [stdout] 120 | |         r#"
[INFO] [stdout] 121 | |         SELECT id, ticket_type_id, event_id, holder_name, holder_email, holder_phone, qr_token, status, purchased_at
[INFO] [stdout] 122 | |         FROM tickets WHERE qr_token = $1
[INFO] [stdout] 123 | |         "#,
[INFO] [stdout] 124 | |         qr_token
[INFO] [stdout] 125 | |     )
[INFO] [stdout]     | |_____^
[INFO] [stdout]     |
[INFO] [stdout]     = note: this error originates in the macro `$crate::sqlx_macros::expand_query` which comes from the expansion of the macro `sqlx::query` (in Nightly builds, run with -Z macro-backtrace for more info)
[INFO] [stdout] 
[INFO] [stdout] 
[INFO] [stdout] error: set `DATABASE_URL` to use query macros online, or run `cargo sqlx prepare` to update the query cache
[INFO] [stdout]    --> crates/db/src/tickets.rs:173:15
[INFO] [stdout]     |
[INFO] [stdout] 173 |       let rec = sqlx::query_as!(
[INFO] [stdout]     |  _______________^
[INFO] [stdout] 174 | |         CheckIn,
[INFO] [stdout] 175 | |         r#"SELECT id, ticket_id, checked_in_at, checked_in_by, device_info FROM check_ins WHERE ticket_id = $1"#,
[INFO] [stdout] 176 | |         ticket_id
[INFO] [stdout] 177 | |     )
[INFO] [stdout]     | |_____^
[INFO] [stdout]     |
[INFO] [stdout]     = note: this error originates in the macro `$crate::sqlx_macros::expand_query` which comes from the expansion of the macro `sqlx::query_as` (in Nightly builds, run with -Z macro-backtrace for more info)
[INFO] [stdout] 
[INFO] [stdout] 
[INFO] [stdout] error: set `DATABASE_URL` to use query macros online, or run `cargo sqlx prepare` to update the query cache
[INFO] [stdout]    --> crates/db/src/tickets.rs:145:5
[INFO] [stdout]     |
[INFO] [stdout] 145 |     sqlx::query!("UPDATE tickets SET status = 'checked_in' WHERE id = $1", id)
[INFO] [stdout]     |     ^^^^^^^^^^^^^^^^^^^^^^^^^^^^^^^^^^^^^^^^^^^^^^^^^^^^^^^^^^^^^^^^^^^^^^^^^^
[INFO] [stdout]     |
[INFO] [stdout]     = note: this error originates in the macro `$crate::sqlx_macros::expand_query` which comes from the expansion of the macro `sqlx::query` (in Nightly builds, run with -Z macro-backtrace for more info)
[INFO] [stdout] 
[INFO] [stdout] 
[INFO] [stdout] error: set `DATABASE_URL` to use query macros online, or run `cargo sqlx prepare` to update the query cache
[INFO] [stdout]    --> crates/db/src/tickets.rs:156:15
[INFO] [stdout]     |
[INFO] [stdout] 156 |       let rec = sqlx::query_as!(
[INFO] [stdout]     |  _______________^
[INFO] [stdout] 157 | |         CheckIn,
[INFO] [stdout] 158 | |         r#"
[INFO] [stdout] 159 | |         INSERT INTO check_ins (ticket_id, checked_in_by)
[INFO] [stdout] ...   |
[INFO] [stdout] 164 | |         checked_in_by
[INFO] [stdout] 165 | |     )
[INFO] [stdout]     | |_____^
[INFO] [stdout]     |
[INFO] [stdout]     = note: this error originates in the macro `$crate::sqlx_macros::expand_query` which comes from the expansion of the macro `sqlx::query_as` (in Nightly builds, run with -Z macro-backtrace for more info)
[INFO] [stdout] 
[INFO] [stdout] 
[INFO] [stdout] error: set `DATABASE_URL` to use query macros online, or run `cargo sqlx prepare` to update the query cache
[INFO] [stdout]   --> crates/db/src/users.rs:58:15
[INFO] [stdout]    |
[INFO] [stdout] 58 |       let rec = sqlx::query!(
[INFO] [stdout]    |  _______________^
[INFO] [stdout] 59 | |         r#"
[INFO] [stdout] 60 | |         INSERT INTO users (email, phone, password_hash, full_name, company_name, company_tax_id, company_address)
[INFO] [stdout] 61 | |         VALUES ($1, $2, $3, $4, $5, $6, $7)
[INFO] [stdout] ...  |
[INFO] [stdout] 70 | |         input.company_address
[INFO] [stdout] 71 | |     )
[INFO] [stdout]    | |_____^
[INFO] [stdout]    |
[INFO] [stdout]    = note: this error originates in the macro `$crate::sqlx_macros::expand_query` which comes from the expansion of the macro `sqlx::query` (in Nightly builds, run with -Z macro-backtrace for more info)
[INFO] [stdout] 
[INFO] [stdout] 
[INFO] [stdout] error: set `DATABASE_URL` to use query macros online, or run `cargo sqlx prepare` to update the query cache
[INFO] [stdout]    --> crates/db/src/tickets.rs:173:15
[INFO] [stdout]     |
[INFO] [stdout] 173 |       let rec = sqlx::query_as!(
[INFO] [stdout]     |  _______________^
[INFO] [stdout] 174 | |         CheckIn,
[INFO] [stdout] 175 | |         r#"SELECT id, ticket_id, checked_in_at, checked_in_by, device_info FROM check_ins WHERE ticket_id = $1"#,
[INFO] [stdout] 176 | |         ticket_id
[INFO] [stdout] 177 | |     )
[INFO] [stdout]     | |_____^
[INFO] [stdout]     |
[INFO] [stdout]     = note: this error originates in the macro `$crate::sqlx_macros::expand_query` which comes from the expansion of the macro `sqlx::query_as` (in Nightly builds, run with -Z macro-backtrace for more info)
[INFO] [stdout] 
[INFO] [stdout] 
[INFO] [stdout] error: set `DATABASE_URL` to use query macros online, or run `cargo sqlx prepare` to update the query cache
[INFO] [stdout]    --> crates/db/src/users.rs:94:15
[INFO] [stdout]     |
[INFO] [stdout]  94 |       let rec = sqlx::query!(
[INFO] [stdout]     |  _______________^
[INFO] [stdout]  95 | |         r#"
[INFO] [stdout]  96 | |         INSERT INTO users (id, email, full_name)
[INFO] [stdout]  97 | |         VALUES ($1, $2, $3)
[INFO] [stdout] ...   |
[INFO] [stdout] 102 | |         full_name,
[INFO] [stdout] 103 | |     )
[INFO] [stdout]     | |_____^
[INFO] [stdout]     |
[INFO] [stdout]     = note: this error originates in the macro `$crate::sqlx_macros::expand_query` which comes from the expansion of the macro `sqlx::query` (in Nightly builds, run with -Z macro-backtrace for more info)
[INFO] [stdout] 
[INFO] [stdout] 
[INFO] [stdout] error: set `DATABASE_URL` to use query macros online, or run `cargo sqlx prepare` to update the query cache
[INFO] [stdout]   --> crates/db/src/users.rs:58:15
[INFO] [stdout]    |
[INFO] [stdout] 58 |       let rec = sqlx::query!(
[INFO] [stdout]    |  _______________^
[INFO] [stdout] 59 | |         r#"
[INFO] [stdout] 60 | |         INSERT INTO users (email, phone, password_hash, full_name, company_name, company_tax_id, company_address)
[INFO] [stdout] 61 | |         VALUES ($1, $2, $3, $4, $5, $6, $7)
[INFO] [stdout] ...  |
[INFO] [stdout] 70 | |         input.company_address
[INFO] [stdout] 71 | |     )
[INFO] [stdout]    | |_____^
[INFO] [stdout]    |
[INFO] [stdout]    = note: this error originates in the macro `$crate::sqlx_macros::expand_query` which comes from the expansion of the macro `sqlx::query` (in Nightly builds, run with -Z macro-backtrace for more info)
[INFO] [stdout] 
[INFO] [stdout] 
[INFO] [stdout] error: set `DATABASE_URL` to use query macros online, or run `cargo sqlx prepare` to update the query cache
[INFO] [stdout]    --> crates/db/src/users.rs:122:15
[INFO] [stdout]     |
[INFO] [stdout] 122 |       let rec = sqlx::query!(
[INFO] [stdout]     |  _______________^
[INFO] [stdout] 123 | |         r#"SELECT id, email, phone, password_hash, full_name, role, company_name, company_tax_id, company_address, created_at FRO...
[INFO] [stdout] 124 | |         email
[INFO] [stdout] 125 | |     )
[INFO] [stdout]     | |_____^
[INFO] [stdout]     |
[INFO] [stdout]     = note: this error originates in the macro `$crate::sqlx_macros::expand_query` which comes from the expansion of the macro `sqlx::query` (in Nightly builds, run with -Z macro-backtrace for more info)
[INFO] [stdout] 
[INFO] [stdout] 
[INFO] [stdout] error: set `DATABASE_URL` to use query macros online, or run `cargo sqlx prepare` to update the query cache
[INFO] [stdout]    --> crates/db/src/users.rs:146:15
[INFO] [stdout]     |
[INFO] [stdout] 146 |       let rec = sqlx::query!(
[INFO] [stdout]     |  _______________^
[INFO] [stdout] 147 | |         r#"SELECT id, email, phone, password_hash, full_name, role, company_name, company_tax_id, company_address, created_at FRO...
[INFO] [stdout] 148 | |         id
[INFO] [stdout] 149 | |     )
[INFO] [stdout]     | |_____^
[INFO] [stdout]     |
[INFO] [stdout]     = note: this error originates in the macro `$crate::sqlx_macros::expand_query` which comes from the expansion of the macro `sqlx::query` (in Nightly builds, run with -Z macro-backtrace for more info)
[INFO] [stdout] 
[INFO] [stdout] 
[INFO] [stdout] error: set `DATABASE_URL` to use query macros online, or run `cargo sqlx prepare` to update the query cache
[INFO] [stdout]    --> crates/db/src/users.rs:94:15
[INFO] [stdout]     |
[INFO] [stdout]  94 |       let rec = sqlx::query!(
[INFO] [stdout]     |  _______________^
[INFO] [stdout]  95 | |         r#"
[INFO] [stdout]  96 | |         INSERT INTO users (id, email, full_name)
[INFO] [stdout]  97 | |         VALUES ($1, $2, $3)
[INFO] [stdout] ...   |
[INFO] [stdout] 102 | |         full_name,
[INFO] [stdout] 103 | |     )
[INFO] [stdout]     | |_____^
[INFO] [stdout]     |
[INFO] [stdout]     = note: this error originates in the macro `$crate::sqlx_macros::expand_query` which comes from the expansion of the macro `sqlx::query` (in Nightly builds, run with -Z macro-backtrace for more info)
[INFO] [stdout] 
[INFO] [stdout] 
[INFO] [stdout] error: set `DATABASE_URL` to use query macros online, or run `cargo sqlx prepare` to update the query cache
[INFO] [stdout]    --> crates/db/src/users.rs:122:15
[INFO] [stdout]     |
[INFO] [stdout] 122 |       let rec = sqlx::query!(
[INFO] [stdout]     |  _______________^
[INFO] [stdout] 123 | |         r#"SELECT id, email, phone, password_hash, full_name, role, company_name, company_tax_id, company_address, created_at FRO...
[INFO] [stdout] 124 | |         email
[INFO] [stdout] 125 | |     )
[INFO] [stdout]     | |_____^
[INFO] [stdout]     |
[INFO] [stdout]     = note: this error originates in the macro `$crate::sqlx_macros::expand_query` which comes from the expansion of the macro `sqlx::query` (in Nightly builds, run with -Z macro-backtrace for more info)
[INFO] [stdout] 
[INFO] [stdout] 
[INFO] [stdout] error: set `DATABASE_URL` to use query macros online, or run `cargo sqlx prepare` to update the query cache
[INFO] [stdout]    --> crates/db/src/users.rs:190:15
[INFO] [stdout]     |
[INFO] [stdout] 190 |       let rec = sqlx::query!(
[INFO] [stdout]     |  _______________^
[INFO] [stdout] 191 | |         r#"
[INFO] [stdout] 192 | |         UPDATE users SET full_name = $1, phone = $2, company_name = $3, company_tax_id = $4, company_address = $5
[INFO] [stdout] 193 | |         WHERE id = $6
[INFO] [stdout] ...   |
[INFO] [stdout] 201 | |         id
[INFO] [stdout] 202 | |     )
[INFO] [stdout]     | |_____^
[INFO] [stdout]     |
[INFO] [stdout]     = note: this error originates in the macro `$crate::sqlx_macros::expand_query` which comes from the expansion of the macro `sqlx::query` (in Nightly builds, run with -Z macro-backtrace for more info)
[INFO] [stdout] 
[INFO] [stdout] 
[INFO] [stdout] error: set `DATABASE_URL` to use query macros online, or run `cargo sqlx prepare` to update the query cache
[INFO] [stdout]    --> crates/db/src/users.rs:146:15
[INFO] [stdout]     |
[INFO] [stdout] 146 |       let rec = sqlx::query!(
[INFO] [stdout]     |  _______________^
[INFO] [stdout] 147 | |         r#"SELECT id, email, phone, password_hash, full_name, role, company_name, company_tax_id, company_address, created_at FRO...
[INFO] [stdout] 148 | |         id
[INFO] [stdout] 149 | |     )
[INFO] [stdout]     | |_____^
[INFO] [stdout]     |
[INFO] [stdout]     = note: this error originates in the macro `$crate::sqlx_macros::expand_query` which comes from the expansion of the macro `sqlx::query` (in Nightly builds, run with -Z macro-backtrace for more info)
[INFO] [stdout] 
[INFO] [stdout] 
[INFO] [stdout] error: set `DATABASE_URL` to use query macros online, or run `cargo sqlx prepare` to update the query cache
[INFO] [stdout]    --> crates/db/src/users.rs:190:15
[INFO] [stdout]     |
[INFO] [stdout] 190 |       let rec = sqlx::query!(
[INFO] [stdout]     |  _______________^
[INFO] [stdout] 191 | |         r#"
[INFO] [stdout] 192 | |         UPDATE users SET full_name = $1, phone = $2, company_name = $3, company_tax_id = $4, company_address = $5
[INFO] [stdout] 193 | |         WHERE id = $6
[INFO] [stdout] ...   |
[INFO] [stdout] 201 | |         id
[INFO] [stdout] 202 | |     )
[INFO] [stdout]     | |_____^
[INFO] [stdout]     |
[INFO] [stdout]     = note: this error originates in the macro `$crate::sqlx_macros::expand_query` which comes from the expansion of the macro `sqlx::query` (in Nightly builds, run with -Z macro-backtrace for more info)
[INFO] [stdout] 
[INFO] [stdout] 
[INFO] [stdout] warning: method call on a diverging inference variable
[INFO] [stdout]   --> crates/db/src/event_media.rs:72:10
[INFO] [stdout]    |
[INFO] [stdout] 72 |         .into_iter()
[INFO] [stdout]    |          ^^^^^^^^^
[INFO] [stdout]    |
[INFO] [stdout]    = help: consider providing a type annotation
[INFO] [stdout]    = warning: this was previously accepted by the compiler but is being phased out; it will become a hard error in a future release!
[INFO] [stdout]    = note: for more information, see issue #156047 <https://github.com/rust-lang/rust/issues/156047>
[INFO] [stdout]    = note: `#[warn(method_call_on_diverging_infer_var)]` (part of `#[warn(future_incompatible)]`) on by default
[INFO] [stdout] 
[INFO] [stdout] 
[INFO] [stdout] warning: method call on a diverging inference variable
[INFO] [stdout]   --> crates/db/src/event_media.rs:72:10
[INFO] [stdout]    |
[INFO] [stdout] 72 |         .into_iter()
[INFO] [stdout]    |          ^^^^^^^^^
[INFO] [stdout]    |
[INFO] [stdout]    = help: consider providing a type annotation
[INFO] [stdout]    = warning: this was previously accepted by the compiler but is being phased out; it will become a hard error in a future release!
[INFO] [stdout]    = note: for more information, see issue #156047 <https://github.com/rust-lang/rust/issues/156047>
[INFO] [stdout]    = note: `#[warn(method_call_on_diverging_infer_var)]` (part of `#[warn(future_incompatible)]`) on by default
[INFO] [stdout] 
[INFO] [stdout] 
[INFO] [stdout] error[E0599]: `!` is not an iterator
[INFO] [stdout]   --> crates/db/src/event_media.rs:72:10
[INFO] [stdout]    |
[INFO] [stdout] 71 |     Ok(recs
[INFO] [stdout] 72 |         .into_iter()
[INFO] [stdout]    |          ^^^^^^^^^ `!` is not an iterator
[INFO] [stdout]    |
[INFO] [stdout]    = note: the following trait bounds were not satisfied:
[INFO] [stdout]            `!: Iterator`
[INFO] [stdout]            which is required by `!: IntoIterator`
[INFO] [stdout]            `&!: Iterator`
[INFO] [stdout]            which is required by `&!: IntoIterator`
[INFO] [stdout]            `&mut !: Iterator`
[INFO] [stdout]            which is required by `&mut !: IntoIterator`
[INFO] [stdout] 
[INFO] [stdout] 
[INFO] [stdout] warning: method call on a diverging inference variable
[INFO] [stdout]   --> crates/db/src/event_media.rs:98:12
[INFO] [stdout]    |
[INFO] [stdout] 98 |     Ok(rec.map(|rec| EventMedia {
[INFO] [stdout]    |            ^^^
[INFO] [stdout]    |
[INFO] [stdout]    = help: consider providing a type annotation
[INFO] [stdout]    = warning: this was previously accepted by the compiler but is being phased out; it will become a hard error in a future release!
[INFO] [stdout]    = note: for more information, see issue #156047 <https://github.com/rust-lang/rust/issues/156047>
[INFO] [stdout] 
[INFO] [stdout] 
[INFO] [stdout] error[E0599]: `!` is not an iterator
[INFO] [stdout]   --> crates/db/src/event_media.rs:72:10
[INFO] [stdout]    |
[INFO] [stdout] 71 |     Ok(recs
[INFO] [stdout] 72 |         .into_iter()
[INFO] [stdout]    |          ^^^^^^^^^ `!` is not an iterator
[INFO] [stdout]    |
[INFO] [stdout]    = note: the following trait bounds were not satisfied:
[INFO] [stdout]            `!: Iterator`
[INFO] [stdout]            which is required by `!: IntoIterator`
[INFO] [stdout]            `&!: Iterator`
[INFO] [stdout]            which is required by `&!: IntoIterator`
[INFO] [stdout]            `&mut !: Iterator`
[INFO] [stdout]            which is required by `&mut !: IntoIterator`
[INFO] [stdout] 
[INFO] [stdout] 
[INFO] [stdout] error[E0599]: `!` is not an iterator
[INFO] [stdout]   --> crates/db/src/event_media.rs:98:12
[INFO] [stdout]    |
[INFO] [stdout] 98 |     Ok(rec.map(|rec| EventMedia {
[INFO] [stdout]    |            ^^^ `!` is not an iterator
[INFO] [stdout]    |
[INFO] [stdout]    = note: the following trait bounds were not satisfied:
[INFO] [stdout]            `!: Iterator`
[INFO] [stdout]            which is required by `&mut !: Iterator`
[INFO] [stdout] 
[INFO] [stdout] 
[INFO] [stdout] warning: method call on a diverging inference variable
[INFO] [stdout]   --> crates/db/src/event_media.rs:98:12
[INFO] [stdout]    |
[INFO] [stdout] 98 |     Ok(rec.map(|rec| EventMedia {
[INFO] [stdout]    |            ^^^
[INFO] [stdout]    |
[INFO] [stdout]    = help: consider providing a type annotation
[INFO] [stdout]    = warning: this was previously accepted by the compiler but is being phased out; it will become a hard error in a future release!
[INFO] [stdout]    = note: for more information, see issue #156047 <https://github.com/rust-lang/rust/issues/156047>
[INFO] [stdout] 
[INFO] [stdout] 
[INFO] [stdout] warning: method call on a diverging inference variable
[INFO] [stdout]    --> crates/db/src/event_media.rs:115:15
[INFO] [stdout]     |
[INFO] [stdout] 115 |     Ok(result.rows_affected() > 0)
[INFO] [stdout]     |               ^^^^^^^^^^^^^
[INFO] [stdout]     |
[INFO] [stdout]     = help: consider providing a type annotation
[INFO] [stdout]     = warning: this was previously accepted by the compiler but is being phased out; it will become a hard error in a future release!
[INFO] [stdout]     = note: for more information, see issue #156047 <https://github.com/rust-lang/rust/issues/156047>
[INFO] [stdout] 
[INFO] [stdout] 
[INFO] [stdout] error[E0599]: `!` is not an iterator
[INFO] [stdout]   --> crates/db/src/event_media.rs:98:12
[INFO] [stdout]    |
[INFO] [stdout] 98 |     Ok(rec.map(|rec| EventMedia {
[INFO] [stdout]    |            ^^^ `!` is not an iterator
[INFO] [stdout]    |
[INFO] [stdout]    = note: the following trait bounds were not satisfied:
[INFO] [stdout]            `!: Iterator`
[INFO] [stdout]            which is required by `&mut !: Iterator`
[INFO] [stdout] 
[INFO] [stdout] 
[INFO] [stdout] warning: method call on a diverging inference variable
[INFO] [stdout]    --> crates/db/src/event_media.rs:115:15
[INFO] [stdout]     |
[INFO] [stdout] 115 |     Ok(result.rows_affected() > 0)
[INFO] [stdout]     |               ^^^^^^^^^^^^^
[INFO] [stdout]     |
[INFO] [stdout]     = help: consider providing a type annotation
[INFO] [stdout]     = warning: this was previously accepted by the compiler but is being phased out; it will become a hard error in a future release!
[INFO] [stdout]     = note: for more information, see issue #156047 <https://github.com/rust-lang/rust/issues/156047>
[INFO] [stdout] 
[INFO] [stdout] 
[INFO] [stdout] error[E0599]: no method named `rows_affected` found for type `!` in the current scope
[INFO] [stdout]    --> crates/db/src/event_media.rs:115:15
[INFO] [stdout]     |
[INFO] [stdout] 115 |     Ok(result.rows_affected() > 0)
[INFO] [stdout]     |               ^^^^^^^^^^^^^ method not found in `!`
[INFO] [stdout] 
[INFO] [stdout] 
[INFO] [stdout] warning: method call on a diverging inference variable
[INFO] [stdout]   --> crates/db/src/event_type_packages.rs:29:10
[INFO] [stdout]    |
[INFO] [stdout] 29 |         .into_iter()
[INFO] [stdout]    |          ^^^^^^^^^
[INFO] [stdout]    |
[INFO] [stdout]    = help: consider providing a type annotation
[INFO] [stdout]    = warning: this was previously accepted by the compiler but is being phased out; it will become a hard error in a future release!
[INFO] [stdout]    = note: for more information, see issue #156047 <https://github.com/rust-lang/rust/issues/156047>
[INFO] [stdout] 
[INFO] [stdout] 
[INFO] [stdout] error[E0599]: no method named `rows_affected` found for type `!` in the current scope
[INFO] [stdout]    --> crates/db/src/event_media.rs:115:15
[INFO] [stdout]     |
[INFO] [stdout] 115 |     Ok(result.rows_affected() > 0)
[INFO] [stdout]     |               ^^^^^^^^^^^^^ method not found in `!`
[INFO] [stdout] 
[INFO] [stdout] 
[INFO] [stdout] warning: method call on a diverging inference variable
[INFO] [stdout]   --> crates/db/src/event_type_packages.rs:29:10
[INFO] [stdout]    |
[INFO] [stdout] 29 |         .into_iter()
[INFO] [stdout]    |          ^^^^^^^^^
[INFO] [stdout]    |
[INFO] [stdout]    = help: consider providing a type annotation
[INFO] [stdout]    = warning: this was previously accepted by the compiler but is being phased out; it will become a hard error in a future release!
[INFO] [stdout]    = note: for more information, see issue #156047 <https://github.com/rust-lang/rust/issues/156047>
[INFO] [stdout] 
[INFO] [stdout] 
[INFO] [stdout] error[E0599]: `!` is not an iterator
[INFO] [stdout]   --> crates/db/src/event_type_packages.rs:29:10
[INFO] [stdout]    |
[INFO] [stdout] 28 |     Ok(packages
[INFO] [stdout] 29 |         .into_iter()
[INFO] [stdout]    |          ^^^^^^^^^ `!` is not an iterator
[INFO] [stdout]    |
[INFO] [stdout]    = note: the following trait bounds were not satisfied:
[INFO] [stdout]            `!: Iterator`
[INFO] [stdout]            which is required by `!: IntoIterator`
[INFO] [stdout]            `&!: Iterator`
[INFO] [stdout]            which is required by `&!: IntoIterator`
[INFO] [stdout]            `&mut !: Iterator`
[INFO] [stdout]            which is required by `&mut !: IntoIterator`
[INFO] [stdout] 
[INFO] [stdout] 
[INFO] [stdout] warning: method call on a diverging inference variable
[INFO] [stdout]   --> crates/db/src/event_type_packages.rs:32:18
[INFO] [stdout]    |
[INFO] [stdout] 32 |                 .iter()
[INFO] [stdout]    |                  ^^^^
[INFO] [stdout]    |
[INFO] [stdout]    = help: consider providing a type annotation
[INFO] [stdout]    = warning: this was previously accepted by the compiler but is being phased out; it will become a hard error in a future release!
[INFO] [stdout]    = note: for more information, see issue #156047 <https://github.com/rust-lang/rust/issues/156047>
[INFO] [stdout] 
[INFO] [stdout] 
[INFO] [stdout] error[E0599]: `!` is not an iterator
[INFO] [stdout]   --> crates/db/src/event_type_packages.rs:29:10
[INFO] [stdout]    |
[INFO] [stdout] 28 |     Ok(packages
[INFO] [stdout] 29 |         .into_iter()
[INFO] [stdout]    |          ^^^^^^^^^ `!` is not an iterator
[INFO] [stdout]    |
[INFO] [stdout]    = note: the following trait bounds were not satisfied:
[INFO] [stdout]            `!: Iterator`
[INFO] [stdout]            which is required by `!: IntoIterator`
[INFO] [stdout]            `&!: Iterator`
[INFO] [stdout]            which is required by `&!: IntoIterator`
[INFO] [stdout]            `&mut !: Iterator`
[INFO] [stdout]            which is required by `&mut !: IntoIterator`
[INFO] [stdout] 
[INFO] [stdout] 
[INFO] [stdout] warning: method call on a diverging inference variable
[INFO] [stdout]   --> crates/db/src/event_type_packages.rs:32:18
[INFO] [stdout]    |
[INFO] [stdout] 32 |                 .iter()
[INFO] [stdout]    |                  ^^^^
[INFO] [stdout]    |
[INFO] [stdout]    = help: consider providing a type annotation
[INFO] [stdout]    = warning: this was previously accepted by the compiler but is being phased out; it will become a hard error in a future release!
[INFO] [stdout]    = note: for more information, see issue #156047 <https://github.com/rust-lang/rust/issues/156047>
[INFO] [stdout] 
[INFO] [stdout] 
[INFO] [stdout] error[E0599]: no method named `iter` found for type `!` in the current scope
[INFO] [stdout]   --> crates/db/src/event_type_packages.rs:32:18
[INFO] [stdout]    |
[INFO] [stdout] 31 |             let pkg_items = items
[INFO] [stdout] 32 |                 .iter()
[INFO] [stdout]    |                  ^^^^ method not found in `!`
[INFO] [stdout] 
[INFO] [stdout] 
[INFO] [stdout] warning: method call on a diverging inference variable
[INFO] [stdout]    --> crates/db/src/events.rs:104:12
[INFO] [stdout]     |
[INFO] [stdout] 104 |     Ok(rec.map(|rec| Event {
[INFO] [stdout]     |            ^^^
[INFO] [stdout]     |
[INFO] [stdout]     = help: consider providing a type annotation
[INFO] [stdout]     = warning: this was previously accepted by the compiler but is being phased out; it will become a hard error in a future release!
[INFO] [stdout]     = note: for more information, see issue #156047 <https://github.com/rust-lang/rust/issues/156047>
[INFO] [stdout] 
[INFO] [stdout] 
[INFO] [stdout] error[E0599]: `!` is not an iterator
[INFO] [stdout]    --> crates/db/src/events.rs:104:12
[INFO] [stdout]     |
[INFO] [stdout] 104 |     Ok(rec.map(|rec| Event {
[INFO] [stdout]     |            ^^^ `!` is not an iterator
[INFO] [stdout]     |
[INFO] [stdout]     = note: the following trait bounds were not satisfied:
[INFO] [stdout]             `!: Iterator`
[INFO] [stdout]             which is required by `&mut !: Iterator`
[INFO] [stdout] 
[INFO] [stdout] 
[INFO] [stdout] warning: method call on a diverging inference variable
[INFO] [stdout]    --> crates/db/src/events.rs:133:10
[INFO] [stdout]     |
[INFO] [stdout] 133 |         .into_iter()
[INFO] [stdout]     |          ^^^^^^^^^
[INFO] [stdout]     |
[INFO] [stdout]     = help: consider providing a type annotation
[INFO] [stdout]     = warning: this was previously accepted by the compiler but is being phased out; it will become a hard error in a future release!
[INFO] [stdout]     = note: for more information, see issue #156047 <https://github.com/rust-lang/rust/issues/156047>
[INFO] [stdout] 
[INFO] [stdout] 
[INFO] [stdout] error[E0599]: no method named `iter` found for type `!` in the current scope
[INFO] [stdout]   --> crates/db/src/event_type_packages.rs:32:18
[INFO] [stdout]    |
[INFO] [stdout] 31 |             let pkg_items = items
[INFO] [stdout] 32 |                 .iter()
[INFO] [stdout]    |                  ^^^^ method not found in `!`
[INFO] [stdout] 
[INFO] [stdout] 
[INFO] [stdout] warning: method call on a diverging inference variable
[INFO] [stdout]    --> crates/db/src/events.rs:104:12
[INFO] [stdout]     |
[INFO] [stdout] 104 |     Ok(rec.map(|rec| Event {
[INFO] [stdout]     |            ^^^
[INFO] [stdout]     |
[INFO] [stdout]     = help: consider providing a type annotation
[INFO] [stdout]     = warning: this was previously accepted by the compiler but is being phased out; it will become a hard error in a future release!
[INFO] [stdout]     = note: for more information, see issue #156047 <https://github.com/rust-lang/rust/issues/156047>
[INFO] [stdout] 
[INFO] [stdout] 
[INFO] [stdout] error[E0599]: `!` is not an iterator
[INFO] [stdout]    --> crates/db/src/events.rs:104:12
[INFO] [stdout]     |
[INFO] [stdout] 104 |     Ok(rec.map(|rec| Event {
[INFO] [stdout]     |            ^^^ `!` is not an iterator
[INFO] [stdout]     |
[INFO] [stdout]     = note: the following trait bounds were not satisfied:
[INFO] [stdout]             `!: Iterator`
[INFO] [stdout]             which is required by `&mut !: Iterator`
[INFO] [stdout] 
[INFO] [stdout] 
[INFO] [stdout] warning: method call on a diverging inference variable
[INFO] [stdout]    --> crates/db/src/events.rs:133:10
[INFO] [stdout]     |
[INFO] [stdout] 133 |         .into_iter()
[INFO] [stdout]     |          ^^^^^^^^^
[INFO] [stdout]     |
[INFO] [stdout]     = help: consider providing a type annotation
[INFO] [stdout]     = warning: this was previously accepted by the compiler but is being phased out; it will become a hard error in a future release!
[INFO] [stdout]     = note: for more information, see issue #156047 <https://github.com/rust-lang/rust/issues/156047>
[INFO] [stdout] 
[INFO] [stdout] 
[INFO] [stdout] error[E0599]: `!` is not an iterator
[INFO] [stdout]    --> crates/db/src/events.rs:133:10
[INFO] [stdout]     |
[INFO] [stdout] 132 |     Ok(recs
[INFO] [stdout] 133 |         .into_iter()
[INFO] [stdout]     |          ^^^^^^^^^ `!` is not an iterator
[INFO] [stdout]     |
[INFO] [stdout]     = note: the following trait bounds were not satisfied:
[INFO] [stdout]             `!: Iterator`
[INFO] [stdout]             which is required by `!: IntoIterator`
[INFO] [stdout]             `&!: Iterator`
[INFO] [stdout]             which is required by `&!: IntoIterator`
[INFO] [stdout]             `&mut !: Iterator`
[INFO] [stdout]             which is required by `&mut !: IntoIterator`
[INFO] [stdout] 
[INFO] [stdout] 
[INFO] [stdout] warning: method call on a diverging inference variable
[INFO] [stdout]    --> crates/db/src/events.rs:165:10
[INFO] [stdout]     |
[INFO] [stdout] 165 |         .into_iter()
[INFO] [stdout]     |          ^^^^^^^^^
[INFO] [stdout]     |
[INFO] [stdout]     = help: consider providing a type annotation
[INFO] [stdout]     = warning: this was previously accepted by the compiler but is being phased out; it will become a hard error in a future release!
[INFO] [stdout]     = note: for more information, see issue #156047 <https://github.com/rust-lang/rust/issues/156047>
[INFO] [stdout] 
[INFO] [stdout] 
[INFO] [stdout] error[E0599]: `!` is not an iterator
[INFO] [stdout]    --> crates/db/src/events.rs:133:10
[INFO] [stdout]     |
[INFO] [stdout] 132 |     Ok(recs
[INFO] [stdout] 133 |         .into_iter()
[INFO] [stdout]     |          ^^^^^^^^^ `!` is not an iterator
[INFO] [stdout]     |
[INFO] [stdout]     = note: the following trait bounds were not satisfied:
[INFO] [stdout]             `!: Iterator`
[INFO] [stdout]             which is required by `!: IntoIterator`
[INFO] [stdout]             `&!: Iterator`
[INFO] [stdout]             which is required by `&!: IntoIterator`
[INFO] [stdout]             `&mut !: Iterator`
[INFO] [stdout]             which is required by `&mut !: IntoIterator`
[INFO] [stdout] 
[INFO] [stdout] 
[INFO] [stdout] warning: method call on a diverging inference variable
[INFO] [stdout]    --> crates/db/src/events.rs:165:10
[INFO] [stdout]     |
[INFO] [stdout] 165 |         .into_iter()
[INFO] [stdout]     |          ^^^^^^^^^
[INFO] [stdout]     |
[INFO] [stdout]     = help: consider providing a type annotation
[INFO] [stdout]     = warning: this was previously accepted by the compiler but is being phased out; it will become a hard error in a future release!
[INFO] [stdout]     = note: for more information, see issue #156047 <https://github.com/rust-lang/rust/issues/156047>
[INFO] [stdout] 
[INFO] [stdout] 
[INFO] [stdout] error[E0599]: `!` is not an iterator
[INFO] [stdout]    --> crates/db/src/events.rs:165:10
[INFO] [stdout]     |
[INFO] [stdout] 164 |     Ok(recs
[INFO] [stdout] 165 |         .into_iter()
[INFO] [stdout]     |          ^^^^^^^^^ `!` is not an iterator
[INFO] [stdout]     |
[INFO] [stdout]     = note: the following trait bounds were not satisfied:
[INFO] [stdout]             `!: Iterator`
[INFO] [stdout]             which is required by `!: IntoIterator`
[INFO] [stdout]             `&!: Iterator`
[INFO] [stdout]             which is required by `&!: IntoIterator`
[INFO] [stdout]             `&mut !: Iterator`
[INFO] [stdout]             which is required by `&mut !: IntoIterator`
[INFO] [stdout] 
[INFO] [stdout] 
[INFO] [stdout] warning: method call on a diverging inference variable
[INFO] [stdout]    --> crates/db/src/events.rs:266:15
[INFO] [stdout]     |
[INFO] [stdout] 266 |     Ok(result.rows_affected() > 0)
[INFO] [stdout]     |               ^^^^^^^^^^^^^
[INFO] [stdout]     |
[INFO] [stdout]     = help: consider providing a type annotation
[INFO] [stdout]     = warning: this was previously accepted by the compiler but is being phased out; it will become a hard error in a future release!
[INFO] [stdout]     = note: for more information, see issue #156047 <https://github.com/rust-lang/rust/issues/156047>
[INFO] [stdout] 
[INFO] [stdout] 
[INFO] [stdout] error[E0599]: `!` is not an iterator
[INFO] [stdout]    --> crates/db/src/events.rs:165:10
[INFO] [stdout]     |
[INFO] [stdout] 164 |     Ok(recs
[INFO] [stdout] 165 |         .into_iter()
[INFO] [stdout]     |          ^^^^^^^^^ `!` is not an iterator
[INFO] [stdout]     |
[INFO] [stdout]     = note: the following trait bounds were not satisfied:
[INFO] [stdout]             `!: Iterator`
[INFO] [stdout]             which is required by `!: IntoIterator`
[INFO] [stdout]             `&!: Iterator`
[INFO] [stdout]             which is required by `&!: IntoIterator`
[INFO] [stdout]             `&mut !: Iterator`
[INFO] [stdout]             which is required by `&mut !: IntoIterator`
[INFO] [stdout] 
[INFO] [stdout] 
[INFO] [stdout] warning: method call on a diverging inference variable
[INFO] [stdout]    --> crates/db/src/events.rs:266:15
[INFO] [stdout]     |
[INFO] [stdout] 266 |     Ok(result.rows_affected() > 0)
[INFO] [stdout]     |               ^^^^^^^^^^^^^
[INFO] [stdout]     |
[INFO] [stdout]     = help: consider providing a type annotation
[INFO] [stdout]     = warning: this was previously accepted by the compiler but is being phased out; it will become a hard error in a future release!
[INFO] [stdout]     = note: for more information, see issue #156047 <https://github.com/rust-lang/rust/issues/156047>
[INFO] [stdout] 
[INFO] [stdout] 
[INFO] [stdout] error[E0599]: no method named `rows_affected` found for type `!` in the current scope
[INFO] [stdout]    --> crates/db/src/events.rs:266:15
[INFO] [stdout]     |
[INFO] [stdout] 266 |     Ok(result.rows_affected() > 0)
[INFO] [stdout]     |               ^^^^^^^^^^^^^ method not found in `!`
[INFO] [stdout] 
[INFO] [stdout] 
[INFO] [stdout] warning: method call on a diverging inference variable
[INFO] [stdout]   --> crates/db/src/location_factors.rs:12:10
[INFO] [stdout]    |
[INFO] [stdout] 12 |         .into_iter()
[INFO] [stdout]    |          ^^^^^^^^^
[INFO] [stdout]    |
[INFO] [stdout]    = help: consider providing a type annotation
[INFO] [stdout]    = warning: this was previously accepted by the compiler but is being phased out; it will become a hard error in a future release!
[INFO] [stdout]    = note: for more information, see issue #156047 <https://github.com/rust-lang/rust/issues/156047>
[INFO] [stdout] 
[INFO] [stdout] 
[INFO] [stdout] error[E0599]: no method named `rows_affected` found for type `!` in the current scope
[INFO] [stdout]    --> crates/db/src/events.rs:266:15
[INFO] [stdout]     |
[INFO] [stdout] 266 |     Ok(result.rows_affected() > 0)
[INFO] [stdout]     |               ^^^^^^^^^^^^^ method not found in `!`
[INFO] [stdout] 
[INFO] [stdout] 
[INFO] [stdout] warning: method call on a diverging inference variable
[INFO] [stdout]   --> crates/db/src/location_factors.rs:12:10
[INFO] [stdout]    |
[INFO] [stdout] 12 |         .into_iter()
[INFO] [stdout]    |          ^^^^^^^^^
[INFO] [stdout]    |
[INFO] [stdout]    = help: consider providing a type annotation
[INFO] [stdout]    = warning: this was previously accepted by the compiler but is being phased out; it will become a hard error in a future release!
[INFO] [stdout]    = note: for more information, see issue #156047 <https://github.com/rust-lang/rust/issues/156047>
[INFO] [stdout] 
[INFO] [stdout] 
[INFO] [stdout] error[E0599]: `!` is not an iterator
[INFO] [stdout]   --> crates/db/src/location_factors.rs:12:10
[INFO] [stdout]    |
[INFO] [stdout] 11 |     Ok(recs
[INFO] [stdout] 12 |         .into_iter()
[INFO] [stdout]    |          ^^^^^^^^^ `!` is not an iterator
[INFO] [stdout]    |
[INFO] [stdout]    = note: the following trait bounds were not satisfied:
[INFO] [stdout]            `!: Iterator`
[INFO] [stdout]            which is required by `!: IntoIterator`
[INFO] [stdout]            `&!: Iterator`
[INFO] [stdout]            which is required by `&!: IntoIterator`
[INFO] [stdout]            `&mut !: Iterator`
[INFO] [stdout]            which is required by `&mut !: IntoIterator`
[INFO] [stdout] 
[INFO] [stdout] 
[INFO] [stdout] warning: method call on a diverging inference variable
[INFO] [stdout]   --> crates/db/src/passkeys.rs:29:10
[INFO] [stdout]    |
[INFO] [stdout] 29 |     rows.into_iter()
[INFO] [stdout]    |          ^^^^^^^^^
[INFO] [stdout]    |
[INFO] [stdout]    = help: consider providing a type annotation
[INFO] [stdout]    = warning: this was previously accepted by the compiler but is being phased out; it will become a hard error in a future release!
[INFO] [stdout]    = note: for more information, see issue #156047 <https://github.com/rust-lang/rust/issues/156047>
[INFO] [stdout] 
[INFO] [stdout] 
[INFO] [stdout] error[E0599]: `!` is not an iterator
[INFO] [stdout]   --> crates/db/src/location_factors.rs:12:10
[INFO] [stdout]    |
[INFO] [stdout] 11 |     Ok(recs
[INFO] [stdout] 12 |         .into_iter()
[INFO] [stdout]    |          ^^^^^^^^^ `!` is not an iterator
[INFO] [stdout]    |
[INFO] [stdout]    = note: the following trait bounds were not satisfied:
[INFO] [stdout]            `!: Iterator`
[INFO] [stdout]            which is required by `!: IntoIterator`
[INFO] [stdout]            `&!: Iterator`
[INFO] [stdout]            which is required by `&!: IntoIterator`
[INFO] [stdout]            `&mut !: Iterator`
[INFO] [stdout]            which is required by `&mut !: IntoIterator`
[INFO] [stdout] 
[INFO] [stdout] 
[INFO] [stdout] error[E0599]: `!` is not an iterator
[INFO] [stdout]   --> crates/db/src/passkeys.rs:29:10
[INFO] [stdout]    |
[INFO] [stdout] 29 |     rows.into_iter()
[INFO] [stdout]    |          ^^^^^^^^^ `!` is not an iterator
[INFO] [stdout]    |
[INFO] [stdout]    = note: the following trait bounds were not satisfied:
[INFO] [stdout]            `!: Iterator`
[INFO] [stdout]            which is required by `!: IntoIterator`
[INFO] [stdout]            `&!: Iterator`
[INFO] [stdout]            which is required by `&!: IntoIterator`
[INFO] [stdout]            `&mut !: Iterator`
[INFO] [stdout]            which is required by `&mut !: IntoIterator`
[INFO] [stdout] 
[INFO] [stdout] 
[INFO] [stdout] warning: method call on a diverging inference variable
[INFO] [stdout]   --> crates/db/src/reports.rs:33:10
[INFO] [stdout]    |
[INFO] [stdout] 33 |         .into_iter()
[INFO] [stdout]    |          ^^^^^^^^^
[INFO] [stdout]    |
[INFO] [stdout]    = help: consider providing a type annotation
[INFO] [stdout]    = warning: this was previously accepted by the compiler but is being phased out; it will become a hard error in a future release!
[INFO] [stdout]    = note: for more information, see issue #156047 <https://github.com/rust-lang/rust/issues/156047>
[INFO] [stdout] 
[INFO] [stdout] 
[INFO] [stdout] warning: method call on a diverging inference variable
[INFO] [stdout]   --> crates/db/src/passkeys.rs:29:10
[INFO] [stdout]    |
[INFO] [stdout] 29 |     rows.into_iter()
[INFO] [stdout]    |          ^^^^^^^^^
[INFO] [stdout]    |
[INFO] [stdout]    = help: consider providing a type annotation
[INFO] [stdout]    = warning: this was previously accepted by the compiler but is being phased out; it will become a hard error in a future release!
[INFO] [stdout]    = note: for more information, see issue #156047 <https://github.com/rust-lang/rust/issues/156047>
[INFO] [stdout] 
[INFO] [stdout] 
[INFO] [stdout] error[E0599]: `!` is not an iterator
[INFO] [stdout]   --> crates/db/src/reports.rs:33:10
[INFO] [stdout]    |
[INFO] [stdout] 32 |     Ok(recs
[INFO] [stdout] 33 |         .into_iter()
[INFO] [stdout]    |          ^^^^^^^^^ `!` is not an iterator
[INFO] [stdout]    |
[INFO] [stdout]    = note: the following trait bounds were not satisfied:
[INFO] [stdout]            `!: Iterator`
[INFO] [stdout]            which is required by `!: IntoIterator`
[INFO] [stdout]            `&!: Iterator`
[INFO] [stdout]            which is required by `&!: IntoIterator`
[INFO] [stdout]            `&mut !: Iterator`
[INFO] [stdout]            which is required by `&mut !: IntoIterator`
[INFO] [stdout] 
[INFO] [stdout] 
[INFO] [stdout] warning: method call on a diverging inference variable
[INFO] [stdout]   --> crates/db/src/simulator_tiers.rs:12:10
[INFO] [stdout]    |
[INFO] [stdout] 12 |         .into_iter()
[INFO] [stdout]    |          ^^^^^^^^^
[INFO] [stdout]    |
[INFO] [stdout]    = help: consider providing a type annotation
[INFO] [stdout]    = warning: this was previously accepted by the compiler but is being phased out; it will become a hard error in a future release!
[INFO] [stdout]    = note: for more information, see issue #156047 <https://github.com/rust-lang/rust/issues/156047>
[INFO] [stdout] 
[INFO] [stdout] 
[INFO] [stdout] error[E0599]: `!` is not an iterator
[INFO] [stdout]   --> crates/db/src/passkeys.rs:29:10
[INFO] [stdout]    |
[INFO] [stdout] 29 |     rows.into_iter()
[INFO] [stdout]    |          ^^^^^^^^^ `!` is not an iterator
[INFO] [stdout]    |
[INFO] [stdout]    = note: the following trait bounds were not satisfied:
[INFO] [stdout]            `!: Iterator`
[INFO] [stdout]            which is required by `!: IntoIterator`
[INFO] [stdout]            `&!: Iterator`
[INFO] [stdout]            which is required by `&!: IntoIterator`
[INFO] [stdout]            `&mut !: Iterator`
[INFO] [stdout]            which is required by `&mut !: IntoIterator`
[INFO] [stdout] 
[INFO] [stdout] 
[INFO] [stdout] warning: method call on a diverging inference variable
[INFO] [stdout]   --> crates/db/src/reports.rs:33:10
[INFO] [stdout]    |
[INFO] [stdout] 33 |         .into_iter()
[INFO] [stdout]    |          ^^^^^^^^^
[INFO] [stdout]    |
[INFO] [stdout]    = help: consider providing a type annotation
[INFO] [stdout]    = warning: this was previously accepted by the compiler but is being phased out; it will become a hard error in a future release!
[INFO] [stdout]    = note: for more information, see issue #156047 <https://github.com/rust-lang/rust/issues/156047>
[INFO] [stdout] 
[INFO] [stdout] 
[INFO] [stdout] error[E0599]: `!` is not an iterator
[INFO] [stdout]   --> crates/db/src/simulator_tiers.rs:12:10
[INFO] [stdout]    |
[INFO] [stdout] 11 |     Ok(recs
[INFO] [stdout] 12 |         .into_iter()
[INFO] [stdout]    |          ^^^^^^^^^ `!` is not an iterator
[INFO] [stdout]    |
[INFO] [stdout]    = note: the following trait bounds were not satisfied:
[INFO] [stdout]            `!: Iterator`
[INFO] [stdout]            which is required by `!: IntoIterator`
[INFO] [stdout]            `&!: Iterator`
[INFO] [stdout]            which is required by `&!: IntoIterator`
[INFO] [stdout]            `&mut !: Iterator`
[INFO] [stdout]            which is required by `&mut !: IntoIterator`
[INFO] [stdout] 
[INFO] [stdout] 
[INFO] [stdout] warning: method call on a diverging inference variable
[INFO] [stdout]    --> crates/db/src/ticket_types.rs:110:15
[INFO] [stdout]     |
[INFO] [stdout] 110 |     Ok(result.rows_affected() > 0)
[INFO] [stdout]     |               ^^^^^^^^^^^^^
[INFO] [stdout]     |
[INFO] [stdout]     = help: consider providing a type annotation
[INFO] [stdout]     = warning: this was previously accepted by the compiler but is being phased out; it will become a hard error in a future release!
[INFO] [stdout]     = note: for more information, see issue #156047 <https://github.com/rust-lang/rust/issues/156047>
[INFO] [stdout] 
[INFO] [stdout] 
[INFO] [stdout] error[E0599]: `!` is not an iterator
[INFO] [stdout]   --> crates/db/src/reports.rs:33:10
[INFO] [stdout]    |
[INFO] [stdout] 32 |     Ok(recs
[INFO] [stdout] 33 |         .into_iter()
[INFO] [stdout]    |          ^^^^^^^^^ `!` is not an iterator
[INFO] [stdout]    |
[INFO] [stdout]    = note: the following trait bounds were not satisfied:
[INFO] [stdout]            `!: Iterator`
[INFO] [stdout]            which is required by `!: IntoIterator`
[INFO] [stdout]            `&!: Iterator`
[INFO] [stdout]            which is required by `&!: IntoIterator`
[INFO] [stdout]            `&mut !: Iterator`
[INFO] [stdout]            which is required by `&mut !: IntoIterator`
[INFO] [stdout] 
[INFO] [stdout] 
[INFO] [stdout] warning: method call on a diverging inference variable
[INFO] [stdout]   --> crates/db/src/simulator_tiers.rs:12:10
[INFO] [stdout]    |
[INFO] [stdout] 12 |         .into_iter()
[INFO] [stdout]    |          ^^^^^^^^^
[INFO] [stdout]    |
[INFO] [stdout]    = help: consider providing a type annotation
[INFO] [stdout]    = warning: this was previously accepted by the compiler but is being phased out; it will become a hard error in a future release!
[INFO] [stdout]    = note: for more information, see issue #156047 <https://github.com/rust-lang/rust/issues/156047>
[INFO] [stdout] 
[INFO] [stdout] 
[INFO] [stdout] error[E0599]: no method named `rows_affected` found for type `!` in the current scope
[INFO] [stdout]    --> crates/db/src/ticket_types.rs:110:15
[INFO] [stdout]     |
[INFO] [stdout] 110 |     Ok(result.rows_affected() > 0)
[INFO] [stdout]     |               ^^^^^^^^^^^^^ method not found in `!`
[INFO] [stdout] 
[INFO] [stdout] 
[INFO] [stdout] warning: method call on a diverging inference variable
[INFO] [stdout]   --> crates/db/src/tickets.rs:55:17
[INFO] [stdout]    |
[INFO] [stdout] 55 |     if reserved.rows_affected() == 0 {
[INFO] [stdout]    |                 ^^^^^^^^^^^^^
[INFO] [stdout]    |
[INFO] [stdout]    = help: consider providing a type annotation
[INFO] [stdout]    = warning: this was previously accepted by the compiler but is being phased out; it will become a hard error in a future release!
[INFO] [stdout]    = note: for more information, see issue #156047 <https://github.com/rust-lang/rust/issues/156047>
[INFO] [stdout] 
[INFO] [stdout] 
[INFO] [stdout] error[E0599]: `!` is not an iterator
[INFO] [stdout]   --> crates/db/src/simulator_tiers.rs:12:10
[INFO] [stdout]    |
[INFO] [stdout] 11 |     Ok(recs
[INFO] [stdout] 12 |         .into_iter()
[INFO] [stdout]    |          ^^^^^^^^^ `!` is not an iterator
[INFO] [stdout]    |
[INFO] [stdout]    = note: the following trait bounds were not satisfied:
[INFO] [stdout]            `!: Iterator`
[INFO] [stdout]            which is required by `!: IntoIterator`
[INFO] [stdout]            `&!: Iterator`
[INFO] [stdout]            which is required by `&!: IntoIterator`
[INFO] [stdout]            `&mut !: Iterator`
[INFO] [stdout]            which is required by `&mut !: IntoIterator`
[INFO] [stdout] 
[INFO] [stdout] 
[INFO] [stdout] warning: method call on a diverging inference variable
[INFO] [stdout]    --> crates/db/src/ticket_types.rs:110:15
[INFO] [stdout]     |
[INFO] [stdout] 110 |     Ok(result.rows_affected() > 0)
[INFO] [stdout]     |               ^^^^^^^^^^^^^
[INFO] [stdout]     |
[INFO] [stdout]     = help: consider providing a type annotation
[INFO] [stdout]     = warning: this was previously accepted by the compiler but is being phased out; it will become a hard error in a future release!
[INFO] [stdout]     = note: for more information, see issue #156047 <https://github.com/rust-lang/rust/issues/156047>
[INFO] [stdout] 
[INFO] [stdout] 
[INFO] [stdout] error[E0599]: no method named `rows_affected` found for type `!` in the current scope
[INFO] [stdout]   --> crates/db/src/tickets.rs:55:17
[INFO] [stdout]    |
[INFO] [stdout] 55 |     if reserved.rows_affected() == 0 {
[INFO] [stdout]    |                 ^^^^^^^^^^^^^ method not found in `!`
[INFO] [stdout] 
[INFO] [stdout] 
[INFO] [stdout] warning: method call on a diverging inference variable
[INFO] [stdout]    --> crates/db/src/tickets.rs:103:12
[INFO] [stdout]     |
[INFO] [stdout] 103 |     Ok(rec.map(|rec| {
[INFO] [stdout]     |            ^^^
[INFO] [stdout]     |
[INFO] [stdout]     = help: consider providing a type annotation
[INFO] [stdout]     = warning: this was previously accepted by the compiler but is being phased out; it will become a hard error in a future release!
[INFO] [stdout]     = note: for more information, see issue #156047 <https://github.com/rust-lang/rust/issues/156047>
[INFO] [stdout] 
[INFO] [stdout] 
[INFO] [stdout] error[E0599]: `!` is not an iterator
[INFO] [stdout]    --> crates/db/src/tickets.rs:103:12
[INFO] [stdout]     |
[INFO] [stdout] 103 |     Ok(rec.map(|rec| {
[INFO] [stdout]     |            ^^^ `!` is not an iterator
[INFO] [stdout]     |
[INFO] [stdout]     = note: the following trait bounds were not satisfied:
[INFO] [stdout]             `!: Iterator`
[INFO] [stdout]             which is required by `&mut !: Iterator`
[INFO] [stdout] 
[INFO] [stdout] 
[INFO] [stdout] warning: method call on a diverging inference variable
[INFO] [stdout]    --> crates/db/src/tickets.rs:129:12
[INFO] [stdout]     |
[INFO] [stdout] 129 |     Ok(rec.map(|rec| {
[INFO] [stdout]     |            ^^^
[INFO] [stdout]     |
[INFO] [stdout]     = help: consider providing a type annotation
[INFO] [stdout]     = warning: this was previously accepted by the compiler but is being phased out; it will become a hard error in a future release!
[INFO] [stdout]     = note: for more information, see issue #156047 <https://github.com/rust-lang/rust/issues/156047>
[INFO] [stdout] 
[INFO] [stdout] 
[INFO] [stdout] error[E0599]: no method named `rows_affected` found for type `!` in the current scope
[INFO] [stdout]    --> crates/db/src/ticket_types.rs:110:15
[INFO] [stdout]     |
[INFO] [stdout] 110 |     Ok(result.rows_affected() > 0)
[INFO] [stdout]     |               ^^^^^^^^^^^^^ method not found in `!`
[INFO] [stdout] 
[INFO] [stdout] 
[INFO] [stdout] warning: method call on a diverging inference variable
[INFO] [stdout]   --> crates/db/src/tickets.rs:55:17
[INFO] [stdout]    |
[INFO] [stdout] 55 |     if reserved.rows_affected() == 0 {
[INFO] [stdout]    |                 ^^^^^^^^^^^^^
[INFO] [stdout]    |
[INFO] [stdout]    = help: consider providing a type annotation
[INFO] [stdout]    = warning: this was previously accepted by the compiler but is being phased out; it will become a hard error in a future release!
[INFO] [stdout]    = note: for more information, see issue #156047 <https://github.com/rust-lang/rust/issues/156047>
[INFO] [stdout] 
[INFO] [stdout] 
[INFO] [stdout] error[E0599]: `!` is not an iterator
[INFO] [stdout]    --> crates/db/src/tickets.rs:129:12
[INFO] [stdout]     |
[INFO] [stdout] 129 |     Ok(rec.map(|rec| {
[INFO] [stdout]     |            ^^^ `!` is not an iterator
[INFO] [stdout]     |
[INFO] [stdout]     = note: the following trait bounds were not satisfied:
[INFO] [stdout]             `!: Iterator`
[INFO] [stdout]             which is required by `&mut !: Iterator`
[INFO] [stdout] 
[INFO] [stdout] 
[INFO] [stdout] warning: method call on a diverging inference variable
[INFO] [stdout]    --> crates/db/src/users.rs:129:12
[INFO] [stdout]     |
[INFO] [stdout] 129 |     Ok(rec.map(|rec| {
[INFO] [stdout]     |            ^^^
[INFO] [stdout]     |
[INFO] [stdout]     = help: consider providing a type annotation
[INFO] [stdout]     = warning: this was previously accepted by the compiler but is being phased out; it will become a hard error in a future release!
[INFO] [stdout]     = note: for more information, see issue #156047 <https://github.com/rust-lang/rust/issues/156047>
[INFO] [stdout] 
[INFO] [stdout] 
[INFO] [stdout] error[E0599]: `!` is not an iterator
[INFO] [stdout]    --> crates/db/src/users.rs:129:12
[INFO] [stdout]     |
[INFO] [stdout] 129 |     Ok(rec.map(|rec| {
[INFO] [stdout]     |            ^^^ `!` is not an iterator
[INFO] [stdout]     |
[INFO] [stdout]     = note: the following trait bounds were not satisfied:
[INFO] [stdout]             `!: Iterator`
[INFO] [stdout]             which is required by `&mut !: Iterator`
[INFO] [stdout] 
[INFO] [stdout] 
[INFO] [stdout] warning: method call on a diverging inference variable
[INFO] [stdout]    --> crates/db/src/users.rs:153:12
[INFO] [stdout]     |
[INFO] [stdout] 153 |     Ok(rec.map(|rec| {
[INFO] [stdout]     |            ^^^
[INFO] [stdout]     |
[INFO] [stdout]     = help: consider providing a type annotation
[INFO] [stdout]     = warning: this was previously accepted by the compiler but is being phased out; it will become a hard error in a future release!
[INFO] [stdout]     = note: for more information, see issue #156047 <https://github.com/rust-lang/rust/issues/156047>
[INFO] [stdout] 
[INFO] [stdout] 
[INFO] [stdout] error[E0599]: no method named `rows_affected` found for type `!` in the current scope
[INFO] [stdout]   --> crates/db/src/tickets.rs:55:17
[INFO] [stdout]    |
[INFO] [stdout] 55 |     if reserved.rows_affected() == 0 {
[INFO] [stdout]    |                 ^^^^^^^^^^^^^ method not found in `!`
[INFO] [stdout] 
[INFO] [stdout] 
[INFO] [stdout] warning: method call on a diverging inference variable
[INFO] [stdout]    --> crates/db/src/tickets.rs:103:12
[INFO] [stdout]     |
[INFO] [stdout] 103 |     Ok(rec.map(|rec| {
[INFO] [stdout]     |            ^^^
[INFO] [stdout]     |
[INFO] [stdout]     = help: consider providing a type annotation
[INFO] [stdout]     = warning: this was previously accepted by the compiler but is being phased out; it will become a hard error in a future release!
[INFO] [stdout]     = note: for more information, see issue #156047 <https://github.com/rust-lang/rust/issues/156047>
[INFO] [stdout] 
[INFO] [stdout] 
[INFO] [stdout] error[E0599]: `!` is not an iterator
[INFO] [stdout]    --> crates/db/src/users.rs:153:12
[INFO] [stdout]     |
[INFO] [stdout] 153 |     Ok(rec.map(|rec| {
[INFO] [stdout]     |            ^^^ `!` is not an iterator
[INFO] [stdout]     |
[INFO] [stdout]     = note: the following trait bounds were not satisfied:
[INFO] [stdout]             `!: Iterator`
[INFO] [stdout]             which is required by `&mut !: Iterator`
[INFO] [stdout] 
[INFO] [stdout] 
[INFO] [stdout] error[E0599]: `!` is not an iterator
[INFO] [stdout]    --> crates/db/src/tickets.rs:103:12
[INFO] [stdout]     |
[INFO] [stdout] 103 |     Ok(rec.map(|rec| {
[INFO] [stdout]     |            ^^^ `!` is not an iterator
[INFO] [stdout]     |
[INFO] [stdout]     = note: the following trait bounds were not satisfied:
[INFO] [stdout]             `!: Iterator`
[INFO] [stdout]             which is required by `&mut !: Iterator`
[INFO] [stdout] 
[INFO] [stdout] 
[INFO] [stdout] warning: method call on a diverging inference variable
[INFO] [stdout]    --> crates/db/src/tickets.rs:129:12
[INFO] [stdout]     |
[INFO] [stdout] 129 |     Ok(rec.map(|rec| {
[INFO] [stdout]     |            ^^^
[INFO] [stdout]     |
[INFO] [stdout]     = help: consider providing a type annotation
[INFO] [stdout]     = warning: this was previously accepted by the compiler but is being phased out; it will become a hard error in a future release!
[INFO] [stdout]     = note: for more information, see issue #156047 <https://github.com/rust-lang/rust/issues/156047>
[INFO] [stdout] 
[INFO] [stdout] 
[INFO] [stdout] error[E0599]: `!` is not an iterator
[INFO] [stdout]    --> crates/db/src/tickets.rs:129:12
[INFO] [stdout]     |
[INFO] [stdout] 129 |     Ok(rec.map(|rec| {
[INFO] [stdout]     |            ^^^ `!` is not an iterator
[INFO] [stdout]     |
[INFO] [stdout]     = note: the following trait bounds were not satisfied:
[INFO] [stdout]             `!: Iterator`
[INFO] [stdout]             which is required by `&mut !: Iterator`
[INFO] [stdout] 
[INFO] [stdout] 
[INFO] [stdout] warning: method call on a diverging inference variable
[INFO] [stdout]    --> crates/db/src/users.rs:129:12
[INFO] [stdout]     |
[INFO] [stdout] 129 |     Ok(rec.map(|rec| {
[INFO] [stdout]     |            ^^^
[INFO] [stdout]     |
[INFO] [stdout]     = help: consider providing a type annotation
[INFO] [stdout]     = warning: this was previously accepted by the compiler but is being phased out; it will become a hard error in a future release!
[INFO] [stdout]     = note: for more information, see issue #156047 <https://github.com/rust-lang/rust/issues/156047>
[INFO] [stdout] 
[INFO] [stdout] 
[INFO] [stdout] error[E0599]: `!` is not an iterator
[INFO] [stdout]    --> crates/db/src/users.rs:129:12
[INFO] [stdout]     |
[INFO] [stdout] 129 |     Ok(rec.map(|rec| {
[INFO] [stdout]     |            ^^^ `!` is not an iterator
[INFO] [stdout]     |
[INFO] [stdout]     = note: the following trait bounds were not satisfied:
[INFO] [stdout]             `!: Iterator`
[INFO] [stdout]             which is required by `&mut !: Iterator`
[INFO] [stdout] 
[INFO] [stdout] 
[INFO] [stdout] warning: method call on a diverging inference variable
[INFO] [stdout]    --> crates/db/src/users.rs:153:12
[INFO] [stdout]     |
[INFO] [stdout] 153 |     Ok(rec.map(|rec| {
[INFO] [stdout]     |            ^^^
[INFO] [stdout]     |
[INFO] [stdout]     = help: consider providing a type annotation
[INFO] [stdout]     = warning: this was previously accepted by the compiler but is being phased out; it will become a hard error in a future release!
[INFO] [stdout]     = note: for more information, see issue #156047 <https://github.com/rust-lang/rust/issues/156047>
[INFO] [stdout] 
[INFO] [stdout] 
[INFO] [stdout] error[E0599]: `!` is not an iterator
[INFO] [stdout]    --> crates/db/src/users.rs:153:12
[INFO] [stdout]     |
[INFO] [stdout] 153 |     Ok(rec.map(|rec| {
[INFO] [stdout]     |            ^^^ `!` is not an iterator
[INFO] [stdout]     |
[INFO] [stdout]     = note: the following trait bounds were not satisfied:
[INFO] [stdout]             `!: Iterator`
[INFO] [stdout]             which is required by `&mut !: Iterator`
[INFO] [stdout] 
[INFO] [stdout] 
[INFO] [stdout] For more information about this error, try `rustc --explain E0599`.
[INFO] [stdout] 
[INFO] [stderr] error: could not compile `db` (lib test) due to 55 previous errors; 38 warnings emitted
[INFO] [stderr] warning: build failed, waiting for other jobs to finish...
[INFO] [stdout] For more information about this error, try `rustc --explain E0599`.
[INFO] [stdout] 
[INFO] [stderr] error: could not compile `db` (lib) due to 55 previous errors; 38 warnings emitted
[INFO] [stderr] warning: unused dependency `chrono`
[INFO] [stderr]   --> crates/common/Cargo.toml:10:1
[INFO] [stderr]    |
[INFO] [stderr] 10 | chrono.workspace = true
[INFO] [stderr]    | ^^^^^^
[INFO] [stderr]    |
[INFO] [stderr]    = note: `cargo::unused_dependencies` is set to `warn` by default
[INFO] [stderr] help: consider removing the dependency on `chrono`
[INFO] [stderr] warning: unused dependency `uuid`
[INFO] [stderr]  --> crates/common/Cargo.toml:9:1
[INFO] [stderr]   |
[INFO] [stderr] 9 | uuid.workspace = true
[INFO] [stderr]   | ^^^^
[INFO] [stderr]   |
[INFO] [stderr] help: consider removing the dependency on `uuid`
[INFO] [stderr] warning: `common` (manifest) generated 2 warnings
[INFO] [stderr] warning: unused dependency `common`
[INFO] [stderr]  --> crates/domain/Cargo.toml:7:1
[INFO] [stderr]   |
[INFO] [stderr] 7 | common = { path = "../common" }
[INFO] [stderr]   | ^^^^^^^^^^^^^^^^^^^^^^^^^^^^^^^
[INFO] [stderr]   |
[INFO] [stderr]   = note: `cargo::unused_dependencies` is set to `warn` by default
[INFO] [stderr] help: consider removing the dependency on `common`
[INFO] [stderr] warning: `domain` (manifest) generated 1 warning
[INFO] running `Command { std: "docker" "inspect" "2692b795f4149fadee8cba51fae4d3cc698d8d7ee84f9315f6a9d216e6a95c0e", kill_on_drop: false }`
[INFO] running `Command { std: "docker" "rm" "-f" "2692b795f4149fadee8cba51fae4d3cc698d8d7ee84f9315f6a9d216e6a95c0e", kill_on_drop: false }`
[INFO] [stdout] 2692b795f4149fadee8cba51fae4d3cc698d8d7ee84f9315f6a9d216e6a95c0e
