[INFO] cloning repository https://github.com/portlandhodl/opencrab
[INFO] running `Command { std: "git" "-c" "credential.helper=" "-c" "credential.helper=/workspace/cargo-home/bin/git-credential-null" "clone" "--bare" "https://github.com/portlandhodl/opencrab" "/workspace/cache/git-repos/https%3A%2F%2Fgithub.com%2Fportlandhodl%2Fopencrab", kill_on_drop: false }`
[INFO] [stderr] Cloning into bare repository '/workspace/cache/git-repos/https%3A%2F%2Fgithub.com%2Fportlandhodl%2Fopencrab'...
[INFO] running `Command { std: "git" "rev-parse" "HEAD", kill_on_drop: false }`
[INFO] [stdout] 839c87bac651c628cae8a384be4d9717dd1ab659
[INFO] checking portlandhodl/opencrab against 3154cc1a3e6424e44f438a95007d043ed5ceaaf6 for pr-133502-30
[INFO] running `Command { std: "git" "clone" "/workspace/cache/git-repos/https%3A%2F%2Fgithub.com%2Fportlandhodl%2Fopencrab" "/workspace/builds/worker-0-tc2/source", kill_on_drop: false }`
[INFO] [stderr] Cloning into '/workspace/builds/worker-0-tc2/source'...
[INFO] [stderr] done.
[INFO] started tweaking git repo https://github.com/portlandhodl/opencrab
[INFO] finished tweaking git repo https://github.com/portlandhodl/opencrab
[INFO] tweaked toml for git repo https://github.com/portlandhodl/opencrab written to /workspace/builds/worker-0-tc2/source/Cargo.toml
[INFO] validating manifest of git repo https://github.com/portlandhodl/opencrab on toolchain 3154cc1a3e6424e44f438a95007d043ed5ceaaf6
[INFO] running `Command { std: CARGO_HOME="/workspace/cargo-home" RUSTUP_HOME="/workspace/rustup-home" "/workspace/cargo-home/bin/cargo" "+3154cc1a3e6424e44f438a95007d043ed5ceaaf6" "metadata" "--manifest-path" "Cargo.toml" "--no-deps", kill_on_drop: false }`
[INFO] crate git repo https://github.com/portlandhodl/opencrab already has a lockfile, it will not be regenerated
[INFO] running `Command { std: CARGO_HOME="/workspace/cargo-home" RUSTUP_HOME="/workspace/rustup-home" "/workspace/cargo-home/bin/cargo" "+3154cc1a3e6424e44f438a95007d043ed5ceaaf6" "fetch" "--manifest-path" "Cargo.toml", kill_on_drop: false }`
[INFO] [stderr] warning: unused workspace dependency `opencrab-ui`
[INFO] [stderr]   --> Cargo.toml:62:25
[INFO] [stderr]    |
[INFO] [stderr] 62 | [workspace.dependencies.opencrab-ui]
[INFO] [stderr]    |                         ^^^^^^^^^^^
[INFO] [stderr]    |
[INFO] [stderr]    = note: `cargo::unused_workspace_dependencies` is set to `warn` by default
[INFO] [stderr] help: consider removing the workspace dependency `opencrab-ui`
[INFO] [stderr] warning: workspace (manifest) generated 1 warning
[INFO] [stderr]     Blocking waiting for file lock on package cache
[INFO] running `Command { std: "docker" "create" "-v" "/var/lib/crater-agent-workspace/builds/worker-0-tc2/source:/opt/rustwide/workdir:ro,Z" "-v" "/var/lib/crater-agent-workspace/builds/worker-0-tc2/target:/opt/rustwide/target:rw,Z" "-v" "/var/lib/crater-agent-workspace/cargo-home:/opt/rustwide/cargo-home:ro,Z" "-v" "/var/lib/crater-agent-workspace/rustup-home:/opt/rustwide/rustup-home:ro,Z" "-m" "1610612736" "--network" "none" "ghcr.io/rust-lang/crates-build-env/linux@sha256:77db811e55d90add9212f6832c23229e3de5f1c1f9905e8cb07319ea15df73ac" "sleep" "infinity", kill_on_drop: false }`
[INFO] [stdout] 7031fbb5903b4f2efcef26eb7ed47cd81a09e9c6bb2418c1656219d2c42ab3ac
[INFO] running `Command { std: "docker" "start" "7031fbb5903b4f2efcef26eb7ed47cd81a09e9c6bb2418c1656219d2c42ab3ac", kill_on_drop: false }`
[INFO] running `Command { std: "docker" "inspect" "7031fbb5903b4f2efcef26eb7ed47cd81a09e9c6bb2418c1656219d2c42ab3ac", kill_on_drop: false }`
[INFO] running `Command { std: "docker" "exec" "-e" "SOURCE_DIR=/opt/rustwide/workdir" "-e" "CARGO_HOME=/opt/rustwide/cargo-home" "-e" "RUSTUP_HOME=/opt/rustwide/rustup-home" "-e" "CARGO_TARGET_DIR=/opt/rustwide/target" "-w" "/opt/rustwide/workdir" "--user" "0:0" "7031fbb5903b4f2efcef26eb7ed47cd81a09e9c6bb2418c1656219d2c42ab3ac" "/opt/rustwide/cargo-home/bin/cargo" "+3154cc1a3e6424e44f438a95007d043ed5ceaaf6" "metadata" "--no-deps" "--format-version=1", kill_on_drop: false }`
[INFO] running `Command { std: "docker" "inspect" "7031fbb5903b4f2efcef26eb7ed47cd81a09e9c6bb2418c1656219d2c42ab3ac", kill_on_drop: false }`
[INFO] running `Command { std: "docker" "exec" "-e" "SOURCE_DIR=/opt/rustwide/workdir" "-e" "CARGO_HOME=/opt/rustwide/cargo-home" "-e" "RUSTUP_HOME=/opt/rustwide/rustup-home" "-e" "CARGO_TARGET_DIR=/opt/rustwide/target" "-e" "CARGO_INCREMENTAL=0" "-e" "RUST_BACKTRACE=full" "-e" "RUSTFLAGS=--cap-lints=forbid" "-e" "RUSTDOCFLAGS=--cap-lints=forbid" "-w" "/opt/rustwide/workdir" "--user" "0:0" "7031fbb5903b4f2efcef26eb7ed47cd81a09e9c6bb2418c1656219d2c42ab3ac" "/opt/rustwide/cargo-home/bin/cargo" "+3154cc1a3e6424e44f438a95007d043ed5ceaaf6" "check" "--frozen" "--all" "--all-targets" "--message-format=json", kill_on_drop: false }`
[INFO] [stderr] warning: unused workspace dependency `opencrab-ui`
[INFO] [stderr]   --> Cargo.toml:62:25
[INFO] [stderr]    |
[INFO] [stderr] 62 | [workspace.dependencies.opencrab-ui]
[INFO] [stderr]    |                         ^^^^^^^^^^^
[INFO] [stderr]    |
[INFO] [stderr]    = note: `cargo::unused_workspace_dependencies` is set to `warn` by default
[INFO] [stderr] help: consider removing the workspace dependency `opencrab-ui`
[INFO] [stderr] warning: workspace (manifest) generated 1 warning
[INFO] [stderr]     Checking smallvec v1.16.0
[INFO] [stderr]     Checking regex-automata v0.4.18
[INFO] [stderr]    Compiling tokio-macros v2.7.2
[INFO] [stderr]     Checking mio v1.2.3
[INFO] [stderr]    Compiling serde_json v1.0.151
[INFO] [stderr]     Checking zerovec v0.11.8
[INFO] [stderr]    Compiling ring v0.17.14
[INFO] [stderr]     Checking zerotrie v0.2.5
[INFO] [stderr]     Checking parking_lot_core v0.9.12
[INFO] [stderr]    Compiling futures-macro v0.3.34
[INFO] [stderr]     Checking phf_shared v0.13.1
[INFO] [stderr]     Checking parking_lot v0.12.5
[INFO] [stderr]     Checking tracing v0.1.44
[INFO] [stderr]    Compiling string_cache_codegen v0.6.1
[INFO] [stderr]     Checking tokio v1.53.1
[INFO] [stderr]     Checking tinystr v0.8.4
[INFO] [stderr]     Checking potential_utf v0.1.6
[INFO] [stderr]     Checking icu_collections v2.3.0
[INFO] [stderr]     Checking icu_locale_core v2.3.0
[INFO] [stderr]    Compiling thiserror-impl v2.0.20
[INFO] [stderr]     Checking futures-util v0.3.34
[INFO] [stderr]    Compiling web_atoms v0.2.6
[INFO] [stderr]    Compiling rustls v0.23.44
[INFO] [stderr]     Checking precomputed-hash v0.1.1
[INFO] [stderr]     Checking string_cache v0.9.0
[INFO] [stderr]     Checking phf v0.13.1
[INFO] [stderr]     Checking tendril v0.5.1
[INFO] [stderr]     Checking icu_provider v2.3.1
[INFO] [stderr]    Compiling crossbeam-utils v0.8.23
[INFO] [stderr]     Checking directories v6.0.0
[INFO] [stderr]     Checking opencrab-schema v0.1.0 (/opt/rustwide/workdir/crates/schema)
[INFO] [stderr]     Checking icu_normalizer v2.3.0
[INFO] [stderr]     Checking thiserror v2.0.20
[INFO] [stderr]     Checking icu_properties v2.3.0
[INFO] [stderr]     Checking jsonc-parser v0.26.3
[INFO] [stderr]     Checking markup5ever v0.39.0
[INFO] [stderr]     Checking serde_urlencoded v0.7.1
[INFO] [stderr]     Checking html5ever v0.39.0
[INFO] [stderr]     Checking regex v1.13.1
[INFO] [stderr]     Checking crossbeam-epoch v0.9.21
[INFO] [stderr]     Checking xml5ever v0.39.0
[INFO] [stderr]    Compiling crc32fast v1.5.1
[INFO] [stderr]     Checking opencrab-config v0.1.0 (/opt/rustwide/workdir/crates/config)
[INFO] [stderr]     Checking nom v7.1.3
[INFO] [stderr]     Checking globset v0.4.20
[INFO] [stderr]     Checking idna_adapter v1.2.2
[INFO] [stderr]     Checking markup5ever_rcdom v0.39.0+unofficial
[INFO] [stderr]     Checking idna v1.1.0
[INFO] [stderr]     Checking crossbeam-deque v0.8.8
[INFO] [stderr]    Compiling async-stream-impl v0.3.6
[INFO] [stderr]     Checking chrono v0.4.45
[INFO] [stderr]     Checking url v2.5.8
[INFO] [stderr]     Checking futures-executor v0.3.34
[INFO] [stderr]     Checking async-stream v0.3.6
[INFO] [stderr]     Checking miniz_oxide v0.9.1
[INFO] [stderr]     Checking futures v0.3.34
[INFO] [stderr]     Checking ignore v0.4.33
[INFO] [stderr]     Checking html2md v0.2.17
[INFO] [stderr]     Checking rustls-webpki v0.103.15
[INFO] [stderr]     Checking quick-xml v0.42.0
[INFO] [stderr]     Checking similar v2.7.0
[INFO] [stderr]    Compiling redb v2.6.3
[INFO] [stderr]     Checking linked-hash-map v0.5.6
[INFO] [stderr]    Compiling pulldown-cmark v0.13.4
[INFO] [stderr]     Checking flate2 v1.1.10
[INFO] [stderr]     Checking yaml-rust v0.4.5
[INFO] [stderr]     Checking fancy-regex v0.16.2
[INFO] [stderr]     Checking bincode v1.3.3
[INFO] [stderr]     Checking plist v1.10.1
[INFO] [stderr]    Compiling nix v0.30.1
[INFO] [stderr]     Checking nibble_vec v0.1.0
[INFO] [stderr]     Checking eventsource-stream v0.2.3
[INFO] [stderr]     Checking radix_trie v0.2.1
[INFO] [stderr]     Checking fd-lock v4.0.4
[INFO] [stderr]     Checking matchers v0.2.0
[INFO] [stderr]     Checking tracing-subscriber v0.3.23
[INFO] [stderr]     Checking syntect v5.3.0
[INFO] [stderr]     Checking hyper v1.11.1
[INFO] [stderr]     Checking tower v0.5.3
[INFO] [stderr]     Checking tokio-util v0.7.19
[INFO] [stderr]     Checking tower-http v0.6.11
[INFO] [stderr]     Checking hyper-util v0.1.20
[INFO] [stderr]     Checking opencrab-ui v0.1.0 (/opt/rustwide/workdir/crates/ui)
[INFO] [stderr]     Checking rustyline v16.0.0
[INFO] [stderr]     Checking tokio-rustls v0.26.5
[INFO] [stderr]     Checking hyper-rustls v0.27.9
[INFO] [stderr]     Checking reqwest v0.12.28
[INFO] [stderr]     Checking opencrab-tools v0.1.0 (/opt/rustwide/workdir/crates/tools)
[INFO] [stderr]     Checking opencrab-provider v0.1.0 (/opt/rustwide/workdir/crates/provider)
[INFO] [stderr]     Checking opencrab-session v0.1.0 (/opt/rustwide/workdir/crates/session)
[INFO] [stderr]     Checking opencrab-tui v0.1.0 (/opt/rustwide/workdir/crates/tui)
[INFO] [stdout] error[E0369]: binary operation `!=` cannot be applied to type `Vec<opencrab_schema::board::Category>`
[INFO] [stdout]    --> crates/tui/src/app.rs:139:31
[INFO] [stdout]     |
[INFO] [stdout] 139 |                 if categories != self.categories || posts != self.posts {
[INFO] [stdout]     |                    ---------- ^^ --------------- Vec<opencrab_schema::board::Category>
[INFO] [stdout]     |                    |
[INFO] [stdout]     |                    Vec<opencrab_schema::board::Category>
[INFO] [stdout]     |
[INFO] [stdout] note: `Vec<opencrab_schema::board::Category>` does not implement `PartialEq`
[INFO] [stdout]    --> /rustc/3154cc1a3e6424e44f438a95007d043ed5ceaaf6/library/alloc/src/vec/mod.rs:439:0
[INFO] [stdout]     |
[INFO] [stdout]     = note: `Vec<opencrab_schema::board::Category>` is defined in another crate
[INFO] [stdout] 
[INFO] [stdout] 
[INFO] [stdout] error[E0369]: binary operation `!=` cannot be applied to type `Vec<Post>`
[INFO] [stdout]    --> crates/tui/src/app.rs:139:59
[INFO] [stdout]     |
[INFO] [stdout] 139 |                 if categories != self.categories || posts != self.posts {
[INFO] [stdout]     |                                                     ----- ^^ ---------- Vec<Post>
[INFO] [stdout]     |                                                     |
[INFO] [stdout]     |                                                     Vec<Post>
[INFO] [stdout]     |
[INFO] [stdout] note: `Vec<Post>` does not implement `PartialEq`
[INFO] [stdout]    --> /rustc/3154cc1a3e6424e44f438a95007d043ed5ceaaf6/library/alloc/src/vec/mod.rs:439:0
[INFO] [stdout]     |
[INFO] [stdout]     = note: `Vec<Post>` is defined in another crate
[INFO] [stdout] 
[INFO] [stdout] 
[INFO] [stdout] error[E0369]: binary operation `!=` cannot be applied to type `Vec<opencrab_schema::board::Category>`
[INFO] [stdout]    --> crates/tui/src/app.rs:139:31
[INFO] [stdout]     |
[INFO] [stdout] 139 |                 if categories != self.categories || posts != self.posts {
[INFO] [stdout]     |                    ---------- ^^ --------------- Vec<opencrab_schema::board::Category>
[INFO] [stdout]     |                    |
[INFO] [stdout]     |                    Vec<opencrab_schema::board::Category>
[INFO] [stdout]     |
[INFO] [stdout] note: `Vec<opencrab_schema::board::Category>` does not implement `PartialEq`
[INFO] [stdout]    --> /rustc/3154cc1a3e6424e44f438a95007d043ed5ceaaf6/library/alloc/src/vec/mod.rs:439:0
[INFO] [stdout]     |
[INFO] [stdout]     = note: `Vec<opencrab_schema::board::Category>` is defined in another crate
[INFO] [stdout] 
[INFO] [stdout] 
[INFO] [stdout] error[E0369]: binary operation `!=` cannot be applied to type `Vec<Post>`
[INFO] [stdout]    --> crates/tui/src/app.rs:139:59
[INFO] [stdout]     |
[INFO] [stdout] 139 |                 if categories != self.categories || posts != self.posts {
[INFO] [stdout]     |                                                     ----- ^^ ---------- Vec<Post>
[INFO] [stdout]     |                                                     |
[INFO] [stdout]     |                                                     Vec<Post>
[INFO] [stdout]     |
[INFO] [stdout] note: `Vec<Post>` does not implement `PartialEq`
[INFO] [stdout]    --> /rustc/3154cc1a3e6424e44f438a95007d043ed5ceaaf6/library/alloc/src/vec/mod.rs:439:0
[INFO] [stdout]     |
[INFO] [stdout]     = note: `Vec<Post>` is defined in another crate
[INFO] [stdout] 
[INFO] [stdout] 
[INFO] [stdout] error[E0061]: this function takes 3 arguments but 4 arguments were supplied
[INFO] [stdout]     --> crates/tui/src/tui.rs:1528:34
[INFO] [stdout]      |
[INFO] [stdout] 1528 |             let asker = Arc::new(DialogAsker::new(
[INFO] [stdout]      |                                  ^^^^^^^^^^^^^^^^
[INFO] [stdout] ...
[INFO] [stdout] 1532 |                 Some(app.fsp.clone()),
[INFO] [stdout]      |                 --------------------- unexpected argument #4 of type `Option<Arc<Atomic<bool>>>`
[INFO] [stdout]      |
[INFO] [stdout] note: associated function defined here
[INFO] [stdout]     --> crates/tui/src/sink.rs:229:12
[INFO] [stdout]      |
[INFO] [stdout]  229 |     pub fn new(
[INFO] [stdout]      |            ^^^
[INFO] [stdout] help: remove the extra argument
[INFO] [stdout]      |
[INFO] [stdout] 1531 -                 Some(app.auto.clone()),
[INFO] [stdout] 1532 -                 Some(app.fsp.clone()),
[INFO] [stdout] 1531 +                 Some(app.auto.clone()),
[INFO] [stdout]      |
[INFO] [stdout] 
[INFO] [stdout] 
[INFO] [stdout] error[E0560]: struct `ParentRef` has no field named `root_session_id`
[INFO] [stdout]     --> crates/tui/src/tui.rs:1548:33
[INFO] [stdout]      |
[INFO] [stdout] 1548 | ...                   root_session_id: session.info.parent_id.clone(),
[INFO] [stdout]      |                       ^^^^^^^^^^^^^^^ `ParentRef` does not have this field
[INFO] [stdout]      |
[INFO] [stdout]      = note: all struct fields are already assigned
[INFO] [stdout] 
[INFO] [stdout] 
[INFO] [stdout] error[E0061]: this function takes 3 arguments but 4 arguments were supplied
[INFO] [stdout]     --> crates/tui/src/tui.rs:1606:34
[INFO] [stdout]      |
[INFO] [stdout] 1606 |         sub_asker: Some(Arc::new(DialogAsker::new(
[INFO] [stdout]      |                                  ^^^^^^^^^^^^^^^^
[INFO] [stdout] ...
[INFO] [stdout] 1610 |             Some(app.fsp.clone()),
[INFO] [stdout]      |             --------------------- unexpected argument #4 of type `Option<Arc<Atomic<bool>>>`
[INFO] [stdout]      |
[INFO] [stdout] note: associated function defined here
[INFO] [stdout]     --> crates/tui/src/sink.rs:229:12
[INFO] [stdout]      |
[INFO] [stdout]  229 |     pub fn new(
[INFO] [stdout]      |            ^^^
[INFO] [stdout] help: remove the extra argument
[INFO] [stdout]      |
[INFO] [stdout] 1609 -             Some(app.auto.clone()),
[INFO] [stdout] 1610 -             Some(app.fsp.clone()),
[INFO] [stdout] 1609 +             Some(app.auto.clone()),
[INFO] [stdout]      |
[INFO] [stdout] 
[INFO] [stdout] 
[INFO] [stdout] error[E0061]: this function takes 3 arguments but 4 arguments were supplied
[INFO] [stdout]     --> crates/tui/src/tui.rs:1612:39
[INFO] [stdout]      |
[INFO] [stdout] 1612 |         question_asker: Some(Arc::new(DialogAsker::new(
[INFO] [stdout]      |                                       ^^^^^^^^^^^^^^^^
[INFO] [stdout] ...
[INFO] [stdout] 1616 |             Some(app.fsp.clone()),
[INFO] [stdout]      |             --------------------- unexpected argument #4 of type `Option<Arc<Atomic<bool>>>`
[INFO] [stdout]      |
[INFO] [stdout] note: associated function defined here
[INFO] [stdout]     --> crates/tui/src/sink.rs:229:12
[INFO] [stdout]      |
[INFO] [stdout]  229 |     pub fn new(
[INFO] [stdout]      |            ^^^
[INFO] [stdout] help: remove the extra argument
[INFO] [stdout]      |
[INFO] [stdout] 1615 -             Some(app.auto.clone()),
[INFO] [stdout] 1616 -             Some(app.fsp.clone()),
[INFO] [stdout] 1615 +             Some(app.auto.clone()),
[INFO] [stdout]      |
[INFO] [stdout] 
[INFO] [stdout] 
[INFO] [stdout] error[E0061]: this function takes 3 arguments but 4 arguments were supplied
[INFO] [stdout]     --> crates/tui/src/tui.rs:1620:26
[INFO] [stdout]      |
[INFO] [stdout] 1620 |     let asker = Arc::new(DialogAsker::new(
[INFO] [stdout]      |                          ^^^^^^^^^^^^^^^^
[INFO] [stdout] ...
[INFO] [stdout] 1624 |         Some(app.fsp.clone()),
[INFO] [stdout]      |         --------------------- unexpected argument #4 of type `Option<Arc<Atomic<bool>>>`
[INFO] [stdout]      |
[INFO] [stdout] note: associated function defined here
[INFO] [stdout]     --> crates/tui/src/sink.rs:229:12
[INFO] [stdout]      |
[INFO] [stdout]  229 |     pub fn new(
[INFO] [stdout]      |            ^^^
[INFO] [stdout] help: remove the extra argument
[INFO] [stdout]      |
[INFO] [stdout] 1623 -         Some(app.auto.clone()),
[INFO] [stdout] 1624 -         Some(app.fsp.clone()),
[INFO] [stdout] 1623 +         Some(app.auto.clone()),
[INFO] [stdout]      |
[INFO] [stdout] 
[INFO] [stdout] 
[INFO] [stdout] error[E0061]: this function takes 3 arguments but 4 arguments were supplied
[INFO] [stdout]     --> crates/tui/src/tui.rs:1528:34
[INFO] [stdout]      |
[INFO] [stdout] 1528 |             let asker = Arc::new(DialogAsker::new(
[INFO] [stdout]      |                                  ^^^^^^^^^^^^^^^^
[INFO] [stdout] ...
[INFO] [stdout] 1532 |                 Some(app.fsp.clone()),
[INFO] [stdout]      |                 --------------------- unexpected argument #4 of type `Option<Arc<Atomic<bool>>>`
[INFO] [stdout]      |
[INFO] [stdout] note: associated function defined here
[INFO] [stdout]     --> crates/tui/src/sink.rs:229:12
[INFO] [stdout]      |
[INFO] [stdout]  229 |     pub fn new(
[INFO] [stdout]      |            ^^^
[INFO] [stdout] help: remove the extra argument
[INFO] [stdout]      |
[INFO] [stdout] 1531 -                 Some(app.auto.clone()),
[INFO] [stdout] 1532 -                 Some(app.fsp.clone()),
[INFO] [stdout] 1531 +                 Some(app.auto.clone()),
[INFO] [stdout]      |
[INFO] [stdout] 
[INFO] [stdout] 
[INFO] [stdout] error[E0560]: struct `ParentRef` has no field named `root_session_id`
[INFO] [stdout]     --> crates/tui/src/tui.rs:1548:33
[INFO] [stdout]      |
[INFO] [stdout] 1548 | ...                   root_session_id: session.info.parent_id.clone(),
[INFO] [stdout]      |                       ^^^^^^^^^^^^^^^ `ParentRef` does not have this field
[INFO] [stdout]      |
[INFO] [stdout]      = note: all struct fields are already assigned
[INFO] [stdout] 
[INFO] [stdout] 
[INFO] [stdout] error[E0061]: this function takes 3 arguments but 4 arguments were supplied
[INFO] [stdout]     --> crates/tui/src/tui.rs:1606:34
[INFO] [stdout]      |
[INFO] [stdout] 1606 |         sub_asker: Some(Arc::new(DialogAsker::new(
[INFO] [stdout]      |                                  ^^^^^^^^^^^^^^^^
[INFO] [stdout] ...
[INFO] [stdout] 1610 |             Some(app.fsp.clone()),
[INFO] [stdout]      |             --------------------- unexpected argument #4 of type `Option<Arc<Atomic<bool>>>`
[INFO] [stdout]      |
[INFO] [stdout] note: associated function defined here
[INFO] [stdout]     --> crates/tui/src/sink.rs:229:12
[INFO] [stdout]      |
[INFO] [stdout]  229 |     pub fn new(
[INFO] [stdout]      |            ^^^
[INFO] [stdout] help: remove the extra argument
[INFO] [stdout]      |
[INFO] [stdout] 1609 -             Some(app.auto.clone()),
[INFO] [stdout] 1610 -             Some(app.fsp.clone()),
[INFO] [stdout] 1609 +             Some(app.auto.clone()),
[INFO] [stdout]      |
[INFO] [stdout] 
[INFO] [stdout] 
[INFO] [stdout] error[E0061]: this function takes 3 arguments but 4 arguments were supplied
[INFO] [stdout]     --> crates/tui/src/tui.rs:1612:39
[INFO] [stdout]      |
[INFO] [stdout] 1612 |         question_asker: Some(Arc::new(DialogAsker::new(
[INFO] [stdout]      |                                       ^^^^^^^^^^^^^^^^
[INFO] [stdout] ...
[INFO] [stdout] 1616 |             Some(app.fsp.clone()),
[INFO] [stdout]      |             --------------------- unexpected argument #4 of type `Option<Arc<Atomic<bool>>>`
[INFO] [stdout]      |
[INFO] [stdout] note: associated function defined here
[INFO] [stdout]     --> crates/tui/src/sink.rs:229:12
[INFO] [stdout]      |
[INFO] [stdout]  229 |     pub fn new(
[INFO] [stdout]      |            ^^^
[INFO] [stdout] help: remove the extra argument
[INFO] [stdout]      |
[INFO] [stdout] 1615 -             Some(app.auto.clone()),
[INFO] [stdout] 1616 -             Some(app.fsp.clone()),
[INFO] [stdout] 1615 +             Some(app.auto.clone()),
[INFO] [stdout]      |
[INFO] [stdout] 
[INFO] [stdout] 
[INFO] [stdout] error[E0061]: this function takes 3 arguments but 4 arguments were supplied
[INFO] [stdout]     --> crates/tui/src/tui.rs:1620:26
[INFO] [stdout]      |
[INFO] [stdout] 1620 |     let asker = Arc::new(DialogAsker::new(
[INFO] [stdout]      |                          ^^^^^^^^^^^^^^^^
[INFO] [stdout] ...
[INFO] [stdout] 1624 |         Some(app.fsp.clone()),
[INFO] [stdout]      |         --------------------- unexpected argument #4 of type `Option<Arc<Atomic<bool>>>`
[INFO] [stdout]      |
[INFO] [stdout] note: associated function defined here
[INFO] [stdout]     --> crates/tui/src/sink.rs:229:12
[INFO] [stdout]      |
[INFO] [stdout]  229 |     pub fn new(
[INFO] [stdout]      |            ^^^
[INFO] [stdout] help: remove the extra argument
[INFO] [stdout]      |
[INFO] [stdout] 1623 -         Some(app.auto.clone()),
[INFO] [stdout] 1624 -         Some(app.fsp.clone()),
[INFO] [stdout] 1623 +         Some(app.auto.clone()),
[INFO] [stdout]      |
[INFO] [stdout] 
[INFO] [stdout] 
[INFO] [stdout] Some errors have detailed explanations: E0061, E0369, E0560.
[INFO] [stdout] 
[INFO] [stdout] For more information about an error, try `rustc --explain E0061`.
[INFO] [stdout] 
[INFO] [stderr] error: could not compile `opencrab-tui` (lib) due to 7 previous errors
[INFO] [stderr] warning: build failed, waiting for other jobs to finish...
[INFO] [stdout] Some errors have detailed explanations: E0061, E0369, E0560.
[INFO] [stdout] 
[INFO] [stdout] For more information about an error, try `rustc --explain E0061`.
[INFO] [stdout] 
[INFO] [stderr] error: could not compile `opencrab-tui` (lib test) due to 7 previous errors
[INFO] [stderr] warning: unused dependency `chrono`
[INFO] [stderr]   --> crates/tools/Cargo.toml:23:1
[INFO] [stderr]    |
[INFO] [stderr] 23 | chrono.workspace = true
[INFO] [stderr]    | ^^^^^^
[INFO] [stderr]    |
[INFO] [stderr]    = note: `cargo::unused_dependencies` is set to `warn` by default
[INFO] [stderr] help: consider removing the dependency on `chrono`
[INFO] [stderr] warning: unused dependency `futures`
[INFO] [stderr]   --> crates/tools/Cargo.toml:15:1
[INFO] [stderr]    |
[INFO] [stderr] 15 | futures.workspace = true
[INFO] [stderr]    | ^^^^^^^
[INFO] [stderr]    |
[INFO] [stderr] help: consider removing the dependency on `futures`
[INFO] [stderr] warning: `opencrab-tools` (manifest) generated 2 warnings
[INFO] running `Command { std: "docker" "inspect" "7031fbb5903b4f2efcef26eb7ed47cd81a09e9c6bb2418c1656219d2c42ab3ac", kill_on_drop: false }`
[INFO] running `Command { std: "docker" "rm" "-f" "7031fbb5903b4f2efcef26eb7ed47cd81a09e9c6bb2418c1656219d2c42ab3ac", kill_on_drop: false }`
[INFO] [stdout] 7031fbb5903b4f2efcef26eb7ed47cd81a09e9c6bb2418c1656219d2c42ab3ac
