[INFO] cloning repository https://github.com/porkyrider/Rust68
[INFO] running `Command { std: "git" "-c" "credential.helper=" "-c" "credential.helper=/workspace/cargo-home/bin/git-credential-null" "clone" "--bare" "https://github.com/porkyrider/Rust68" "/workspace/cache/git-repos/https%3A%2F%2Fgithub.com%2Fporkyrider%2FRust68", kill_on_drop: false }`
[INFO] [stderr] Cloning into bare repository '/workspace/cache/git-repos/https%3A%2F%2Fgithub.com%2Fporkyrider%2FRust68'...
[INFO] running `Command { std: "git" "rev-parse" "HEAD", kill_on_drop: false }`
[INFO] [stdout] 14964a6b7397768dad859c7e832e9b64fd34e9c6
[INFO] checking porkyrider/Rust68 against 3154cc1a3e6424e44f438a95007d043ed5ceaaf6 for pr-133502-30
[INFO] running `Command { std: "git" "clone" "/workspace/cache/git-repos/https%3A%2F%2Fgithub.com%2Fporkyrider%2FRust68" "/workspace/builds/worker-3-tc2/source", kill_on_drop: false }`
[INFO] [stderr] Cloning into '/workspace/builds/worker-3-tc2/source'...
[INFO] [stderr] done.
[INFO] started tweaking git repo https://github.com/porkyrider/Rust68
[INFO] removed 0 missing examples
[INFO] finished tweaking git repo https://github.com/porkyrider/Rust68
[INFO] tweaked toml for git repo https://github.com/porkyrider/Rust68 written to /workspace/builds/worker-3-tc2/source/Cargo.toml
[INFO] validating manifest of git repo https://github.com/porkyrider/Rust68 on toolchain 3154cc1a3e6424e44f438a95007d043ed5ceaaf6
[INFO] running `Command { std: CARGO_HOME="/workspace/cargo-home" RUSTUP_HOME="/workspace/rustup-home" "/workspace/cargo-home/bin/cargo" "+3154cc1a3e6424e44f438a95007d043ed5ceaaf6" "metadata" "--manifest-path" "Cargo.toml" "--no-deps", kill_on_drop: false }`
[INFO] crate git repo https://github.com/porkyrider/Rust68 already has a lockfile, it will not be regenerated
[INFO] running `Command { std: CARGO_HOME="/workspace/cargo-home" RUSTUP_HOME="/workspace/rustup-home" "/workspace/cargo-home/bin/cargo" "+3154cc1a3e6424e44f438a95007d043ed5ceaaf6" "fetch" "--manifest-path" "Cargo.toml", kill_on_drop: false }`
[INFO] running `Command { std: "docker" "create" "-v" "/var/lib/crater-agent-workspace/builds/worker-3-tc2/source:/opt/rustwide/workdir:ro,Z" "-v" "/var/lib/crater-agent-workspace/builds/worker-3-tc2/target:/opt/rustwide/target:rw,Z" "-v" "/var/lib/crater-agent-workspace/cargo-home:/opt/rustwide/cargo-home:ro,Z" "-v" "/var/lib/crater-agent-workspace/rustup-home:/opt/rustwide/rustup-home:ro,Z" "-m" "1610612736" "--network" "none" "ghcr.io/rust-lang/crates-build-env/linux@sha256:77db811e55d90add9212f6832c23229e3de5f1c1f9905e8cb07319ea15df73ac" "sleep" "infinity", kill_on_drop: false }`
[INFO] [stdout] 9fdf749f34c6f2908119ab28058bd287389340ddd74344ec9958271a2b07a4ca
[INFO] running `Command { std: "docker" "start" "9fdf749f34c6f2908119ab28058bd287389340ddd74344ec9958271a2b07a4ca", kill_on_drop: false }`
[INFO] running `Command { std: "docker" "inspect" "9fdf749f34c6f2908119ab28058bd287389340ddd74344ec9958271a2b07a4ca", kill_on_drop: false }`
[INFO] running `Command { std: "docker" "exec" "-e" "SOURCE_DIR=/opt/rustwide/workdir" "-e" "CARGO_HOME=/opt/rustwide/cargo-home" "-e" "RUSTUP_HOME=/opt/rustwide/rustup-home" "-e" "CARGO_TARGET_DIR=/opt/rustwide/target" "-w" "/opt/rustwide/workdir" "--user" "0:0" "9fdf749f34c6f2908119ab28058bd287389340ddd74344ec9958271a2b07a4ca" "/opt/rustwide/cargo-home/bin/cargo" "+3154cc1a3e6424e44f438a95007d043ed5ceaaf6" "metadata" "--no-deps" "--format-version=1", kill_on_drop: false }`
[INFO] running `Command { std: "docker" "inspect" "9fdf749f34c6f2908119ab28058bd287389340ddd74344ec9958271a2b07a4ca", kill_on_drop: false }`
[INFO] running `Command { std: "docker" "exec" "-e" "SOURCE_DIR=/opt/rustwide/workdir" "-e" "CARGO_HOME=/opt/rustwide/cargo-home" "-e" "RUSTUP_HOME=/opt/rustwide/rustup-home" "-e" "CARGO_TARGET_DIR=/opt/rustwide/target" "-e" "CARGO_INCREMENTAL=0" "-e" "RUST_BACKTRACE=full" "-e" "RUSTFLAGS=--cap-lints=forbid" "-e" "RUSTDOCFLAGS=--cap-lints=forbid" "-w" "/opt/rustwide/workdir" "--user" "0:0" "9fdf749f34c6f2908119ab28058bd287389340ddd74344ec9958271a2b07a4ca" "/opt/rustwide/cargo-home/bin/cargo" "+3154cc1a3e6424e44f438a95007d043ed5ceaaf6" "check" "--frozen" "--all" "--all-targets" "--message-format=json", kill_on_drop: false }`
[INFO] [stderr]    Compiling proc-macro2 v1.0.106
[INFO] [stderr]    Compiling quote v1.0.46
[INFO] [stderr]    Compiling serde v1.0.228
[INFO] [stderr]    Compiling serde_json v1.0.150
[INFO] [stderr]    Compiling serde_core v1.0.228
[INFO] [stderr]     Checking memchr v2.8.2
[INFO] [stderr]     Checking rust68 v0.1.0 (/opt/rustwide/workdir)
[INFO] [stderr]    Compiling syn v2.0.118
[INFO] [stderr]    Compiling serde_derive v1.0.228
[INFO] [stdout] error[E0433]: cannot find `x68000` in `peripherals`
[INFO] [stdout]   --> examples/ym_pitch_test.rs:8:26
[INFO] [stdout]    |
[INFO] [stdout]  8 | use rust68::peripherals::x68000::ym2151::Ym2151;
[INFO] [stdout]    |                          ^^^^^^ could not find `x68000` in `peripherals`
[INFO] [stdout]    |
[INFO] [stdout] note: found an item that was configured out
[INFO] [stdout]   --> src/peripherals/mod.rs:18:9
[INFO] [stdout]    |
[INFO] [stdout] 17 | #[cfg(feature = "x68000")]
[INFO] [stdout]    |       ------------------ the item is gated behind the `x68000` feature
[INFO] [stdout] 18 | pub mod x68000;
[INFO] [stdout]    |         ^^^^^^
[INFO] [stdout] 
[INFO] [stdout] 
[INFO] [stdout] error[E0433]: cannot find `x68000` in `peripherals`
[INFO] [stdout]   --> examples/ym_pitch_test.rs:50:57
[INFO] [stdout]    |
[INFO] [stdout] 50 |     println!("Sample rate: {} Hz", rust68::peripherals::x68000::ym2151::SAMPLE_RATE_HZ);
[INFO] [stdout]    |                                                         ^^^^^^ could not find `x68000` in `peripherals`
[INFO] [stdout]    |
[INFO] [stdout] note: found an item that was configured out
[INFO] [stdout]   --> src/peripherals/mod.rs:18:9
[INFO] [stdout]    |
[INFO] [stdout] 17 | #[cfg(feature = "x68000")]
[INFO] [stdout]    |       ------------------ the item is gated behind the `x68000` feature
[INFO] [stdout] 18 | pub mod x68000;
[INFO] [stdout]    |         ^^^^^^
[INFO] [stdout] 
[INFO] [stdout] 
[INFO] [stdout] warning: unused import: `StepError`
[INFO] [stdout]  --> tests/instructions.rs:7:33
[INFO] [stdout]   |
[INFO] [stdout] 7 | use rust68::{Bus, Cpu, FlatBus, StepError, ccr};
[INFO] [stdout]   |                                 ^^^^^^^^^
[INFO] [stdout]   |
[INFO] [stdout]   = note: `#[warn(unused_imports)]` (part of `#[warn(unused)]`) on by default
[INFO] [stdout] 
[INFO] [stdout] 
[INFO] [stdout] For more information about this error, try `rustc --explain E0433`.
[INFO] [stdout] 
[INFO] [stderr] error: could not compile `rust68` (example "ym_pitch_test") due to 2 previous errors
[INFO] [stderr] warning: build failed, waiting for other jobs to finish...
[INFO] [stdout] error[E0433]: cannot find `atari_st` in `systems`
[INFO] [stdout]  --> examples/k1_headless.rs:6:22
[INFO] [stdout]   |
[INFO] [stdout] 6 | use rust68::systems::atari_st::model::AtariModel;
[INFO] [stdout]   |                      ^^^^^^^^ could not find `atari_st` in `systems`
[INFO] [stdout]   |
[INFO] [stdout] note: found an item that was configured out
[INFO] [stdout]  --> src/systems/mod.rs:8:9
[INFO] [stdout]   |
[INFO] [stdout] 7 | #[cfg(feature = "atari-st")]
[INFO] [stdout]   |       -------------------- the item is gated behind the `atari-st` feature
[INFO] [stdout] 8 | pub mod atari_st;
[INFO] [stdout]   |         ^^^^^^^^
[INFO] [stdout] 
[INFO] [stdout] 
[INFO] [stdout] error[E0432]: unresolved import `rust68::systems::atari_st`
[INFO] [stdout]  --> examples/k1_headless.rs:7:22
[INFO] [stdout]   |
[INFO] [stdout] 7 | use rust68::systems::atari_st::AtariSt;
[INFO] [stdout]   |                      ^^^^^^^^ could not find `atari_st` in `systems`
[INFO] [stdout]   |
[INFO] [stdout] note: found an item that was configured out
[INFO] [stdout]  --> src/systems/mod.rs:8:9
[INFO] [stdout]   |
[INFO] [stdout] 7 | #[cfg(feature = "atari-st")]
[INFO] [stdout]   |       -------------------- the item is gated behind the `atari-st` feature
[INFO] [stdout] 8 | pub mod atari_st;
[INFO] [stdout]   |         ^^^^^^^^
[INFO] [stdout] 
[INFO] [stdout] 
[INFO] [stdout] error[E0433]: cannot find `atari_st` in `peripherals`
[INFO] [stdout]   --> examples/audio_test_crash.rs:9:26
[INFO] [stdout]    |
[INFO] [stdout]  9 | use rust68::peripherals::atari_st::stx::StxImage;
[INFO] [stdout]    |                          ^^^^^^^^ could not find `atari_st` in `peripherals`
[INFO] [stdout]    |
[INFO] [stdout] note: found an item that was configured out
[INFO] [stdout]   --> src/peripherals/mod.rs:12:9
[INFO] [stdout]    |
[INFO] [stdout] 11 | #[cfg(feature = "atari-st")]
[INFO] [stdout]    |       -------------------- the item is gated behind the `atari-st` feature
[INFO] [stdout] 12 | pub mod atari_st;
[INFO] [stdout]    |         ^^^^^^^^
[INFO] [stdout] 
[INFO] [stdout] 
[INFO] [stdout] error[E0433]: cannot find `atari_st` in `systems`
[INFO] [stdout]   --> examples/audio_test_crash.rs:10:22
[INFO] [stdout]    |
[INFO] [stdout] 10 | use rust68::systems::atari_st::model::AtariModel;
[INFO] [stdout]    |                      ^^^^^^^^ could not find `atari_st` in `systems`
[INFO] [stdout]    |
[INFO] [stdout] note: found an item that was configured out
[INFO] [stdout]   --> src/systems/mod.rs:8:9
[INFO] [stdout]    |
[INFO] [stdout]  7 | #[cfg(feature = "atari-st")]
[INFO] [stdout]    |       -------------------- the item is gated behind the `atari-st` feature
[INFO] [stdout]  8 | pub mod atari_st;
[INFO] [stdout]    |         ^^^^^^^^
[INFO] [stdout] 
[INFO] [stdout] 
[INFO] [stdout] error[E0432]: unresolved import `rust68::systems::atari_st`
[INFO] [stdout]   --> examples/audio_test_crash.rs:11:22
[INFO] [stdout]    |
[INFO] [stdout] 11 | use rust68::systems::atari_st::AtariSt;
[INFO] [stdout]    |                      ^^^^^^^^ could not find `atari_st` in `systems`
[INFO] [stdout]    |
[INFO] [stdout] note: found an item that was configured out
[INFO] [stdout]   --> src/systems/mod.rs:8:9
[INFO] [stdout]    |
[INFO] [stdout]  7 | #[cfg(feature = "atari-st")]
[INFO] [stdout]    |       -------------------- the item is gated behind the `atari-st` feature
[INFO] [stdout]  8 | pub mod atari_st;
[INFO] [stdout]    |         ^^^^^^^^
[INFO] [stdout] 
[INFO] [stdout] 
[INFO] [stdout] error[E0433]: cannot find `atari_st` in `peripherals`
[INFO] [stdout]   --> examples/replay_icon_vs_reference.rs:5:26
[INFO] [stdout]    |
[INFO] [stdout]  5 | use rust68::peripherals::atari_st::blitter::{Blitter, reg};
[INFO] [stdout]    |                          ^^^^^^^^ could not find `atari_st` in `peripherals`
[INFO] [stdout]    |
[INFO] [stdout] note: found an item that was configured out
[INFO] [stdout]   --> src/peripherals/mod.rs:12:9
[INFO] [stdout]    |
[INFO] [stdout] 11 | #[cfg(feature = "atari-st")]
[INFO] [stdout]    |       -------------------- the item is gated behind the `atari-st` feature
[INFO] [stdout] 12 | pub mod atari_st;
[INFO] [stdout]    |         ^^^^^^^^
[INFO] [stdout] 
[INFO] [stdout] 
[INFO] [stdout] error[E0433]: cannot find `atari_st` in `peripherals`
[INFO] [stdout]   --> examples/rd_menu_ca6a.rs:7:26
[INFO] [stdout]    |
[INFO] [stdout]  7 | use rust68::peripherals::atari_st::blitter::DEBUG_LAST_PC;
[INFO] [stdout]    |                          ^^^^^^^^ could not find `atari_st` in `peripherals`
[INFO] [stdout]    |
[INFO] [stdout] note: found an item that was configured out
[INFO] [stdout]   --> src/peripherals/mod.rs:12:9
[INFO] [stdout]    |
[INFO] [stdout] 11 | #[cfg(feature = "atari-st")]
[INFO] [stdout]    |       -------------------- the item is gated behind the `atari-st` feature
[INFO] [stdout] 12 | pub mod atari_st;
[INFO] [stdout]    |         ^^^^^^^^
[INFO] [stdout] 
[INFO] [stdout] 
[INFO] [stdout] error[E0433]: cannot find `atari_st` in `systems`
[INFO] [stdout]  --> examples/rd_menu_ca6a.rs:8:22
[INFO] [stdout]   |
[INFO] [stdout] 8 | use rust68::systems::atari_st::model::AtariModel;
[INFO] [stdout]   |                      ^^^^^^^^ could not find `atari_st` in `systems`
[INFO] [stdout]   |
[INFO] [stdout] note: found an item that was configured out
[INFO] [stdout]  --> src/systems/mod.rs:8:9
[INFO] [stdout]   |
[INFO] [stdout] 7 | #[cfg(feature = "atari-st")]
[INFO] [stdout]   |       -------------------- the item is gated behind the `atari-st` feature
[INFO] [stdout] 8 | pub mod atari_st;
[INFO] [stdout]   |         ^^^^^^^^
[INFO] [stdout] 
[INFO] [stdout] 
[INFO] [stdout] error[E0433]: cannot find `atari_st` in `systems`
[INFO] [stdout]   --> examples/k1_headless.rs:16:84
[INFO] [stdout]    |
[INFO] [stdout] 16 |     let rom_base = if os_version >= 0x0106 { 0x00E0_0000 } else { rust68::systems::atari_st::DEFAULT_ROM_BASE };
[INFO] [stdout]    |                                                                                    ^^^^^^^^ could not find `atari_st` in `systems`
[INFO] [stdout]    |
[INFO] [stdout] note: found an item that was configured out
[INFO] [stdout]   --> src/systems/mod.rs:8:9
[INFO] [stdout]    |
[INFO] [stdout]  7 | #[cfg(feature = "atari-st")]
[INFO] [stdout]    |       -------------------- the item is gated behind the `atari-st` feature
[INFO] [stdout]  8 | pub mod atari_st;
[INFO] [stdout]    |         ^^^^^^^^
[INFO] [stdout] 
[INFO] [stdout] 
[INFO] [stdout] error[E0433]: cannot find `atari_st` in `peripherals`
[INFO] [stdout]    --> examples/rd_menu_ca6a.rs:146:38
[INFO] [stdout]     |
[INFO] [stdout] 146 |             use rust68::peripherals::atari_st::blitter::reg as blitreg;
[INFO] [stdout]     |                                      ^^^^^^^^ could not find `atari_st` in `peripherals`
[INFO] [stdout]     |
[INFO] [stdout] note: found an item that was configured out
[INFO] [stdout]    --> src/peripherals/mod.rs:12:9
[INFO] [stdout]     |
[INFO] [stdout]  11 | #[cfg(feature = "atari-st")]
[INFO] [stdout]     |       -------------------- the item is gated behind the `atari-st` feature
[INFO] [stdout]  12 | pub mod atari_st;
[INFO] [stdout]     |         ^^^^^^^^
[INFO] [stdout] 
[INFO] [stdout] 
[INFO] [stdout] error[E0432]: unresolved import `rust68::systems::atari_st`
[INFO] [stdout]  --> examples/rd_menu_ca6a.rs:9:22
[INFO] [stdout]   |
[INFO] [stdout] 9 | use rust68::systems::atari_st::AtariSt;
[INFO] [stdout]   |                      ^^^^^^^^ could not find `atari_st` in `systems`
[INFO] [stdout]   |
[INFO] [stdout] note: found an item that was configured out
[INFO] [stdout]  --> src/systems/mod.rs:8:9
[INFO] [stdout]   |
[INFO] [stdout] 7 | #[cfg(feature = "atari-st")]
[INFO] [stdout]   |       -------------------- the item is gated behind the `atari-st` feature
[INFO] [stdout] 8 | pub mod atari_st;
[INFO] [stdout]   |         ^^^^^^^^
[INFO] [stdout] 
[INFO] [stdout] 
[INFO] [stdout] error[E0433]: cannot find `atari_st` in `peripherals`
[INFO] [stdout]   --> examples/replay_fresh_selfcheck.rs:1:26
[INFO] [stdout]    |
[INFO] [stdout]  1 | use rust68::peripherals::atari_st::blitter::{Blitter, reg};
[INFO] [stdout]    |                          ^^^^^^^^ could not find `atari_st` in `peripherals`
[INFO] [stdout]    |
[INFO] [stdout] note: found an item that was configured out
[INFO] [stdout]   --> src/peripherals/mod.rs:12:9
[INFO] [stdout]    |
[INFO] [stdout] 11 | #[cfg(feature = "atari-st")]
[INFO] [stdout]    |       -------------------- the item is gated behind the `atari-st` feature
[INFO] [stdout] 12 | pub mod atari_st;
[INFO] [stdout]    |         ^^^^^^^^
[INFO] [stdout] 
[INFO] [stdout] 
[INFO] [stdout] error[E0433]: cannot find `atari_st` in `peripherals`
[INFO] [stdout]   --> examples/audio_test_crash.rs:21:54
[INFO] [stdout]    |
[INFO] [stdout] 21 |     st.floppy_a = Some(Box::new(rust68::peripherals::atari_st::wd1772::RawDiskImage::new(
[INFO] [stdout]    |                                                      ^^^^^^^^ could not find `atari_st` in `peripherals`
[INFO] [stdout]    |
[INFO] [stdout] note: found an item that was configured out
[INFO] [stdout]   --> src/peripherals/mod.rs:12:9
[INFO] [stdout]    |
[INFO] [stdout] 11 | #[cfg(feature = "atari-st")]
[INFO] [stdout]    |       -------------------- the item is gated behind the `atari-st` feature
[INFO] [stdout] 12 | pub mod atari_st;
[INFO] [stdout]    |         ^^^^^^^^
[INFO] [stdout] 
[INFO] [stdout] 
[INFO] [stdout] warning: unused import: `Bus`
[INFO] [stdout]   --> examples/audio_test_crash.rs:12:14
[INFO] [stdout]    |
[INFO] [stdout] 12 | use rust68::{Bus, Cpu};
[INFO] [stdout]    |              ^^^
[INFO] [stdout]    |
[INFO] [stdout]    = note: `#[warn(unused_imports)]` (part of `#[warn(unused)]`) on by default
[INFO] [stdout] 
[INFO] [stdout] 
[INFO] [stdout] error[E0433]: cannot find `atari_st` in `systems`
[INFO] [stdout]  --> examples/rd_menu_repro.rs:7:22
[INFO] [stdout]   |
[INFO] [stdout] 7 | use rust68::systems::atari_st::model::AtariModel;
[INFO] [stdout]   |                      ^^^^^^^^ could not find `atari_st` in `systems`
[INFO] [stdout]   |
[INFO] [stdout] note: found an item that was configured out
[INFO] [stdout]  --> src/systems/mod.rs:8:9
[INFO] [stdout]   |
[INFO] [stdout] 7 | #[cfg(feature = "atari-st")]
[INFO] [stdout]   |       -------------------- the item is gated behind the `atari-st` feature
[INFO] [stdout] 8 | pub mod atari_st;
[INFO] [stdout]   |         ^^^^^^^^
[INFO] [stdout] 
[INFO] [stdout] 
[INFO] [stdout] error[E0433]: cannot find `atari_st` in `peripherals`
[INFO] [stdout]   --> examples/replay_icon.rs:19:26
[INFO] [stdout]    |
[INFO] [stdout] 19 | use rust68::peripherals::atari_st::blitter::{Blitter, reg};
[INFO] [stdout]    |                          ^^^^^^^^ could not find `atari_st` in `peripherals`
[INFO] [stdout]    |
[INFO] [stdout] note: found an item that was configured out
[INFO] [stdout]   --> src/peripherals/mod.rs:12:9
[INFO] [stdout]    |
[INFO] [stdout] 11 | #[cfg(feature = "atari-st")]
[INFO] [stdout]    |       -------------------- the item is gated behind the `atari-st` feature
[INFO] [stdout] 12 | pub mod atari_st;
[INFO] [stdout]    |         ^^^^^^^^
[INFO] [stdout] 
[INFO] [stdout] 
[INFO] [stdout] Some errors have detailed explanations: E0432, E0433.
[INFO] [stdout] 
[INFO] [stdout] For more information about an error, try `rustc --explain E0432`.
[INFO] [stdout] 
[INFO] [stdout] error[E0433]: cannot find `atari_st` in `peripherals`
[INFO] [stdout]    --> examples/rd_menu_repro.rs:154:38
[INFO] [stdout]     |
[INFO] [stdout] 154 |             use rust68::peripherals::atari_st::blitter::reg as blitreg;
[INFO] [stdout]     |                                      ^^^^^^^^ could not find `atari_st` in `peripherals`
[INFO] [stdout]     |
[INFO] [stdout] note: found an item that was configured out
[INFO] [stdout]    --> src/peripherals/mod.rs:12:9
[INFO] [stdout]     |
[INFO] [stdout]  11 | #[cfg(feature = "atari-st")]
[INFO] [stdout]     |       -------------------- the item is gated behind the `atari-st` feature
[INFO] [stdout]  12 | pub mod atari_st;
[INFO] [stdout]     |         ^^^^^^^^
[INFO] [stdout] 
[INFO] [stdout] 
[INFO] [stdout] error[E0432]: unresolved import `rust68::systems::atari_st`
[INFO] [stdout]  --> examples/rd_menu_repro.rs:8:22
[INFO] [stdout]   |
[INFO] [stdout] 8 | use rust68::systems::atari_st::AtariSt;
[INFO] [stdout]   |                      ^^^^^^^^ could not find `atari_st` in `systems`
[INFO] [stdout]   |
[INFO] [stdout] note: found an item that was configured out
[INFO] [stdout]  --> src/systems/mod.rs:8:9
[INFO] [stdout]   |
[INFO] [stdout] 7 | #[cfg(feature = "atari-st")]
[INFO] [stdout]   |       -------------------- the item is gated behind the `atari-st` feature
[INFO] [stdout] 8 | pub mod atari_st;
[INFO] [stdout]   |         ^^^^^^^^
[INFO] [stdout] 
[INFO] [stdout] 
[INFO] [stdout] error[E0433]: cannot find `atari_st` in `systems`
[INFO] [stdout]   --> examples/rd_menu_ca6a.rs:30:84
[INFO] [stdout]    |
[INFO] [stdout] 30 |     let rom_base = if os_version >= 0x0106 { 0x00E0_0000 } else { rust68::systems::atari_st::DEFAULT_ROM_BASE };
[INFO] [stdout]    |                                                                                    ^^^^^^^^ could not find `atari_st` in `systems`
[INFO] [stdout]    |
[INFO] [stdout] note: found an item that was configured out
[INFO] [stdout]   --> src/systems/mod.rs:8:9
[INFO] [stdout]    |
[INFO] [stdout]  7 | #[cfg(feature = "atari-st")]
[INFO] [stdout]    |       -------------------- the item is gated behind the `atari-st` feature
[INFO] [stdout]  8 | pub mod atari_st;
[INFO] [stdout]    |         ^^^^^^^^
[INFO] [stdout] 
[INFO] [stdout] 
[INFO] [stderr] error: could not compile `rust68` (example "k1_headless") due to 3 previous errors
[INFO] [stdout] Some errors have detailed explanations: E0432, E0433.
[INFO] [stdout] 
[INFO] [stdout] For more information about an error, try `rustc --explain E0432`.
[INFO] [stdout] 
[INFO] [stderr] error: could not compile `rust68` (example "audio_test_crash") due to 4 previous errors; 1 warning emitted
[INFO] [stdout] error[E0433]: cannot find `atari_st` in `systems`
[INFO] [stdout]   --> examples/rd_menu_repro.rs:35:84
[INFO] [stdout]    |
[INFO] [stdout] 35 |     let rom_base = if os_version >= 0x0106 { 0x00E0_0000 } else { rust68::systems::atari_st::DEFAULT_ROM_BASE };
[INFO] [stdout]    |                                                                                    ^^^^^^^^ could not find `atari_st` in `systems`
[INFO] [stdout]    |
[INFO] [stdout] note: found an item that was configured out
[INFO] [stdout]   --> src/systems/mod.rs:8:9
[INFO] [stdout]    |
[INFO] [stdout]  7 | #[cfg(feature = "atari-st")]
[INFO] [stdout]    |       -------------------- the item is gated behind the `atari-st` feature
[INFO] [stdout]  8 | pub mod atari_st;
[INFO] [stdout]    |         ^^^^^^^^
[INFO] [stdout] 
[INFO] [stdout] 
[INFO] [stdout] Some errors have detailed explanations: E0432, E0433.
[INFO] [stdout] 
[INFO] [stdout] For more information about an error, try `rustc --explain E0432`.
[INFO] [stdout] 
[INFO] [stderr] error: could not compile `rust68` (example "rd_menu_ca6a") due to 5 previous errors
[INFO] [stdout] Some errors have detailed explanations: E0432, E0433.
[INFO] [stdout] 
[INFO] [stdout] For more information about an error, try `rustc --explain E0432`.
[INFO] [stdout] 
[INFO] [stderr] error: could not compile `rust68` (example "rd_menu_repro") due to 4 previous errors
[INFO] [stdout] For more information about this error, try `rustc --explain E0433`.
[INFO] [stdout] 
[INFO] [stderr] error: could not compile `rust68` (example "replay_fresh_selfcheck") due to 1 previous error
[INFO] [stdout] warning: unused variable: `base_ok`
[INFO] [stdout]    --> tests/tomharte.rs:345:44
[INFO] [stdout]     |
[INFO] [stdout] 345 |         let regression_tag = if let Some(&(base_ok, base_fail)) = baseline.get(&name) {
[INFO] [stdout]     |                                            ^^^^^^^ help: if this is intentional, prefix it with an underscore: `_base_ok`
[INFO] [stdout]     |
[INFO] [stdout]     = note: `#[warn(unused_variables)]` (part of `#[warn(unused)]`) on by default
[INFO] [stdout] 
[INFO] [stdout] 
[INFO] [stdout] For more information about this error, try `rustc --explain E0433`.
[INFO] [stdout] 
[INFO] [stderr] error: could not compile `rust68` (example "replay_icon") due to 1 previous error
[INFO] [stdout] For more information about this error, try `rustc --explain E0433`.
[INFO] [stdout] 
[INFO] [stderr] error: could not compile `rust68` (example "replay_icon_vs_reference") due to 1 previous error
[INFO] running `Command { std: "docker" "inspect" "9fdf749f34c6f2908119ab28058bd287389340ddd74344ec9958271a2b07a4ca", kill_on_drop: false }`
[INFO] running `Command { std: "docker" "rm" "-f" "9fdf749f34c6f2908119ab28058bd287389340ddd74344ec9958271a2b07a4ca", kill_on_drop: false }`
[INFO] [stdout] 9fdf749f34c6f2908119ab28058bd287389340ddd74344ec9958271a2b07a4ca
