[INFO] cloning repository https://github.com/pongloongyeat/connect4
[INFO] running `Command { std: "git" "-c" "credential.helper=" "-c" "credential.helper=/workspace/cargo-home/bin/git-credential-null" "clone" "--bare" "https://github.com/pongloongyeat/connect4" "/workspace/cache/git-repos/https%3A%2F%2Fgithub.com%2Fpongloongyeat%2Fconnect4", kill_on_drop: false }`
[INFO] [stderr] Cloning into bare repository '/workspace/cache/git-repos/https%3A%2F%2Fgithub.com%2Fpongloongyeat%2Fconnect4'...
[INFO] running `Command { std: "git" "rev-parse" "HEAD", kill_on_drop: false }`
[INFO] [stdout] 787f597085251a0a797de7dc31fa120baeadad93
[INFO] checking pongloongyeat/connect4 against 3154cc1a3e6424e44f438a95007d043ed5ceaaf6 for pr-133502-30
[INFO] running `Command { std: "git" "clone" "/workspace/cache/git-repos/https%3A%2F%2Fgithub.com%2Fpongloongyeat%2Fconnect4" "/workspace/builds/worker-1-tc2/source", kill_on_drop: false }`
[INFO] [stderr] Cloning into '/workspace/builds/worker-1-tc2/source'...
[INFO] [stderr] done.
[INFO] started tweaking git repo https://github.com/pongloongyeat/connect4
[INFO] finished tweaking git repo https://github.com/pongloongyeat/connect4
[INFO] tweaked toml for git repo https://github.com/pongloongyeat/connect4 written to /workspace/builds/worker-1-tc2/source/Cargo.toml
[INFO] validating manifest of git repo https://github.com/pongloongyeat/connect4 on toolchain 3154cc1a3e6424e44f438a95007d043ed5ceaaf6
[INFO] running `Command { std: CARGO_HOME="/workspace/cargo-home" RUSTUP_HOME="/workspace/rustup-home" "/workspace/cargo-home/bin/cargo" "+3154cc1a3e6424e44f438a95007d043ed5ceaaf6" "metadata" "--manifest-path" "Cargo.toml" "--no-deps", kill_on_drop: false }`
[INFO] crate git repo https://github.com/pongloongyeat/connect4 already has a lockfile, it will not be regenerated
[INFO] running `Command { std: CARGO_HOME="/workspace/cargo-home" RUSTUP_HOME="/workspace/rustup-home" "/workspace/cargo-home/bin/cargo" "+3154cc1a3e6424e44f438a95007d043ed5ceaaf6" "fetch" "--manifest-path" "Cargo.toml", kill_on_drop: false }`
[INFO] running `Command { std: "docker" "create" "-v" "/var/lib/crater-agent-workspace/builds/worker-1-tc2/source:/opt/rustwide/workdir:ro,Z" "-v" "/var/lib/crater-agent-workspace/builds/worker-1-tc2/target:/opt/rustwide/target:rw,Z" "-v" "/var/lib/crater-agent-workspace/cargo-home:/opt/rustwide/cargo-home:ro,Z" "-v" "/var/lib/crater-agent-workspace/rustup-home:/opt/rustwide/rustup-home:ro,Z" "-m" "1610612736" "--network" "none" "ghcr.io/rust-lang/crates-build-env/linux@sha256:77db811e55d90add9212f6832c23229e3de5f1c1f9905e8cb07319ea15df73ac" "sleep" "infinity", kill_on_drop: false }`
[INFO] [stdout] 1e9f1bdd5255987247656d1c5e50414ee69996e22339bcb96f0a80843d198a1e
[INFO] running `Command { std: "docker" "start" "1e9f1bdd5255987247656d1c5e50414ee69996e22339bcb96f0a80843d198a1e", kill_on_drop: false }`
[INFO] running `Command { std: "docker" "inspect" "1e9f1bdd5255987247656d1c5e50414ee69996e22339bcb96f0a80843d198a1e", kill_on_drop: false }`
[INFO] running `Command { std: "docker" "exec" "-e" "SOURCE_DIR=/opt/rustwide/workdir" "-e" "CARGO_HOME=/opt/rustwide/cargo-home" "-e" "RUSTUP_HOME=/opt/rustwide/rustup-home" "-e" "CARGO_TARGET_DIR=/opt/rustwide/target" "-w" "/opt/rustwide/workdir" "--user" "0:0" "1e9f1bdd5255987247656d1c5e50414ee69996e22339bcb96f0a80843d198a1e" "/opt/rustwide/cargo-home/bin/cargo" "+3154cc1a3e6424e44f438a95007d043ed5ceaaf6" "metadata" "--no-deps" "--format-version=1", kill_on_drop: false }`
[INFO] running `Command { std: "docker" "inspect" "1e9f1bdd5255987247656d1c5e50414ee69996e22339bcb96f0a80843d198a1e", kill_on_drop: false }`
[INFO] running `Command { std: "docker" "exec" "-e" "SOURCE_DIR=/opt/rustwide/workdir" "-e" "CARGO_HOME=/opt/rustwide/cargo-home" "-e" "RUSTUP_HOME=/opt/rustwide/rustup-home" "-e" "CARGO_TARGET_DIR=/opt/rustwide/target" "-e" "CARGO_INCREMENTAL=0" "-e" "RUST_BACKTRACE=full" "-e" "RUSTFLAGS=--cap-lints=forbid" "-e" "RUSTDOCFLAGS=--cap-lints=forbid" "-w" "/opt/rustwide/workdir" "--user" "0:0" "1e9f1bdd5255987247656d1c5e50414ee69996e22339bcb96f0a80843d198a1e" "/opt/rustwide/cargo-home/bin/cargo" "+3154cc1a3e6424e44f438a95007d043ed5ceaaf6" "check" "--frozen" "--all" "--all-targets" "--message-format=json", kill_on_drop: false }`
[INFO] [stderr]    Compiling serde_json v1.0.151
[INFO] [stderr]    Compiling syn v3.0.4
[INFO] [stderr]    Compiling hybrid-array v0.4.14
[INFO] [stderr]    Compiling cmov v0.5.4
[INFO] [stderr]    Compiling generic-array v0.14.9
[INFO] [stderr]     Checking crypto-common v0.1.6
[INFO] [stderr]    Compiling zerofrom v0.1.8
[INFO] [stderr]     Checking tracing v0.1.44
[INFO] [stderr]    Compiling num-traits v0.2.19
[INFO] [stderr]     Checking futures-util v0.3.34
[INFO] [stderr]    Compiling cpufeatures v0.3.1
[INFO] [stderr]    Compiling rand_core v0.10.1
[INFO] [stderr]     Checking digest v0.11.3
[INFO] [stderr]    Compiling tokio v1.53.1
[INFO] [stderr]    Compiling tinyvec v1.12.0
[INFO] [stderr]    Compiling crossbeam-utils v0.8.22
[INFO] [stderr]     Checking digest v0.10.7
[INFO] [stderr]    Compiling chacha20 v0.10.2
[INFO] [stderr]    Compiling getrandom v0.4.3
[INFO] [stderr]    Compiling yoke v0.8.3
[INFO] [stderr]    Compiling ctutils v0.4.2
[INFO] [stderr]    Compiling indexmap v2.14.1
[INFO] [stderr]    Compiling hashlink v0.11.1
[INFO] [stderr]    Compiling crossbeam-queue v0.3.13
[INFO] [stderr]     Checking num-integer v0.1.47
[INFO] [stderr]    Compiling whoami v2.1.3
[INFO] [stderr]    Compiling rand v0.10.2
[INFO] [stderr]    Compiling unicode-normalization v0.1.25
[INFO] [stderr]     Checking sha2 v0.10.9
[INFO] [stderr]     Checking hmac v0.13.0
[INFO] [stderr]     Checking time v0.3.55
[INFO] [stderr]     Checking hkdf v0.13.0
[INFO] [stderr]     Checking axum-core v0.5.6
[INFO] [stderr]    Compiling block-buffer v0.12.1
[INFO] [stderr]    Compiling crypto-common v0.2.2
[INFO] [stderr]    Compiling block-buffer v0.10.4
[INFO] [stderr]    Compiling stringprep v0.1.5
[INFO] [stderr]     Checking num-bigint v0.4.8
[INFO] [stderr]     Checking sha2 v0.11.0
[INFO] [stderr]    Compiling chrono v0.4.45
[INFO] [stderr]    Compiling atoi v2.0.0
[INFO] [stderr]     Checking sha1 v0.10.7
[INFO] [stderr]     Checking md-5 v0.11.0
[INFO] [stderr]     Checking event-listener-strategy v0.5.4
[INFO] [stderr]     Checking headers-core v0.3.0
[INFO] [stderr]    Compiling axum-macros v0.5.1
[INFO] [stderr]     Checking serde_path_to_error v0.1.20
[INFO] [stderr]     Checking fastrand v2.4.1
[INFO] [stderr]     Checking backon v1.6.0
[INFO] [stderr]     Checking headers v0.4.1
[INFO] [stderr]     Checking zeroize v1.9.0
[INFO] [stderr]     Checking async-lock v3.4.2
[INFO] [stderr]     Checking num-bigint v0.5.1
[INFO] [stderr]     Checking xxhash-rust v0.8.18
[INFO] [stderr]    Compiling connect4 v0.1.0 (/opt/rustwide/workdir)
[INFO] [stderr]     Checking tower-http v0.7.1
[INFO] [stderr]     Checking uuid v1.26.0
[INFO] [stderr]    Compiling serde_derive v1.0.229
[INFO] [stderr]    Compiling zerovec-derive v0.11.6
[INFO] [stderr]    Compiling displaydoc v0.2.7
[INFO] [stderr]    Compiling tokio-macros v2.7.2
[INFO] [stderr]    Compiling thiserror-impl v2.0.20
[INFO] [stderr]    Compiling zerotrie v0.2.5
[INFO] [stderr]    Compiling zerovec v0.11.8
[INFO] [stderr]    Compiling thiserror v2.0.20
[INFO] [stderr]     Checking simple_asn1 v0.6.4
[INFO] [stderr]    Compiling tokio-stream v0.1.19
[INFO] [stderr]     Checking tinystr v0.8.4
[INFO] [stderr]     Checking potential_utf v0.1.6
[INFO] [stderr]     Checking icu_collections v2.3.0
[INFO] [stderr]     Checking icu_locale_core v2.3.0
[INFO] [stderr]     Checking icu_provider v2.3.1
[INFO] [stderr]     Checking icu_properties v2.3.0
[INFO] [stderr]     Checking serde v1.0.229
[INFO] [stderr]    Compiling smallvec v1.16.0
[INFO] [stderr]    Compiling either v1.18.0
[INFO] [stderr]     Checking serde_urlencoded v0.7.1
[INFO] [stderr]     Checking jsonwebtoken v11.0.0
[INFO] [stderr]    Compiling icu_normalizer v2.3.0
[INFO] [stderr]    Compiling parking_lot_core v0.9.12
[INFO] [stderr]    Compiling parking_lot v0.12.5
[INFO] [stderr]     Checking futures-intrusive v0.5.0
[INFO] [stderr]     Checking idna_adapter v1.2.2
[INFO] [stderr]     Checking idna v1.1.0
[INFO] [stderr]     Checking url v2.5.8
[INFO] [stderr]    Compiling sqlx-core v0.9.0
[INFO] [stderr]    Compiling sqlx-postgres v0.9.0
[INFO] [stderr]     Checking hyper v1.11.1
[INFO] [stderr]     Checking tokio-util v0.7.18
[INFO] [stderr]     Checking tower v0.5.3
[INFO] [stderr]     Checking combine v4.6.8
[INFO] [stderr]     Checking hyper-util v0.1.20
[INFO] [stderr]     Checking axum v0.8.9
[INFO] [stderr]    Compiling sqlx-macros-core v0.9.0
[INFO] [stderr]    Compiling sqlx-macros v0.9.0
[INFO] [stderr]     Checking axum-extra v0.12.6
[INFO] [stderr]     Checking sqlx v0.9.0
[INFO] [stderr]     Checking redis v1.6.0
[INFO] [stdout] error: set `DATABASE_URL` to use query macros online, or run `cargo sqlx prepare` to update the query cache
[INFO] [stdout]   --> src/repositories/player_repository.rs:10:18
[INFO] [stdout]    |
[INFO] [stdout] 10 |       let result = sqlx::query_as!(
[INFO] [stdout]    |  __________________^
[INFO] [stdout] 11 | |         CurrentPlayer,
[INFO] [stdout] 12 | |         r#"
[INFO] [stdout] 13 | |         SELECT id, ref_no, display_name
[INFO] [stdout] ...  |
[INFO] [stdout] 17 | |         id,
[INFO] [stdout] 18 | |     )
[INFO] [stdout]    | |_____^
[INFO] [stdout]    |
[INFO] [stdout]    = note: this error originates in the macro `$crate::sqlx_macros::expand_query` which comes from the expansion of the macro `sqlx::query_as` (in Nightly builds, run with -Z macro-backtrace for more info)
[INFO] [stdout] 
[INFO] [stdout] 
[INFO] [stdout] error: set `DATABASE_URL` to use query macros online, or run `cargo sqlx prepare` to update the query cache
[INFO] [stdout]   --> src/repositories/player_repository.rs:26:20
[INFO] [stdout]    |
[INFO] [stdout] 26 |     let sequence = sqlx::query!(r#"SELECT nextval('players_ref_no_seq') AS "sequence!""#)
[INFO] [stdout]    |                    ^^^^^^^^^^^^^^^^^^^^^^^^^^^^^^^^^^^^^^^^^^^^^^^^^^^^^^^^^^^^^^^^^^^^^^
[INFO] [stdout]    |
[INFO] [stdout]    = note: this error originates in the macro `$crate::sqlx_macros::expand_query` which comes from the expansion of the macro `sqlx::query` (in Nightly builds, run with -Z macro-backtrace for more info)
[INFO] [stdout] 
[INFO] [stdout] 
[INFO] [stdout] error: set `DATABASE_URL` to use query macros online, or run `cargo sqlx prepare` to update the query cache
[INFO] [stdout]   --> src/repositories/player_repository.rs:38:18
[INFO] [stdout]    |
[INFO] [stdout] 38 |       let result = sqlx::query_as!(
[INFO] [stdout]    |  __________________^
[INFO] [stdout] 39 | |         CurrentPlayer,
[INFO] [stdout] 40 | |         r#"
[INFO] [stdout] 41 | |         INSERT INTO players
[INFO] [stdout] ...  |
[INFO] [stdout] 49 | |         Utc::now().naive_utc()
[INFO] [stdout] 50 | |     )
[INFO] [stdout]    | |_____^
[INFO] [stdout]    |
[INFO] [stdout]    = note: this error originates in the macro `$crate::sqlx_macros::expand_query` which comes from the expansion of the macro `sqlx::query_as` (in Nightly builds, run with -Z macro-backtrace for more info)
[INFO] [stdout] 
[INFO] [stdout] 
[INFO] [stdout] error: set `DATABASE_URL` to use query macros online, or run `cargo sqlx prepare` to update the query cache
[INFO] [stdout]   --> src/repositories/player_repository.rs:61:18
[INFO] [stdout]    |
[INFO] [stdout] 61 |       let result = sqlx::query!(
[INFO] [stdout]    |  __________________^
[INFO] [stdout] 62 | |         r#"
[INFO] [stdout] 63 | |         UPDATE players
[INFO] [stdout] 64 | |         SET winner = TRUE
[INFO] [stdout] ...  |
[INFO] [stdout] 67 | |         player_id
[INFO] [stdout] 68 | |     )
[INFO] [stdout]    | |_____^
[INFO] [stdout]    |
[INFO] [stdout]    = note: this error originates in the macro `$crate::sqlx_macros::expand_query` which comes from the expansion of the macro `sqlx::query` (in Nightly builds, run with -Z macro-backtrace for more info)
[INFO] [stdout] 
[INFO] [stdout] 
[INFO] [stdout] error: set `DATABASE_URL` to use query macros online, or run `cargo sqlx prepare` to update the query cache
[INFO] [stdout]   --> src/repositories/refresh_token_repository.rs:9:18
[INFO] [stdout]    |
[INFO] [stdout]  9 |       let result = sqlx::query!(
[INFO] [stdout]    |  __________________^
[INFO] [stdout] 10 | |         r#"
[INFO] [stdout] 11 | |         SELECT player_id AS "player_id!"
[INFO] [stdout] 12 | |         FROM refresh_tokens
[INFO] [stdout] ...  |
[INFO] [stdout] 23 | |         Utc::now().naive_utc()
[INFO] [stdout] 24 | |     )
[INFO] [stdout]    | |_____^
[INFO] [stdout]    |
[INFO] [stdout]    = note: this error originates in the macro `$crate::sqlx_macros::expand_query` which comes from the expansion of the macro `sqlx::query` (in Nightly builds, run with -Z macro-backtrace for more info)
[INFO] [stdout] 
[INFO] [stdout] 
[INFO] [stdout] error: set `DATABASE_URL` to use query macros online, or run `cargo sqlx prepare` to update the query cache
[INFO] [stdout]   --> src/repositories/refresh_token_repository.rs:39:13
[INFO] [stdout]    |
[INFO] [stdout] 39 |       let _ = sqlx::query!(
[INFO] [stdout]    |  _____________^
[INFO] [stdout] 40 | |         r#"
[INFO] [stdout] 41 | |         INSERT INTO refresh_tokens
[INFO] [stdout] 42 | |         (token_hash, room_id, player_id, issued_at, expires_at)
[INFO] [stdout] ...  |
[INFO] [stdout] 50 | |         expires_at.naive_utc()
[INFO] [stdout] 51 | |     )
[INFO] [stdout]    | |_____^
[INFO] [stdout]    |
[INFO] [stdout]    = note: this error originates in the macro `$crate::sqlx_macros::expand_query` which comes from the expansion of the macro `sqlx::query` (in Nightly builds, run with -Z macro-backtrace for more info)
[INFO] [stdout] 
[INFO] [stdout] 
[INFO] [stdout] error: set `DATABASE_URL` to use query macros online, or run `cargo sqlx prepare` to update the query cache
[INFO] [stdout]   --> src/repositories/refresh_token_repository.rs:62:13
[INFO] [stdout]    |
[INFO] [stdout] 62 |       let _ = sqlx::query!(
[INFO] [stdout]    |  _____________^
[INFO] [stdout] 63 | |         r#"
[INFO] [stdout] 64 | |         UPDATE refresh_tokens
[INFO] [stdout] 65 | |         SET revoked = TRUE, revoked_at = $1
[INFO] [stdout] ...  |
[INFO] [stdout] 69 | |         session_hash
[INFO] [stdout] 70 | |     )
[INFO] [stdout]    | |_____^
[INFO] [stdout]    |
[INFO] [stdout]    = note: this error originates in the macro `$crate::sqlx_macros::expand_query` which comes from the expansion of the macro `sqlx::query` (in Nightly builds, run with -Z macro-backtrace for more info)
[INFO] [stdout] 
[INFO] [stdout] 
[INFO] [stdout] error: set `DATABASE_URL` to use query macros online, or run `cargo sqlx prepare` to update the query cache
[INFO] [stdout]   --> src/repositories/room_repository.rs:10:18
[INFO] [stdout]    |
[INFO] [stdout] 10 |       let result = sqlx::query_as!(
[INFO] [stdout]    |  __________________^
[INFO] [stdout] 11 | |         RoomDetails,
[INFO] [stdout] 12 | |         r#"
[INFO] [stdout] 13 | |         SELECT id, invite_code_hash, player_count
[INFO] [stdout] ...  |
[INFO] [stdout] 17 | |         invite_code_hash
[INFO] [stdout] 18 | |     )
[INFO] [stdout]    | |_____^
[INFO] [stdout]    |
[INFO] [stdout]    = note: this error originates in the macro `$crate::sqlx_macros::expand_query` which comes from the expansion of the macro `sqlx::query_as` (in Nightly builds, run with -Z macro-backtrace for more info)
[INFO] [stdout] 
[INFO] [stdout] 
[INFO] [stdout] error: set `DATABASE_URL` to use query macros online, or run `cargo sqlx prepare` to update the query cache
[INFO] [stdout]   --> src/repositories/room_repository.rs:29:18
[INFO] [stdout]    |
[INFO] [stdout] 29 |       let result = sqlx::query!(
[INFO] [stdout]    |  __________________^
[INFO] [stdout] 30 | |         r#"
[INFO] [stdout] 31 | |         SELECT game_state FROM rooms
[INFO] [stdout] 32 | |         WHERE id = $1 AND active = TRUE
[INFO] [stdout] 33 | |     "#,
[INFO] [stdout] 34 | |         room_id
[INFO] [stdout] 35 | |     )
[INFO] [stdout]    | |_____^
[INFO] [stdout]    |
[INFO] [stdout]    = note: this error originates in the macro `$crate::sqlx_macros::expand_query` which comes from the expansion of the macro `sqlx::query` (in Nightly builds, run with -Z macro-backtrace for more info)
[INFO] [stdout] 
[INFO] [stdout] 
[INFO] [stdout] error: set `DATABASE_URL` to use query macros online, or run `cargo sqlx prepare` to update the query cache
[INFO] [stdout]   --> src/repositories/room_repository.rs:46:18
[INFO] [stdout]    |
[INFO] [stdout] 46 |       let result = sqlx::query!(
[INFO] [stdout]    |  __________________^
[INFO] [stdout] 47 | |         r#"
[INFO] [stdout] 48 | |         INSERT INTO rooms
[INFO] [stdout] 49 | |         (created_at, invite_code_hash)
[INFO] [stdout] ...  |
[INFO] [stdout] 55 | |         room.invite_code_hash,
[INFO] [stdout] 56 | |     )
[INFO] [stdout]    | |_____^
[INFO] [stdout]    |
[INFO] [stdout]    = note: this error originates in the macro `$crate::sqlx_macros::expand_query` which comes from the expansion of the macro `sqlx::query` (in Nightly builds, run with -Z macro-backtrace for more info)
[INFO] [stdout] 
[INFO] [stdout] 
[INFO] [stdout] error: set `DATABASE_URL` to use query macros online, or run `cargo sqlx prepare` to update the query cache
[INFO] [stdout]   --> src/repositories/room_repository.rs:68:18
[INFO] [stdout]    |
[INFO] [stdout] 68 |       let result = sqlx::query!(
[INFO] [stdout]    |  __________________^
[INFO] [stdout] 69 | |         r#"
[INFO] [stdout] 70 | |         UPDATE rooms
[INFO] [stdout] 71 | |         SET active = FALSE, ended_at = $2
[INFO] [stdout] ...  |
[INFO] [stdout] 75 | |         Utc::now().naive_utc()
[INFO] [stdout] 76 | |     )
[INFO] [stdout]    | |_____^
[INFO] [stdout]    |
[INFO] [stdout]    = note: this error originates in the macro `$crate::sqlx_macros::expand_query` which comes from the expansion of the macro `sqlx::query` (in Nightly builds, run with -Z macro-backtrace for more info)
[INFO] [stdout] 
[INFO] [stdout] 
[INFO] [stdout] error: set `DATABASE_URL` to use query macros online, or run `cargo sqlx prepare` to update the query cache
[INFO] [stdout]   --> src/repositories/player_repository.rs:10:18
[INFO] [stdout]    |
[INFO] [stdout] 10 |       let result = sqlx::query_as!(
[INFO] [stdout]    |  __________________^
[INFO] [stdout] 11 | |         CurrentPlayer,
[INFO] [stdout] 12 | |         r#"
[INFO] [stdout] 13 | |         SELECT id, ref_no, display_name
[INFO] [stdout] ...  |
[INFO] [stdout] 17 | |         id,
[INFO] [stdout] 18 | |     )
[INFO] [stdout]    | |_____^
[INFO] [stdout]    |
[INFO] [stdout]    = note: this error originates in the macro `$crate::sqlx_macros::expand_query` which comes from the expansion of the macro `sqlx::query_as` (in Nightly builds, run with -Z macro-backtrace for more info)
[INFO] [stdout] 
[INFO] [stdout] 
[INFO] [stdout] error: set `DATABASE_URL` to use query macros online, or run `cargo sqlx prepare` to update the query cache
[INFO] [stdout]   --> src/repositories/player_repository.rs:26:20
[INFO] [stdout]    |
[INFO] [stdout] 26 |     let sequence = sqlx::query!(r#"SELECT nextval('players_ref_no_seq') AS "sequence!""#)
[INFO] [stdout]    |                    ^^^^^^^^^^^^^^^^^^^^^^^^^^^^^^^^^^^^^^^^^^^^^^^^^^^^^^^^^^^^^^^^^^^^^^
[INFO] [stdout]    |
[INFO] [stdout]    = note: this error originates in the macro `$crate::sqlx_macros::expand_query` which comes from the expansion of the macro `sqlx::query` (in Nightly builds, run with -Z macro-backtrace for more info)
[INFO] [stdout] 
[INFO] [stdout] 
[INFO] [stdout] error: set `DATABASE_URL` to use query macros online, or run `cargo sqlx prepare` to update the query cache
[INFO] [stdout]   --> src/repositories/player_repository.rs:38:18
[INFO] [stdout]    |
[INFO] [stdout] 38 |       let result = sqlx::query_as!(
[INFO] [stdout]    |  __________________^
[INFO] [stdout] 39 | |         CurrentPlayer,
[INFO] [stdout] 40 | |         r#"
[INFO] [stdout] 41 | |         INSERT INTO players
[INFO] [stdout] ...  |
[INFO] [stdout] 49 | |         Utc::now().naive_utc()
[INFO] [stdout] 50 | |     )
[INFO] [stdout]    | |_____^
[INFO] [stdout]    |
[INFO] [stdout]    = note: this error originates in the macro `$crate::sqlx_macros::expand_query` which comes from the expansion of the macro `sqlx::query_as` (in Nightly builds, run with -Z macro-backtrace for more info)
[INFO] [stdout] 
[INFO] [stdout] 
[INFO] [stdout] error: set `DATABASE_URL` to use query macros online, or run `cargo sqlx prepare` to update the query cache
[INFO] [stdout]   --> src/repositories/player_repository.rs:61:18
[INFO] [stdout]    |
[INFO] [stdout] 61 |       let result = sqlx::query!(
[INFO] [stdout]    |  __________________^
[INFO] [stdout] 62 | |         r#"
[INFO] [stdout] 63 | |         UPDATE players
[INFO] [stdout] 64 | |         SET winner = TRUE
[INFO] [stdout] ...  |
[INFO] [stdout] 67 | |         player_id
[INFO] [stdout] 68 | |     )
[INFO] [stdout]    | |_____^
[INFO] [stdout]    |
[INFO] [stdout]    = note: this error originates in the macro `$crate::sqlx_macros::expand_query` which comes from the expansion of the macro `sqlx::query` (in Nightly builds, run with -Z macro-backtrace for more info)
[INFO] [stdout] 
[INFO] [stdout] 
[INFO] [stdout] error: set `DATABASE_URL` to use query macros online, or run `cargo sqlx prepare` to update the query cache
[INFO] [stdout]   --> src/repositories/refresh_token_repository.rs:9:18
[INFO] [stdout]    |
[INFO] [stdout]  9 |       let result = sqlx::query!(
[INFO] [stdout]    |  __________________^
[INFO] [stdout] 10 | |         r#"
[INFO] [stdout] 11 | |         SELECT player_id AS "player_id!"
[INFO] [stdout] 12 | |         FROM refresh_tokens
[INFO] [stdout] ...  |
[INFO] [stdout] 23 | |         Utc::now().naive_utc()
[INFO] [stdout] 24 | |     )
[INFO] [stdout]    | |_____^
[INFO] [stdout]    |
[INFO] [stdout]    = note: this error originates in the macro `$crate::sqlx_macros::expand_query` which comes from the expansion of the macro `sqlx::query` (in Nightly builds, run with -Z macro-backtrace for more info)
[INFO] [stdout] 
[INFO] [stdout] 
[INFO] [stdout] error: set `DATABASE_URL` to use query macros online, or run `cargo sqlx prepare` to update the query cache
[INFO] [stdout]   --> src/repositories/refresh_token_repository.rs:39:13
[INFO] [stdout]    |
[INFO] [stdout] 39 |       let _ = sqlx::query!(
[INFO] [stdout]    |  _____________^
[INFO] [stdout] 40 | |         r#"
[INFO] [stdout] 41 | |         INSERT INTO refresh_tokens
[INFO] [stdout] 42 | |         (token_hash, room_id, player_id, issued_at, expires_at)
[INFO] [stdout] ...  |
[INFO] [stdout] 50 | |         expires_at.naive_utc()
[INFO] [stdout] 51 | |     )
[INFO] [stdout]    | |_____^
[INFO] [stdout]    |
[INFO] [stdout]    = note: this error originates in the macro `$crate::sqlx_macros::expand_query` which comes from the expansion of the macro `sqlx::query` (in Nightly builds, run with -Z macro-backtrace for more info)
[INFO] [stdout] 
[INFO] [stdout] 
[INFO] [stdout] error: set `DATABASE_URL` to use query macros online, or run `cargo sqlx prepare` to update the query cache
[INFO] [stdout]   --> src/repositories/refresh_token_repository.rs:62:13
[INFO] [stdout]    |
[INFO] [stdout] 62 |       let _ = sqlx::query!(
[INFO] [stdout]    |  _____________^
[INFO] [stdout] 63 | |         r#"
[INFO] [stdout] 64 | |         UPDATE refresh_tokens
[INFO] [stdout] 65 | |         SET revoked = TRUE, revoked_at = $1
[INFO] [stdout] ...  |
[INFO] [stdout] 69 | |         session_hash
[INFO] [stdout] 70 | |     )
[INFO] [stdout]    | |_____^
[INFO] [stdout]    |
[INFO] [stdout]    = note: this error originates in the macro `$crate::sqlx_macros::expand_query` which comes from the expansion of the macro `sqlx::query` (in Nightly builds, run with -Z macro-backtrace for more info)
[INFO] [stdout] 
[INFO] [stdout] 
[INFO] [stdout] error: set `DATABASE_URL` to use query macros online, or run `cargo sqlx prepare` to update the query cache
[INFO] [stdout]   --> src/repositories/room_repository.rs:10:18
[INFO] [stdout]    |
[INFO] [stdout] 10 |       let result = sqlx::query_as!(
[INFO] [stdout]    |  __________________^
[INFO] [stdout] 11 | |         RoomDetails,
[INFO] [stdout] 12 | |         r#"
[INFO] [stdout] 13 | |         SELECT id, invite_code_hash, player_count
[INFO] [stdout] ...  |
[INFO] [stdout] 17 | |         invite_code_hash
[INFO] [stdout] 18 | |     )
[INFO] [stdout]    | |_____^
[INFO] [stdout]    |
[INFO] [stdout]    = note: this error originates in the macro `$crate::sqlx_macros::expand_query` which comes from the expansion of the macro `sqlx::query_as` (in Nightly builds, run with -Z macro-backtrace for more info)
[INFO] [stdout] 
[INFO] [stdout] 
[INFO] [stdout] error: set `DATABASE_URL` to use query macros online, or run `cargo sqlx prepare` to update the query cache
[INFO] [stdout]   --> src/repositories/room_repository.rs:29:18
[INFO] [stdout]    |
[INFO] [stdout] 29 |       let result = sqlx::query!(
[INFO] [stdout]    |  __________________^
[INFO] [stdout] 30 | |         r#"
[INFO] [stdout] 31 | |         SELECT game_state FROM rooms
[INFO] [stdout] 32 | |         WHERE id = $1 AND active = TRUE
[INFO] [stdout] 33 | |     "#,
[INFO] [stdout] 34 | |         room_id
[INFO] [stdout] 35 | |     )
[INFO] [stdout]    | |_____^
[INFO] [stdout]    |
[INFO] [stdout]    = note: this error originates in the macro `$crate::sqlx_macros::expand_query` which comes from the expansion of the macro `sqlx::query` (in Nightly builds, run with -Z macro-backtrace for more info)
[INFO] [stdout] 
[INFO] [stdout] 
[INFO] [stdout] error: set `DATABASE_URL` to use query macros online, or run `cargo sqlx prepare` to update the query cache
[INFO] [stdout]   --> src/repositories/room_repository.rs:46:18
[INFO] [stdout]    |
[INFO] [stdout] 46 |       let result = sqlx::query!(
[INFO] [stdout]    |  __________________^
[INFO] [stdout] 47 | |         r#"
[INFO] [stdout] 48 | |         INSERT INTO rooms
[INFO] [stdout] 49 | |         (created_at, invite_code_hash)
[INFO] [stdout] ...  |
[INFO] [stdout] 55 | |         room.invite_code_hash,
[INFO] [stdout] 56 | |     )
[INFO] [stdout]    | |_____^
[INFO] [stdout]    |
[INFO] [stdout]    = note: this error originates in the macro `$crate::sqlx_macros::expand_query` which comes from the expansion of the macro `sqlx::query` (in Nightly builds, run with -Z macro-backtrace for more info)
[INFO] [stdout] 
[INFO] [stdout] 
[INFO] [stdout] error: set `DATABASE_URL` to use query macros online, or run `cargo sqlx prepare` to update the query cache
[INFO] [stdout]   --> src/repositories/room_repository.rs:68:18
[INFO] [stdout]    |
[INFO] [stdout] 68 |       let result = sqlx::query!(
[INFO] [stdout]    |  __________________^
[INFO] [stdout] 69 | |         r#"
[INFO] [stdout] 70 | |         UPDATE rooms
[INFO] [stdout] 71 | |         SET active = FALSE, ended_at = $2
[INFO] [stdout] ...  |
[INFO] [stdout] 75 | |         Utc::now().naive_utc()
[INFO] [stdout] 76 | |     )
[INFO] [stdout]    | |_____^
[INFO] [stdout]    |
[INFO] [stdout]    = note: this error originates in the macro `$crate::sqlx_macros::expand_query` which comes from the expansion of the macro `sqlx::query` (in Nightly builds, run with -Z macro-backtrace for more info)
[INFO] [stdout] 
[INFO] [stdout] 
[INFO] [stdout] warning: unused import: `chrono::Utc`
[INFO] [stdout]  --> src/repositories/player_repository.rs:1:5
[INFO] [stdout]   |
[INFO] [stdout] 1 | use chrono::Utc;
[INFO] [stdout]   |     ^^^^^^^^^^^
[INFO] [stdout]   |
[INFO] [stdout]   = note: `#[warn(unused_imports)]` (part of `#[warn(unused)]`) on by default
[INFO] [stdout] 
[INFO] [stdout] 
[INFO] [stdout] warning: unused import: `chrono::Utc`
[INFO] [stdout]  --> src/repositories/room_repository.rs:1:5
[INFO] [stdout]   |
[INFO] [stdout] 1 | use chrono::Utc;
[INFO] [stdout]   |     ^^^^^^^^^^^
[INFO] [stdout] 
[INFO] [stdout] 
[INFO] [stdout] warning: unused import: `chrono::Utc`
[INFO] [stdout]  --> src/repositories/player_repository.rs:1:5
[INFO] [stdout]   |
[INFO] [stdout] 1 | use chrono::Utc;
[INFO] [stdout]   |     ^^^^^^^^^^^
[INFO] [stdout]   |
[INFO] [stdout]   = note: `#[warn(unused_imports)]` (part of `#[warn(unused)]`) on by default
[INFO] [stdout] 
[INFO] [stdout] 
[INFO] [stdout] warning: unused import: `chrono::Utc`
[INFO] [stdout]  --> src/repositories/room_repository.rs:1:5
[INFO] [stdout]   |
[INFO] [stdout] 1 | use chrono::Utc;
[INFO] [stdout]   |     ^^^^^^^^^^^
[INFO] [stdout] 
[INFO] [stdout] 
[INFO] [stdout] warning: method call on a diverging inference variable
[INFO] [stdout]   --> src/repositories/player_repository.rs:72:15
[INFO] [stdout]    |
[INFO] [stdout] 72 |     Ok(result.rows_affected())
[INFO] [stdout]    |               ^^^^^^^^^^^^^
[INFO] [stdout]    |
[INFO] [stdout]    = help: consider providing a type annotation
[INFO] [stdout]    = warning: this was previously accepted by the compiler but is being phased out; it will become a hard error in a future release!
[INFO] [stdout]    = note: for more information, see issue #156047 <https://github.com/rust-lang/rust/issues/156047>
[INFO] [stdout]    = note: `#[warn(method_call_on_diverging_infer_var)]` (part of `#[warn(future_incompatible)]`) on by default
[INFO] [stdout] 
[INFO] [stdout] 
[INFO] [stdout] warning: method call on a diverging inference variable
[INFO] [stdout]   --> src/repositories/player_repository.rs:72:15
[INFO] [stdout]    |
[INFO] [stdout] 72 |     Ok(result.rows_affected())
[INFO] [stdout]    |               ^^^^^^^^^^^^^
[INFO] [stdout]    |
[INFO] [stdout]    = help: consider providing a type annotation
[INFO] [stdout]    = warning: this was previously accepted by the compiler but is being phased out; it will become a hard error in a future release!
[INFO] [stdout]    = note: for more information, see issue #156047 <https://github.com/rust-lang/rust/issues/156047>
[INFO] [stdout]    = note: `#[warn(method_call_on_diverging_infer_var)]` (part of `#[warn(future_incompatible)]`) on by default
[INFO] [stdout] 
[INFO] [stdout] 
[INFO] [stdout] error[E0599]: no method named `rows_affected` found for type `!` in the current scope
[INFO] [stdout]   --> src/repositories/player_repository.rs:72:15
[INFO] [stdout]    |
[INFO] [stdout] 72 |     Ok(result.rows_affected())
[INFO] [stdout]    |               ^^^^^^^^^^^^^ method not found in `!`
[INFO] [stdout] 
[INFO] [stdout] 
[INFO] [stdout] error[E0599]: no method named `rows_affected` found for type `!` in the current scope
[INFO] [stdout]   --> src/repositories/player_repository.rs:72:15
[INFO] [stdout]    |
[INFO] [stdout] 72 |     Ok(result.rows_affected())
[INFO] [stdout]    |               ^^^^^^^^^^^^^ method not found in `!`
[INFO] [stdout] 
[INFO] [stdout] 
[INFO] [stdout] warning: method call on a diverging inference variable
[INFO] [stdout]   --> src/repositories/room_repository.rs:39:15
[INFO] [stdout]    |
[INFO] [stdout] 39 |     Ok(result.map(|r| r.game_state))
[INFO] [stdout]    |               ^^^
[INFO] [stdout]    |
[INFO] [stdout]    = help: consider providing a type annotation
[INFO] [stdout]    = warning: this was previously accepted by the compiler but is being phased out; it will become a hard error in a future release!
[INFO] [stdout]    = note: for more information, see issue #156047 <https://github.com/rust-lang/rust/issues/156047>
[INFO] [stdout] 
[INFO] [stdout] 
[INFO] [stdout] warning: method call on a diverging inference variable
[INFO] [stdout]   --> src/repositories/room_repository.rs:39:15
[INFO] [stdout]    |
[INFO] [stdout] 39 |     Ok(result.map(|r| r.game_state))
[INFO] [stdout]    |               ^^^
[INFO] [stdout]    |
[INFO] [stdout]    = help: consider providing a type annotation
[INFO] [stdout]    = warning: this was previously accepted by the compiler but is being phased out; it will become a hard error in a future release!
[INFO] [stdout]    = note: for more information, see issue #156047 <https://github.com/rust-lang/rust/issues/156047>
[INFO] [stdout] 
[INFO] [stdout] 
[INFO] [stdout] error[E0599]: `!` is not an iterator
[INFO] [stdout]   --> src/repositories/room_repository.rs:39:15
[INFO] [stdout]    |
[INFO] [stdout] 39 |     Ok(result.map(|r| r.game_state))
[INFO] [stdout]    |               ^^^ `!` is not an iterator
[INFO] [stdout]    |
[INFO] [stdout]    = note: the following trait bounds were not satisfied:
[INFO] [stdout]            `!: Iterator`
[INFO] [stdout]            which is required by `&mut !: Iterator`
[INFO] [stdout] 
[INFO] [stdout] 
[INFO] [stdout] warning: method call on a diverging inference variable
[INFO] [stdout]   --> src/repositories/room_repository.rs:80:15
[INFO] [stdout]    |
[INFO] [stdout] 80 |     Ok(result.rows_affected())
[INFO] [stdout]    |               ^^^^^^^^^^^^^
[INFO] [stdout]    |
[INFO] [stdout]    = help: consider providing a type annotation
[INFO] [stdout]    = warning: this was previously accepted by the compiler but is being phased out; it will become a hard error in a future release!
[INFO] [stdout]    = note: for more information, see issue #156047 <https://github.com/rust-lang/rust/issues/156047>
[INFO] [stdout] 
[INFO] [stdout] 
[INFO] [stdout] error[E0599]: `!` is not an iterator
[INFO] [stdout]   --> src/repositories/room_repository.rs:39:15
[INFO] [stdout]    |
[INFO] [stdout] 39 |     Ok(result.map(|r| r.game_state))
[INFO] [stdout]    |               ^^^ `!` is not an iterator
[INFO] [stdout]    |
[INFO] [stdout]    = note: the following trait bounds were not satisfied:
[INFO] [stdout]            `!: Iterator`
[INFO] [stdout]            which is required by `&mut !: Iterator`
[INFO] [stdout] 
[INFO] [stdout] 
[INFO] [stdout] warning: method call on a diverging inference variable
[INFO] [stdout]   --> src/repositories/room_repository.rs:80:15
[INFO] [stdout]    |
[INFO] [stdout] 80 |     Ok(result.rows_affected())
[INFO] [stdout]    |               ^^^^^^^^^^^^^
[INFO] [stdout]    |
[INFO] [stdout]    = help: consider providing a type annotation
[INFO] [stdout]    = warning: this was previously accepted by the compiler but is being phased out; it will become a hard error in a future release!
[INFO] [stdout]    = note: for more information, see issue #156047 <https://github.com/rust-lang/rust/issues/156047>
[INFO] [stdout] 
[INFO] [stdout] 
[INFO] [stdout] error[E0599]: no method named `rows_affected` found for type `!` in the current scope
[INFO] [stdout]   --> src/repositories/room_repository.rs:80:15
[INFO] [stdout]    |
[INFO] [stdout] 80 |     Ok(result.rows_affected())
[INFO] [stdout]    |               ^^^^^^^^^^^^^ method not found in `!`
[INFO] [stdout] 
[INFO] [stdout] 
[INFO] [stdout] error[E0599]: no method named `rows_affected` found for type `!` in the current scope
[INFO] [stdout]   --> src/repositories/room_repository.rs:80:15
[INFO] [stdout]    |
[INFO] [stdout] 80 |     Ok(result.rows_affected())
[INFO] [stdout]    |               ^^^^^^^^^^^^^ method not found in `!`
[INFO] [stdout] 
[INFO] [stdout] 
[INFO] [stdout] warning: unused variable: `attestation_token`
[INFO] [stdout]   --> src/services/room_service.rs:32:5
[INFO] [stdout]    |
[INFO] [stdout] 32 |     attestation_token: &str,
[INFO] [stdout]    |     ^^^^^^^^^^^^^^^^^ help: if this is intentional, prefix it with an underscore: `_attestation_token`
[INFO] [stdout]    |
[INFO] [stdout]    = note: `#[warn(unused_variables)]` (part of `#[warn(unused)]`) on by default
[INFO] [stdout] 
[INFO] [stdout] 
[INFO] [stdout] warning: unused variable: `attestation_token`
[INFO] [stdout]   --> src/services/room_service.rs:32:5
[INFO] [stdout]    |
[INFO] [stdout] 32 |     attestation_token: &str,
[INFO] [stdout]    |     ^^^^^^^^^^^^^^^^^ help: if this is intentional, prefix it with an underscore: `_attestation_token`
[INFO] [stdout]    |
[INFO] [stdout]    = note: `#[warn(unused_variables)]` (part of `#[warn(unused)]`) on by default
[INFO] [stdout] 
[INFO] [stdout] 
[INFO] [stdout] warning: unused variable: `board_state`
[INFO] [stdout]   --> src/services/game_service.rs:62:29
[INFO] [stdout]    |
[INFO] [stdout] 62 | async fn update_board_state(board_state: &BoardState<i64>) -> AppResult<()> {
[INFO] [stdout]    |                             ^^^^^^^^^^^ help: if this is intentional, prefix it with an underscore: `_board_state`
[INFO] [stdout] 
[INFO] [stdout] 
[INFO] [stdout] warning: unused variable: `board_state`
[INFO] [stdout]   --> src/services/game_service.rs:62:29
[INFO] [stdout]    |
[INFO] [stdout] 62 | async fn update_board_state(board_state: &BoardState<i64>) -> AppResult<()> {
[INFO] [stdout]    |                             ^^^^^^^^^^^ help: if this is intentional, prefix it with an underscore: `_board_state`
[INFO] [stdout] 
[INFO] [stdout] 
[INFO] [stdout] warning: unused variable: `board_state`
[INFO] [stdout]    --> src/services/game_service.rs:103:5
[INFO] [stdout]     |
[INFO] [stdout] 103 |     board_state: &BoardState<i64>,
[INFO] [stdout]     |     ^^^^^^^^^^^ help: if this is intentional, prefix it with an underscore: `_board_state`
[INFO] [stdout] 
[INFO] [stdout] 
[INFO] [stdout] warning: unused variable: `winning_player`
[INFO] [stdout]    --> src/services/game_service.rs:104:5
[INFO] [stdout]     |
[INFO] [stdout] 104 |     winning_player: Option<CurrentPlayer>,
[INFO] [stdout]     |     ^^^^^^^^^^^^^^ help: if this is intentional, prefix it with an underscore: `_winning_player`
[INFO] [stdout] 
[INFO] [stdout] 
[INFO] [stdout] warning: unused variable: `board_state`
[INFO] [stdout]    --> src/services/game_service.rs:103:5
[INFO] [stdout]     |
[INFO] [stdout] 103 |     board_state: &BoardState<i64>,
[INFO] [stdout]     |     ^^^^^^^^^^^ help: if this is intentional, prefix it with an underscore: `_board_state`
[INFO] [stdout] 
[INFO] [stdout] 
[INFO] [stdout] warning: unused variable: `winning_player`
[INFO] [stdout]    --> src/services/game_service.rs:104:5
[INFO] [stdout]     |
[INFO] [stdout] 104 |     winning_player: Option<CurrentPlayer>,
[INFO] [stdout]     |     ^^^^^^^^^^^^^^ help: if this is intentional, prefix it with an underscore: `_winning_player`
[INFO] [stdout] 
[INFO] [stdout] 
[INFO] [stdout] For more information about this error, try `rustc --explain E0599`.
[INFO] [stdout] 
[INFO] [stdout] For more information about this error, try `rustc --explain E0599`.
[INFO] [stdout] 
[INFO] [stderr] error: could not compile `connect4` (lib test) due to 14 previous errors; 12 warnings emitted
[INFO] [stderr] warning: build failed, waiting for other jobs to finish...
[INFO] [stderr] error: could not compile `connect4` (lib) due to 14 previous errors; 12 warnings emitted
[INFO] running `Command { std: "docker" "inspect" "1e9f1bdd5255987247656d1c5e50414ee69996e22339bcb96f0a80843d198a1e", kill_on_drop: false }`
[INFO] running `Command { std: "docker" "rm" "-f" "1e9f1bdd5255987247656d1c5e50414ee69996e22339bcb96f0a80843d198a1e", kill_on_drop: false }`
[INFO] [stdout] 1e9f1bdd5255987247656d1c5e50414ee69996e22339bcb96f0a80843d198a1e
