[INFO] cloning repository https://github.com/polimero-app/melt
[INFO] running `Command { std: "git" "-c" "credential.helper=" "-c" "credential.helper=/workspace/cargo-home/bin/git-credential-null" "clone" "--bare" "https://github.com/polimero-app/melt" "/workspace/cache/git-repos/https%3A%2F%2Fgithub.com%2Fpolimero-app%2Fmelt", kill_on_drop: false }`
[INFO] [stderr] Cloning into bare repository '/workspace/cache/git-repos/https%3A%2F%2Fgithub.com%2Fpolimero-app%2Fmelt'...
[INFO] running `Command { std: "git" "rev-parse" "HEAD", kill_on_drop: false }`
[INFO] [stdout] c7c9bc1b60c331ccfc1b584fb24fe6dd5028eeb7
[INFO] checking polimero-app/melt against 3154cc1a3e6424e44f438a95007d043ed5ceaaf6+rustflags=-Znext-solver=coherence for pr-133502-30
[INFO] running `Command { std: "git" "clone" "/workspace/cache/git-repos/https%3A%2F%2Fgithub.com%2Fpolimero-app%2Fmelt" "/workspace/builds/worker-3-tc1/source", kill_on_drop: false }`
[INFO] [stderr] Cloning into '/workspace/builds/worker-3-tc1/source'...
[INFO] [stderr] done.
[INFO] started tweaking git repo https://github.com/polimero-app/melt
[INFO] finished tweaking git repo https://github.com/polimero-app/melt
[INFO] tweaked toml for git repo https://github.com/polimero-app/melt written to /workspace/builds/worker-3-tc1/source/Cargo.toml
[INFO] validating manifest of git repo https://github.com/polimero-app/melt on toolchain 3154cc1a3e6424e44f438a95007d043ed5ceaaf6
[INFO] running `Command { std: CARGO_HOME="/workspace/cargo-home" RUSTUP_HOME="/workspace/rustup-home" "/workspace/cargo-home/bin/cargo" "+3154cc1a3e6424e44f438a95007d043ed5ceaaf6" "metadata" "--manifest-path" "Cargo.toml" "--no-deps", kill_on_drop: false }`
[INFO] crate git repo https://github.com/polimero-app/melt already has a lockfile, it will not be regenerated
[INFO] running `Command { std: CARGO_HOME="/workspace/cargo-home" RUSTUP_HOME="/workspace/rustup-home" "/workspace/cargo-home/bin/cargo" "+3154cc1a3e6424e44f438a95007d043ed5ceaaf6" "fetch" "--manifest-path" "Cargo.toml", kill_on_drop: false }`
[INFO] [stderr] warning: unused field `repository` in `workspace.package`
[INFO] [stderr]   --> Cargo.toml:47:1
[INFO] [stderr]    |
[INFO] [stderr] 47 | repository = "https://github.com/polimero-app/melt"
[INFO] [stderr]    | ^^^^^^^^^^
[INFO] [stderr]    |
[INFO] [stderr]    = note: `cargo::unused_workspace_package_fields` is set to `warn` by default
[INFO] [stderr] help: consider removing the field `workspace.package.repository`
[INFO] [stderr] warning: workspace (manifest) generated 1 warning
[INFO] [stderr]     Updating crates.io index
[INFO] [stderr]  Downloading crates ...
[INFO] [stderr]   Downloaded ghash v0.5.1
[INFO] [stderr]   Downloaded waitgroup v0.1.2
[INFO] [stderr]   Downloaded webrtc-srtp v0.17.2
[INFO] [stderr]   Downloaded rtcp v0.17.2
[INFO] [stderr]   Downloaded rtp v0.17.2
[INFO] [stderr]   Downloaded webrtc-media v0.17.2
[INFO] [stderr]   Downloaded webrtc-mdns v0.17.2
[INFO] [stderr]   Downloaded webrtc-util v0.17.2
[INFO] [stderr]   Downloaded aes-gcm v0.10.3
[INFO] [stderr]   Downloaded webrtc-sctp v0.17.2
[INFO] [stderr]   Downloaded webrtc-ice v0.17.2
[INFO] [stderr]   Downloaded stun v0.17.2
[INFO] [stderr]   Downloaded webrtc v0.17.2
[INFO] [stderr]   Downloaded turn v0.17.2
[INFO] [stderr]   Downloaded substring v1.4.5
[INFO] [stderr]   Downloaded webrtc-data v0.17.2
[INFO] [stderr]   Downloaded tokio v1.53.2
[INFO] [stderr]   Downloaded sdp v0.17.2
[INFO] [stderr]   Downloaded rcgen v0.13.2
[INFO] [stderr]   Downloaded oid-registry v0.7.1
[INFO] [stderr]   Downloaded asn1-rs v0.6.2
[INFO] [stderr]   Downloaded x509-parser v0.16.0
[INFO] [stderr]   Downloaded pem v3.0.6
[INFO] [stderr]   Downloaded asn1-rs-derive v0.5.1
[INFO] [stderr]   Downloaded der-parser v9.0.0
[INFO] [stderr]   Downloaded interceptor v0.17.2
[INFO] [stderr]   Downloaded x25519-dalek v2.0.1
[INFO] [stderr]   Downloaded dtls v0.17.2
[INFO] [stderr]   Downloaded rkyv_derive v0.8.18
[INFO] [stderr]   Downloaded bytecheck v0.8.3
[INFO] [stderr]   Downloaded munge v0.4.7
[INFO] [stderr]   Downloaded rend v0.5.4
[INFO] [stderr]   Downloaded ptr_meta_derive v0.3.2
[INFO] [stderr]   Downloaded rancor v0.1.3
[INFO] [stderr]   Downloaded bytecheck_derive v0.8.3
[INFO] [stderr]   Downloaded p384 v0.13.1
[INFO] [stderr]   Downloaded munge_macro v0.4.7
[INFO] [stderr]   Downloaded primeorder v0.13.6
[INFO] [stderr]   Downloaded rkyv v0.8.18
[INFO] [stderr]   Downloaded ptr_meta v0.3.2
[INFO] [stderr]   Downloaded chacha20 v0.9.1
[INFO] [stderr]   Downloaded poly1305 v0.8.0
[INFO] [stderr]   Downloaded p256 v0.13.2
[INFO] [stderr]   Downloaded chacha20poly1305 v0.10.1
[INFO] [stderr]   Downloaded ccm v0.5.0
[INFO] [stderr]   Downloaded approx v0.4.0
[INFO] [stderr]   Downloaded thiserror v2.0.21
[INFO] [stderr]   Downloaded tauri-plugin v2.7.1
[INFO] [stderr]   Downloaded thiserror-impl v2.0.21
[INFO] [stderr]   Downloaded tauri-utils v2.10.1
[INFO] [stderr]   Downloaded urlpattern v0.6.0
[INFO] [stderr]   Downloaded toml v1.1.6+spec-1.1.0
[INFO] [stderr]   Downloaded vek v0.14.1
[INFO] [stderr]   Downloaded tauri-plugin-notification v2.5.1
[INFO] [stderr]   Downloaded jiff-core v0.1.1
[INFO] [stderr]   Downloaded jiff-static v0.2.37
[INFO] [stderr]   Downloaded jiff v0.2.37
[INFO] [stderr]   Downloaded infer v0.22.0
[INFO] [stderr]   Downloaded dom_query v0.28.0
[INFO] [stderr]   Downloaded json-patch v4.2.0
[INFO] [stderr]   Downloaded jsonptr v0.7.1
[INFO] [stderr]   Downloaded cfb v0.14.0
[INFO] [stderr]   Downloaded selectors v0.38.0
[INFO] [stderr]   Downloaded cssparser v0.37.0
[INFO] [stderr]   Downloaded cssparser-macros v0.7.1
[INFO] [stderr]   Downloaded alloc-no-stdlib v3.0.0
[INFO] [stderr]   Downloaded brotli-decompressor v6.0.1
[INFO] [stderr]   Downloaded camino v1.2.6
[INFO] [stderr]   Downloaded alloc-stdlib v0.3.0
[INFO] [stderr]   Downloaded tauri v2.12.1
[INFO] [stderr]   Downloaded brotli v9.0.0
[INFO] [stderr]   Downloaded window-vibrancy v0.8.1
[INFO] [stderr]   Downloaded webview2-com v0.39.1
[INFO] [stderr]   Downloaded tray-icon v0.25.1
[INFO] [stderr]   Downloaded keyboard-types v0.8.3
[INFO] [stderr]   Downloaded muda v0.20.0
[INFO] [stderr]   Downloaded dirs v7.0.0
[INFO] [stderr]   Downloaded libredox v0.1.25
[INFO] [stderr]   Downloaded redox_users v0.5.3
[INFO] [stderr]   Downloaded tauri-runtime-wry v2.12.1
[INFO] [stderr]   Downloaded wry v0.57.0
[INFO] [stderr]   Downloaded webview2-com-sys v0.39.1
[INFO] [stderr]   Downloaded toml_edit v0.25.15+spec-1.1.0
[INFO] [stderr]   Downloaded tauri-runtime v2.12.1
[INFO] [stderr]   Downloaded tao v0.37.1
[INFO] [stderr]   Downloaded tauri-build v2.7.1
[INFO] [stderr]   Downloaded cargo_toml v1.0.1
[INFO] [stderr]   Downloaded tauri-codegen v2.7.1
[INFO] [stderr]   Downloaded tauri-macros v2.7.1
[INFO] [stderr]   Downloaded rand v0.10.3
[INFO] [stderr]   Downloaded hyper-rustls v0.27.10
[INFO] [stderr]   Downloaded tauri-plugin-fs v2.6.0
[INFO] [stderr]   Downloaded inotify v0.11.5
[INFO] [stderr]   Downloaded secret-service v4.0.0
[INFO] [stderr]   Downloaded tauri-plugin-dialog v2.8.1
[INFO] [stderr]   Downloaded notify-types v2.1.0
[INFO] [stderr]   Downloaded notify v8.2.0
[INFO] [stderr]   Downloaded kqueue-sys v1.1.2
[INFO] [stderr]   Downloaded inotify-sys v0.1.8
[INFO] [stderr]   Downloaded fsevent-sys v4.1.0
[INFO] [stderr]   Downloaded zvariant v4.2.0
[INFO] [stderr]   Downloaded zvariant_derive v4.2.0
[INFO] [stderr]   Downloaded kqueue v1.2.1
[INFO] [stderr]   Downloaded zbus v4.4.0
[INFO] [stderr]   Downloaded zbus_macros v4.4.0
[INFO] [stderr]   Downloaded openh264 v0.9.8
[INFO] [stderr]   Downloaded safe_arch v1.2.0
[INFO] [stderr]   Downloaded cookie-factory v0.3.3
[INFO] [stderr]   Downloaded wide v1.7.1
[INFO] [stderr]   Downloaded nasm-rs v0.3.2
[INFO] [stderr]   Downloaded keyring v3.6.3
[INFO] [stderr]   Downloaded zvariant_utils v2.1.0
[INFO] [stderr]   Downloaded zbus_names v3.0.0
[INFO] [stderr]   Downloaded xdg-home v1.3.0
[INFO] [stderr]   Downloaded rtsp-types v0.1.3
[INFO] [stderr]   Downloaded euc v0.5.3
[INFO] [stderr]   Downloaded dbus-secret-service v4.1.0
[INFO] [stderr]   Downloaded jpeg-encoder v0.7.1
[INFO] [stderr]   Downloaded openh264-sys2 v0.9.8
[INFO] running `Command { std: "docker" "create" "-v" "/var/lib/crater-agent-workspace/builds/worker-3-tc1/source:/opt/rustwide/workdir:ro,Z" "-v" "/var/lib/crater-agent-workspace/builds/worker-3-tc1/target:/opt/rustwide/target:rw,Z" "-v" "/var/lib/crater-agent-workspace/cargo-home:/opt/rustwide/cargo-home:ro,Z" "-v" "/var/lib/crater-agent-workspace/rustup-home:/opt/rustwide/rustup-home:ro,Z" "-m" "1610612736" "--network" "none" "ghcr.io/rust-lang/crates-build-env/linux@sha256:77db811e55d90add9212f6832c23229e3de5f1c1f9905e8cb07319ea15df73ac" "sleep" "infinity", kill_on_drop: false }`
[INFO] [stdout] bc7c65d0d84f596c5507195b5a397998ce997b1ead2f50fa2159f3b4b34db105
[INFO] running `Command { std: "docker" "start" "bc7c65d0d84f596c5507195b5a397998ce997b1ead2f50fa2159f3b4b34db105", kill_on_drop: false }`
[INFO] running `Command { std: "docker" "inspect" "bc7c65d0d84f596c5507195b5a397998ce997b1ead2f50fa2159f3b4b34db105", kill_on_drop: false }`
[INFO] running `Command { std: "docker" "exec" "-e" "SOURCE_DIR=/opt/rustwide/workdir" "-e" "CARGO_HOME=/opt/rustwide/cargo-home" "-e" "RUSTUP_HOME=/opt/rustwide/rustup-home" "-e" "CARGO_TARGET_DIR=/opt/rustwide/target" "-w" "/opt/rustwide/workdir" "--user" "0:0" "bc7c65d0d84f596c5507195b5a397998ce997b1ead2f50fa2159f3b4b34db105" "/opt/rustwide/cargo-home/bin/cargo" "+3154cc1a3e6424e44f438a95007d043ed5ceaaf6" "metadata" "--no-deps" "--format-version=1", kill_on_drop: false }`
[INFO] running `Command { std: "docker" "inspect" "bc7c65d0d84f596c5507195b5a397998ce997b1ead2f50fa2159f3b4b34db105", kill_on_drop: false }`
[INFO] running `Command { std: "docker" "exec" "-e" "SOURCE_DIR=/opt/rustwide/workdir" "-e" "CARGO_HOME=/opt/rustwide/cargo-home" "-e" "RUSTUP_HOME=/opt/rustwide/rustup-home" "-e" "CARGO_TARGET_DIR=/opt/rustwide/target" "-e" "CARGO_INCREMENTAL=0" "-e" "RUST_BACKTRACE=full" "-e" "RUSTFLAGS=--cap-lints=forbid -Znext-solver=coherence" "-e" "RUSTDOCFLAGS=--cap-lints=forbid" "-w" "/opt/rustwide/workdir" "--user" "0:0" "bc7c65d0d84f596c5507195b5a397998ce997b1ead2f50fa2159f3b4b34db105" "/opt/rustwide/cargo-home/bin/cargo" "+3154cc1a3e6424e44f438a95007d043ed5ceaaf6" "check" "--frozen" "--all" "--all-targets" "--message-format=json", kill_on_drop: false }`
[INFO] [stderr] warning: unused field `repository` in `workspace.package`
[INFO] [stderr]   --> Cargo.toml:47:1
[INFO] [stderr]    |
[INFO] [stderr] 47 | repository = "https://github.com/polimero-app/melt"
[INFO] [stderr]    | ^^^^^^^^^^
[INFO] [stderr]    |
[INFO] [stderr]    = note: `cargo::unused_workspace_package_fields` is set to `warn` by default
[INFO] [stderr] help: consider removing the field `workspace.package.repository`
[INFO] [stderr] warning: workspace (manifest) generated 1 warning
[INFO] [stderr]    Compiling proc-macro2 v1.0.107
[INFO] [stderr]    Compiling unicode-ident v1.0.26
[INFO] [stderr]    Compiling serde_core v1.0.229
[INFO] [stderr]    Compiling serde v1.0.229
[INFO] [stderr]     Checking cfg-if v1.0.5
[INFO] [stderr]    Compiling indexmap v2.14.2
[INFO] [stderr]    Compiling smallvec v1.16.1
[INFO] [stderr]    Compiling winnow v0.5.40
[INFO] [stderr]    Compiling version-compare v0.2.1
[INFO] [stderr]    Compiling jobserver v0.1.35
[INFO] [stderr]    Compiling find-msvc-tools v0.1.13
[INFO] [stderr]    Compiling cfg-expr v0.15.8
[INFO] [stderr]     Checking getrandom v0.2.17
[INFO] [stderr]     Checking bitflags v2.13.2
[INFO] [stderr]    Compiling cc v1.4.7
[INFO] [stderr]     Checking log v0.4.34
[INFO] [stderr]     Checking futures-sink v0.3.34
[INFO] [stderr]     Checking futures-channel v0.3.34
[INFO] [stderr]    Compiling num-conv v0.2.2
[INFO] [stderr]    Compiling time-core v0.1.9
[INFO] [stderr]    Compiling generic-array v0.14.7
[INFO] [stderr]    Compiling siphasher v1.0.3
[INFO] [stderr]    Compiling dunce v1.0.5
[INFO] [stderr]    Compiling quote v1.0.47
[INFO] [stderr]     Checking rand_core v0.6.4
[INFO] [stderr]    Compiling phf_shared v0.13.1
[INFO] [stderr]    Compiling fastrand v2.5.0
[INFO] [stderr]    Compiling syn v3.0.6
[INFO] [stderr]    Compiling syn v2.0.119
[INFO] [stderr]    Compiling stable_deref_trait v1.2.1
[INFO] [stderr]    Compiling thiserror v2.0.21
[INFO] [stderr]    Compiling phf_generator v0.13.1
[INFO] [stderr]     Checking parking_lot_core v0.9.12
[INFO] [stderr]     Checking parking_lot v0.12.5
[INFO] [stderr]     Checking mio v1.2.3
[INFO] [stderr]     Checking socket2 v0.6.5
[INFO] [stderr]    Compiling same-file v1.0.6
[INFO] [stderr]    Compiling walkdir v2.5.0
[INFO] [stderr]    Compiling phf_codegen v0.13.1
[INFO] [stderr]    Compiling proc-macro-error-attr v1.0.4
[INFO] [stderr]    Compiling litemap v0.8.3
[INFO] [stderr]    Compiling syn v1.0.109
[INFO] [stderr]    Compiling writeable v0.6.4
[INFO] [stderr]    Compiling proc-macro-error v1.0.4
[INFO] [stderr]    Compiling erased-serde v0.4.10
[INFO] [stderr]    Compiling utf8_iter v1.0.4
[INFO] [stderr]    Compiling num-traits v0.2.19
[INFO] [stderr]    Compiling new_debug_unreachable v1.0.6
[INFO] [stderr]    Compiling scopeguard v1.2.0
[INFO] [stderr]    Compiling string_cache_codegen v0.6.1
[INFO] [stderr]    Compiling lock_api v0.4.14
[INFO] [stderr]    Compiling time-macros v0.2.32
[INFO] [stderr]    Compiling icu_properties_data v2.3.0
[INFO] [stderr]    Compiling icu_normalizer_data v2.3.0
[INFO] [stderr]     Checking deranged v0.5.8
[INFO] [stderr]    Compiling serde_json v1.0.151
[INFO] [stderr]    Compiling semver v1.0.28
[INFO] [stderr]    Compiling toml_datetime v1.1.1+spec-1.1.0
[INFO] [stderr]     Checking powerfmt v0.2.0
[INFO] [stderr]    Compiling rustc_version v0.4.1
[INFO] [stderr]    Compiling precomputed-hash v0.1.1
[INFO] [stderr]    Compiling web_atoms v0.2.6
[INFO] [stderr]     Checking form_urlencoded v1.2.2
[INFO] [stderr]     Checking const-oid v0.9.6
[INFO] [stderr]    Compiling crc32fast v1.5.2
[INFO] [stderr]    Compiling heck v0.4.1
[INFO] [stderr]    Compiling string_cache v0.9.0
[INFO] [stderr]    Compiling serde_spanned v1.1.1
[INFO] [stderr]    Compiling getrandom v0.4.3
[INFO] [stderr]    Compiling percent-encoding v2.3.2
[INFO] [stderr]     Checking ipnet v2.12.2
[INFO] [stderr]    Compiling dtoa v1.0.11
[INFO] [stderr]    Compiling uuid v1.26.1
[INFO] [stderr]    Compiling dtoa-short v0.3.5
[INFO] [stderr]    Compiling toml v1.1.6+spec-1.1.0
[INFO] [stderr]     Checking getrandom v0.3.4
[INFO] [stderr]    Compiling ring v0.17.14
[INFO] [stderr]     Checking time v0.3.55
[INFO] [stderr]    Compiling tendril v0.5.1
[INFO] [stderr]    Compiling selectors v0.38.0
[INFO] [stderr]    Compiling aho-corasick v1.1.5
[INFO] [stderr]    Compiling indexmap v1.9.3
[INFO] [stderr]    Compiling alloc-no-stdlib v3.0.0
[INFO] [stderr]    Compiling camino v1.2.6
[INFO] [stderr]    Compiling regex-syntax v0.8.11
[INFO] [stderr]    Compiling alloc-stdlib v0.3.0
[INFO] [stderr]    Compiling servo_arc v0.4.3
[INFO] [stderr]    Compiling serde_derive_internals v0.29.1
[INFO] [stderr]    Compiling synstructure v0.14.0
[INFO] [stderr]    Compiling darling_core v0.24.1
[INFO] [stderr]    Compiling zerocopy v0.8.57
[INFO] [stderr]    Compiling hashbrown v0.12.3
[INFO] [stderr]    Compiling regex-automata v0.4.18
[INFO] [stderr]    Compiling bit-vec v0.8.0
[INFO] [stderr]    Compiling web-time v1.1.0
[INFO] [stderr]    Compiling schemars v0.8.22
[INFO] [stderr]    Compiling zeroize_derive v1.5.0
[INFO] [stderr]    Compiling thiserror-impl v1.0.69
[INFO] [stderr]    Compiling phf_macros v0.13.1
[INFO] [stderr]    Compiling serde_derive v1.0.229
[INFO] [stderr]    Compiling zerofrom-derive v0.1.8
[INFO] [stderr]    Compiling displaydoc v0.2.7
[INFO] [stderr]    Compiling yoke-derive v0.8.3
[INFO] [stderr]     Checking zeroize v1.9.0
[INFO] [stderr]    Compiling zerovec-derive v0.11.6
[INFO] [stderr]     Checking thiserror v1.0.69
[INFO] [stderr]    Compiling futures-macro v0.3.34
[INFO] [stderr]     Checking zerofrom v0.1.8
[INFO] [stderr]    Compiling thiserror-impl v2.0.21
[INFO] [stderr]     Checking yoke v0.8.3
[INFO] [stderr]     Checking crypto-common v0.1.7
[INFO] [stderr]     Checking futures-util v0.3.34
[INFO] [stderr]    Compiling tokio-macros v2.7.2
[INFO] [stderr]     Checking zerotrie v0.2.5
[INFO] [stderr]     Checking zerovec v0.11.8
[INFO] [stderr]     Checking tokio v1.53.2
[INFO] [stderr]    Compiling phf v0.13.1
[INFO] [stderr]     Checking tinystr v0.8.4
[INFO] [stderr]     Checking potential_utf v0.1.6
[INFO] [stderr]     Checking icu_collections v2.3.0
[INFO] [stderr]     Checking icu_locale_core v2.3.0
[INFO] [stderr]    Compiling darling_macro v0.24.1
[INFO] [stderr]    Compiling darling v0.24.1
[INFO] [stderr]    Compiling serde_with_macros v3.23.0
[INFO] [stderr]     Checking icu_provider v2.3.1
[INFO] [stderr]    Compiling cssparser-macros v0.7.1
[INFO] [stderr]     Checking icu_normalizer v2.3.0
[INFO] [stderr]     Checking icu_properties v2.3.0
[INFO] [stderr]    Compiling toml_datetime v0.6.3
[INFO] [stderr]    Compiling serde_spanned v0.6.9
[INFO] [stderr]    Compiling derive_more-impl v2.1.1
[INFO] [stderr]    Compiling cssparser v0.37.0
[INFO] [stderr]    Compiling toml_edit v0.20.2
[INFO] [stderr]    Compiling markup5ever v0.39.0
[INFO] [stderr]     Checking futures-executor v0.3.34
[INFO] [stderr]    Compiling html5ever v0.39.0
[INFO] [stderr]     Checking idna_adapter v1.2.2
[INFO] [stderr]    Compiling derive_more v2.1.1
[INFO] [stderr]     Checking idna v1.1.0
[INFO] [stderr]     Checking url v2.5.8
[INFO] [stderr]    Compiling cargo-platform v0.1.9
[INFO] [stderr]    Compiling jsonptr v0.7.1
[INFO] [stderr]    Compiling regex v1.13.1
[INFO] [stderr]     Checking block-buffer v0.10.4
[INFO] [stderr]    Compiling toml v0.8.2
[INFO] [stderr]    Compiling proc-macro-crate v2.0.2
[INFO] [stderr]    Compiling schemars_derive v0.8.22
[INFO] [stderr]    Compiling cfb v0.14.0
[INFO] [stderr]    Compiling bit-set v0.8.0
[INFO] [stderr]    Compiling system-deps v6.2.2
[INFO] [stderr]    Compiling brotli-decompressor v6.0.1
[INFO] [stderr]    Compiling glib-macros v0.18.5
[INFO] [stderr]    Compiling cmake v0.1.58
[INFO] [stderr]    Compiling glib-sys v0.18.1
[INFO] [stderr]    Compiling gobject-sys v0.18.0
[INFO] [stderr]    Compiling gio-sys v0.18.1
[INFO] [stderr]    Compiling gdk-sys v0.18.2
[INFO] [stderr]    Compiling gdk-pixbuf-sys v0.18.0
[INFO] [stderr]    Compiling atk-sys v0.18.2
[INFO] [stderr]    Compiling pango-sys v0.18.0
[INFO] [stderr]    Compiling cairo-sys-rs v0.18.2
[INFO] [stderr]    Compiling gtk-sys v0.18.2
[INFO] [stderr]    Compiling quick-xml v0.42.0
[INFO] [stderr]    Compiling dyn-clone v1.0.20
[INFO] [stderr]    Compiling fs_extra v1.3.0
[INFO] [stderr]    Compiling crossbeam-utils v0.8.23
[INFO] [stderr]    Compiling gio v0.18.4
[INFO] [stderr]    Compiling foldhash v0.2.0
[INFO] [stderr]    Compiling base64 v0.23.1
[INFO] [stderr]    Compiling bytes v1.12.1
[INFO] [stderr]    Compiling aws-lc-sys v0.45.0
[INFO] [stderr]    Compiling dom_query v0.28.0
[INFO] [stderr]    Compiling http v1.5.0
[INFO] [stderr]    Compiling plist v1.10.1
[INFO] [stderr]    Compiling brotli v9.0.0
[INFO] [stderr]    Compiling urlpattern v0.6.0
[INFO] [stderr]    Compiling cargo_metadata v0.19.2
[INFO] [stderr]    Compiling serde-untagged v0.1.9
[INFO] [stderr]    Compiling infer v0.22.0
[INFO] [stderr]    Compiling json-patch v4.2.0
[INFO] [stderr]     Checking glib v0.18.5
[INFO] [stderr]     Checking digest v0.10.7
[INFO] [stderr]    Compiling serde_with v3.23.0
[INFO] [stderr]     Checking num-integer v0.1.47
[INFO] [stderr]    Compiling glob v0.3.4
[INFO] [stderr]    Compiling ctor v1.0.13
[INFO] [stderr]     Checking rand_core v0.9.5
[INFO] [stderr]    Compiling async-trait v0.1.92
[INFO] [stderr]    Compiling memoffset v0.7.1
[INFO] [stderr]    Compiling libdbus-sys v0.2.7
[INFO] [stderr]    Compiling aws-lc-rs v1.18.1
[INFO] [stderr]     Checking cpufeatures v0.2.17
[INFO] [stderr]     Checking rustls-pki-types v1.15.1
[INFO] [stderr]    Compiling memoffset v0.9.1
[INFO] [stderr]    Compiling rustix v1.1.5
[INFO] [stderr]    Compiling portable-atomic v1.15.0
[INFO] [stderr]     Checking nom v7.1.3
[INFO] [stderr]     Checking num-bigint v0.4.8
[INFO] [stderr]    Compiling toml_edit v0.19.15
[INFO] [stderr]    Compiling tauri-utils v2.10.1
[INFO] [stderr]    Compiling field-offset v0.3.6
[INFO] [stderr]     Checking linux-raw-sys v0.12.1
[INFO] [stderr]    Compiling proc-macro-crate v1.3.1
[INFO] [stderr]     Checking nix v0.26.4
[INFO] [stderr]     Checking ppv-lite86 v0.2.21
[INFO] [stderr]     Checking rand_chacha v0.9.0
[INFO] [stderr]     Checking rand v0.9.5
[INFO] [stderr]     Checking dbus v0.9.12
[INFO] [stderr]     Checking miniz_oxide v0.9.1
[INFO] [stderr]    Compiling gtk v0.18.2
[INFO] [stderr]     Checking zlib-rs v0.6.8
[INFO] [stderr]    Compiling option-ext v0.2.0
[INFO] [stderr]    Compiling rustls v0.23.45
[INFO] [stderr]    Compiling dirs-sys v0.5.0
[INFO] [stderr]    Compiling gtk3-macros v0.18.2
[INFO] [stderr]     Checking cairo-rs v0.18.5
[INFO] [stderr]     Checking flate2 v1.1.10
[INFO] [stderr]     Checking atk v0.18.2
[INFO] [stderr]     Checking block-padding v0.3.3
[INFO] [stderr]    Compiling tracing-attributes v0.1.31
[INFO] [stderr]     Checking webrtc-util v0.17.2
[INFO] [stderr]    Compiling embed-resource v3.0.11
[INFO] [stderr]    Compiling simd-adler32 v0.3.10
[INFO] [stderr]    Compiling openssl-sys v0.9.117
[INFO] [stderr]     Checking tracing v0.1.44
[INFO] [stderr]    Compiling tauri-winres v0.3.6
[INFO] [stderr]     Checking inout v0.1.4
[INFO] [stderr]    Compiling dirs v7.0.0
[INFO] [stderr]    Compiling javascriptcore-rs-sys v1.1.1
[INFO] [stderr]    Compiling soup3-sys v0.5.0
[INFO] [stderr]     Checking futures v0.3.34
[INFO] [stderr]    Compiling cargo_toml v1.0.1
[INFO] [stderr]    Compiling adler2 v2.0.1
[INFO] [stderr]     Checking base64ct v1.8.3
[INFO] [stderr]     Checking mime v0.3.17
[INFO] [stderr]     Checking pem-rfc7468 v0.7.0
[INFO] [stderr]     Checking cipher v0.4.4
[INFO] [stderr]     Checking hmac v0.12.1
[INFO] [stderr]    Compiling webkit2gtk-sys v2.0.2
[INFO] [stderr]    Compiling x11 v2.21.0
[INFO] [stderr]    Compiling typenum v1.20.1
[INFO] [stderr]     Checking der v0.7.10
[INFO] [stderr]    Compiling gdkx11-sys v0.18.2
[INFO] [stderr]     Checking dpi v0.1.2
[INFO] [stderr]    Compiling enumflags2_derive v0.7.12
[INFO] [stderr]    Compiling toml_edit v0.25.15+spec-1.1.0
[INFO] [stderr]    Compiling nasm-rs v0.3.2
[INFO] [stderr]     Checking hybrid-array v0.4.15
[INFO] [stderr]    Compiling openssl v0.10.81
[INFO] [stderr]     Checking foreign-types-shared v0.1.1
[INFO] [stderr]    Compiling unicase v2.9.0
[INFO] [stderr]    Compiling tauri-build v2.7.1
[INFO] [stderr]    Compiling tauri-plugin v2.7.1
[INFO] [stderr]    Compiling mime_guess v2.0.5
[INFO] [stderr]    Compiling proc-macro-crate v3.5.0
[INFO] [stderr]     Checking foreign-types v0.3.2
[INFO] [stderr]    Compiling openh264-sys2 v0.9.8
[INFO] [stderr]     Checking spki v0.7.3
[INFO] [stderr]     Checking hyper v1.11.1
[INFO] [stderr]    Compiling miniz_oxide v0.8.9
[INFO] [stderr]    Compiling fdeflate v0.3.7
[INFO] [stderr]     Checking num-rational v0.4.2
[INFO] [stderr]     Checking concurrent-queue v2.5.0
[INFO] [stderr]     Checking num-iter v0.1.46
[INFO] [stderr]    Compiling zvariant_utils v4.2.0
[INFO] [stderr]     Checking universal-hash v0.5.1
[INFO] [stderr]    Compiling openssl-macros v0.1.1
[INFO] [stderr]     Checking num-complex v0.4.6
[INFO] [stderr]     Checking sync_wrapper v1.0.2
[INFO] [stderr]    Compiling cookie v0.18.2
[INFO] [stderr]    Compiling x11-dl v2.21.0
[INFO] [stderr]     Checking openssl-probe v0.2.1
[INFO] [stderr]     Checking opaque-debug v0.3.1
[INFO] [stderr]     Checking bytemuck v1.25.2
[INFO] [stderr]     Checking num v0.4.3
[INFO] [stderr]     Checking rustls-native-certs v0.8.4
[INFO] [stderr]     Checking tower v0.5.3
[INFO] [stderr]     Checking safe_arch v1.2.0
[INFO] [stderr]    Compiling zvariant_derive v5.15.0
[INFO] [stderr]     Checking hyper-util v0.1.20
[INFO] [stderr]     Checking pkcs8 v0.10.2
[INFO] [stderr]     Checking crypto-common v0.2.2
[INFO] [stderr]     Checking block-buffer v0.12.1
[INFO] [stderr]     Checking javascriptcore-rs v1.1.2
[INFO] [stderr]     Checking toml_parser v1.1.3+spec-1.1.0
[INFO] [stderr]     Checking futures-lite v2.6.1
[INFO] [stderr]     Checking crossbeam-channel v0.5.17
[INFO] [stderr]    Compiling synstructure v0.13.2
[INFO] [stderr]     Checking ff v0.13.1
[INFO] [stderr]     Checking bumpalo v3.20.3
[INFO] [stderr]     Checking base16ct v0.2.0
[INFO] [stderr]     Checking toml_writer v1.1.2+spec-1.1.0
[INFO] [stderr]    Compiling bitflags v1.3.2
[INFO] [stderr]     Checking const-oid v0.10.2
[INFO] [stderr]     Checking digest v0.11.3
[INFO] [stderr]    Compiling png v0.17.16
[INFO] [stderr]     Checking dbus-secret-service v4.1.0
[INFO] [stderr]     Checking zopfli v0.8.3
[INFO] [stderr]     Checking sec1 v0.7.3
[INFO] [stderr]    Compiling asn1-rs-derive v0.5.1
[INFO] [stderr]     Checking group v0.13.0
[INFO] [stderr]     Checking wide v1.7.1
[INFO] [stderr]     Checking tower-http v0.6.11
[INFO] [stderr]    Compiling tauri v2.12.1
[INFO] [stderr]     Checking gdk-pixbuf v0.18.5
[INFO] [stderr]     Checking pango v0.18.3
[INFO] [stderr]     Checking soup3 v0.5.0
[INFO] [stderr]     Checking hkdf v0.12.4
[INFO] [stderr]     Checking http-body-util v0.1.5
[INFO] [stderr]     Checking cookie-factory v0.3.3
[INFO] [stderr]     Checking rusticata-macros v4.1.0
[INFO] [stderr]     Checking aead v0.5.2
[INFO] [stderr]     Checking gdk v0.18.2
[INFO] [stderr]     Checking crypto-bigint v0.5.5
[INFO] [stderr]    Compiling ptr_meta_derive v0.3.2
[INFO] [stderr]    Compiling asn1-rs-impl v0.2.0
[INFO] [stderr]    Compiling dlopen2_derive v0.4.3
[INFO] [stderr]     Checking libloading v0.7.4
[INFO] [stderr]    Compiling rustversion v1.0.23
[INFO] [stderr]     Checking cpufeatures v0.3.1
[INFO] [stderr]    Compiling tauri-runtime v2.12.1
[INFO] [stderr]     Checking tinyvec v1.13.3
[INFO] [stderr]     Checking crc-catalog v2.5.0
[INFO] [stderr]     Checking unsafe-libyaml v0.2.11
[INFO] [stderr]     Checking typed-path v0.12.3
[INFO] [stderr]    Compiling wry v0.57.0
[INFO] [stderr]    Compiling muda v0.20.0
[INFO] [stderr]     Checking rtsp-types v0.1.3
[INFO] [stderr]     Checking serde_yaml v0.9.34+deprecated
[INFO] [stderr]     Checking zip v8.6.0
[INFO] [stderr]     Checking crc v3.4.0
[INFO] [stderr]    Compiling ico v0.5.0
[INFO] [stderr]     Checking elliptic-curve v0.13.8
[INFO] [stderr]     Checking sha2 v0.11.0
[INFO] [stderr]    Compiling sha2 v0.10.9
[INFO] [stderr]     Checking libappindicator-sys v0.9.0
[INFO] [stderr]     Checking gdkx11 v0.18.2
[INFO] [stderr]     Checking dlopen2 v0.8.2
[INFO] [stderr]     Checking asn1-rs v0.6.2
[INFO] [stderr]     Checking ptr_meta v0.3.2
[INFO] [stderr]     Checking keyring v3.6.3
[INFO] [stderr]     Checking polyval v0.6.2
[INFO] [stderr]    Compiling png v0.18.1
[INFO] [stderr]    Compiling enumflags2 v0.7.12
[INFO] [stderr]     Checking ctr v0.9.2
[INFO] [stderr]     Checking tempfile v3.27.0
[INFO] [stderr]     Checking polling v3.11.0
[INFO] [stderr]     Checking gdkwayland-sys v0.18.2
[INFO] [stderr]     Checking keyboard-types v0.8.3
[INFO] [stderr]    Compiling zcheapstr v1.1.0
[INFO] [stderr]    Compiling serde_repr v0.1.21
[INFO] [stderr]    Compiling tauri-runtime-wry v2.12.1
[INFO] [stderr]    Compiling oid-registry v0.7.1
[INFO] [stderr]     Checking jpeg-encoder v0.7.1
[INFO] [stderr]    Compiling tray-icon v0.25.1
[INFO] [stderr]    Compiling semver-parser v0.7.0
[INFO] [stderr]     Checking async-task v4.7.1
[INFO] [stderr]    Compiling tauri-codegen v2.7.1
[INFO] [stderr]    Compiling semver v0.9.0
[INFO] [stderr]    Compiling zvariant v5.15.0
[INFO] [stderr]     Checking async-io v2.6.0
[INFO] [stderr]     Checking ghash v0.5.1
[INFO] [stderr]     Checking rancor v0.1.3
[INFO] [stderr]    Compiling tauri-plugin-fs v2.6.0
[INFO] [stderr]     Checking async-channel v2.5.0
[INFO] [stderr]     Checking aes v0.8.4
[INFO] [stderr]     Checking rfc6979 v0.4.0
[INFO] [stderr]     Checking signature v2.2.0
[INFO] [stderr]    Compiling bytecheck_derive v0.8.3
[INFO] [stderr]    Compiling serialize-to-javascript-impl v0.1.2
[INFO] [stderr]    Compiling curve25519-dalek v4.1.3
[INFO] [stderr]     Checking simdutf8 v0.1.5
[INFO] [stderr]     Checking aes-gcm v0.10.3
[INFO] [stderr]     Checking serialize-to-javascript v0.1.2
[INFO] [stderr]     Checking ecdsa v0.16.9
[INFO] [stderr]    Compiling tauri-macros v2.7.1
[INFO] [stderr]     Checking bytecheck v0.8.3
[INFO] [stderr]     Checking arc-swap v1.9.2
[INFO] [stderr]    Compiling zbus_names v4.3.4
[INFO] [stderr]     Checking async-signal v0.2.14
[INFO] [stderr]    Compiling rustc_version v0.2.3
[INFO] [stderr]     Checking der-parser v9.0.0
[INFO] [stderr]     Checking primeorder v0.13.6
[INFO] [stderr]     Checking rtp v0.17.2
[INFO] [stderr]     Checking sha1 v0.10.7
[INFO] [stderr]     Checking piper v0.2.5
[INFO] [stderr]     Checking md-5 v0.10.6
[INFO] [stderr]    Compiling curve25519-dalek-derive v0.1.1
[INFO] [stderr]    Compiling munge_macro v0.4.7
[INFO] [stderr]    Compiling substring v1.4.5
[INFO] [stderr]     Checking data-encoding v2.11.1
[INFO] [stderr]     Checking heck v0.5.0
[INFO] [stderr]    Compiling inotify-sys v0.1.8
[INFO] [stderr]     Checking munge v0.4.7
[INFO] [stderr]     Checking x509-parser v0.16.0
[INFO] [stderr]     Checking stun v0.17.2
[INFO] [stderr]     Checking blocking v1.7.0
[INFO] [stderr]    Compiling zbus_macros v5.19.0
[INFO] [stderr]     Checking async-process v2.5.0
[INFO] [stderr]    Compiling vek v0.14.1
[INFO] [stderr]     Checking rend v0.5.4
[INFO] [stderr]     Checking async-executor v1.14.0
[INFO] [stderr]    Compiling tauri-plugin-notification v2.5.1
[INFO] [stderr]    Compiling tauri-plugin-dialog v2.8.1
[INFO] [stderr]     Checking poly1305 v0.8.0
[INFO] [stderr]     Checking chacha20 v0.9.1
[INFO] [stderr]     Checking rtcp v0.17.2
[INFO] [stderr]     Checking pem v3.0.6
[INFO] [stderr]     Checking waitgroup v0.1.2
[INFO] [stderr]     Checking tokio-util v0.7.19
[INFO] [stderr]    Compiling rkyv_derive v0.8.18
[INFO] [stderr]    Compiling async-recursion v1.1.1
[INFO] [stderr]     Checking yasna v0.5.2
[INFO] [stderr]     Checking socket2 v0.5.10
[INFO] [stderr]    Compiling rfd v0.16.0
[INFO] [stderr]     Checking webrtc-mdns v0.17.2
[INFO] [stderr]     Checking rcgen v0.13.2
[INFO] [stderr]     Checking webrtc-srtp v0.17.2
[INFO] [stderr]     Checking turn v0.17.2
[INFO] [stderr]     Checking chacha20poly1305 v0.10.1
[INFO] [stderr]     Checking zbus v5.19.0
[INFO] [stderr]     Checking x25519-dalek v2.0.1
[INFO] [stderr]     Checking p256 v0.13.2
[INFO] [stderr]     Checking p384 v0.13.1
[INFO] [stderr]     Checking webrtc-sctp v0.17.2
[INFO] [stderr]     Checking rkyv v0.8.18
[INFO] [stderr]     Checking ccm v0.5.0
[INFO] [stderr]     Checking cbc v0.1.2
[INFO] [stderr]     Checking approx v0.4.0
[INFO] [stderr]     Checking webrtc-ice v0.17.2
[INFO] [stdout] error[E0659]: `CubicBezier2` is ambiguous
[INFO] [stdout]    --> /opt/rustwide/cargo-home/registry/src/index.crates.io-1949cf8c6b5b557f/vek-0.14.1/src/bezier.rs:810:36
[INFO] [stdout]     |
[INFO] [stdout] 795 | macro_rules! impl_all_beziers {
[INFO] [stdout] ...
[INFO] [stdout] 810 |                 2 QuadraticBezier2 CubicBezier2 Vec2 LineSegment2
[INFO] [stdout]     |                                    ^^^^^^^^^^^^ ambiguous name
[INFO] [stdout] ...
[INFO] [stdout] 861 |     impl_all_beziers!{repr_simd}
[INFO] [stdout]     |     ---------------------------- in this macro invocation
[INFO] [stdout]     |
[INFO] [stdout]     = note: ambiguous because of multiple glob imports of a name in the same module
[INFO] [stdout] note: `CubicBezier2` could refer to the struct imported here
[INFO] [stdout]    --> /opt/rustwide/cargo-home/registry/src/index.crates.io-1949cf8c6b5b557f/vek-0.14.1/src/bezier.rs:852:17
[INFO] [stdout]     |
[INFO] [stdout] 852 |         pub use cubic_bezier2::*;
[INFO] [stdout]     |                 ^^^^^^^^^^^^^^^^
[INFO] [stdout] ...
[INFO] [stdout] 861 |     impl_all_beziers!{repr_simd}
[INFO] [stdout]     |     ---------------------------- in this macro invocation
[INFO] [stdout]     = help: consider adding an explicit import of `CubicBezier2` to disambiguate
[INFO] [stdout] note: `CubicBezier2` could also refer to the struct imported here
[INFO] [stdout]    --> /opt/rustwide/cargo-home/registry/src/index.crates.io-1949cf8c6b5b557f/vek-0.14.1/src/bezier.rs:860:9
[INFO] [stdout]     |
[INFO] [stdout] 860 |     use super::*;
[INFO] [stdout]     |         ^^^^^^^^
[INFO] [stdout]     = help: consider adding an explicit import of `CubicBezier2` to disambiguate
[INFO] [stdout] 
[INFO] [stdout] 
[INFO] [stdout] error[E0659]: `QuadraticBezier3` is ambiguous
[INFO] [stdout]    --> /opt/rustwide/cargo-home/registry/src/index.crates.io-1949cf8c6b5b557f/vek-0.14.1/src/bezier.rs:812:54
[INFO] [stdout]     |
[INFO] [stdout] 795 | macro_rules! impl_all_beziers {
[INFO] [stdout] ...
[INFO] [stdout] 812 |             bezier_impl_2d_into_3d!{QuadraticBezier2 QuadraticBezier3}
[INFO] [stdout]     |                                                      ^^^^^^^^^^^^^^^^ ambiguous name
[INFO] [stdout] ...
[INFO] [stdout] 861 |     impl_all_beziers!{repr_simd}
[INFO] [stdout]     |     ---------------------------- in this macro invocation
[INFO] [stdout]     |
[INFO] [stdout]     = note: ambiguous because of multiple glob imports of a name in the same module
[INFO] [stdout] note: `QuadraticBezier3` could refer to the struct imported here
[INFO] [stdout]    --> /opt/rustwide/cargo-home/registry/src/index.crates.io-1949cf8c6b5b557f/vek-0.14.1/src/bezier.rs:851:17
[INFO] [stdout]     |
[INFO] [stdout] 851 |         pub use quadratic_bezier3::*;
[INFO] [stdout]     |                 ^^^^^^^^^^^^^^^^^^^^
[INFO] [stdout] ...
[INFO] [stdout] 861 |     impl_all_beziers!{repr_simd}
[INFO] [stdout]     |     ---------------------------- in this macro invocation
[INFO] [stdout]     = help: consider adding an explicit import of `QuadraticBezier3` to disambiguate
[INFO] [stdout] note: `QuadraticBezier3` could also refer to the struct imported here
[INFO] [stdout]    --> /opt/rustwide/cargo-home/registry/src/index.crates.io-1949cf8c6b5b557f/vek-0.14.1/src/bezier.rs:860:9
[INFO] [stdout]     |
[INFO] [stdout] 860 |     use super::*;
[INFO] [stdout]     |         ^^^^^^^^
[INFO] [stdout]     = help: consider adding an explicit import of `QuadraticBezier3` to disambiguate
[INFO] [stdout] 
[INFO] [stdout] 
[INFO] [stdout] error[E0659]: `CubicBezier3` is ambiguous
[INFO] [stdout]    --> /opt/rustwide/cargo-home/registry/src/index.crates.io-1949cf8c6b5b557f/vek-0.14.1/src/bezier.rs:821:36
[INFO] [stdout]     |
[INFO] [stdout] 795 | macro_rules! impl_all_beziers {
[INFO] [stdout] ...
[INFO] [stdout] 821 |                 3 QuadraticBezier3 CubicBezier3 Vec3 LineSegment3
[INFO] [stdout]     |                                    ^^^^^^^^^^^^ ambiguous name
[INFO] [stdout] ...
[INFO] [stdout] 861 |     impl_all_beziers!{repr_simd}
[INFO] [stdout]     |     ---------------------------- in this macro invocation
[INFO] [stdout]     |
[INFO] [stdout]     = note: ambiguous because of multiple glob imports of a name in the same module
[INFO] [stdout] note: `CubicBezier3` could refer to the struct imported here
[INFO] [stdout]    --> /opt/rustwide/cargo-home/registry/src/index.crates.io-1949cf8c6b5b557f/vek-0.14.1/src/bezier.rs:853:17
[INFO] [stdout]     |
[INFO] [stdout] 853 |         pub use cubic_bezier3::*;
[INFO] [stdout]     |                 ^^^^^^^^^^^^^^^^
[INFO] [stdout] ...
[INFO] [stdout] 861 |     impl_all_beziers!{repr_simd}
[INFO] [stdout]     |     ---------------------------- in this macro invocation
[INFO] [stdout]     = help: consider adding an explicit import of `CubicBezier3` to disambiguate
[INFO] [stdout] note: `CubicBezier3` could also refer to the struct imported here
[INFO] [stdout]    --> /opt/rustwide/cargo-home/registry/src/index.crates.io-1949cf8c6b5b557f/vek-0.14.1/src/bezier.rs:860:9
[INFO] [stdout]     |
[INFO] [stdout] 860 |     use super::*;
[INFO] [stdout]     |         ^^^^^^^^
[INFO] [stdout]     = help: consider adding an explicit import of `CubicBezier3` to disambiguate
[INFO] [stdout] 
[INFO] [stdout] 
[INFO] [stdout] error[E0659]: `QuadraticBezier2` is ambiguous
[INFO] [stdout]    --> /opt/rustwide/cargo-home/registry/src/index.crates.io-1949cf8c6b5b557f/vek-0.14.1/src/bezier.rs:823:54
[INFO] [stdout]     |
[INFO] [stdout] 795 | macro_rules! impl_all_beziers {
[INFO] [stdout] ...
[INFO] [stdout] 823 |             bezier_impl_3d_into_2d!{QuadraticBezier3 QuadraticBezier2}
[INFO] [stdout]     |                                                      ^^^^^^^^^^^^^^^^ ambiguous name
[INFO] [stdout] ...
[INFO] [stdout] 861 |     impl_all_beziers!{repr_simd}
[INFO] [stdout]     |     ---------------------------- in this macro invocation
[INFO] [stdout]     |
[INFO] [stdout]     = note: ambiguous because of multiple glob imports of a name in the same module
[INFO] [stdout] note: `QuadraticBezier2` could refer to the struct imported here
[INFO] [stdout]    --> /opt/rustwide/cargo-home/registry/src/index.crates.io-1949cf8c6b5b557f/vek-0.14.1/src/bezier.rs:850:17
[INFO] [stdout]     |
[INFO] [stdout] 850 |         pub use quadratic_bezier2::*;
[INFO] [stdout]     |                 ^^^^^^^^^^^^^^^^^^^^
[INFO] [stdout] ...
[INFO] [stdout] 861 |     impl_all_beziers!{repr_simd}
[INFO] [stdout]     |     ---------------------------- in this macro invocation
[INFO] [stdout]     = help: consider adding an explicit import of `QuadraticBezier2` to disambiguate
[INFO] [stdout] note: `QuadraticBezier2` could also refer to the struct imported here
[INFO] [stdout]    --> /opt/rustwide/cargo-home/registry/src/index.crates.io-1949cf8c6b5b557f/vek-0.14.1/src/bezier.rs:860:9
[INFO] [stdout]     |
[INFO] [stdout] 860 |     use super::*;
[INFO] [stdout]     |         ^^^^^^^^
[INFO] [stdout]     = help: consider adding an explicit import of `QuadraticBezier2` to disambiguate
[INFO] [stdout] 
[INFO] [stdout] 
[INFO] [stdout] error[E0659]: `QuadraticBezier2` is ambiguous
[INFO] [stdout]    --> /opt/rustwide/cargo-home/registry/src/index.crates.io-1949cf8c6b5b557f/vek-0.14.1/src/bezier.rs:833:19
[INFO] [stdout]     |
[INFO] [stdout] 795 | macro_rules! impl_all_beziers {
[INFO] [stdout] ...
[INFO] [stdout] 833 |                 2 QuadraticBezier2 CubicBezier2 Vec2 LineSegment2
[INFO] [stdout]     |                   ^^^^^^^^^^^^^^^^ ambiguous name
[INFO] [stdout] ...
[INFO] [stdout] 861 |     impl_all_beziers!{repr_simd}
[INFO] [stdout]     |     ---------------------------- in this macro invocation
[INFO] [stdout]     |
[INFO] [stdout]     = note: ambiguous because of multiple glob imports of a name in the same module
[INFO] [stdout] note: `QuadraticBezier2` could refer to the struct imported here
[INFO] [stdout]    --> /opt/rustwide/cargo-home/registry/src/index.crates.io-1949cf8c6b5b557f/vek-0.14.1/src/bezier.rs:850:17
[INFO] [stdout]     |
[INFO] [stdout] 850 |         pub use quadratic_bezier2::*;
[INFO] [stdout]     |                 ^^^^^^^^^^^^^^^^^^^^
[INFO] [stdout] ...
[INFO] [stdout] 861 |     impl_all_beziers!{repr_simd}
[INFO] [stdout]     |     ---------------------------- in this macro invocation
[INFO] [stdout]     = help: consider adding an explicit import of `QuadraticBezier2` to disambiguate
[INFO] [stdout] note: `QuadraticBezier2` could also refer to the struct imported here
[INFO] [stdout]    --> /opt/rustwide/cargo-home/registry/src/index.crates.io-1949cf8c6b5b557f/vek-0.14.1/src/bezier.rs:860:9
[INFO] [stdout]     |
[INFO] [stdout] 860 |     use super::*;
[INFO] [stdout]     |         ^^^^^^^^
[INFO] [stdout]     = help: consider adding an explicit import of `QuadraticBezier2` to disambiguate
[INFO] [stdout] 
[INFO] [stdout] 
[INFO] [stdout] error[E0659]: `CubicBezier3` is ambiguous
[INFO] [stdout]    --> /opt/rustwide/cargo-home/registry/src/index.crates.io-1949cf8c6b5b557f/vek-0.14.1/src/bezier.rs:835:50
[INFO] [stdout]     |
[INFO] [stdout] 795 | macro_rules! impl_all_beziers {
[INFO] [stdout] ...
[INFO] [stdout] 835 |             bezier_impl_2d_into_3d!{CubicBezier2 CubicBezier3}
[INFO] [stdout]     |                                                  ^^^^^^^^^^^^ ambiguous name
[INFO] [stdout] ...
[INFO] [stdout] 861 |     impl_all_beziers!{repr_simd}
[INFO] [stdout]     |     ---------------------------- in this macro invocation
[INFO] [stdout]     |
[INFO] [stdout]     = note: ambiguous because of multiple glob imports of a name in the same module
[INFO] [stdout] note: `CubicBezier3` could refer to the struct imported here
[INFO] [stdout]    --> /opt/rustwide/cargo-home/registry/src/index.crates.io-1949cf8c6b5b557f/vek-0.14.1/src/bezier.rs:853:17
[INFO] [stdout]     |
[INFO] [stdout] 853 |         pub use cubic_bezier3::*;
[INFO] [stdout]     |                 ^^^^^^^^^^^^^^^^
[INFO] [stdout] ...
[INFO] [stdout] 861 |     impl_all_beziers!{repr_simd}
[INFO] [stdout]     |     ---------------------------- in this macro invocation
[INFO] [stdout]     = help: consider adding an explicit import of `CubicBezier3` to disambiguate
[INFO] [stdout] note: `CubicBezier3` could also refer to the struct imported here
[INFO] [stdout]    --> /opt/rustwide/cargo-home/registry/src/index.crates.io-1949cf8c6b5b557f/vek-0.14.1/src/bezier.rs:860:9
[INFO] [stdout]     |
[INFO] [stdout] 860 |     use super::*;
[INFO] [stdout]     |         ^^^^^^^^
[INFO] [stdout]     = help: consider adding an explicit import of `CubicBezier3` to disambiguate
[INFO] [stdout] 
[INFO] [stdout] 
[INFO] [stdout] error[E0659]: `QuadraticBezier3` is ambiguous
[INFO] [stdout]    --> /opt/rustwide/cargo-home/registry/src/index.crates.io-1949cf8c6b5b557f/vek-0.14.1/src/bezier.rs:845:19
[INFO] [stdout]     |
[INFO] [stdout] 795 | macro_rules! impl_all_beziers {
[INFO] [stdout] ...
[INFO] [stdout] 845 |                 3 QuadraticBezier3 CubicBezier3 Vec3 LineSegment3
[INFO] [stdout]     |                   ^^^^^^^^^^^^^^^^ ambiguous name
[INFO] [stdout] ...
[INFO] [stdout] 861 |     impl_all_beziers!{repr_simd}
[INFO] [stdout]     |     ---------------------------- in this macro invocation
[INFO] [stdout]     |
[INFO] [stdout]     = note: ambiguous because of multiple glob imports of a name in the same module
[INFO] [stdout] note: `QuadraticBezier3` could refer to the struct imported here
[INFO] [stdout]    --> /opt/rustwide/cargo-home/registry/src/index.crates.io-1949cf8c6b5b557f/vek-0.14.1/src/bezier.rs:851:17
[INFO] [stdout]     |
[INFO] [stdout] 851 |         pub use quadratic_bezier3::*;
[INFO] [stdout]     |                 ^^^^^^^^^^^^^^^^^^^^
[INFO] [stdout] ...
[INFO] [stdout] 861 |     impl_all_beziers!{repr_simd}
[INFO] [stdout]     |     ---------------------------- in this macro invocation
[INFO] [stdout]     = help: consider adding an explicit import of `QuadraticBezier3` to disambiguate
[INFO] [stdout] note: `QuadraticBezier3` could also refer to the struct imported here
[INFO] [stdout]    --> /opt/rustwide/cargo-home/registry/src/index.crates.io-1949cf8c6b5b557f/vek-0.14.1/src/bezier.rs:860:9
[INFO] [stdout]     |
[INFO] [stdout] 860 |     use super::*;
[INFO] [stdout]     |         ^^^^^^^^
[INFO] [stdout]     = help: consider adding an explicit import of `QuadraticBezier3` to disambiguate
[INFO] [stdout] 
[INFO] [stdout] 
[INFO] [stdout] error[E0659]: `CubicBezier2` is ambiguous
[INFO] [stdout]    --> /opt/rustwide/cargo-home/registry/src/index.crates.io-1949cf8c6b5b557f/vek-0.14.1/src/bezier.rs:847:50
[INFO] [stdout]     |
[INFO] [stdout] 795 | macro_rules! impl_all_beziers {
[INFO] [stdout] ...
[INFO] [stdout] 847 |             bezier_impl_3d_into_2d!{CubicBezier3 CubicBezier2}
[INFO] [stdout]     |                                                  ^^^^^^^^^^^^ ambiguous name
[INFO] [stdout] ...
[INFO] [stdout] 861 |     impl_all_beziers!{repr_simd}
[INFO] [stdout]     |     ---------------------------- in this macro invocation
[INFO] [stdout]     |
[INFO] [stdout]     = note: ambiguous because of multiple glob imports of a name in the same module
[INFO] [stdout] note: `CubicBezier2` could refer to the struct imported here
[INFO] [stdout]    --> /opt/rustwide/cargo-home/registry/src/index.crates.io-1949cf8c6b5b557f/vek-0.14.1/src/bezier.rs:852:17
[INFO] [stdout]     |
[INFO] [stdout] 852 |         pub use cubic_bezier2::*;
[INFO] [stdout]     |                 ^^^^^^^^^^^^^^^^
[INFO] [stdout] ...
[INFO] [stdout] 861 |     impl_all_beziers!{repr_simd}
[INFO] [stdout]     |     ---------------------------- in this macro invocation
[INFO] [stdout]     = help: consider adding an explicit import of `CubicBezier2` to disambiguate
[INFO] [stdout] note: `CubicBezier2` could also refer to the struct imported here
[INFO] [stdout]    --> /opt/rustwide/cargo-home/registry/src/index.crates.io-1949cf8c6b5b557f/vek-0.14.1/src/bezier.rs:860:9
[INFO] [stdout]     |
[INFO] [stdout] 860 |     use super::*;
[INFO] [stdout]     |         ^^^^^^^^
[INFO] [stdout]     = help: consider adding an explicit import of `CubicBezier2` to disambiguate
[INFO] [stdout] 
[INFO] [stdout] 
[INFO] [stderr]     Checking webrtc-data v0.17.2
[INFO] [stderr]     Checking inotify v0.11.5
[INFO] [stderr]     Checking sdp v0.17.2
[INFO] [stdout] error[E0076]: SIMD vector's only field must be an array
[INFO] [stdout]     --> /opt/rustwide/cargo-home/registry/src/index.crates.io-1949cf8c6b5b557f/vek-0.14.1/src/vec.rs:2790:13
[INFO] [stdout]      |
[INFO] [stdout] 2779 | macro_rules! vec_impl_all_vecs {
[INFO] [stdout] ...
[INFO] [stdout] 2790 |             pub struct Vec2<T> { pub x:T, pub y:T }
[INFO] [stdout]      |             ^^^^^^^^^^^^^^^^^^   ------- not an array
[INFO] [stdout] ...
[INFO] [stdout] 3290 |     vec_impl_all_vecs!{simd #[repr(simd)] #[repr(C)]}
[INFO] [stdout]      |     ------------------------------------------------- in this macro invocation
[INFO] [stdout] 
[INFO] [stdout] 
[INFO] [stdout] error[E0076]: SIMD vector's only field must be an array
[INFO] [stdout]     --> /opt/rustwide/cargo-home/registry/src/index.crates.io-1949cf8c6b5b557f/vek-0.14.1/src/vec.rs:2926:13
[INFO] [stdout]      |
[INFO] [stdout] 2779 | macro_rules! vec_impl_all_vecs {
[INFO] [stdout] ...
[INFO] [stdout] 2926 |             pub struct Vec4<T> {
[INFO] [stdout]      |             ^^^^^^^^^^^^^^^^^^
[INFO] [stdout] 2927 |                 pub x:T, pub y:T, pub z:T,
[INFO] [stdout]      |                 ------- not an array
[INFO] [stdout] ...
[INFO] [stdout] 3290 |     vec_impl_all_vecs!{simd #[repr(simd)] #[repr(C)]}
[INFO] [stdout]      |     ------------------------------------------------- in this macro invocation
[INFO] [stdout] 
[INFO] [stdout] 
[INFO] [stdout] error[E0076]: SIMD vector's only field must be an array
[INFO] [stdout]     --> /opt/rustwide/cargo-home/registry/src/index.crates.io-1949cf8c6b5b557f/vek-0.14.1/src/vec.rs:3143:13
[INFO] [stdout]      |
[INFO] [stdout] 2779 | macro_rules! vec_impl_all_vecs {
[INFO] [stdout] ...
[INFO] [stdout] 3143 |             pub struct Extent2<T> { pub w:T, pub h:T }
[INFO] [stdout]      |             ^^^^^^^^^^^^^^^^^^^^^   ------- not an array
[INFO] [stdout] ...
[INFO] [stdout] 3290 |     vec_impl_all_vecs!{simd #[repr(simd)] #[repr(C)]}
[INFO] [stdout]      |     ------------------------------------------------- in this macro invocation
[INFO] [stdout] 
[INFO] [stdout] 
[INFO] [stdout] error[E0076]: SIMD vector's only field must be an array
[INFO] [stdout]     --> /opt/rustwide/cargo-home/registry/src/index.crates.io-1949cf8c6b5b557f/vek-0.14.1/src/vec.rs:3167:13
[INFO] [stdout]      |
[INFO] [stdout] 2779 | macro_rules! vec_impl_all_vecs {
[INFO] [stdout] ...
[INFO] [stdout] 3167 |             pub struct Rgba<T> { pub r:T, pub g:T, pub b:T, pub a:T }
[INFO] [stdout]      |             ^^^^^^^^^^^^^^^^^^   ------- not an array
[INFO] [stdout] ...
[INFO] [stdout] 3290 |     vec_impl_all_vecs!{simd #[repr(simd)] #[repr(C)]}
[INFO] [stdout]      |     ------------------------------------------------- in this macro invocation
[INFO] [stdout] 
[INFO] [stdout] 
[INFO] [stderr]     Checking interceptor v0.17.2
[INFO] [stdout] error[E0076]: SIMD vector's only field must be an array
[INFO] [stdout]    --> /opt/rustwide/cargo-home/registry/src/index.crates.io-1949cf8c6b5b557f/vek-0.14.1/src/quaternion.rs:129:9
[INFO] [stdout]     |
[INFO] [stdout] 111 | macro_rules! quaternion_complete_mod {
[INFO] [stdout] ...
[INFO] [stdout] 129 |         pub struct Quaternion<T> { pub x: T, pub y: T, pub z: T, pub w: T }
[INFO] [stdout]     |         ^^^^^^^^^^^^^^^^^^^^^^^^   -------- not an array
[INFO] [stdout] ...
[INFO] [stdout] 745 |     quaternion_complete_mod!(repr_simd #[repr(simd)]);
[INFO] [stdout]     |     ------------------------------------------------- in this macro invocation
[INFO] [stdout] 
[INFO] [stdout] 
[INFO] [stderr]     Checking webrtc-media v0.17.2
[INFO] [stderr]    Compiling melt-desktop v0.1.0 (/opt/rustwide/workdir/crates/melt-desktop)
[INFO] [stderr]     Checking smol_str v0.2.2
[INFO] [stderr]     Checking notify-types v2.1.0
[INFO] [stderr] error: failed to run custom build command for `melt-desktop v0.1.0 (/opt/rustwide/workdir/crates/melt-desktop)`
[INFO] [stderr] note: To improve backtraces for build dependencies, set the CARGO_PROFILE_DEV_BUILD_OVERRIDE_DEBUG=true environment variable to enable debug information generation.
[INFO] [stderr] 
[INFO] [stderr] Caused by:
[INFO] [stderr]   process didn't exit successfully: `/opt/rustwide/target/debug/build/melt-desktop/183de4c159fd157f/out/build_script_build` (exit status: 1)
[INFO] [stderr]   --- stdout
[INFO] [stderr]   cargo:rerun-if-env-changed=TAURI_CONFIG
[INFO] [stderr]   cargo:rustc-check-cfg=cfg(desktop)
[INFO] [stderr]   cargo:rustc-cfg=desktop
[INFO] [stderr]   cargo:rustc-check-cfg=cfg(mobile)
[INFO] [stderr]   cargo:rerun-if-changed=/opt/rustwide/workdir/crates/melt-desktop/tauri.conf.json
[INFO] [stderr]   cargo:rustc-env=TAURI_ANDROID_PACKAGE_NAME_APP_NAME=melt
[INFO] [stderr]   cargo:rustc-env=TAURI_ANDROID_PACKAGE_NAME_PREFIX=app_polimero
[INFO] [stderr]   cargo:rustc-check-cfg=cfg(dev)
[INFO] [stderr]   cargo:rustc-cfg=dev
[INFO] [stderr]   cargo:PERMISSION_FILES_PATH=/opt/rustwide/target/debug/build/melt-desktop/117789bae8bb7fd4/out/app-manifest/__app__-permission-files
[INFO] [stderr]   Read-only file system (os error 30)
[INFO] [stderr] warning: build failed, waiting for other jobs to finish...
[INFO] [stdout] Some errors have detailed explanations: E0076, E0659.
[INFO] [stdout] 
[INFO] [stdout] For more information about an error, try `rustc --explain E0076`.
[INFO] [stdout] 
[INFO] [stderr] error: could not compile `vek` (lib) due to 13 previous errors
[INFO] running `Command { std: "docker" "inspect" "bc7c65d0d84f596c5507195b5a397998ce997b1ead2f50fa2159f3b4b34db105", kill_on_drop: false }`
[INFO] running `Command { std: "docker" "rm" "-f" "bc7c65d0d84f596c5507195b5a397998ce997b1ead2f50fa2159f3b4b34db105", kill_on_drop: false }`
[INFO] [stdout] bc7c65d0d84f596c5507195b5a397998ce997b1ead2f50fa2159f3b4b34db105
