[INFO] cloning repository https://github.com/pmrch/pbuild_rs
[INFO] running `Command { std: "git" "-c" "credential.helper=" "-c" "credential.helper=/workspace/cargo-home/bin/git-credential-null" "clone" "--bare" "https://github.com/pmrch/pbuild_rs" "/workspace/cache/git-repos/https%3A%2F%2Fgithub.com%2Fpmrch%2Fpbuild_rs", kill_on_drop: false }`
[INFO] [stderr] Cloning into bare repository '/workspace/cache/git-repos/https%3A%2F%2Fgithub.com%2Fpmrch%2Fpbuild_rs'...
[INFO] running `Command { std: "git" "rev-parse" "HEAD", kill_on_drop: false }`
[INFO] [stdout] 054fda19e8273a29a93c3bd2c1f155abd9b0d9e7
[INFO] checking pmrch/pbuild_rs against 3154cc1a3e6424e44f438a95007d043ed5ceaaf6 for pr-133502-30
[INFO] running `Command { std: "git" "clone" "/workspace/cache/git-repos/https%3A%2F%2Fgithub.com%2Fpmrch%2Fpbuild_rs" "/workspace/builds/worker-4-tc2/source", kill_on_drop: false }`
[INFO] [stderr] Cloning into '/workspace/builds/worker-4-tc2/source'...
[INFO] [stderr] done.
[INFO] started tweaking git repo https://github.com/pmrch/pbuild_rs
[INFO] finished tweaking git repo https://github.com/pmrch/pbuild_rs
[INFO] tweaked toml for git repo https://github.com/pmrch/pbuild_rs written to /workspace/builds/worker-4-tc2/source/Cargo.toml
[INFO] validating manifest of git repo https://github.com/pmrch/pbuild_rs on toolchain 3154cc1a3e6424e44f438a95007d043ed5ceaaf6
[INFO] running `Command { std: CARGO_HOME="/workspace/cargo-home" RUSTUP_HOME="/workspace/rustup-home" "/workspace/cargo-home/bin/cargo" "+3154cc1a3e6424e44f438a95007d043ed5ceaaf6" "metadata" "--manifest-path" "Cargo.toml" "--no-deps", kill_on_drop: false }`
[INFO] crate git repo https://github.com/pmrch/pbuild_rs already has a lockfile, it will not be regenerated
[INFO] running `Command { std: CARGO_HOME="/workspace/cargo-home" RUSTUP_HOME="/workspace/rustup-home" "/workspace/cargo-home/bin/cargo" "+3154cc1a3e6424e44f438a95007d043ed5ceaaf6" "fetch" "--manifest-path" "Cargo.toml", kill_on_drop: false }`
[INFO] running `Command { std: "docker" "create" "-v" "/var/lib/crater-agent-workspace/builds/worker-4-tc2/source:/opt/rustwide/workdir:ro,Z" "-v" "/var/lib/crater-agent-workspace/builds/worker-4-tc2/target:/opt/rustwide/target:rw,Z" "-v" "/var/lib/crater-agent-workspace/cargo-home:/opt/rustwide/cargo-home:ro,Z" "-v" "/var/lib/crater-agent-workspace/rustup-home:/opt/rustwide/rustup-home:ro,Z" "-m" "1610612736" "--network" "none" "ghcr.io/rust-lang/crates-build-env/linux@sha256:77db811e55d90add9212f6832c23229e3de5f1c1f9905e8cb07319ea15df73ac" "sleep" "infinity", kill_on_drop: false }`
[INFO] [stdout] 6aa24c731760aca7f8c3f23a27bd5f59e79804738c0d147e1a26097b41f6ed3b
[INFO] running `Command { std: "docker" "start" "6aa24c731760aca7f8c3f23a27bd5f59e79804738c0d147e1a26097b41f6ed3b", kill_on_drop: false }`
[INFO] running `Command { std: "docker" "inspect" "6aa24c731760aca7f8c3f23a27bd5f59e79804738c0d147e1a26097b41f6ed3b", kill_on_drop: false }`
[INFO] running `Command { std: "docker" "exec" "-e" "SOURCE_DIR=/opt/rustwide/workdir" "-e" "CARGO_HOME=/opt/rustwide/cargo-home" "-e" "RUSTUP_HOME=/opt/rustwide/rustup-home" "-e" "CARGO_TARGET_DIR=/opt/rustwide/target" "-w" "/opt/rustwide/workdir" "--user" "0:0" "6aa24c731760aca7f8c3f23a27bd5f59e79804738c0d147e1a26097b41f6ed3b" "/opt/rustwide/cargo-home/bin/cargo" "+3154cc1a3e6424e44f438a95007d043ed5ceaaf6" "metadata" "--no-deps" "--format-version=1", kill_on_drop: false }`
[INFO] running `Command { std: "docker" "inspect" "6aa24c731760aca7f8c3f23a27bd5f59e79804738c0d147e1a26097b41f6ed3b", kill_on_drop: false }`
[INFO] running `Command { std: "docker" "exec" "-e" "SOURCE_DIR=/opt/rustwide/workdir" "-e" "CARGO_HOME=/opt/rustwide/cargo-home" "-e" "RUSTUP_HOME=/opt/rustwide/rustup-home" "-e" "CARGO_TARGET_DIR=/opt/rustwide/target" "-e" "CARGO_INCREMENTAL=0" "-e" "RUST_BACKTRACE=full" "-e" "RUSTFLAGS=--cap-lints=forbid" "-e" "RUSTDOCFLAGS=--cap-lints=forbid" "-w" "/opt/rustwide/workdir" "--user" "0:0" "6aa24c731760aca7f8c3f23a27bd5f59e79804738c0d147e1a26097b41f6ed3b" "/opt/rustwide/cargo-home/bin/cargo" "+3154cc1a3e6424e44f438a95007d043ed5ceaaf6" "check" "--frozen" "--all" "--all-targets" "--message-format=json", kill_on_drop: false }`
[INFO] [stderr]    Compiling serde_core v1.0.229
[INFO] [stderr]    Compiling syn v3.0.4
[INFO] [stderr]    Compiling serde v1.0.229
[INFO] [stderr]    Compiling rustversion v1.0.23
[INFO] [stderr]    Compiling syn v2.0.119
[INFO] [stderr]    Compiling argh_shared v0.1.19
[INFO] [stderr]    Compiling serde_json v1.0.151
[INFO] [stderr]     Checking castaway v0.2.4
[INFO] [stderr]    Compiling argh_derive v0.1.19
[INFO] [stderr]    Compiling serde_derive v1.0.229
[INFO] [stderr]    Compiling thiserror-impl v2.0.20
[INFO] [stderr]     Checking serde_bytes v0.11.19
[INFO] [stderr]     Checking argh v0.1.19
[INFO] [stderr]     Checking thiserror v2.0.20
[INFO] [stderr]     Checking compact_str v0.10.0
[INFO] [stderr]     Checking soml v0.2.0
[INFO] [stderr]     Checking pbuild-rs v0.0.0 (/opt/rustwide/workdir)
[INFO] [stdout] error: expected expression, found `;`
[INFO] [stdout]  --> src/model_impl/config.rs:5:26
[INFO] [stdout]   |
[INFO] [stdout] 5 |         self.toolchain = ;
[INFO] [stdout]   |                          ^ expected expression
[INFO] [stdout] 
[INFO] [stdout] 
[INFO] [stdout] error: expected expression, found `;`
[INFO] [stdout]  --> src/model_impl/config.rs:5:26
[INFO] [stdout]   |
[INFO] [stdout] 5 |         self.toolchain = ;
[INFO] [stdout]   |                          ^ expected expression
[INFO] [stdout] 
[INFO] [stdout] 
[INFO] [stdout] warning: unused imports: `Config`, `Linker`, and `Toolchain`
[INFO] [stdout]  --> src/prelude.rs:2:25
[INFO] [stdout]   |
[INFO] [stdout] 2 | pub use crate::models::{Config, Linker, Toolchain};
[INFO] [stdout]   |                         ^^^^^^  ^^^^^^  ^^^^^^^^^
[INFO] [stdout]   |
[INFO] [stdout]   = note: `#[warn(unused_imports)]` (part of `#[warn(unused)]`) on by default
[INFO] [stdout] 
[INFO] [stdout] 
[INFO] [stdout] warning: unused import: `std::path::PathBuf`
[INFO] [stdout]  --> src/prelude.rs:7:9
[INFO] [stdout]   |
[INFO] [stdout] 7 | pub use std::path::PathBuf;
[INFO] [stdout]   |         ^^^^^^^^^^^^^^^^^^
[INFO] [stdout] 
[INFO] [stdout] 
[INFO] [stdout] warning: unused import: `std::sync::Arc`
[INFO] [stdout]  --> src/prelude.rs:8:9
[INFO] [stdout]   |
[INFO] [stdout] 8 | pub use std::sync::Arc;
[INFO] [stdout]   |         ^^^^^^^^^^^^^^
[INFO] [stdout] 
[INFO] [stdout] 
[INFO] [stdout] warning: unused imports: `Config`, `Linker`, and `Toolchain`
[INFO] [stdout]  --> src/prelude.rs:2:25
[INFO] [stdout]   |
[INFO] [stdout] 2 | pub use crate::models::{Config, Linker, Toolchain};
[INFO] [stdout]   |                         ^^^^^^  ^^^^^^  ^^^^^^^^^
[INFO] [stdout]   |
[INFO] [stdout]   = note: `#[warn(unused_imports)]` (part of `#[warn(unused)]`) on by default
[INFO] [stdout] 
[INFO] [stdout] 
[INFO] [stdout] warning: unused import: `std::path::PathBuf`
[INFO] [stdout]  --> src/prelude.rs:7:9
[INFO] [stdout]   |
[INFO] [stdout] 7 | pub use std::path::PathBuf;
[INFO] [stdout]   |         ^^^^^^^^^^^^^^^^^^
[INFO] [stdout] 
[INFO] [stdout] 
[INFO] [stdout] warning: unused import: `std::sync::Arc`
[INFO] [stdout]  --> src/prelude.rs:8:9
[INFO] [stdout]   |
[INFO] [stdout] 8 | pub use std::sync::Arc;
[INFO] [stdout]   |         ^^^^^^^^^^^^^^
[INFO] [stdout] 
[INFO] [stdout] 
[INFO] [stdout] error[E0425]: cannot find function `choose_working_compiler` in this scope
[INFO] [stdout]   --> src/model_impl/toolchain.rs:45:34
[INFO] [stdout]    |
[INFO] [stdout] 45 |         let compiler: Compiler = choose_working_compiler(&potential_compilers);
[INFO] [stdout]    |                                  ^^^^^^^^^^^^^^^^^^^^^^^ not found in this scope
[INFO] [stdout] 
[INFO] [stdout] 
[INFO] [stdout] error[E0308]: mismatched types
[INFO] [stdout]   --> src/model_impl/toolchain.rs:48:18
[INFO] [stdout]    |
[INFO] [stdout] 48 |             cc:  (),
[INFO] [stdout]    |                  ^^ expected `CompactString`, found `()`
[INFO] [stdout] 
[INFO] [stdout] 
[INFO] [stdout] error[E0308]: mismatched types
[INFO] [stdout]   --> src/model_impl/toolchain.rs:49:18
[INFO] [stdout]    |
[INFO] [stdout] 49 |             cxx: (),
[INFO] [stdout]    |                  ^^ expected `CompactString`, found `()`
[INFO] [stdout] 
[INFO] [stdout] 
[INFO] [stdout] error[E0308]: mismatched types
[INFO] [stdout]   --> src/model_impl/toolchain.rs:50:18
[INFO] [stdout]    |
[INFO] [stdout] 50 |             std: (),
[INFO] [stdout]    |                  ^^ expected `CompactString`, found `()`
[INFO] [stdout] 
[INFO] [stdout] 
[INFO] [stdout] error[E0425]: cannot find function `choose_working_compiler` in this scope
[INFO] [stdout]   --> src/model_impl/toolchain.rs:45:34
[INFO] [stdout]    |
[INFO] [stdout] 45 |         let compiler: Compiler = choose_working_compiler(&potential_compilers);
[INFO] [stdout]    |                                  ^^^^^^^^^^^^^^^^^^^^^^^ not found in this scope
[INFO] [stdout] 
[INFO] [stdout] 
[INFO] [stdout] error[E0308]: mismatched types
[INFO] [stdout]   --> src/model_impl/toolchain.rs:48:18
[INFO] [stdout]    |
[INFO] [stdout] 48 |             cc:  (),
[INFO] [stdout]    |                  ^^ expected `CompactString`, found `()`
[INFO] [stdout] 
[INFO] [stdout] 
[INFO] [stdout] error[E0308]: mismatched types
[INFO] [stdout]   --> src/model_impl/toolchain.rs:49:18
[INFO] [stdout]    |
[INFO] [stdout] 49 |             cxx: (),
[INFO] [stdout]    |                  ^^ expected `CompactString`, found `()`
[INFO] [stdout] 
[INFO] [stdout] 
[INFO] [stdout] error[E0308]: mismatched types
[INFO] [stdout]   --> src/model_impl/toolchain.rs:50:18
[INFO] [stdout]    |
[INFO] [stdout] 50 |             std: (),
[INFO] [stdout]    |                  ^^ expected `CompactString`, found `()`
[INFO] [stdout] 
[INFO] [stdout] 
[INFO] [stdout] Some errors have detailed explanations: E0308, E0425.
[INFO] [stdout] 
[INFO] [stdout] For more information about an error, try `rustc --explain E0308`.
[INFO] [stdout] 
[INFO] [stderr] error: could not compile `pbuild-rs` (bin "pbuild-rs" test) due to 5 previous errors; 3 warnings emitted
[INFO] [stderr] warning: build failed, waiting for other jobs to finish...
[INFO] [stdout] Some errors have detailed explanations: E0308, E0425.
[INFO] [stdout] 
[INFO] [stdout] For more information about an error, try `rustc --explain E0308`.
[INFO] [stdout] 
[INFO] [stderr] error: could not compile `pbuild-rs` (bin "pbuild-rs") due to 5 previous errors; 3 warnings emitted
[INFO] [stderr] warning: unused dependency `argh`
[INFO] [stderr]  --> Cargo.toml:4:15
[INFO] [stderr]   |
[INFO] [stderr] 4 | [dependencies.argh]
[INFO] [stderr]   |               ^^^^^
[INFO] [stderr]   |
[INFO] [stderr]   = note: `cargo::unused_dependencies` is set to `warn` by default
[INFO] [stderr] help: consider removing the dependency on `argh`
[INFO] [stderr] warning: `pbuild-rs` (manifest) generated 1 warning
[INFO] running `Command { std: "docker" "inspect" "6aa24c731760aca7f8c3f23a27bd5f59e79804738c0d147e1a26097b41f6ed3b", kill_on_drop: false }`
[INFO] running `Command { std: "docker" "rm" "-f" "6aa24c731760aca7f8c3f23a27bd5f59e79804738c0d147e1a26097b41f6ed3b", kill_on_drop: false }`
[INFO] [stdout] 6aa24c731760aca7f8c3f23a27bd5f59e79804738c0d147e1a26097b41f6ed3b
