[INFO] cloning repository https://github.com/pmgwee/agent-knowledge-base-codex
[INFO] running `Command { std: "git" "-c" "credential.helper=" "-c" "credential.helper=/workspace/cargo-home/bin/git-credential-null" "clone" "--bare" "https://github.com/pmgwee/agent-knowledge-base-codex" "/workspace/cache/git-repos/https%3A%2F%2Fgithub.com%2Fpmgwee%2Fagent-knowledge-base-codex", kill_on_drop: false }`
[INFO] [stderr] Cloning into bare repository '/workspace/cache/git-repos/https%3A%2F%2Fgithub.com%2Fpmgwee%2Fagent-knowledge-base-codex'...
[INFO] running `Command { std: "git" "rev-parse" "HEAD", kill_on_drop: false }`
[INFO] [stdout] ecd5ab3fd04e8abce83cec8cf8abea33537ed954
[INFO] checking pmgwee/agent-knowledge-base-codex against 3154cc1a3e6424e44f438a95007d043ed5ceaaf6+rustflags=-Znext-solver=coherence for pr-133502-30
[INFO] running `Command { std: "git" "clone" "/workspace/cache/git-repos/https%3A%2F%2Fgithub.com%2Fpmgwee%2Fagent-knowledge-base-codex" "/workspace/builds/worker-5-tc1/source", kill_on_drop: false }`
[INFO] [stderr] Cloning into '/workspace/builds/worker-5-tc1/source'...
[INFO] [stderr] done.
[INFO] removed /workspace/builds/worker-5-tc1/source/.cargo/config.toml
[INFO] removed /workspace/builds/worker-5-tc1/source/rust-toolchain.toml
[INFO] started tweaking git repo https://github.com/pmgwee/agent-knowledge-base-codex
[INFO] finished tweaking git repo https://github.com/pmgwee/agent-knowledge-base-codex
[INFO] tweaked toml for git repo https://github.com/pmgwee/agent-knowledge-base-codex written to /workspace/builds/worker-5-tc1/source/Cargo.toml
[INFO] validating manifest of git repo https://github.com/pmgwee/agent-knowledge-base-codex on toolchain 3154cc1a3e6424e44f438a95007d043ed5ceaaf6
[INFO] running `Command { std: CARGO_HOME="/workspace/cargo-home" RUSTUP_HOME="/workspace/rustup-home" "/workspace/cargo-home/bin/cargo" "+3154cc1a3e6424e44f438a95007d043ed5ceaaf6" "metadata" "--manifest-path" "Cargo.toml" "--no-deps", kill_on_drop: false }`
[INFO] crate git repo https://github.com/pmgwee/agent-knowledge-base-codex already has a lockfile, it will not be regenerated
[INFO] running `Command { std: CARGO_HOME="/workspace/cargo-home" RUSTUP_HOME="/workspace/rustup-home" "/workspace/cargo-home/bin/cargo" "+3154cc1a3e6424e44f438a95007d043ed5ceaaf6" "fetch" "--manifest-path" "Cargo.toml", kill_on_drop: false }`
[INFO] [stderr] warning: unused workspace dependency `toml`
[INFO] [stderr]   --> Cargo.toml:22:1
[INFO] [stderr]    |
[INFO] [stderr] 22 | toml = "0.8"
[INFO] [stderr]    | ^^^^
[INFO] [stderr]    |
[INFO] [stderr]    = note: `cargo::unused_workspace_dependencies` is set to `warn` by default
[INFO] [stderr] help: consider removing the workspace dependency `toml`
[INFO] [stderr] warning: workspace (manifest) generated 1 warning
[INFO] [stderr]     Updating crates.io index
[INFO] [stderr]  Downloading crates ...
[INFO] [stderr]   Downloaded candle-nn v0.9.2
[INFO] [stderr]   Downloaded gemm v0.19.0
[INFO] [stderr]   Downloaded dyn-stack-macros v0.1.3
[INFO] [stderr]   Downloaded gemm-f32 v0.19.0
[INFO] [stderr]   Downloaded gemm-f16 v0.19.0
[INFO] [stderr]   Downloaded gemm-c64 v0.19.0
[INFO] [stderr]   Downloaded gemm-c32 v0.19.0
[INFO] [stderr]   Downloaded safetensors v0.7.0
[INFO] [stderr]   Downloaded dyn-stack v0.13.2
[INFO] [stderr]   Downloaded atomicwrites v0.4.4
[INFO] [stderr]   Downloaded gemm-f64 v0.19.0
[INFO] [stderr]   Downloaded gemm-common v0.19.0
[INFO] [stderr]   Downloaded float8 v0.6.1
[INFO] [stderr]   Downloaded candle-core v0.9.2
[INFO] [stderr]   Downloaded candle-transformers v0.9.2
[INFO] running `Command { std: "docker" "create" "-v" "/var/lib/crater-agent-workspace/builds/worker-5-tc1/source:/opt/rustwide/workdir:ro,Z" "-v" "/var/lib/crater-agent-workspace/builds/worker-5-tc1/target:/opt/rustwide/target:rw,Z" "-v" "/var/lib/crater-agent-workspace/cargo-home:/opt/rustwide/cargo-home:ro,Z" "-v" "/var/lib/crater-agent-workspace/rustup-home:/opt/rustwide/rustup-home:ro,Z" "-m" "1610612736" "--network" "none" "ghcr.io/rust-lang/crates-build-env/linux@sha256:77db811e55d90add9212f6832c23229e3de5f1c1f9905e8cb07319ea15df73ac" "sleep" "infinity", kill_on_drop: false }`
[INFO] [stdout] 8dcbafa6fdce04a3f6233597bf0a19aae6e09d5a9a7971e56646197c3bf41aeb
[INFO] running `Command { std: "docker" "start" "8dcbafa6fdce04a3f6233597bf0a19aae6e09d5a9a7971e56646197c3bf41aeb", kill_on_drop: false }`
[INFO] running `Command { std: "docker" "inspect" "8dcbafa6fdce04a3f6233597bf0a19aae6e09d5a9a7971e56646197c3bf41aeb", kill_on_drop: false }`
[INFO] running `Command { std: "docker" "exec" "-e" "SOURCE_DIR=/opt/rustwide/workdir" "-e" "CARGO_HOME=/opt/rustwide/cargo-home" "-e" "RUSTUP_HOME=/opt/rustwide/rustup-home" "-e" "CARGO_TARGET_DIR=/opt/rustwide/target" "-w" "/opt/rustwide/workdir" "--user" "0:0" "8dcbafa6fdce04a3f6233597bf0a19aae6e09d5a9a7971e56646197c3bf41aeb" "/opt/rustwide/cargo-home/bin/cargo" "+3154cc1a3e6424e44f438a95007d043ed5ceaaf6" "metadata" "--no-deps" "--format-version=1", kill_on_drop: false }`
[INFO] running `Command { std: "docker" "inspect" "8dcbafa6fdce04a3f6233597bf0a19aae6e09d5a9a7971e56646197c3bf41aeb", kill_on_drop: false }`
[INFO] running `Command { std: "docker" "exec" "-e" "SOURCE_DIR=/opt/rustwide/workdir" "-e" "CARGO_HOME=/opt/rustwide/cargo-home" "-e" "RUSTUP_HOME=/opt/rustwide/rustup-home" "-e" "CARGO_TARGET_DIR=/opt/rustwide/target" "-e" "CARGO_INCREMENTAL=0" "-e" "RUST_BACKTRACE=full" "-e" "RUSTFLAGS=--cap-lints=forbid -Znext-solver=coherence" "-e" "RUSTDOCFLAGS=--cap-lints=forbid" "-w" "/opt/rustwide/workdir" "--user" "0:0" "8dcbafa6fdce04a3f6233597bf0a19aae6e09d5a9a7971e56646197c3bf41aeb" "/opt/rustwide/cargo-home/bin/cargo" "+3154cc1a3e6424e44f438a95007d043ed5ceaaf6" "check" "--frozen" "--all" "--all-targets" "--message-format=json", kill_on_drop: false }`
[INFO] [stderr] warning: unused workspace dependency `toml`
[INFO] [stderr]   --> Cargo.toml:22:1
[INFO] [stderr]    |
[INFO] [stderr] 22 | toml = "0.8"
[INFO] [stderr]    | ^^^^
[INFO] [stderr]    |
[INFO] [stderr]    = note: `cargo::unused_workspace_dependencies` is set to `warn` by default
[INFO] [stderr] help: consider removing the workspace dependency `toml`
[INFO] [stderr] warning: workspace (manifest) generated 1 warning
[INFO] [stderr]    Compiling zerocopy v0.8.55
[INFO] [stderr]    Compiling rustix v0.38.44
[INFO] [stderr]    Compiling syn v3.0.3
[INFO] [stderr]     Checking serde_json v1.0.151
[INFO] [stderr]     Checking deranged v0.5.8
[INFO] [stderr]     Checking smallvec v1.15.2
[INFO] [stderr]    Compiling cc v1.4.0
[INFO] [stderr]    Compiling zerocopy-derive v0.8.55
[INFO] [stderr]     Checking uuid v1.24.0
[INFO] [stderr]     Checking yoke v0.8.3
[INFO] [stderr]    Compiling pulp v0.22.3
[INFO] [stderr]     Checking raw-cpuid v11.6.0
[INFO] [stderr]     Checking pulp-wasm-simd-flag v0.1.1
[INFO] [stderr]     Checking rayon v1.12.0
[INFO] [stderr]    Compiling dyn-stack-macros v0.1.3
[INFO] [stderr]     Checking reborrow v0.5.5
[INFO] [stderr]    Compiling seq-macro v0.3.6
[INFO] [stderr]     Checking regex-automata v0.4.16
[INFO] [stderr]     Checking hashbrown v0.16.1
[INFO] [stderr]     Checking zip v7.2.0
[INFO] [stderr]     Checking memmap2 v0.9.11
[INFO] [stderr]     Checking num_cpus v1.17.0
[INFO] [stderr]    Compiling zstd-safe v7.2.4
[INFO] [stderr]     Checking monostate v0.1.18
[INFO] [stderr]     Checking unicode-normalization-alignments v0.1.12
[INFO] [stderr]     Checking mio v1.2.2
[INFO] [stderr]     Checking zerovec v0.11.6
[INFO] [stderr]     Checking futures-task v0.3.33
[INFO] [stderr]     Checking slab v0.4.12
[INFO] [stderr]     Checking http-body-util v0.1.4
[INFO] [stderr]     Checking clap_builder v4.6.5
[INFO] [stderr]     Checking futures-util v0.3.33
[INFO] [stderr]     Checking file-id v0.2.3
[INFO] [stderr]     Checking inotify v0.10.2
[INFO] [stderr]     Checking notify-types v1.0.1
[INFO] [stderr]     Checking symlink v0.1.0
[INFO] [stderr]     Checking fs2 v0.4.3
[INFO] [stderr]     Checking csv-core v0.1.13
[INFO] [stderr]     Checking notify v7.0.0
[INFO] [stderr]     Checking potential_utf v0.1.5
[INFO] [stderr]     Checking csv v1.4.0
[INFO] [stderr]    Compiling libsqlite3-sys v0.30.1
[INFO] [stderr]    Compiling zstd-sys v2.0.16+zstd.1.5.7
[INFO] [stderr]    Compiling onig_sys v69.9.3
[INFO] [stderr]    Compiling ring v0.17.14
[INFO] [stderr]     Checking time v0.3.55
[INFO] [stderr]     Checking atomicwrites v0.4.4
[INFO] [stderr]     Checking rayon-cond v0.4.0
[INFO] [stderr]     Checking onig v6.5.3
[INFO] [stderr]    Compiling rustls v0.23.43
[INFO] [stderr]     Checking regex v1.13.1
[INFO] [stderr]     Checking fancy-regex v0.17.0
[INFO] [stderr]     Checking matchers v0.2.0
[INFO] [stderr]    Compiling serde_derive v1.0.229
[INFO] [stderr]    Compiling bytemuck_derive v1.12.0
[INFO] [stderr]    Compiling thiserror-impl v2.0.19
[INFO] [stderr]    Compiling tokio-macros v2.7.2
[INFO] [stderr]    Compiling displaydoc v0.2.7
[INFO] [stderr]    Compiling async-trait v0.1.91
[INFO] [stderr]    Compiling clap_derive v4.6.4
[INFO] [stderr]     Checking tinystr v0.8.3
[INFO] [stderr]     Checking zerotrie v0.2.4
[INFO] [stderr]     Checking icu_locale_core v2.2.0
[INFO] [stderr]     Checking icu_collections v2.2.0
[INFO] [stderr]     Checking tokio v1.53.1
[INFO] [stderr]     Checking rustls-webpki v0.103.13
[INFO] [stderr]     Checking bytemuck v1.25.2
[INFO] [stderr]     Checking num-complex v0.4.6
[INFO] [stderr]     Checking dyn-stack v0.13.2
[INFO] [stderr]     Checking thiserror v2.0.19
[INFO] [stderr]     Checking icu_provider v2.2.0
[INFO] [stderr]     Checking ppv-lite86 v0.2.21
[INFO] [stderr]     Checking clap v4.6.5
[INFO] [stderr]     Checking icu_properties v2.2.0
[INFO] [stderr]     Checking icu_normalizer v2.2.0
[INFO] [stderr]     Checking rand_chacha v0.9.0
[INFO] [stderr]     Checking zstd v0.13.3
[INFO] [stderr]     Checking rand v0.9.5
[INFO] [stderr]     Checking serde v1.0.229
[INFO] [stderr]     Checking brain-domain v0.1.0 (/opt/rustwide/workdir/crates/brain-domain)
[INFO] [stderr]     Checking ahash v0.8.12
[INFO] [stderr]     Checking safetensors v0.7.0
[INFO] [stderr]     Checking compact_str v0.9.1
[INFO] [stderr]     Checking dary_heap v0.3.9
[INFO] [stderr]     Checking spm_precompiled v0.1.4
[INFO] [stderr]     Checking serde_plain v1.0.2
[INFO] [stderr]     Checking serde_urlencoded v0.7.1
[INFO] [stderr]     Checking tracing-serde v0.2.0
[INFO] [stderr]     Checking idna_adapter v1.2.2
[INFO] [stderr]     Checking idna v1.1.0
[INFO] [stderr]     Checking hashbrown v0.14.5
[INFO] [stderr]     Checking tracing-subscriber v0.3.23
[INFO] [stderr]     Checking rand_distr v0.5.1
[INFO] [stderr]     Checking url v2.5.8
[INFO] [stderr]     Checking tokenizers v0.21.4
[INFO] [stderr]     Checking half v2.7.1
[INFO] [stderr]     Checking hashlink v0.9.1
[INFO] [stderr]     Checking float8 v0.6.1
[INFO] [stderr]     Checking hyper v1.11.0
[INFO] [stderr]     Checking tower v0.5.3
[INFO] [stderr]     Checking brain-hook v0.1.0 (/opt/rustwide/workdir/crates/brain-hook)
[INFO] [stdout] error[E0433]: cannot find `windows` in `net`
[INFO] [stdout]    --> crates/brain-hook/src/protocol.rs:6:17
[INFO] [stdout]     |
[INFO] [stdout]   6 | use tokio::net::windows::named_pipe::ClientOptions;
[INFO] [stdout]     |                 ^^^^^^^ could not find `windows` in `net`
[INFO] [stdout]     |
[INFO] [stdout] note: found an item that was configured out
[INFO] [stdout]    --> /opt/rustwide/cargo-home/registry/src/index.crates.io-1949cf8c6b5b557f/tokio-1.53.1/src/net/mod.rs:63:13
[INFO] [stdout]     |
[INFO] [stdout]  63 |     pub mod windows;
[INFO] [stdout]     |             ^^^^^^^
[INFO] [stdout]     |
[INFO] [stdout]    ::: /opt/rustwide/cargo-home/registry/src/index.crates.io-1949cf8c6b5b557f/tokio-1.53.1/src/macros/cfg.rs:387:26
[INFO] [stdout]     |
[INFO] [stdout] 387 |             #[cfg(all(any(all(doc, docsrs), windows), feature = "net"))]
[INFO] [stdout]     |                          --------------------------- the item is gated here
[INFO] [stdout] 
[INFO] [stdout] 
[INFO] [stdout] error[E0433]: cannot find `windows` in `net`
[INFO] [stdout]    --> crates/brain-hook/src/protocol.rs:6:17
[INFO] [stdout]     |
[INFO] [stdout]   6 | use tokio::net::windows::named_pipe::ClientOptions;
[INFO] [stdout]     |                 ^^^^^^^ could not find `windows` in `net`
[INFO] [stdout]     |
[INFO] [stdout] note: found an item that was configured out
[INFO] [stdout]    --> /opt/rustwide/cargo-home/registry/src/index.crates.io-1949cf8c6b5b557f/tokio-1.53.1/src/net/mod.rs:63:13
[INFO] [stdout]     |
[INFO] [stdout]  63 |     pub mod windows;
[INFO] [stdout]     |             ^^^^^^^
[INFO] [stdout]     |
[INFO] [stdout]    ::: /opt/rustwide/cargo-home/registry/src/index.crates.io-1949cf8c6b5b557f/tokio-1.53.1/src/macros/cfg.rs:387:26
[INFO] [stdout]     |
[INFO] [stdout] 387 |             #[cfg(all(any(all(doc, docsrs), windows), feature = "net"))]
[INFO] [stdout]     |                          --------------------------- the item is gated here
[INFO] [stdout] 
[INFO] [stdout] 
[INFO] [stdout] error[E0433]: cannot find `windows` in `net`
[INFO] [stdout]    --> crates/brain-hook/src/protocol.rs:32:30
[INFO] [stdout]     |
[INFO] [stdout]  32 |     client: &mut tokio::net::windows::named_pipe::NamedPipeClient,
[INFO] [stdout]     |                              ^^^^^^^ could not find `windows` in `net`
[INFO] [stdout]     |
[INFO] [stdout] note: found an item that was configured out
[INFO] [stdout]    --> /opt/rustwide/cargo-home/registry/src/index.crates.io-1949cf8c6b5b557f/tokio-1.53.1/src/net/mod.rs:63:13
[INFO] [stdout]     |
[INFO] [stdout]  63 |     pub mod windows;
[INFO] [stdout]     |             ^^^^^^^
[INFO] [stdout]     |
[INFO] [stdout]    ::: /opt/rustwide/cargo-home/registry/src/index.crates.io-1949cf8c6b5b557f/tokio-1.53.1/src/macros/cfg.rs:387:26
[INFO] [stdout]     |
[INFO] [stdout] 387 |             #[cfg(all(any(all(doc, docsrs), windows), feature = "net"))]
[INFO] [stdout]     |                          --------------------------- the item is gated here
[INFO] [stdout] 
[INFO] [stdout] 
[INFO] [stdout] error[E0433]: cannot find `windows` in `net`
[INFO] [stdout]    --> crates/brain-hook/src/protocol.rs:32:30
[INFO] [stdout]     |
[INFO] [stdout]  32 |     client: &mut tokio::net::windows::named_pipe::NamedPipeClient,
[INFO] [stdout]     |                              ^^^^^^^ could not find `windows` in `net`
[INFO] [stdout]     |
[INFO] [stdout] note: found an item that was configured out
[INFO] [stdout]    --> /opt/rustwide/cargo-home/registry/src/index.crates.io-1949cf8c6b5b557f/tokio-1.53.1/src/net/mod.rs:63:13
[INFO] [stdout]     |
[INFO] [stdout]  63 |     pub mod windows;
[INFO] [stdout]     |             ^^^^^^^
[INFO] [stdout]     |
[INFO] [stdout]    ::: /opt/rustwide/cargo-home/registry/src/index.crates.io-1949cf8c6b5b557f/tokio-1.53.1/src/macros/cfg.rs:387:26
[INFO] [stdout]     |
[INFO] [stdout] 387 |             #[cfg(all(any(all(doc, docsrs), windows), feature = "net"))]
[INFO] [stdout]     |                          --------------------------- the item is gated here
[INFO] [stdout] 
[INFO] [stdout] 
[INFO] [stdout] For more information about this error, try `rustc --explain E0433`.
[INFO] [stdout] 
[INFO] [stderr] error: could not compile `brain-hook` (lib) due to 2 previous errors
[INFO] [stderr] warning: build failed, waiting for other jobs to finish...
[INFO] [stdout] For more information about this error, try `rustc --explain E0433`.
[INFO] [stdout] 
[INFO] [stderr] error: could not compile `brain-hook` (lib test) due to 2 previous errors
[INFO] running `Command { std: "docker" "inspect" "8dcbafa6fdce04a3f6233597bf0a19aae6e09d5a9a7971e56646197c3bf41aeb", kill_on_drop: false }`
[INFO] running `Command { std: "docker" "rm" "-f" "8dcbafa6fdce04a3f6233597bf0a19aae6e09d5a9a7971e56646197c3bf41aeb", kill_on_drop: false }`
[INFO] [stdout] 8dcbafa6fdce04a3f6233597bf0a19aae6e09d5a9a7971e56646197c3bf41aeb
