[INFO] cloning repository https://github.com/plops/stars
[INFO] running `Command { std: "git" "-c" "credential.helper=" "-c" "credential.helper=/workspace/cargo-home/bin/git-credential-null" "clone" "--bare" "https://github.com/plops/stars" "/workspace/cache/git-repos/https%3A%2F%2Fgithub.com%2Fplops%2Fstars", kill_on_drop: false }`
[INFO] [stderr] Cloning into bare repository '/workspace/cache/git-repos/https%3A%2F%2Fgithub.com%2Fplops%2Fstars'...
[INFO] running `Command { std: "git" "rev-parse" "HEAD", kill_on_drop: false }`
[INFO] [stdout] fea2d4f41bcb3a0cfc94c0ed7d85891876b27875
[INFO] checking plops/stars against 3154cc1a3e6424e44f438a95007d043ed5ceaaf6 for pr-133502-30
[INFO] running `Command { std: "git" "clone" "/workspace/cache/git-repos/https%3A%2F%2Fgithub.com%2Fplops%2Fstars" "/workspace/builds/worker-3-tc2/source", kill_on_drop: false }`
[INFO] [stderr] Cloning into '/workspace/builds/worker-3-tc2/source'...
[INFO] [stderr] done.
[INFO] started tweaking git repo https://github.com/plops/stars
[INFO] finished tweaking git repo https://github.com/plops/stars
[INFO] tweaked toml for git repo https://github.com/plops/stars written to /workspace/builds/worker-3-tc2/source/Cargo.toml
[INFO] validating manifest of git repo https://github.com/plops/stars on toolchain 3154cc1a3e6424e44f438a95007d043ed5ceaaf6
[INFO] running `Command { std: CARGO_HOME="/workspace/cargo-home" RUSTUP_HOME="/workspace/rustup-home" "/workspace/cargo-home/bin/cargo" "+3154cc1a3e6424e44f438a95007d043ed5ceaaf6" "metadata" "--manifest-path" "Cargo.toml" "--no-deps", kill_on_drop: false }`
[INFO] crate git repo https://github.com/plops/stars already has a lockfile, it will not be regenerated
[INFO] running `Command { std: CARGO_HOME="/workspace/cargo-home" RUSTUP_HOME="/workspace/rustup-home" "/workspace/cargo-home/bin/cargo" "+3154cc1a3e6424e44f438a95007d043ed5ceaaf6" "fetch" "--manifest-path" "Cargo.toml", kill_on_drop: false }`
[INFO] running `Command { std: "docker" "create" "-v" "/var/lib/crater-agent-workspace/builds/worker-3-tc2/source:/opt/rustwide/workdir:ro,Z" "-v" "/var/lib/crater-agent-workspace/builds/worker-3-tc2/target:/opt/rustwide/target:rw,Z" "-v" "/var/lib/crater-agent-workspace/cargo-home:/opt/rustwide/cargo-home:ro,Z" "-v" "/var/lib/crater-agent-workspace/rustup-home:/opt/rustwide/rustup-home:ro,Z" "-m" "1610612736" "--network" "none" "ghcr.io/rust-lang/crates-build-env/linux@sha256:77db811e55d90add9212f6832c23229e3de5f1c1f9905e8cb07319ea15df73ac" "sleep" "infinity", kill_on_drop: false }`
[INFO] [stdout] 05a11474ef593d836646d7745ab5ccf60843ffa00a0823c3fbfe8d2e6c187ba2
[INFO] running `Command { std: "docker" "start" "05a11474ef593d836646d7745ab5ccf60843ffa00a0823c3fbfe8d2e6c187ba2", kill_on_drop: false }`
[INFO] running `Command { std: "docker" "inspect" "05a11474ef593d836646d7745ab5ccf60843ffa00a0823c3fbfe8d2e6c187ba2", kill_on_drop: false }`
[INFO] running `Command { std: "docker" "exec" "-e" "SOURCE_DIR=/opt/rustwide/workdir" "-e" "CARGO_HOME=/opt/rustwide/cargo-home" "-e" "RUSTUP_HOME=/opt/rustwide/rustup-home" "-e" "CARGO_TARGET_DIR=/opt/rustwide/target" "-w" "/opt/rustwide/workdir" "--user" "0:0" "05a11474ef593d836646d7745ab5ccf60843ffa00a0823c3fbfe8d2e6c187ba2" "/opt/rustwide/cargo-home/bin/cargo" "+3154cc1a3e6424e44f438a95007d043ed5ceaaf6" "metadata" "--no-deps" "--format-version=1", kill_on_drop: false }`
[INFO] running `Command { std: "docker" "inspect" "05a11474ef593d836646d7745ab5ccf60843ffa00a0823c3fbfe8d2e6c187ba2", kill_on_drop: false }`
[INFO] running `Command { std: "docker" "exec" "-e" "SOURCE_DIR=/opt/rustwide/workdir" "-e" "CARGO_HOME=/opt/rustwide/cargo-home" "-e" "RUSTUP_HOME=/opt/rustwide/rustup-home" "-e" "CARGO_TARGET_DIR=/opt/rustwide/target" "-e" "CARGO_INCREMENTAL=0" "-e" "RUST_BACKTRACE=full" "-e" "RUSTFLAGS=--cap-lints=forbid" "-e" "RUSTDOCFLAGS=--cap-lints=forbid" "-w" "/opt/rustwide/workdir" "--user" "0:0" "05a11474ef593d836646d7745ab5ccf60843ffa00a0823c3fbfe8d2e6c187ba2" "/opt/rustwide/cargo-home/bin/cargo" "+3154cc1a3e6424e44f438a95007d043ed5ceaaf6" "check" "--frozen" "--all" "--all-targets" "--message-format=json", kill_on_drop: false }`
[INFO] [stderr]     Checking either v1.17.0
[INFO] [stderr]     Checking bytemuck v1.25.2
[INFO] [stderr]    Compiling crossbeam-epoch v0.9.20
[INFO] [stderr]    Compiling syn v2.0.119
[INFO] [stderr]    Compiling syn v3.0.3
[INFO] [stderr]     Checking mio v1.2.2
[INFO] [stderr]     Checking num-bigint v0.4.8
[INFO] [stderr]     Checking arrayvec v0.7.8
[INFO] [stderr]    Compiling winnow v1.0.4
[INFO] [stderr]     Checking as-slice v0.2.1
[INFO] [stderr]    Compiling smallvec v1.15.2
[INFO] [stderr]    Compiling av-scenechange v0.14.1
[INFO] [stderr]    Compiling toml_datetime v1.1.1+spec-1.1.0
[INFO] [stderr]    Compiling built v0.8.1
[INFO] [stderr]     Checking lru v0.18.2
[INFO] [stderr]    Compiling pulp v0.22.3
[INFO] [stderr]     Checking aligned v0.4.3
[INFO] [stderr]     Checking nom v8.0.0
[INFO] [stderr]     Checking no_std_io2 v0.9.4
[INFO] [stderr]    Compiling pastey v0.1.1
[INFO] [stderr]     Checking slab v0.4.12
[INFO] [stderr]     Checking itertools v0.14.0
[INFO] [stderr]    Compiling cfg-expr v0.20.8
[INFO] [stderr]    Compiling rustix v1.1.4
[INFO] [stderr]     Checking futures-task v0.3.33
[INFO] [stderr]     Checking y4m v0.8.0
[INFO] [stderr]     Checking num-complex v0.4.6
[INFO] [stderr]     Checking bitstream-io v4.10.0
[INFO] [stderr]     Checking signal-hook-mio v0.2.5
[INFO] [stderr]     Checking crossbeam-deque v0.8.7
[INFO] [stderr]     Checking futures-util v0.3.33
[INFO] [stderr]     Checking flate2 v1.1.9
[INFO] [stderr]    Compiling cmake v0.1.58
[INFO] [stderr]    Compiling simd_helpers v0.1.0
[INFO] [stderr]    Compiling toml_parser v1.1.3+spec-1.1.0
[INFO] [stderr]     Checking rayon-core v1.13.0
[INFO] [stderr]    Compiling rav1e v0.8.1
[INFO] [stderr]     Checking raw-cpuid v11.6.0
[INFO] [stderr]     Checking zune-core v0.5.1
[INFO] [stderr]     Checking pulp-wasm-simd-flag v0.1.1
[INFO] [stderr]     Checking imgref v1.12.2
[INFO] [stderr]    Compiling serde_json v1.0.151
[INFO] [stderr]     Checking zune-jpeg v0.5.15
[INFO] [stderr]    Compiling mime_guess v2.0.5
[INFO] [stderr]     Checking safe_arch v1.1.0
[INFO] [stderr]     Checking rayon v1.12.0
[INFO] [stderr]     Checking avif-serialize v0.8.9
[INFO] [stderr]     Checking loop9 v0.1.5
[INFO] [stderr]     Checking http-body-util v0.1.4
[INFO] [stderr]     Checking zune-inflate v0.2.54
[INFO] [stderr]    Compiling toml v1.1.4+spec-1.1.0
[INFO] [stderr]    Compiling generator v0.8.9
[INFO] [stderr]     Checking futures-channel v0.3.33
[INFO] [stderr]    Compiling matrixmultiply v0.3.11
[INFO] [stderr]    Compiling fixed v1.29.0
[INFO] [stderr]    Compiling rustix v0.38.44
[INFO] [stderr]     Checking safe_unaligned_simd v0.2.5
[INFO] [stderr]     Checking rgb v0.8.53
[INFO] [stderr]     Checking fax v0.2.7
[INFO] [stderr]     Checking moxcms v0.8.1
[INFO] [stderr]     Checking wide v1.5.0
[INFO] [stderr]     Checking num-rational v0.4.2
[INFO] [stderr]     Checking rand_core v0.6.4
[INFO] [stderr]     Checking png v0.18.1
[INFO] [stderr]    Compiling system-deps v7.0.8
[INFO] [stderr]     Checking qoi v0.4.1
[INFO] [stderr]     Checking approx v0.5.1
[INFO] [stderr]     Checking az v1.3.0
[INFO] [stderr]     Checking tracing-subscriber v0.3.23
[INFO] [stderr]     Checking unicode-truncate v2.0.1
[INFO] [stderr]     Checking csv-core v0.1.13
[INFO] [stderr]     Checking sorted-vec v0.8.11
[INFO] [stderr]     Checking http-range-header v0.4.2
[INFO] [stderr]     Checking enough v0.4.4
[INFO] [stderr]     Checking rust_h265 v0.1.0
[INFO] [stderr]     Checking four-cc v0.4.0
[INFO] [stderr]     Checking mutate_once v0.1.2
[INFO] [stderr]     Checking array-init v2.1.0
[INFO] [stderr]     Checking divrem v1.0.0
[INFO] [stderr]     Checking whereat v0.1.5
[INFO] [stderr]    Compiling libheif-sys v5.3.0+1.23.0
[INFO] [stderr]     Checking multer v3.1.0
[INFO] [stderr]     Checking kamadak-exif v0.6.1
[INFO] [stderr]     Checking csv v1.4.0
[INFO] [stderr]     Checking crossterm v0.28.1
[INFO] [stderr]     Checking maybe-rayon v0.1.1
[INFO] [stderr]    Compiling darling_core v0.24.0
[INFO] [stderr]    Compiling thiserror-impl v2.0.19
[INFO] [stderr]    Compiling tokio-macros v2.7.2
[INFO] [stderr]    Compiling serde_derive v1.0.229
[INFO] [stderr]    Compiling clap_derive v4.6.4
[INFO] [stderr]     Checking simba v0.10.0
[INFO] [stderr]    Compiling zerocopy-derive v0.8.56
[INFO] [stderr]    Compiling equator-macro v0.4.2
[INFO] [stderr]    Compiling tracing-attributes v0.1.31
[INFO] [stderr]    Compiling strum_macros v0.28.0
[INFO] [stderr]    Compiling arg_enum_proc_macro v0.3.4
[INFO] [stderr]    Compiling profiling-procmacros v1.0.18
[INFO] [stderr]    Compiling derive_more-impl v2.1.1
[INFO] [stderr]     Checking profiling v1.0.18
[INFO] [stderr]    Compiling num-derive v0.4.2
[INFO] [stderr]    Compiling archmage-macros v0.9.28
[INFO] [stderr]     Checking tokio v1.53.1
[INFO] [stderr]    Compiling enumn v0.1.14
[INFO] [stderr]    Compiling nalgebra-macros v0.3.0
[INFO] [stderr]     Checking equator v0.4.2
[INFO] [stderr]     Checking derive_more v2.1.1
[INFO] [stderr]     Checking crossterm v0.29.0
[INFO] [stderr]     Checking aligned-vec v0.6.4
[INFO] [stderr]     Checking thiserror v2.0.19
[INFO] [stderr]     Checking v_frame v0.3.9
[INFO] [stderr]     Checking kasuari v0.4.12
[INFO] [stderr]     Checking heif-oxide v0.1.0
[INFO] [stderr]     Checking av1-grain v0.2.5
[INFO] [stderr]     Checking tracing v0.1.44
[INFO] [stderr]     Checking archmage v0.9.28
[INFO] [stderr]     Checking zerocopy v0.8.56
[INFO] [stderr]     Checking axum-core v0.5.6
[INFO] [stderr]     Checking magetypes v0.9.28
[INFO] [stderr]     Checking clap v4.6.6
[INFO] [stderr] error: could not compile `simba` (lib)
[INFO] [stderr] 
[INFO] [stderr] Caused by:
[INFO] [stderr]   process didn't exit successfully: `/opt/rustwide/rustup-home/toolchains/3154cc1a3e6424e44f438a95007d043ed5ceaaf6/bin/rustc --crate-name simba --edition=2018 /opt/rustwide/cargo-home/registry/src/index.crates.io-1949cf8c6b5b557f/simba-0.10.0/src/lib.rs --error-format=json --json=diagnostic-rendered-ansi,artifacts,future-incompat,unused-externs-silent --crate-type lib --emit=dep-info,metadata -C embed-bitcode=no -C debuginfo=2 --cfg 'feature="std"' --cfg 'feature="wide"' --check-cfg 'cfg(docsrs,test)' --check-cfg 'cfg(feature, values("cordic", "decimal", "default", "fixed", "libm", "libm_force", "partial_fixed_point_support", "portable_simd", "rand", "rkyv", "rkyv-serialize", "serde", "serde_serialize", "std", "wide"))' -C metadata=ce20680955609451 -C extra-filename=-845115c64e111573 --out-dir /opt/rustwide/target/debug/build/simba/845115c64e111573/out -L dependency=/opt/rustwide/target/debug/build/bytemuck/a8e8022f299eee0a/out -L dependency=/opt/rustwide/target/debug/build/num-traits/89b73ffee7dd0236/out -L dependency=/opt/rustwide/target/debug/build/safe_arch/422bbb6e4483eb78/out --extern approx=/opt/rustwide/target/debug/build/approx/19b13e81dce628ce/out/libapprox-19b13e81dce628ce.rmeta --extern num_complex=/opt/rustwide/target/debug/build/num-complex/d4a71d3ef27d768a/out/libnum_complex-d4a71d3ef27d768a.rmeta --extern num_traits=/opt/rustwide/target/debug/build/num-traits/89b73ffee7dd0236/out/libnum_traits-89b73ffee7dd0236.rmeta --extern wide=/opt/rustwide/target/debug/build/wide/ba0c2f6608432149/out/libwide-ba0c2f6608432149.rmeta --cap-lints allow --cap-lints=forbid --force-warn=unused_crate_dependencies` (signal: 9, SIGKILL: kill)
[INFO] [stderr] warning: build failed, waiting for other jobs to finish...
[INFO] [stderr] error: could not compile `darling_core` (lib)
[INFO] [stderr] 
[INFO] [stderr] Caused by:
[INFO] [stderr]   process didn't exit successfully: `/opt/rustwide/rustup-home/toolchains/3154cc1a3e6424e44f438a95007d043ed5ceaaf6/bin/rustc --crate-name darling_core --edition=2021 /opt/rustwide/cargo-home/registry/src/index.crates.io-1949cf8c6b5b557f/darling_core-0.24.0/src/lib.rs --error-format=json --json=diagnostic-rendered-ansi,artifacts,future-incompat,unused-externs-silent --crate-type lib --emit=dep-info,metadata,link -Z embed-metadata=no -C embed-bitcode=no --cfg 'feature="strsim"' --cfg 'feature="suggestions"' --check-cfg 'cfg(docsrs,test)' --check-cfg 'cfg(feature, values("diagnostics", "serde", "strsim", "suggestions"))' -C metadata=1cb66ad2193aeb61 -C extra-filename=-1dec45790f1a33e4 --out-dir /opt/rustwide/target/debug/build/darling_core/1dec45790f1a33e4/out -L dependency=/opt/rustwide/target/debug/build/proc-macro2/ee684499ef27f3b8/out -L dependency=/opt/rustwide/target/debug/build/quote/97307b84563a2c10/out -L dependency=/opt/rustwide/target/debug/build/unicode-ident/8c98a1a0e58216a9/out --extern ident_case=/opt/rustwide/target/debug/build/ident_case/ecc112105bc5215b/out/libident_case-ecc112105bc5215b.rmeta --extern proc_macro2=/opt/rustwide/target/debug/build/proc-macro2/ee684499ef27f3b8/out/libproc_macro2-ee684499ef27f3b8.rmeta --extern quote=/opt/rustwide/target/debug/build/quote/97307b84563a2c10/out/libquote-97307b84563a2c10.rmeta --extern strsim=/opt/rustwide/target/debug/build/strsim/9754e702f19a9357/out/libstrsim-9754e702f19a9357.rmeta --extern syn=/opt/rustwide/target/debug/build/syn/48e3f852bab2cce4/out/libsyn-48e3f852bab2cce4.rmeta --cap-lints allow --cap-lints=forbid --force-warn=unused_crate_dependencies` (signal: 9, SIGKILL: kill)
[INFO] [stderr] error: could not compile `tokio` (lib)
[INFO] [stderr] 
[INFO] [stderr] Caused by:
[INFO] [stderr]   process didn't exit successfully: `/opt/rustwide/rustup-home/toolchains/3154cc1a3e6424e44f438a95007d043ed5ceaaf6/bin/rustc --crate-name tokio --edition=2021 /opt/rustwide/cargo-home/registry/src/index.crates.io-1949cf8c6b5b557f/tokio-1.53.1/src/lib.rs --error-format=json --json=diagnostic-rendered-ansi,artifacts,future-incompat,unused-externs-silent --crate-type lib --emit=dep-info,metadata -C embed-bitcode=no -C debuginfo=2 --cfg 'feature="bytes"' --cfg 'feature="default"' --cfg 'feature="fs"' --cfg 'feature="full"' --cfg 'feature="io-std"' --cfg 'feature="io-util"' --cfg 'feature="libc"' --cfg 'feature="macros"' --cfg 'feature="mio"' --cfg 'feature="net"' --cfg 'feature="parking_lot"' --cfg 'feature="process"' --cfg 'feature="rt"' --cfg 'feature="rt-multi-thread"' --cfg 'feature="signal"' --cfg 'feature="signal-hook-registry"' --cfg 'feature="socket2"' --cfg 'feature="sync"' --cfg 'feature="test-util"' --cfg 'feature="time"' --cfg 'feature="tokio-macros"' --check-cfg 'cfg(docsrs,test)' --check-cfg 'cfg(feature, values("bytes", "default", "fs", "full", "io-std", "io-uring", "io-util", "libc", "macros", "mio", "net", "parking_lot", "process", "rt", "rt-multi-thread", "schedule-latency", "signal", "signal-hook-registry", "socket2", "sync", "taskdump", "test-util", "time", "tokio-macros", "tracing", "windows-sys"))' -C metadata=f557c9ea9f2322bf -C extra-filename=-c571c9a5e998ddc5 --out-dir /opt/rustwide/target/debug/build/tokio/c571c9a5e998ddc5/out -L dependency=/opt/rustwide/target/debug/build/cfg-if/190c9021fd162845/out -L dependency=/opt/rustwide/target/debug/build/errno/0f735279c0a5cb88/out -L dependency=/opt/rustwide/target/debug/build/libc/5b122225efee376b/out -L dependency=/opt/rustwide/target/debug/build/lock_api/b47e4fe57039b3cf/out -L dependency=/opt/rustwide/target/debug/build/log/55ad662771f624ae/out -L dependency=/opt/rustwide/target/debug/build/parking_lot_core/e1a619b48c889fab/out -L dependency=/opt/rustwide/target/debug/build/scopeguard/e7d227cb308b3799/out -L dependency=/opt/rustwide/target/debug/build/smallvec/3fa8e7f1993d4002/out --extern bytes=/opt/rustwide/target/debug/build/bytes/4fbd75942b1503ad/out/libbytes-4fbd75942b1503ad.rmeta --extern libc=/opt/rustwide/target/debug/build/libc/5b122225efee376b/out/liblibc-5b122225efee376b.rmeta --extern mio=/opt/rustwide/target/debug/build/mio/034d5a5500a67857/out/libmio-034d5a5500a67857.rmeta --extern parking_lot=/opt/rustwide/target/debug/build/parking_lot/fbaaae226cca1d88/out/libparking_lot-fbaaae226cca1d88.rmeta --extern pin_project_lite=/opt/rustwide/target/debug/build/pin-project-lite/7176d3be2b7ee2e1/out/libpin_project_lite-7176d3be2b7ee2e1.rmeta --extern signal_hook_registry=/opt/rustwide/target/debug/build/signal-hook-registry/e631dbe7df418f4f/out/libsignal_hook_registry-e631dbe7df418f4f.rmeta --extern socket2=/opt/rustwide/target/debug/build/socket2/081bf329e7bc52a9/out/libsocket2-081bf329e7bc52a9.rmeta --extern tokio_macros=/opt/rustwide/target/debug/build/tokio-macros/d0b2bb67ff31b835/out/libtokio_macros-d0b2bb67ff31b835.so --cap-lints allow --cap-lints=forbid --force-warn=unused_crate_dependencies` (signal: 9, SIGKILL: kill)
[INFO] [stderr] error: could not compile `zerocopy` (lib)
[INFO] [stderr] 
[INFO] [stderr] Caused by:
[INFO] [stderr]   process didn't exit successfully: `/opt/rustwide/rustup-home/toolchains/3154cc1a3e6424e44f438a95007d043ed5ceaaf6/bin/rustc --crate-name zerocopy --edition=2021 /opt/rustwide/cargo-home/registry/src/index.crates.io-1949cf8c6b5b557f/zerocopy-0.8.56/src/lib.rs --error-format=json --json=diagnostic-rendered-ansi,artifacts,future-incompat,unused-externs-silent --crate-type lib --emit=dep-info,metadata -C embed-bitcode=no -C debuginfo=2 --cfg 'feature="derive"' --cfg 'feature="simd"' --cfg 'feature="zerocopy-derive"' --check-cfg 'cfg(docsrs,test)' --check-cfg 'cfg(feature, values("__internal_use_only_features_that_work_on_stable", "alloc", "derive", "float-nightly", "simd", "simd-nightly", "std", "zerocopy-derive"))' -C metadata=2faa469a085277b2 -C extra-filename=-7b092e83b3fc7bf3 --out-dir /opt/rustwide/target/debug/build/zerocopy/7b092e83b3fc7bf3/out --extern zerocopy_derive=/opt/rustwide/target/debug/build/zerocopy-derive/5eb200edeebfbfae/out/libzerocopy_derive-5eb200edeebfbfae.so --cap-lints allow --cap-lints=forbid --force-warn=unused_crate_dependencies --check-cfg 'cfg(no_zerocopy_simd_x86_avx12_1_89_0)' --check-cfg 'cfg(rust, values("1.89.0"))' --check-cfg 'cfg(no_zerocopy_core_error_1_81_0)' --check-cfg 'cfg(rust, values("1.81.0"))' --check-cfg 'cfg(no_zerocopy_diagnostic_on_unimplemented_1_78_0)' --check-cfg 'cfg(rust, values("1.78.0"))' --check-cfg 'cfg(no_zerocopy_generic_bounds_in_const_fn_1_61_0)' --check-cfg 'cfg(rust, values("1.61.0"))' --check-cfg 'cfg(no_zerocopy_target_has_atomics_1_60_0)' --check-cfg 'cfg(rust, values("1.60.0"))' --check-cfg 'cfg(no_zerocopy_aarch64_simd_1_59_0)' --check-cfg 'cfg(rust, values("1.59.0"))' --check-cfg 'cfg(no_zerocopy_aarch64_simd_be_1_87_0)' --check-cfg 'cfg(rust, values("1.87.0"))' --check-cfg 'cfg(no_zerocopy_panic_in_const_and_vec_try_reserve_1_57_0)' --check-cfg 'cfg(rust, values("1.57.0"))' --check-cfg 'cfg(doc_cfg)' --check-cfg 'cfg(kani)' --check-cfg 'cfg(__ZEROCOPY_INTERNAL_USE_ONLY_NIGHTLY_FEATURES_IN_TESTS)' --check-cfg 'cfg(__ZEROCOPY_INTERNAL_USE_ONLY_DEV_MODE)' --check-cfg 'cfg(coverage_nightly)' --check-cfg 'cfg(zerocopy_inline_always)' --check-cfg 'cfg(zerocopy_unstable_ptr)' --check-cfg 'cfg(zerocopy_unstable_linux)' --check-cfg 'cfg(no_fp_fmt_parse)'` (signal: 9, SIGKILL: kill)
[INFO] [stderr] error: failed to run custom build command for `libheif-sys v5.3.0+1.23.0`
[INFO] [stderr] note: To improve backtraces for build dependencies, set the CARGO_PROFILE_DEV_BUILD_OVERRIDE_DEBUG=true environment variable to enable debug information generation.
[INFO] [stderr] 
[INFO] [stderr] Caused by:
[INFO] [stderr]   process didn't exit successfully: `/opt/rustwide/target/debug/build/libheif-sys/7ee44112014953b4/out/build_script_build` (exit status: 101)
[INFO] [stderr]   --- stdout
[INFO] [stderr]   cargo:rerun-if-changed=build.rs
[INFO] [stderr]   cargo:rerun-if-changed=wrapper.h
[INFO] [stderr]   cargo:rerun-if-changed=/opt/rustwide/cargo-home/registry/src/index.crates.io-1949cf8c6b5b557f/libheif-sys-5.3.0+1.23.0/Cargo.toml
[INFO] [stderr]   CMAKE_TOOLCHAIN_FILE_x86_64-unknown-linux-gnu = None
[INFO] [stderr]   CMAKE_TOOLCHAIN_FILE_x86_64_unknown_linux_gnu = None
[INFO] [stderr]   HOST_CMAKE_TOOLCHAIN_FILE = None
[INFO] [stderr]   CMAKE_TOOLCHAIN_FILE = None
[INFO] [stderr]   CMAKE_GENERATOR_x86_64-unknown-linux-gnu = None
[INFO] [stderr]   CMAKE_GENERATOR_x86_64_unknown_linux_gnu = None
[INFO] [stderr]   HOST_CMAKE_GENERATOR = None
[INFO] [stderr]   CMAKE_GENERATOR = None
[INFO] [stderr]   CMAKE_PREFIX_PATH_x86_64-unknown-linux-gnu = None
[INFO] [stderr]   CMAKE_PREFIX_PATH_x86_64_unknown_linux_gnu = None
[INFO] [stderr]   HOST_CMAKE_PREFIX_PATH = None
[INFO] [stderr]   CMAKE_PREFIX_PATH = None
[INFO] [stderr]   CMAKE_x86_64-unknown-linux-gnu = None
[INFO] [stderr]   CMAKE_x86_64_unknown_linux_gnu = None
[INFO] [stderr]   HOST_CMAKE = None
[INFO] [stderr]   CMAKE = None
[INFO] [stderr]   -- The C compiler identification is GNU 15.2.0
[INFO] [stderr]   -- The CXX compiler identification is GNU 15.2.0
[INFO] [stderr]   -- Detecting C compiler ABI info
[INFO] [stderr]   -- Detecting C compiler ABI info - done
[INFO] [stderr]   -- Check for working C compiler: /usr/bin/cc - skipped
[INFO] [stderr]   -- Detecting C compile features
[INFO] [stderr]   -- Detecting C compile features - done
[INFO] [stderr]   -- Detecting CXX compiler ABI info
[INFO] [stderr]   -- Detecting CXX compiler ABI info - done
[INFO] [stderr]   -- Check for working CXX compiler: /usr/bin/c++ - skipped
[INFO] [stderr]   -- Detecting CXX compile features
[INFO] [stderr]   -- Detecting CXX compile features - done
[INFO] [stderr]   -- Looking for C++ include bit
[INFO] [stderr]   -- Looking for C++ include bit - found
[INFO] [stderr]   -- Looking for C++ include unistd.h
[INFO] [stderr]   -- Looking for C++ include unistd.h - found
[INFO] [stderr]   -- Performing Test has_potentially_evaluated_expression
[INFO] [stderr]   -- Performing Test has_potentially_evaluated_expression - Failed
[INFO] [stderr]   -- Could NOT find LIBDE265 (missing: LIBDE265_INCLUDE_DIRS LIBDE265_LIBRARIES) 
[INFO] [stderr]   -- Found X265 
[INFO] [stderr]   -- Found X265: /usr/include (found version "215")
[INFO] [stderr]   -- Performing Test HAVE_KVAZAAR_ENABLE_LOGGING
[INFO] [stderr]   -- Performing Test HAVE_KVAZAAR_ENABLE_LOGGING - Failed
[INFO] [stderr]   -- Looking for kvz_get_version_string
[INFO] [stderr]   -- Looking for kvz_get_version_string - not found
[INFO] [stderr]   -- Could NOT find kvazaar (missing: KVAZAAR_INCLUDE_DIR KVAZAAR_LIBRARIES) 
[INFO] [stderr]   -- Could NOT find UVG266 (missing: UVG266_INCLUDE_DIR UVG266_LIBRARIES) 
[INFO] [stderr]   -- Performing Test CMAKE_HAVE_LIBC_PTHREAD
[INFO] [stderr]   -- Performing Test CMAKE_HAVE_LIBC_PTHREAD - Success
[INFO] [stderr]   -- Found Threads: TRUE
[INFO] [stderr]   -- Found X264 
[INFO] [stderr]   -- Found X264: /usr/include (found version "")
[INFO] [stderr]   -- Could NOT find OpenH264 (missing: OpenH264_INCLUDE_DIR OpenH264_LIBRARIES) 
[INFO] [stderr]   -- Could NOT find DAV1D (missing: DAV1D_INCLUDE_DIR DAV1D_LIBRARIES) 
[INFO] [stderr]   -- Could NOT find AOM (missing: AOM_INCLUDE_DIR AOM_LIBRARY) 
[INFO] [stderr]   -- Could NOT find SvtEnc (missing: SvtEnc_INCLUDE_DIR SvtEnc_LIBRARIES) 
[INFO] [stderr]   -- Could NOT find RAV1E (missing: RAV1E_INCLUDE_DIR RAV1E_LIBRARIES) 
[INFO] [stderr]   -- Found JPEG: /usr/lib/x86_64-linux-gnu/libjpeg.so (found version "80")
[INFO] [stderr]   -- The imported target "openjpip" references the file
[INFO] [stderr]      "/usr/lib/x86_64-linux-gnu/libopenjpip.so.2.5.4"
[INFO] [stderr]   but this file does not exist.  Possible reasons include:
[INFO] [stderr]   * The file was deleted, renamed, or moved to another location.
[INFO] [stderr]   * An install or uninstall procedure did not complete successfully.
[INFO] [stderr]   * The installation package was faulty and contained
[INFO] [stderr]      "/usr/lib/x86_64-linux-gnu/cmake/openjpeg-2.5/OpenJPEGTargets.cmake"
[INFO] [stderr]   but not all the files it references.
[INFO] [stderr] 
[INFO] [stderr]   -- The imported target "opj_decompress" references the file
[INFO] [stderr]      "/usr/bin/opj_decompress"
[INFO] [stderr]   but this file does not exist.  Possible reasons include:
[INFO] [stderr]   * The file was deleted, renamed, or moved to another location.
[INFO] [stderr]   * An install or uninstall procedure did not complete successfully.
[INFO] [stderr]   * The installation package was faulty and contained
[INFO] [stderr]      "/usr/lib/x86_64-linux-gnu/cmake/openjpeg-2.5/OpenJPEGTargets.cmake"
[INFO] [stderr]   but not all the files it references.
[INFO] [stderr] 
[INFO] [stderr]   -- The imported target "opj_compress" references the file
[INFO] [stderr]      "/usr/bin/opj_compress"
[INFO] [stderr]   but this file does not exist.  Possible reasons include:
[INFO] [stderr]   * The file was deleted, renamed, or moved to another location.
[INFO] [stderr]   * An install or uninstall procedure did not complete successfully.
[INFO] [stderr]   * The installation package was faulty and contained
[INFO] [stderr]      "/usr/lib/x86_64-linux-gnu/cmake/openjpeg-2.5/OpenJPEGTargets.cmake"
[INFO] [stderr]   but not all the files it references.
[INFO] [stderr] 
[INFO] [stderr]   -- The imported target "opj_dump" references the file
[INFO] [stderr]      "/usr/bin/opj_dump"
[INFO] [stderr]   but this file does not exist.  Possible reasons include:
[INFO] [stderr]   * The file was deleted, renamed, or moved to another location.
[INFO] [stderr]   * An install or uninstall procedure did not complete successfully.
[INFO] [stderr]   * The installation package was faulty and contained
[INFO] [stderr]      "/usr/lib/x86_64-linux-gnu/cmake/openjpeg-2.5/OpenJPEGTargets.cmake"
[INFO] [stderr]   but not all the files it references.
[INFO] [stderr] 
[INFO] [stderr]   -- The imported target "opj_jpip_addxml" references the file
[INFO] [stderr]      "/usr/bin/opj_jpip_addxml"
[INFO] [stderr]   but this file does not exist.  Possible reasons include:
[INFO] [stderr]   * The file was deleted, renamed, or moved to another location.
[INFO] [stderr]   * An install or uninstall procedure did not complete successfully.
[INFO] [stderr]   * The installation package was faulty and contained
[INFO] [stderr]      "/usr/lib/x86_64-linux-gnu/cmake/openjpeg-2.5/OpenJPEGTargets.cmake"
[INFO] [stderr]   but not all the files it references.
[INFO] [stderr] 
[INFO] [stderr]   -- The imported target "opj_dec_server" references the file
[INFO] [stderr]      "/usr/bin/opj_dec_server"
[INFO] [stderr]   but this file does not exist.  Possible reasons include:
[INFO] [stderr]   * The file was deleted, renamed, or moved to another location.
[INFO] [stderr]   * An install or uninstall procedure did not complete successfully.
[INFO] [stderr]   * The installation package was faulty and contained
[INFO] [stderr]      "/usr/lib/x86_64-linux-gnu/cmake/openjpeg-2.5/OpenJPEGTargets.cmake"
[INFO] [stderr]   but not all the files it references.
[INFO] [stderr] 
[INFO] [stderr]   -- The imported target "opj_jpip_transcode" references the file
[INFO] [stderr]      "/usr/bin/opj_jpip_transcode"
[INFO] [stderr]   but this file does not exist.  Possible reasons include:
[INFO] [stderr]   * The file was deleted, renamed, or moved to another location.
[INFO] [stderr]   * An install or uninstall procedure did not complete successfully.
[INFO] [stderr]   * The installation package was faulty and contained
[INFO] [stderr]      "/usr/lib/x86_64-linux-gnu/cmake/openjpeg-2.5/OpenJPEGTargets.cmake"
[INFO] [stderr]   but not all the files it references.
[INFO] [stderr] 
[INFO] [stderr]   -- The imported target "opj_jpip_test" references the file
[INFO] [stderr]      "/usr/bin/opj_jpip_test"
[INFO] [stderr]   but this file does not exist.  Possible reasons include:
[INFO] [stderr]   * The file was deleted, renamed, or moved to another location.
[INFO] [stderr]   * An install or uninstall procedure did not complete successfully.
[INFO] [stderr]   * The installation package was faulty and contained
[INFO] [stderr]      "/usr/lib/x86_64-linux-gnu/cmake/openjpeg-2.5/OpenJPEGTargets.cmake"
[INFO] [stderr]   but not all the files it references.
[INFO] [stderr] 
[INFO] [stderr]   -- Could NOT find OPENJPH (missing: OPENJPH_INCLUDE_DIR OPENJPH_LIBRARY) 
[INFO] [stderr]   -- Found LIBSHARPYUV 
[INFO] [stderr]   -- Found libsharpyuv: /usr/include/webp
[INFO] [stderr]   -- Looking for _LIBCPP_VERSION
[INFO] [stderr]   -- Looking for _LIBCPP_VERSION - not found
[INFO] [stderr]   -- Configuring done (15.9s)
[INFO] [stderr]   -- Generating done (0.2s)
[INFO] [stderr]   -- Build files have been written to: /opt/rustwide/target/debug/build/libheif-sys/70f5b3f9788effd2/out/libheif_build/build
[INFO] [stderr]   [  0%] Building CXX object libheif/CMakeFiles/heif.dir/bitstream.cc.o
[INFO] [stderr]   [  1%] Building CXX object libheif/CMakeFiles/heif.dir/box.cc.o
[INFO] [stderr]   [  2%] Building CXX object libheif/CMakeFiles/heif.dir/error.cc.o
[INFO] [stderr]   [  3%] Building CXX object libheif/CMakeFiles/heif.dir/context.cc.o
[INFO] [stderr]   [  4%] Building CXX object libheif/CMakeFiles/heif.dir/file.cc.o
[INFO] [stderr]   [  6%] Building CXX object libheif/CMakeFiles/heif.dir/file_layout.cc.o
[INFO] [stderr]   [  6%] Building CXX object libheif/CMakeFiles/heif.dir/image/pixelimage.cc.o
[INFO] [stderr]   [  7%] Building CXX object libheif/CMakeFiles/heif.dir/image/image_description.cc.o
[INFO] [stderr]   [  8%] Building CXX object libheif/CMakeFiles/heif.dir/plugin_registry.cc.o
[INFO] [stderr]   [  9%] Building CXX object libheif/CMakeFiles/heif.dir/nclx.cc.o
[INFO] [stderr]   [ 10%] Building CXX object libheif/CMakeFiles/heif.dir/init.cc.o
[INFO] [stderr]   [ 11%] Building CXX object libheif/CMakeFiles/heif.dir/security_limits.cc.o
[INFO] [stderr]   [ 13%] Building CXX object libheif/CMakeFiles/heif.dir/logging.cc.o
[INFO] [stderr]   [ 13%] Building CXX object libheif/CMakeFiles/heif.dir/compression.cc.o
[INFO] [stderr] 
[INFO] [stderr]   --- stderr
[INFO] [stderr]   running: cd "/opt/rustwide/target/debug/build/libheif-sys/70f5b3f9788effd2/out/libheif_build/build" && CMAKE_PREFIX_PATH="" LC_ALL="C" "cmake" "/opt/rustwide/target/debug/build/libheif-sys/70f5b3f9788effd2/out/libheif" "-B" "/opt/rustwide/target/debug/build/libheif-sys/70f5b3f9788effd2/out/libheif_build/build" "-DCMAKE_INSTALL_LIBDIR=lib" "-DBUILD_SHARED_LIBS=OFF" "-DBUILD_TESTING=OFF" "-DWITH_GDK_PIXBUF=OFF" "-DWITH_EXAMPLES=OFF" "-DWITH_EXAMPLE_HEIF_THUMB=OFF" "-DWITH_EXAMPLE_HEIF_VIEW=OFF" "-DENABLE_EXPERIMENTAL_FEATURES=OFF" "-DENABLE_PLUGIN_LOADING=OFF" "-DBUILD_DOCUMENTATION=OFF" "-DWITH_REDUCED_VISIBILITY=ON" "-DWITH_LIBSHARPYUV=ON" "-DWITH_AOM_DECODER=ON" "-DWITH_AOM_DECODER_PLUGIN=OFF" "-DWITH_AOM_ENCODER=ON" "-DWITH_AOM_ENCODER_PLUGIN=OFF" "-DWITH_DAV1D=ON" "-DWITH_DAV1D_PLUGIN=OFF" "-DWITH_LIBDE265=ON" "-DWITH_LIBDE265_PLUGIN=OFF" "-DWITH_RAV1E=ON" "-DWITH_RAV1E_PLUGIN=OFF" "-DWITH_SvtEnc=ON" "-DWITH_SvtEnc_PLUGIN=OFF" "-DWITH_X264=ON" "-DWITH_X264_PLUGIN=OFF" "-DWITH_X265=ON" "-DWITH_X265_PLUGIN=OFF" "-DWITH_JPEG_DECODER=ON" "-DWITH_JPEG_DECODER_PLUGIN=OFF" "-DWITH_JPEG_ENCODER=ON" "-DWITH_JPEG_ENCODER_PLUGIN=OFF" "-DWITH_KVAZAAR=ON" "-DWITH_KVAZAAR_PLUGIN=OFF" "-DWITH_OPENJPH_ENCODER=ON" "-DWITH_OPENJPH_ENCODER_PLUGIN=OFF" "-DWITH_OpenJPEG_DECODER=ON" "-DWITH_OpenJPEG_DECODER_PLUGIN=OFF" "-DWITH_OpenJPEG_ENCODER=ON" "-DWITH_OpenJPEG_ENCODER_PLUGIN=OFF" "-DWITH_OPEN_JPH_ENCODER=ON" "-DWITH_OPEN_JPH_ENCODER_PLUGIN=OFF" "-DWITH_FFMPEG_DECODER=OFF" "-DWITH_FFMPEG_DECODER_PLUGIN=OFF" "-DWITH_OpenH264_DECODER=ON" "-DWITH_OpenH264_DECODER_PLUGIN=OFF" "-DWITH_UVG266=ON" "-DWITH_UVG266_PLUGIN=OFF" "-DWITH_VVDEC=ON" "-DWITH_VVDEC_PLUGIN=OFF" "-DWITH_VVENC=ON" "-DWITH_VVENC_PLUGIN=OFF" "-DCMAKE_INSTALL_PREFIX=/opt/rustwide/target/debug/build/libheif-sys/70f5b3f9788effd2/out/libheif_build" "-DCMAKE_C_FLAGS= -ffunction-sections -fdata-sections -fPIC -m64 -w" "-DCMAKE_C_COMPILER=/usr/bin/cc" "-DCMAKE_CXX_FLAGS= -ffunction-sections -fdata-sections -fPIC -m64 -w" "-DCMAKE_CXX_COMPILER=/usr/bin/c++" "-DCMAKE_ASM_FLAGS= -ffunction-sections -fdata-sections -fPIC -m64 -w" "-DCMAKE_ASM_COMPILER=/usr/bin/cc" "-DCMAKE_BUILD_TYPE=Debug"
[INFO] [stderr]   CMake Warning at cmake/modules/LibFindMacros.cmake:267 (message):
[INFO] [stderr]     WARNING: MISSING PACKAGE
[INFO] [stderr] 
[INFO] [stderr]     We could not find development headers for LIBDE265.  Do you have the
[INFO] [stderr]     necessary dev package installed? This package is NOT REQUIRED and you may
[INFO] [stderr]     ignore this warning but by doing so you may miss some functionality of
[INFO] [stderr]     libheif.
[INFO] [stderr] 
[INFO] [stderr]     Relevant CMake configuration variables:
[INFO] [stderr] 
[INFO] [stderr]       LIBDE265_INCLUDE_DIR-NOTFOUND=
[INFO] [stderr]       LIBDE265_INCLUDE_DIR=<not found>
[INFO] [stderr]       LIBDE265_LIBRARY-NOTFOUND=
[INFO] [stderr]       LIBDE265_LIBRARY=<not found>
[INFO] [stderr] 
[INFO] [stderr]     You may use CMake GUI, cmake -D or ccmake to modify the values.  Delete
[INFO] [stderr]     CMakeCache.txt to discard all values and force full re-detection if
[INFO] [stderr]     necessary.
[INFO] [stderr] 
[INFO] [stderr]   Call Stack (most recent call first):
[INFO] [stderr]     cmake/modules/FindLIBDE265.cmake:17 (libfind_process)
[INFO] [stderr]     CMakeLists.txt:128 (find_package)
[INFO] [stderr] 
[INFO] [stderr] 
[INFO] [stderr]   CMake Warning at cmake/modules/LibFindMacros.cmake:267 (message):
[INFO] [stderr]     WARNING: MISSING PACKAGE
[INFO] [stderr] 
[INFO] [stderr]     We could not find development headers for KVAZAAR.  Do you have the
[INFO] [stderr]     necessary dev package installed? This package is NOT REQUIRED and you may
[INFO] [stderr]     ignore this warning but by doing so you may miss some functionality of
[INFO] [stderr]     libheif.
[INFO] [stderr] 
[INFO] [stderr]     Relevant CMake configuration variables:
[INFO] [stderr] 
[INFO] [stderr]       KVAZAAR_INCLUDE_DIR=<not found>
[INFO] [stderr]       KVAZAAR_LIBRARY=<not found>
[INFO] [stderr] 
[INFO] [stderr]     You may use CMake GUI, cmake -D or ccmake to modify the values.  Delete
[INFO] [stderr]     CMakeCache.txt to discard all values and force full re-detection if
[INFO] [stderr]     necessary.
[INFO] [stderr] 
[INFO] [stderr]   Call Stack (most recent call first):
[INFO] [stderr]     cmake/modules/Findkvazaar.cmake:20 (libfind_process)
[INFO] [stderr]     CMakeLists.txt:142 (find_package)
[INFO] [stderr] 
[INFO] [stderr] 
[INFO] [stderr]   CMake Warning at cmake/modules/LibFindMacros.cmake:267 (message):
[INFO] [stderr]     WARNING: MISSING PACKAGE
[INFO] [stderr] 
[INFO] [stderr]     We could not find development headers for UVG266.  Do you have the
[INFO] [stderr]     necessary dev package installed? This package is NOT REQUIRED and you may
[INFO] [stderr]     ignore this warning but by doing so you may miss some functionality of
[INFO] [stderr]     libheif.
[INFO] [stderr] 
[INFO] [stderr]     Relevant CMake configuration variables:
[INFO] [stderr] 
[INFO] [stderr]       UVG266_INCLUDE_DIR=<not found>
[INFO] [stderr]       UVG266_LIBRARY=<not found>
[INFO] [stderr] 
[INFO] [stderr]     You may use CMake GUI, cmake -D or ccmake to modify the values.  Delete
[INFO] [stderr]     CMakeCache.txt to discard all values and force full re-detection if
[INFO] [stderr]     necessary.
[INFO] [stderr] 
[INFO] [stderr]   Call Stack (most recent call first):
[INFO] [stderr]     cmake/modules/FindUVG266.cmake:17 (libfind_process)
[INFO] [stderr]     CMakeLists.txt:159 (find_package)
[INFO] [stderr] 
[INFO] [stderr] 
[INFO] [stderr]   CMake Warning at CMakeLists.txt:173 (find_package):
[INFO] [stderr]     By not providing "Findvvdec.cmake" in CMAKE_MODULE_PATH this project has
[INFO] [stderr]     asked CMake to find a package configuration file provided by "vvdec", but
[INFO] [stderr]     CMake did not find one.
[INFO] [stderr] 
[INFO] [stderr]     Could not find a package configuration file provided by "vvdec" (requested
[INFO] [stderr]     version 3.0.0) with any of the following names:
[INFO] [stderr] 
[INFO] [stderr]       vvdecConfig.cmake
[INFO] [stderr]       vvdec-config.cmake
[INFO] [stderr] 
[INFO] [stderr]     Add the installation prefix of "vvdec" to CMAKE_PREFIX_PATH or set
[INFO] [stderr]     "vvdec_DIR" to a directory containing one of the above files.  If "vvdec"
[INFO] [stderr]     provides a separate development package or SDK, be sure it has been
[INFO] [stderr]     installed.
[INFO] [stderr] 
[INFO] [stderr] 
[INFO] [stderr]   CMake Warning at CMakeLists.txt:185 (find_package):
[INFO] [stderr]     By not providing "Findvvenc.cmake" in CMAKE_MODULE_PATH this project has
[INFO] [stderr]     asked CMake to find a package configuration file provided by "vvenc", but
[INFO] [stderr]     CMake did not find one.
[INFO] [stderr] 
[INFO] [stderr]     Could not find a package configuration file provided by "vvenc" (requested
[INFO] [stderr]     version 1.12.0) with any of the following names:
[INFO] [stderr] 
[INFO] [stderr]       vvencConfig.cmake
[INFO] [stderr]       vvenc-config.cmake
[INFO] [stderr] 
[INFO] [stderr]     Add the installation prefix of "vvenc" to CMAKE_PREFIX_PATH or set
[INFO] [stderr]     "vvenc_DIR" to a directory containing one of the above files.  If "vvenc"
[INFO] [stderr]     provides a separate development package or SDK, be sure it has been
[INFO] [stderr]     installed.
[INFO] [stderr] 
[INFO] [stderr] 
[INFO] [stderr]   CMake Warning at cmake/modules/LibFindMacros.cmake:267 (message):
[INFO] [stderr]     WARNING: MISSING PACKAGE
[INFO] [stderr] 
[INFO] [stderr]     We could not find development headers for OpenH264.  Do you have the
[INFO] [stderr]     necessary dev package installed? This package is NOT REQUIRED and you may
[INFO] [stderr]     ignore this warning but by doing so you may miss some functionality of
[INFO] [stderr]     libheif.
[INFO] [stderr] 
[INFO] [stderr]     Relevant CMake configuration variables:
[INFO] [stderr] 
[INFO] [stderr]       OpenH264_INCLUDE_DIR=<not found>
[INFO] [stderr]       OpenH264_LIBRARY=<not found>
[INFO] [stderr] 
[INFO] [stderr]     You may use CMake GUI, cmake -D or ccmake to modify the values.  Delete
[INFO] [stderr]     CMakeCache.txt to discard all values and force full re-detection if
[INFO] [stderr]     necessary.
[INFO] [stderr] 
[INFO] [stderr]   Call Stack (most recent call first):
[INFO] [stderr]     cmake/modules/FindOpenH264.cmake:19 (libfind_process)
[INFO] [stderr]     CMakeLists.txt:203 (find_package)
[INFO] [stderr] 
[INFO] [stderr] 
[INFO] [stderr]   CMake Warning at cmake/modules/LibFindMacros.cmake:267 (message):
[INFO] [stderr]     WARNING: MISSING PACKAGE
[INFO] [stderr] 
[INFO] [stderr]     We could not find development headers for DAV1D.  Do you have the necessary
[INFO] [stderr]     dev package installed? This package is NOT REQUIRED and you may ignore this
[INFO] [stderr]     warning but by doing so you may miss some functionality of libheif.
[INFO] [stderr] 
[INFO] [stderr]     Relevant CMake configuration variables:
[INFO] [stderr] 
[INFO] [stderr]       DAV1D_INCLUDE_DIR=<not found>
[INFO] [stderr]       DAV1D_LIBRARY=<not found>
[INFO] [stderr] 
[INFO] [stderr]     You may use CMake GUI, cmake -D or ccmake to modify the values.  Delete
[INFO] [stderr]     CMakeCache.txt to discard all values and force full re-detection if
[INFO] [stderr]     necessary.
[INFO] [stderr] 
[INFO] [stderr]   Call Stack (most recent call first):
[INFO] [stderr]     cmake/modules/FindDAV1D.cmake:17 (libfind_process)
[INFO] [stderr]     CMakeLists.txt:221 (find_package)
[INFO] [stderr] 
[INFO] [stderr] 
[INFO] [stderr]   CMake Warning at cmake/modules/LibFindMacros.cmake:267 (message):
[INFO] [stderr]     WARNING: MISSING PACKAGE
[INFO] [stderr] 
[INFO] [stderr]     We could not find development headers for AOM.  Do you have the necessary
[INFO] [stderr]     dev package installed? This package is NOT REQUIRED and you may ignore this
[INFO] [stderr]     warning but by doing so you may miss some functionality of libheif.
[INFO] [stderr] 
[INFO] [stderr]     Relevant CMake configuration variables:
[INFO] [stderr] 
[INFO] [stderr]       AOM_INCLUDE_DIR=<not found>
[INFO] [stderr]       AOM_LIBRARY=<not found>
[INFO] [stderr] 
[INFO] [stderr]     You may use CMake GUI, cmake -D or ccmake to modify the values.  Delete
[INFO] [stderr]     CMakeCache.txt to discard all values and force full re-detection if
[INFO] [stderr]     necessary.
[INFO] [stderr] 
[INFO] [stderr]   Call Stack (most recent call first):
[INFO] [stderr]     cmake/modules/FindAOM.cmake:25 (libfind_process)
[INFO] [stderr]     CMakeLists.txt:229 (find_package)
[INFO] [stderr] 
[INFO] [stderr] 
[INFO] [stderr]   CMake Warning at cmake/modules/LibFindMacros.cmake:267 (message):
[INFO] [stderr]     WARNING: MISSING PACKAGE
[INFO] [stderr] 
[INFO] [stderr]     We could not find development headers for SvtEnc.  Do you have the
[INFO] [stderr]     necessary dev package installed? This package is NOT REQUIRED and you may
[INFO] [stderr]     ignore this warning but by doing so you may miss some functionality of
[INFO] [stderr]     libheif.
[INFO] [stderr] 
[INFO] [stderr]     Relevant CMake configuration variables:
[INFO] [stderr] 
[INFO] [stderr]       SvtEnc_INCLUDE_DIR=<not found>
[INFO] [stderr]       SvtEnc_LIBRARY=<not found>
[INFO] [stderr] 
[INFO] [stderr]     You may use CMake GUI, cmake -D or ccmake to modify the values.  Delete
[INFO] [stderr]     CMakeCache.txt to discard all values and force full re-detection if
[INFO] [stderr]     necessary.
[INFO] [stderr] 
[INFO] [stderr]   Call Stack (most recent call first):
[INFO] [stderr]     cmake/modules/FindSvtEnc.cmake:17 (libfind_process)
[INFO] [stderr]     CMakeLists.txt:244 (find_package)
[INFO] [stderr] 
[INFO] [stderr] 
[INFO] [stderr]   CMake Warning at cmake/modules/LibFindMacros.cmake:267 (message):
[INFO] [stderr]     WARNING: MISSING PACKAGE
[INFO] [stderr] 
[INFO] [stderr]     We could not find development headers for RAV1E.  Do you have the necessary
[INFO] [stderr]     dev package installed? This package is NOT REQUIRED and you may ignore this
[INFO] [stderr]     warning but by doing so you may miss some functionality of libheif.
[INFO] [stderr] 
[INFO] [stderr]     Relevant CMake configuration variables:
[INFO] [stderr] 
[INFO] [stderr]       RAV1E_INCLUDE_DIR=<not found>
[INFO] [stderr]       RAV1E_LIBRARY=<not found>
[INFO] [stderr] 
[INFO] [stderr]     You may use CMake GUI, cmake -D or ccmake to modify the values.  Delete
[INFO] [stderr]     CMakeCache.txt to discard all values and force full re-detection if
[INFO] [stderr]     necessary.
[INFO] [stderr] 
[INFO] [stderr]   Call Stack (most recent call first):
[INFO] [stderr]     cmake/modules/FindRAV1E.cmake:17 (libfind_process)
[INFO] [stderr]     CMakeLists.txt:251 (find_package)
[INFO] [stderr] 
[INFO] [stderr] 
[INFO] [stderr]   CMake Warning at cmake/modules/LibFindMacros.cmake:267 (message):
[INFO] [stderr]     WARNING: MISSING PACKAGE
[INFO] [stderr] 
[INFO] [stderr]     We could not find development headers for OPENJPH.  Do you have the
[INFO] [stderr]     necessary dev package installed? This package is NOT REQUIRED and you may
[INFO] [stderr]     ignore this warning but by doing so you may miss some functionality of
[INFO] [stderr]     libheif.
[INFO] [stderr] 
[INFO] [stderr]     Relevant CMake configuration variables:
[INFO] [stderr] 
[INFO] [stderr]       OPENJPH_INCLUDE_DIR=<not found>
[INFO] [stderr]       OPENJPH_LIBRARY=<not found>
[INFO] [stderr] 
[INFO] [stderr]     You may use CMake GUI, cmake -D or ccmake to modify the values.  Delete
[INFO] [stderr]     CMakeCache.txt to discard all values and force full re-detection if
[INFO] [stderr]     necessary.
[INFO] [stderr] 
[INFO] [stderr]   Call Stack (most recent call first):
[INFO] [stderr]     cmake/modules/FindOPENJPH.cmake:42 (libfind_process)
[INFO] [stderr]     CMakeLists.txt:292 (find_package)
[INFO] [stderr] 
[INFO] [stderr] 
[INFO] [stderr] 
[INFO] [stderr]   === Summary of compiled codecs ===
[INFO] [stderr]   libde265 HEVC decoder                 : - not found
[INFO] [stderr]   FFMPEG HEVC decoder (HW acc)          : - disabled
[INFO] [stderr]   WebCodecs HEVC decoder (experimental) : - disabled
[INFO] [stderr]   x265 HEVC encoder                     : + built-in
[INFO] [stderr]   Kvazaar HEVC encoder                  : - not found
[INFO] [stderr]   AOM AV1 decoder                       : - not found
[INFO] [stderr]   AOM AV1 encoder                       : - not found
[INFO] [stderr]   Dav1d AV1 decoder                     : - not found
[INFO] [stderr]   SVT AV1 encoder                       : - not found
[INFO] [stderr]   Rav1e AV1 encoder                     : - not found
[INFO] [stderr]   JPEG decoder                          : + built-in
[INFO] [stderr]   JPEG encoder                          : + built-in
[INFO] [stderr]   x264 AVC encoder                      : + built-in
[INFO] [stderr]   OpenH264 decoder                      : - not found
[INFO] [stderr]   OpenJPEG J2K decoder                  : + built-in
[INFO] [stderr]   OpenJPEG J2K encoder                  : + built-in
[INFO] [stderr]   OpenJPH HT-J2K encoder                : - not found
[INFO] [stderr]   uvg266 VVC encoder                    : - disabled
[INFO] [stderr]   vvenc VVC encoder                     : - not found
[INFO] [stderr]   vvdec VVC decoder                     : - not found
[INFO] [stderr] 
[INFO] [stderr]   === Supported formats ===
[INFO] [stderr]   format        decoding   encoding
[INFO] [stderr]   AVC             NO         YES
[INFO] [stderr]   AVIF            NO         NO 
[INFO] [stderr]   HEIC            NO         YES
[INFO] [stderr]   JPEG            YES        YES
[INFO] [stderr]   JPEG2000        YES        YES
[INFO] [stderr]   JPEG2000-HT     YES        NO 
[INFO] [stderr]   Uncompressed    NO         NO 
[INFO] [stderr]   VVC             NO         NO 
[INFO] [stderr] 
[INFO] [stderr]   libsharpyuv: found
[INFO] [stderr]   Compiling 'x265' as built-in backend
[INFO] [stderr]   Not compiling 'libde265' backend
[INFO] [stderr]   Not compiling 'dav1d' backend
[INFO] [stderr]   Not compiling 'aomdec' backend
[INFO] [stderr]   Not compiling 'aomenc' backend
[INFO] [stderr]   Not compiling 'svtenc' backend
[INFO] [stderr]   Not compiling 'rav1e' backend
[INFO] [stderr]   Compiling 'jpegdec' as built-in backend
[INFO] [stderr]   Compiling 'jpegenc' as built-in backend
[INFO] [stderr]   Compiling 'j2kdec' as built-in backend
[INFO] [stderr]   Compiling 'j2kenc' as built-in backend
[INFO] [stderr]   Not compiling 'kvazaar' backend
[INFO] [stderr]   Not compiling 'ffmpegdec' backend
[INFO] [stderr]   Not compiling 'jphenc' backend
[INFO] [stderr]   Not compiling 'uvg266' backend
[INFO] [stderr]   Not compiling 'vvdec' backend
[INFO] [stderr]   Not compiling 'vvenc' backend
[INFO] [stderr]   Compiling 'x264' as built-in backend
[INFO] [stderr]   Not compiling 'openh264dec' backend
[INFO] [stderr]   Compiling in 'libsharpyuv'
[INFO] [stderr]   CMake Warning:
[INFO] [stderr]     Manually-specified variables were not used by the project:
[INFO] [stderr] 
[INFO] [stderr]       CMAKE_ASM_COMPILER
[INFO] [stderr]       CMAKE_ASM_FLAGS
[INFO] [stderr]       WITH_OPEN_JPH_ENCODER
[INFO] [stderr]       WITH_OPEN_JPH_ENCODER_PLUGIN
[INFO] [stderr] 
[INFO] [stderr] 
[INFO] [stderr]   running: cd "/opt/rustwide/target/debug/build/libheif-sys/70f5b3f9788effd2/out/libheif_build/build" && LC_ALL="C" MAKEFLAGS="-j --jobserver-fds=4,5 --jobserver-auth=4,5" "cmake" "--build" "/opt/rustwide/target/debug/build/libheif-sys/70f5b3f9788effd2/out/libheif_build/build" "--target" "install" "--config" "Debug"
[INFO] [stderr]   c++: fatal error: Killed signal terminated program cc1plus
[INFO] [stderr]   compilation terminated.
[INFO] [stderr]   gmake[2]: *** [libheif/CMakeFiles/heif.dir/build.make:121: libheif/CMakeFiles/heif.dir/context.cc.o] Error 1
[INFO] [stderr]   gmake[2]: *** Waiting for unfinished jobs....
[INFO] [stderr]   c++: fatal error: Killed signal terminated program cc1plus
[INFO] [stderr]   compilation terminated.
[INFO] [stderr]   gmake[2]: *** [libheif/CMakeFiles/heif.dir/build.make:93: libheif/CMakeFiles/heif.dir/box.cc.o] Error 1
[INFO] [stderr]   c++: fatal error: Killed signal terminated program cc1plus
[INFO] [stderr]   compilation terminated.
[INFO] [stderr]   gmake[2]: *** [libheif/CMakeFiles/heif.dir/build.make:135: libheif/CMakeFiles/heif.dir/file.cc.o] Error 1
[INFO] [stderr]   gmake[1]: *** [CMakeFiles/Makefile2:151: libheif/CMakeFiles/heif.dir/all] Error 2
[INFO] [stderr]   gmake: *** [Makefile:156: all] Error 2
[INFO] [stderr] 
[INFO] [stderr]   thread 'main' (842) panicked at /opt/rustwide/cargo-home/registry/src/index.crates.io-1949cf8c6b5b557f/cmake-0.1.58/src/lib.rs:1132:5:
[INFO] [stderr] 
[INFO] [stderr]   command did not execute successfully, got: exit status: 2
[INFO] [stderr] 
[INFO] [stderr]   build script failed, must exit now
[INFO] [stderr]   stack backtrace:
[INFO] [stderr]      0:     0x5d7951c08b91 - std[3164a59e47d3bde]::backtrace_rs::backtrace::libunwind::trace
[INFO] [stderr]                                  at /rustc/3154cc1a3e6424e44f438a95007d043ed5ceaaf6/library/std/src/../../backtrace/src/backtrace/libunwind.rs:117:9
[INFO] [stderr]      1:     0x5d7951c08b91 - std[3164a59e47d3bde]::backtrace_rs::backtrace::trace_unsynchronized::<std[3164a59e47d3bde]::sys::backtrace::_print_fmt::{closure#1}>
[INFO] [stderr]                                  at /rustc/3154cc1a3e6424e44f438a95007d043ed5ceaaf6/library/std/src/../../backtrace/src/backtrace/mod.rs:66:14
[INFO] [stderr]      2:     0x5d7951c08b91 - std[3164a59e47d3bde]::sys::backtrace::_print_fmt
[INFO] [stderr]                                  at /rustc/3154cc1a3e6424e44f438a95007d043ed5ceaaf6/library/std/src/sys/backtrace.rs:74:9
[INFO] [stderr]      3:     0x5d7951c08b91 - <<std[3164a59e47d3bde]::sys::backtrace::BacktraceLock>::print::DisplayBacktrace as core[934024a1e6126fb4]::fmt::Display>::fmt
[INFO] [stderr]                                  at /rustc/3154cc1a3e6424e44f438a95007d043ed5ceaaf6/library/std/src/sys/backtrace.rs:44:26
[INFO] [stderr]      4:     0x5d7951c1dbaa - <core[934024a1e6126fb4]::fmt::rt::Argument>::fmt
[INFO] [stderr]                                  at /rustc/3154cc1a3e6424e44f438a95007d043ed5ceaaf6/library/core/src/fmt/rt.rs:152:76
[INFO] [stderr]      5:     0x5d7951c1dbaa - core[934024a1e6126fb4]::fmt::write
[INFO] [stderr]      6:     0x5d7951c0e67c - core[934024a1e6126fb4]::io::write::default_write_fmt::<std[3164a59e47d3bde]::sys::stdio::unix::Stderr>
[INFO] [stderr]                                  at /rustc/3154cc1a3e6424e44f438a95007d043ed5ceaaf6/library/core/src/io/write.rs:402:11
[INFO] [stderr]      7:     0x5d7951c0e67c - <std[3164a59e47d3bde]::sys::stdio::unix::Stderr as core[934024a1e6126fb4]::io::write::Write>::write_fmt
[INFO] [stderr]                                  at /rustc/3154cc1a3e6424e44f438a95007d043ed5ceaaf6/library/core/src/io/write.rs:335:13
[INFO] [stderr]      8:     0x5d7951be6186 - <std[3164a59e47d3bde]::sys::backtrace::BacktraceLock>::print
[INFO] [stderr]                                  at /rustc/3154cc1a3e6424e44f438a95007d043ed5ceaaf6/library/std/src/sys/backtrace.rs:47:9
[INFO] [stderr]      9:     0x5d7951be6186 - std[3164a59e47d3bde]::panicking::default_hook::{closure#0}
[INFO] [stderr]                                  at /rustc/3154cc1a3e6424e44f438a95007d043ed5ceaaf6/library/std/src/panicking.rs:289:27
[INFO] [stderr]     10:     0x5d7951c02381 - std[3164a59e47d3bde]::panicking::default_hook
[INFO] [stderr]                                  at /rustc/3154cc1a3e6424e44f438a95007d043ed5ceaaf6/library/std/src/panicking.rs:316:9
[INFO] [stderr]     11:     0x5d7951c0253b - std[3164a59e47d3bde]::panicking::panic_with_hook
[INFO] [stderr]                                  at /rustc/3154cc1a3e6424e44f438a95007d043ed5ceaaf6/library/std/src/panicking.rs:811:13
[INFO] [stderr]     12:     0x5d7951be6232 - std[3164a59e47d3bde]::panicking::panic_handler::{closure#0}
[INFO] [stderr]                                  at /rustc/3154cc1a3e6424e44f438a95007d043ed5ceaaf6/library/std/src/panicking.rs:685:13
[INFO] [stderr]     13:     0x5d7951bdeb19 - std[3164a59e47d3bde]::sys::backtrace::__rust_end_short_backtrace::<std[3164a59e47d3bde]::panicking::panic_handler::{closure#0}, !>
[INFO] [stderr]                                  at /rustc/3154cc1a3e6424e44f438a95007d043ed5ceaaf6/library/std/src/sys/backtrace.rs:182:18
[INFO] [stderr]     14:     0x5d7951be6abd - __rustc[2e7b49d4226056d3]::rust_begin_unwind
[INFO] [stderr]                                  at /rustc/3154cc1a3e6424e44f438a95007d043ed5ceaaf6/library/std/src/panicking.rs:676:5
[INFO] [stderr]     15:     0x5d7951c1e39c - core[934024a1e6126fb4]::panicking::panic_fmt
[INFO] [stderr]                                  at /rustc/3154cc1a3e6424e44f438a95007d043ed5ceaaf6/library/core/src/panicking.rs:80:14
[INFO] [stderr]     16:     0x5d7951aabd67 - cmake[7a4f3f31f393ee58]::fail
[INFO] [stderr]     17:     0x5d7951aab9f3 - cmake[7a4f3f31f393ee58]::run
[INFO] [stderr]     18:     0x5d7951ab19c5 - <cmake[7a4f3f31f393ee58]::Config>::build
[INFO] [stderr]     19:     0x5d7951a9aca2 - build_script_build[c112b0ecf7720789]::compile_libheif
[INFO] [stderr]     20:     0x5d7951a99d8c - build_script_build[c112b0ecf7720789]::find_libheif::{closure#0}
[INFO] [stderr]     21:     0x5d7951a99ec8 - <build_script_build[c112b0ecf7720789]::find_libheif::{closure#0} as core[934024a1e6126fb4]::ops::function::FnOnce<(&str, &str)>>::call_once::{shim:vtable#0}
[INFO] [stderr]     22:     0x5d7951b18d52 - <alloc[b96ed41a801e996d]::boxed::Box<dyn for<'a, 'b> core[934024a1e6126fb4]::ops::function::FnOnce<(&'a str, &'b str), Output = core[934024a1e6126fb4]::result::Result<system_deps[31e41ddc4996a3a8]::Library, system_deps[31e41ddc4996a3a8]::BuildInternalClosureError>>> as core[934024a1e6126fb4]::ops::function::FnOnce<(&str, &str)>>::call_once
[INFO] [stderr]     23:     0x5d7951b3bf28 - <system_deps[31e41ddc4996a3a8]::Config>::call_build_internal
[INFO] [stderr]     24:     0x5d7951b3b39f - <system_deps[31e41ddc4996a3a8]::Config>::probe_pkg_config
[INFO] [stderr]     25:     0x5d7951b39943 - <system_deps[31e41ddc4996a3a8]::Config>::probe_full
[INFO] [stderr]     26:     0x5d7951b3d2e0 - <system_deps[31e41ddc4996a3a8]::Config>::probe
[INFO] [stderr]     27:     0x5d7951a9a044 - build_script_build[c112b0ecf7720789]::find_libheif
[INFO] [stderr]     28:     0x5d7951a9b92d - build_script_build[c112b0ecf7720789]::main
[INFO] [stderr]     29:     0x5d7951a9e4d3 - <fn() as core[934024a1e6126fb4]::ops::function::FnOnce<()>>::call_once
[INFO] [stderr]     30:     0x5d7951a99666 - std[3164a59e47d3bde]::sys::backtrace::__rust_begin_short_backtrace::<fn(), ()>
[INFO] [stderr]     31:     0x5d7951a99969 - std[3164a59e47d3bde]::rt::lang_start::<()>::{closure#0}
[INFO] [stderr]     32:     0x5d7951c012f8 - <&dyn core[934024a1e6126fb4]::ops::function::Fn<(), Output = i32> + core[934024a1e6126fb4]::marker::Sync + core[934024a1e6126fb4]::panic::unwind_safe::RefUnwindSafe as core[934024a1e6126fb4]::ops::function::FnOnce<()>>::call_once
[INFO] [stderr]                                  at /rustc/3154cc1a3e6424e44f438a95007d043ed5ceaaf6/library/core/src/ops/function.rs:287:21
[INFO] [stderr]     33:     0x5d7951c012f8 - std[3164a59e47d3bde]::panicking::catch_unwind::do_call::<&dyn core[934024a1e6126fb4]::ops::function::Fn<(), Output = i32> + core[934024a1e6126fb4]::marker::Sync + core[934024a1e6126fb4]::panic::unwind_safe::RefUnwindSafe, i32>
[INFO] [stderr]                                  at /rustc/3154cc1a3e6424e44f438a95007d043ed5ceaaf6/library/std/src/panicking.rs:573:43
[INFO] [stderr]     34:     0x5d7951c012f8 - std[3164a59e47d3bde]::panicking::catch_unwind::<i32, &dyn core[934024a1e6126fb4]::ops::function::Fn<(), Output = i32> + core[934024a1e6126fb4]::marker::Sync + core[934024a1e6126fb4]::panic::unwind_safe::RefUnwindSafe>
[INFO] [stderr]                                  at /rustc/3154cc1a3e6424e44f438a95007d043ed5ceaaf6/library/std/src/panicking.rs:541:19
[INFO] [stderr]     35:     0x5d7951c012f8 - std[3164a59e47d3bde]::panic::catch_unwind::<&dyn core[934024a1e6126fb4]::ops::function::Fn<(), Output = i32> + core[934024a1e6126fb4]::marker::Sync + core[934024a1e6126fb4]::panic::unwind_safe::RefUnwindSafe, i32>
[INFO] [stderr]                                  at /rustc/3154cc1a3e6424e44f438a95007d043ed5ceaaf6/library/std/src/panic.rs:359:14
[INFO] [stderr]     36:     0x5d7951c012f8 - std[3164a59e47d3bde]::rt::lang_start_internal::{closure#0}
[INFO] [stderr]                                  at /rustc/3154cc1a3e6424e44f438a95007d043ed5ceaaf6/library/std/src/rt.rs:175:24
[INFO] [stderr]     37:     0x5d7951c012f8 - std[3164a59e47d3bde]::panicking::catch_unwind::do_call::<std[3164a59e47d3bde]::rt::lang_start_internal::{closure#0}, isize>
[INFO] [stderr]                                  at /rustc/3154cc1a3e6424e44f438a95007d043ed5ceaaf6/library/std/src/panicking.rs:573:43
[INFO] [stderr]     38:     0x5d7951c012f8 - std[3164a59e47d3bde]::panicking::catch_unwind::<isize, std[3164a59e47d3bde]::rt::lang_start_internal::{closure#0}>
[INFO] [stderr]                                  at /rustc/3154cc1a3e6424e44f438a95007d043ed5ceaaf6/library/std/src/panicking.rs:541:19
[INFO] [stderr]     39:     0x5d7951c012f8 - std[3164a59e47d3bde]::panic::catch_unwind::<std[3164a59e47d3bde]::rt::lang_start_internal::{closure#0}, isize>
[INFO] [stderr]                                  at /rustc/3154cc1a3e6424e44f438a95007d043ed5ceaaf6/library/std/src/panic.rs:359:14
[INFO] [stderr]     40:     0x5d7951c012f8 - std[3164a59e47d3bde]::rt::lang_start_internal
[INFO] [stderr]                                  at /rustc/3154cc1a3e6424e44f438a95007d043ed5ceaaf6/library/std/src/rt.rs:171:5
[INFO] [stderr]     41:     0x5d7951a99231 - std[3164a59e47d3bde]::rt::lang_start::<()>
[INFO] [stderr]     42:     0x5d7951a9e5e5 - main
[INFO] [stderr]     43:     0x7202f4267601 - <unknown>
[INFO] [stderr]     44:     0x7202f4267718 - __libc_start_main
[INFO] [stderr]     45:     0x5d7951a95315 - _start
[INFO] [stderr]     46:                0x0 - <unknown>
[INFO] running `Command { std: "docker" "inspect" "05a11474ef593d836646d7745ab5ccf60843ffa00a0823c3fbfe8d2e6c187ba2", kill_on_drop: false }`
[INFO] running `Command { std: "docker" "rm" "-f" "05a11474ef593d836646d7745ab5ccf60843ffa00a0823c3fbfe8d2e6c187ba2", kill_on_drop: false }`
[INFO] [stdout] 05a11474ef593d836646d7745ab5ccf60843ffa00a0823c3fbfe8d2e6c187ba2
