[INFO] cloning repository https://github.com/pliablepixels/dime
[INFO] running `Command { std: "git" "-c" "credential.helper=" "-c" "credential.helper=/workspace/cargo-home/bin/git-credential-null" "clone" "--bare" "https://github.com/pliablepixels/dime" "/workspace/cache/git-repos/https%3A%2F%2Fgithub.com%2Fpliablepixels%2Fdime", kill_on_drop: false }`
[INFO] [stderr] Cloning into bare repository '/workspace/cache/git-repos/https%3A%2F%2Fgithub.com%2Fpliablepixels%2Fdime'...
[INFO] running `Command { std: "git" "rev-parse" "HEAD", kill_on_drop: false }`
[INFO] [stdout] 453574e2d26e065f7b19b18634e0aae7e7d4a2d4
[INFO] checking pliablepixels/dime against 3154cc1a3e6424e44f438a95007d043ed5ceaaf6 for pr-133502-30
[INFO] running `Command { std: "git" "clone" "/workspace/cache/git-repos/https%3A%2F%2Fgithub.com%2Fpliablepixels%2Fdime" "/workspace/builds/worker-2-tc2/source", kill_on_drop: false }`
[INFO] [stderr] Cloning into '/workspace/builds/worker-2-tc2/source'...
[INFO] [stderr] done.
[INFO] started tweaking git repo https://github.com/pliablepixels/dime
[INFO] finished tweaking git repo https://github.com/pliablepixels/dime
[INFO] tweaked toml for git repo https://github.com/pliablepixels/dime written to /workspace/builds/worker-2-tc2/source/Cargo.toml
[INFO] validating manifest of git repo https://github.com/pliablepixels/dime on toolchain 3154cc1a3e6424e44f438a95007d043ed5ceaaf6
[INFO] running `Command { std: CARGO_HOME="/workspace/cargo-home" RUSTUP_HOME="/workspace/rustup-home" "/workspace/cargo-home/bin/cargo" "+3154cc1a3e6424e44f438a95007d043ed5ceaaf6" "metadata" "--manifest-path" "Cargo.toml" "--no-deps", kill_on_drop: false }`
[INFO] crate git repo https://github.com/pliablepixels/dime already has a lockfile, it will not be regenerated
[INFO] running `Command { std: CARGO_HOME="/workspace/cargo-home" RUSTUP_HOME="/workspace/rustup-home" "/workspace/cargo-home/bin/cargo" "+3154cc1a3e6424e44f438a95007d043ed5ceaaf6" "fetch" "--manifest-path" "Cargo.toml", kill_on_drop: false }`
[INFO] [stderr]     Blocking waiting for file lock on package cache
[INFO] [stderr]     Blocking waiting for file lock on package cache
[INFO] running `Command { std: "docker" "create" "-v" "/var/lib/crater-agent-workspace/builds/worker-2-tc2/source:/opt/rustwide/workdir:ro,Z" "-v" "/var/lib/crater-agent-workspace/builds/worker-2-tc2/target:/opt/rustwide/target:rw,Z" "-v" "/var/lib/crater-agent-workspace/cargo-home:/opt/rustwide/cargo-home:ro,Z" "-v" "/var/lib/crater-agent-workspace/rustup-home:/opt/rustwide/rustup-home:ro,Z" "-m" "1610612736" "--network" "none" "ghcr.io/rust-lang/crates-build-env/linux@sha256:77db811e55d90add9212f6832c23229e3de5f1c1f9905e8cb07319ea15df73ac" "sleep" "infinity", kill_on_drop: false }`
[INFO] [stdout] 9f0d5208f041ecfd7dd18c75887c5f63c754123468d0c6a350a1d438ed199bc6
[INFO] running `Command { std: "docker" "start" "9f0d5208f041ecfd7dd18c75887c5f63c754123468d0c6a350a1d438ed199bc6", kill_on_drop: false }`
[INFO] running `Command { std: "docker" "inspect" "9f0d5208f041ecfd7dd18c75887c5f63c754123468d0c6a350a1d438ed199bc6", kill_on_drop: false }`
[INFO] running `Command { std: "docker" "exec" "-e" "SOURCE_DIR=/opt/rustwide/workdir" "-e" "CARGO_HOME=/opt/rustwide/cargo-home" "-e" "RUSTUP_HOME=/opt/rustwide/rustup-home" "-e" "CARGO_TARGET_DIR=/opt/rustwide/target" "-w" "/opt/rustwide/workdir" "--user" "0:0" "9f0d5208f041ecfd7dd18c75887c5f63c754123468d0c6a350a1d438ed199bc6" "/opt/rustwide/cargo-home/bin/cargo" "+3154cc1a3e6424e44f438a95007d043ed5ceaaf6" "metadata" "--no-deps" "--format-version=1", kill_on_drop: false }`
[INFO] running `Command { std: "docker" "inspect" "9f0d5208f041ecfd7dd18c75887c5f63c754123468d0c6a350a1d438ed199bc6", kill_on_drop: false }`
[INFO] running `Command { std: "docker" "exec" "-e" "SOURCE_DIR=/opt/rustwide/workdir" "-e" "CARGO_HOME=/opt/rustwide/cargo-home" "-e" "RUSTUP_HOME=/opt/rustwide/rustup-home" "-e" "CARGO_TARGET_DIR=/opt/rustwide/target" "-e" "CARGO_INCREMENTAL=0" "-e" "RUST_BACKTRACE=full" "-e" "RUSTFLAGS=--cap-lints=forbid" "-e" "RUSTDOCFLAGS=--cap-lints=forbid" "-w" "/opt/rustwide/workdir" "--user" "0:0" "9f0d5208f041ecfd7dd18c75887c5f63c754123468d0c6a350a1d438ed199bc6" "/opt/rustwide/cargo-home/bin/cargo" "+3154cc1a3e6424e44f438a95007d043ed5ceaaf6" "check" "--frozen" "--all" "--all-targets" "--message-format=json", kill_on_drop: false }`
[INFO] [stderr]    Compiling serde v1.0.229
[INFO] [stderr]    Compiling smallvec v1.16.0
[INFO] [stderr]    Compiling indexmap v2.14.2
[INFO] [stderr]     Checking futures-task v0.3.34
[INFO] [stderr]     Checking futures-channel v0.3.34
[INFO] [stderr]    Compiling syn v1.0.109
[INFO] [stderr]    Compiling serde_core v1.0.229
[INFO] [stderr]    Compiling syn v3.0.5
[INFO] [stderr]    Compiling syn v2.0.119
[INFO] [stderr]    Compiling proc-macro-error-attr v1.0.4
[INFO] [stderr]     Checking http v1.5.0
[INFO] [stderr]    Compiling crossbeam-utils v0.8.23
[INFO] [stderr]     Checking mio v1.2.3
[INFO] [stderr]    Compiling x11 v2.21.0
[INFO] [stderr]    Compiling gtk v0.18.2
[INFO] [stderr]    Compiling crossbeam-epoch v0.9.21
[INFO] [stderr]     Checking parking_lot_core v0.9.12
[INFO] [stderr]    Compiling libdbus-sys v0.2.7
[INFO] [stderr]    Compiling cfg-expr v0.15.8
[INFO] [stderr]    Compiling crossbeam-deque v0.8.8
[INFO] [stderr]    Compiling inotify-sys v0.1.8
[INFO] [stderr]     Checking parking_lot v0.12.5
[INFO] [stderr]    Compiling time-core v0.1.7
[INFO] [stderr]     Checking tracing v0.1.44
[INFO] [stderr]    Compiling cookie v0.18.2
[INFO] [stderr]     Checking sync_wrapper v1.0.2
[INFO] [stderr]    Compiling time-macros v0.2.25
[INFO] [stderr]    Compiling serde_json v1.0.151
[INFO] [stderr]     Checking x11-dl v2.21.0
[INFO] [stderr]     Checking winnow v1.0.4
[INFO] [stderr]    Compiling wry v0.57.0
[INFO] [stderr]     Checking inotify v0.11.5
[INFO] [stderr]     Checking dbus v0.9.12
[INFO] [stderr]     Checking dirs v7.0.0
[INFO] [stderr]    Compiling proc-macro-error v1.0.4
[INFO] [stderr]     Checking crossbeam-channel v0.5.17
[INFO] [stderr]     Checking toml_parser v1.1.3+spec-1.1.0
[INFO] [stderr]     Checking notify-types v2.1.0
[INFO] [stderr]     Checking futures-sink v0.3.34
[INFO] [stderr]     Checking toml_writer v1.1.2+spec-1.1.0
[INFO] [stderr]     Checking either v1.18.0
[INFO] [stderr]     Checking sysinfo v0.38.4
[INFO] [stderr]    Compiling toml_datetime v0.6.3
[INFO] [stderr]    Compiling serde_spanned v0.6.9
[INFO] [stderr]     Checking notify v8.2.0
[INFO] [stderr]     Checking rayon-core v1.13.0
[INFO] [stderr]    Compiling toml_edit v0.20.2
[INFO] [stderr]    Compiling toml_edit v0.19.15
[INFO] [stderr]     Checking http-body v1.1.0
[INFO] [stderr]     Checking tower-http v0.7.1
[INFO] [stderr]     Checking http-body-util v0.1.5
[INFO] [stderr]     Checking time v0.3.45
[INFO] [stderr]     Checking rayon v1.12.0
[INFO] [stderr]     Checking axum-core v0.5.6
[INFO] [stderr]     Checking toml_datetime v1.1.1+spec-1.1.0
[INFO] [stderr]     Checking serde_path_to_error v0.1.20
[INFO] [stderr]     Checking serde_spanned v1.1.1
[INFO] [stderr]     Checking toml v1.1.5+spec-1.1.0
[INFO] [stderr]    Compiling toml v0.8.2
[INFO] [stderr]    Compiling proc-macro-crate v2.0.2
[INFO] [stderr]    Compiling proc-macro-crate v1.3.1
[INFO] [stderr]    Compiling system-deps v6.2.2
[INFO] [stderr]    Compiling glib-sys v0.18.1
[INFO] [stderr]    Compiling gobject-sys v0.18.0
[INFO] [stderr]    Compiling gio-sys v0.18.1
[INFO] [stderr]    Compiling gdk-sys v0.18.2
[INFO] [stderr]    Compiling cairo-sys-rs v0.18.2
[INFO] [stderr]    Compiling gdk-pixbuf-sys v0.18.0
[INFO] [stderr]    Compiling pango-sys v0.18.0
[INFO] [stderr]    Compiling atk-sys v0.18.2
[INFO] [stderr]    Compiling gtk-sys v0.18.2
[INFO] [stderr]    Compiling soup3-sys v0.5.0
[INFO] [stderr]    Compiling javascriptcore-rs-sys v1.1.1
[INFO] [stderr]    Compiling gdkx11-sys v0.18.2
[INFO] [stderr]    Compiling webkit2gtk-sys v2.0.2
[INFO] [stderr]    Compiling synstructure v0.13.2
[INFO] [stderr]    Compiling thiserror-impl v1.0.69
[INFO] [stderr]    Compiling glib-macros v0.18.5
[INFO] [stderr]    Compiling gtk3-macros v0.18.2
[INFO] [stderr]    Compiling dlopen2_derive v0.4.3
[INFO] [stderr]    Compiling zerofrom-derive v0.1.7
[INFO] [stderr]    Compiling yoke-derive v0.8.2
[INFO] [stderr]    Compiling futures-macro v0.3.34
[INFO] [stderr]    Compiling zerovec-derive v0.11.6
[INFO] [stderr]    Compiling displaydoc v0.2.7
[INFO] [stderr]    Compiling tokio-macros v2.7.2
[INFO] [stderr]    Compiling serde_derive v1.0.229
[INFO] [stderr]    Compiling thiserror-impl v2.0.20
[INFO] [stderr]     Checking dlopen2 v0.8.2
[INFO] [stderr]     Checking zerofrom v0.1.8
[INFO] [stderr]     Checking tokio v1.53.1
[INFO] [stderr]     Checking yoke v0.8.3
[INFO] [stderr]     Checking futures-util v0.3.34
[INFO] [stderr]     Checking zerotrie v0.2.5
[INFO] [stderr]     Checking thiserror v2.0.20
[INFO] [stderr]     Checking gdkwayland-sys v0.18.2
[INFO] [stderr]     Checking thiserror v1.0.69
[INFO] [stderr]     Checking zerovec v0.11.8
[INFO] [stderr]     Checking tinystr v0.8.4
[INFO] [stderr]     Checking potential_utf v0.1.6
[INFO] [stderr]     Checking icu_collections v2.1.1
[INFO] [stderr]     Checking icu_locale_core v2.1.1
[INFO] [stderr]     Checking icu_provider v2.1.1
[INFO] [stderr]     Checking icu_properties v2.1.2
[INFO] [stderr]     Checking icu_normalizer v2.1.1
[INFO] [stderr]     Checking futures-executor v0.3.34
[INFO] [stderr]     Checking glib v0.18.5
[INFO] [stderr]     Checking serde_urlencoded v0.7.1
[INFO] [stderr]     Checking idna_adapter v1.2.1
[INFO] [stderr]     Checking idna v1.1.0
[INFO] [stderr]     Checking url v2.5.8
[INFO] [stderr]     Checking hyper v1.11.1
[INFO] [stderr]     Checking tower v0.5.3
[INFO] [stderr]     Checking tokio-util v0.7.19
[INFO] [stderr]     Checking hyper-util v0.1.20
[INFO] [stderr]     Checking axum v0.8.9
[INFO] [stderr]     Checking gio v0.18.4
[INFO] [stderr]     Checking cairo-rs v0.18.5
[INFO] [stderr]     Checking atk v0.18.2
[INFO] [stderr]     Checking javascriptcore-rs v1.1.2
[INFO] [stderr]     Checking pango v0.18.3
[INFO] [stderr]     Checking gdk-pixbuf v0.18.5
[INFO] [stderr]     Checking soup3 v0.5.0
[INFO] [stderr]     Checking gdk v0.18.2
[INFO] [stderr]     Checking gdkx11 v0.18.2
[INFO] [stderr]     Checking webkit2gtk v2.0.2
[INFO] [stderr]     Checking tao v0.37.0
[INFO] [stderr]     Checking dime v0.6.1 (/opt/rustwide/workdir)
[INFO] [stdout] error[E0425]: cannot find type `attrlist` in crate `libc`
[INFO] [stdout]    --> src/scan.rs:255:23
[INFO] [stdout]     |
[INFO] [stdout] 255 |     let mut al: libc::attrlist = unsafe { std::mem::zeroed() };
[INFO] [stdout]     |                       ^^^^^^^^ not found in `libc`
[INFO] [stdout] 
[INFO] [stdout] 
[INFO] [stdout] error[E0425]: cannot find value `ATTR_BIT_MAP_COUNT` in crate `libc`
[INFO] [stdout]    --> src/scan.rs:256:28
[INFO] [stdout]     |
[INFO] [stdout] 256 |     al.bitmapcount = libc::ATTR_BIT_MAP_COUNT;
[INFO] [stdout]     |                            ^^^^^^^^^^^^^^^^^^ not found in `libc`
[INFO] [stdout] 
[INFO] [stdout] 
[INFO] [stdout] error[E0425]: cannot find value `ATTR_CMN_RETURNED_ATTRS` in crate `libc`
[INFO] [stdout]    --> src/scan.rs:257:27
[INFO] [stdout]     |
[INFO] [stdout] 257 |     al.commonattr = libc::ATTR_CMN_RETURNED_ATTRS | libc::ATTR_CMN_NAME | libc::ATTR_CMN_DEVID | libc::ATTR_CMN_OBJTYPE | libc::ATT...
[INFO] [stdout]     |                           ^^^^^^^^^^^^^^^^^^^^^^^ not found in `libc`
[INFO] [stdout] 
[INFO] [stdout] 
[INFO] [stdout] error[E0425]: cannot find value `ATTR_CMN_NAME` in crate `libc`
[INFO] [stdout]    --> src/scan.rs:257:59
[INFO] [stdout]     |
[INFO] [stdout] 257 |     al.commonattr = libc::ATTR_CMN_RETURNED_ATTRS | libc::ATTR_CMN_NAME | libc::ATTR_CMN_DEVID | libc::ATTR_CMN_OBJTYPE | libc::ATT...
[INFO] [stdout]     |                                                           ^^^^^^^^^^^^^ not found in `libc`
[INFO] [stdout] 
[INFO] [stdout] 
[INFO] [stdout] error[E0425]: cannot find value `ATTR_CMN_DEVID` in crate `libc`
[INFO] [stdout]    --> src/scan.rs:257:81
[INFO] [stdout]     |
[INFO] [stdout] 257 |     al.commonattr = libc::ATTR_CMN_RETURNED_ATTRS | libc::ATTR_CMN_NAME | libc::ATTR_CMN_DEVID | libc::ATTR_CMN_OBJTYPE | libc::ATT...
[INFO] [stdout]     |                                                                                 ^^^^^^^^^^^^^^ not found in `libc`
[INFO] [stdout] 
[INFO] [stdout] 
[INFO] [stdout] error[E0425]: cannot find value `ATTR_CMN_OBJTYPE` in crate `libc`
[INFO] [stdout]    --> src/scan.rs:257:104
[INFO] [stdout]     |
[INFO] [stdout] 257 | ...:ATTR_CMN_NAME | libc::ATTR_CMN_DEVID | libc::ATTR_CMN_OBJTYPE | libc::ATTR_CMN_MODTIME | libc::ATTR_CMN_ACCTIME;
[INFO] [stdout]     |                                                  ^^^^^^^^^^^^^^^^ not found in `libc`
[INFO] [stdout] 
[INFO] [stdout] 
[INFO] [stdout] error[E0425]: cannot find value `ATTR_CMN_MODTIME` in crate `libc`
[INFO] [stdout]    --> src/scan.rs:257:129
[INFO] [stdout]     |
[INFO] [stdout] 257 | ...TR_CMN_DEVID | libc::ATTR_CMN_OBJTYPE | libc::ATTR_CMN_MODTIME | libc::ATTR_CMN_ACCTIME;
[INFO] [stdout]     |                                                  ^^^^^^^^^^^^^^^^ not found in `libc`
[INFO] [stdout] 
[INFO] [stdout] 
[INFO] [stdout] error[E0425]: cannot find type `attrlist` in crate `libc`
[INFO] [stdout]    --> src/scan.rs:255:23
[INFO] [stdout]     |
[INFO] [stdout] 255 |     let mut al: libc::attrlist = unsafe { std::mem::zeroed() };
[INFO] [stdout]     |                       ^^^^^^^^ not found in `libc`
[INFO] [stdout] 
[INFO] [stdout] 
[INFO] [stdout] error[E0425]: cannot find value `ATTR_CMN_ACCTIME` in crate `libc`
[INFO] [stdout]    --> src/scan.rs:257:154
[INFO] [stdout]     |
[INFO] [stdout] 257 | ..._CMN_OBJTYPE | libc::ATTR_CMN_MODTIME | libc::ATTR_CMN_ACCTIME;
[INFO] [stdout]     |                                                  ^^^^^^^^^^^^^^^^ not found in `libc`
[INFO] [stdout] 
[INFO] [stdout] 
[INFO] [stdout] error[E0425]: cannot find value `ATTR_FILE_LINKCOUNT` in crate `libc`
[INFO] [stdout]    --> src/scan.rs:258:25
[INFO] [stdout]     |
[INFO] [stdout] 258 |     al.fileattr = libc::ATTR_FILE_LINKCOUNT | libc::ATTR_FILE_ALLOCSIZE;
[INFO] [stdout]     |                         ^^^^^^^^^^^^^^^^^^^ not found in `libc`
[INFO] [stdout] 
[INFO] [stdout] 
[INFO] [stdout] error[E0425]: cannot find value `ATTR_BIT_MAP_COUNT` in crate `libc`
[INFO] [stdout]    --> src/scan.rs:256:28
[INFO] [stdout]     |
[INFO] [stdout] 256 |     al.bitmapcount = libc::ATTR_BIT_MAP_COUNT;
[INFO] [stdout]     |                            ^^^^^^^^^^^^^^^^^^ not found in `libc`
[INFO] [stdout] 
[INFO] [stdout] 
[INFO] [stdout] error[E0425]: cannot find value `ATTR_CMN_RETURNED_ATTRS` in crate `libc`
[INFO] [stdout]    --> src/scan.rs:257:27
[INFO] [stdout]     |
[INFO] [stdout] 257 |     al.commonattr = libc::ATTR_CMN_RETURNED_ATTRS | libc::ATTR_CMN_NAME | libc::ATTR_CMN_DEVID | libc::ATTR_CMN_OBJTYPE | libc::ATT...
[INFO] [stdout]     |                           ^^^^^^^^^^^^^^^^^^^^^^^ not found in `libc`
[INFO] [stdout] 
[INFO] [stdout] 
[INFO] [stdout] error[E0425]: cannot find value `ATTR_FILE_ALLOCSIZE` in crate `libc`
[INFO] [stdout]    --> src/scan.rs:258:53
[INFO] [stdout]     |
[INFO] [stdout] 258 |     al.fileattr = libc::ATTR_FILE_LINKCOUNT | libc::ATTR_FILE_ALLOCSIZE;
[INFO] [stdout]     |                                                     ^^^^^^^^^^^^^^^^^^^ not found in `libc`
[INFO] [stdout] 
[INFO] [stdout] 
[INFO] [stdout] error[E0425]: cannot find function `getattrlistbulk` in crate `libc`
[INFO] [stdout]    --> src/scan.rs:267:32
[INFO] [stdout]     |
[INFO] [stdout] 267 | ...   let n = unsafe { libc::getattrlistbulk(fd, &mut al as *mut libc::attrlist as *mut libc::c_void, buf.as_mut_ptr() as *mut libc...
[INFO] [stdout]     |                              ^^^^^^^^^^^^^^^ not found in `libc`
[INFO] [stdout] 
[INFO] [stdout] 
[INFO] [stdout] error[E0425]: cannot find value `ATTR_CMN_NAME` in crate `libc`
[INFO] [stdout]    --> src/scan.rs:257:59
[INFO] [stdout]     |
[INFO] [stdout] 257 |     al.commonattr = libc::ATTR_CMN_RETURNED_ATTRS | libc::ATTR_CMN_NAME | libc::ATTR_CMN_DEVID | libc::ATTR_CMN_OBJTYPE | libc::ATT...
[INFO] [stdout]     |                                                           ^^^^^^^^^^^^^ not found in `libc`
[INFO] [stdout] 
[INFO] [stdout] 
[INFO] [stdout] error[E0425]: cannot find type `attrlist` in crate `libc`
[INFO] [stdout]    --> src/scan.rs:267:74
[INFO] [stdout]     |
[INFO] [stdout] 267 | ...   let n = unsafe { libc::getattrlistbulk(fd, &mut al as *mut libc::attrlist as *mut libc::c_void, buf.as_mut_ptr() as *mut libc...
[INFO] [stdout]     |                                                                        ^^^^^^^^ not found in `libc`
[INFO] [stdout] 
[INFO] [stdout] 
[INFO] [stdout] error[E0425]: cannot find value `ATTR_CMN_DEVID` in crate `libc`
[INFO] [stdout]    --> src/scan.rs:257:81
[INFO] [stdout]     |
[INFO] [stdout] 257 |     al.commonattr = libc::ATTR_CMN_RETURNED_ATTRS | libc::ATTR_CMN_NAME | libc::ATTR_CMN_DEVID | libc::ATTR_CMN_OBJTYPE | libc::ATT...
[INFO] [stdout]     |                                                                                 ^^^^^^^^^^^^^^ not found in `libc`
[INFO] [stdout] 
[INFO] [stdout] 
[INFO] [stdout] error[E0425]: cannot find value `FSOPT_PACK_INVAL_ATTRS` in crate `libc`
[INFO] [stdout]    --> src/scan.rs:267:161
[INFO] [stdout]     |
[INFO] [stdout] 267 | ...r() as *mut libc::c_void, buf.len(), libc::FSOPT_PACK_INVAL_ATTRS as u64) };
[INFO] [stdout]     |                                               ^^^^^^^^^^^^^^^^^^^^^^ not found in `libc`
[INFO] [stdout] 
[INFO] [stdout] 
[INFO] [stdout] error[E0425]: cannot find value `ATTR_CMN_OBJTYPE` in crate `libc`
[INFO] [stdout]    --> src/scan.rs:257:104
[INFO] [stdout]     |
[INFO] [stdout] 257 | ...:ATTR_CMN_NAME | libc::ATTR_CMN_DEVID | libc::ATTR_CMN_OBJTYPE | libc::ATTR_CMN_MODTIME | libc::ATTR_CMN_ACCTIME;
[INFO] [stdout]     |                                                  ^^^^^^^^^^^^^^^^ not found in `libc`
[INFO] [stdout] 
[INFO] [stdout] 
[INFO] [stdout] error[E0425]: cannot find value `ATTR_CMN_NAME` in crate `libc`
[INFO] [stdout]    --> src/scan.rs:287:35
[INFO] [stdout]     |
[INFO] [stdout] 287 |             if ret_common & libc::ATTR_CMN_NAME != 0 {
[INFO] [stdout]     |                                   ^^^^^^^^^^^^^ not found in `libc`
[INFO] [stdout] 
[INFO] [stdout] 
[INFO] [stdout] error[E0425]: cannot find value `ATTR_CMN_MODTIME` in crate `libc`
[INFO] [stdout]    --> src/scan.rs:257:129
[INFO] [stdout]     |
[INFO] [stdout] 257 | ...TR_CMN_DEVID | libc::ATTR_CMN_OBJTYPE | libc::ATTR_CMN_MODTIME | libc::ATTR_CMN_ACCTIME;
[INFO] [stdout]     |                                                  ^^^^^^^^^^^^^^^^ not found in `libc`
[INFO] [stdout] 
[INFO] [stdout] 
[INFO] [stdout] error[E0425]: cannot find value `ATTR_CMN_DEVID` in crate `libc`
[INFO] [stdout]    --> src/scan.rs:294:35
[INFO] [stdout]     |
[INFO] [stdout] 294 |             if ret_common & libc::ATTR_CMN_DEVID != 0 { dev = rd32(buf, p) as u64; p += 4; }
[INFO] [stdout]     |                                   ^^^^^^^^^^^^^^ not found in `libc`
[INFO] [stdout] 
[INFO] [stdout] 
[INFO] [stdout] error[E0425]: cannot find value `ATTR_CMN_ACCTIME` in crate `libc`
[INFO] [stdout]    --> src/scan.rs:257:154
[INFO] [stdout]     |
[INFO] [stdout] 257 | ..._CMN_OBJTYPE | libc::ATTR_CMN_MODTIME | libc::ATTR_CMN_ACCTIME;
[INFO] [stdout]     |                                                  ^^^^^^^^^^^^^^^^ not found in `libc`
[INFO] [stdout] 
[INFO] [stdout] 
[INFO] [stdout] error[E0425]: cannot find value `ATTR_CMN_OBJTYPE` in crate `libc`
[INFO] [stdout]    --> src/scan.rs:296:35
[INFO] [stdout]     |
[INFO] [stdout] 296 |             if ret_common & libc::ATTR_CMN_OBJTYPE != 0 { kind = rd32(buf, p); p += 4; }
[INFO] [stdout]     |                                   ^^^^^^^^^^^^^^^^ not found in `libc`
[INFO] [stdout] 
[INFO] [stdout] 
[INFO] [stdout] error[E0425]: cannot find value `ATTR_FILE_LINKCOUNT` in crate `libc`
[INFO] [stdout]    --> src/scan.rs:258:25
[INFO] [stdout]     |
[INFO] [stdout] 258 |     al.fileattr = libc::ATTR_FILE_LINKCOUNT | libc::ATTR_FILE_ALLOCSIZE;
[INFO] [stdout]     |                         ^^^^^^^^^^^^^^^^^^^ not found in `libc`
[INFO] [stdout] 
[INFO] [stdout] 
[INFO] [stdout] error[E0425]: cannot find value `ATTR_FILE_ALLOCSIZE` in crate `libc`
[INFO] [stdout]    --> src/scan.rs:258:53
[INFO] [stdout]     |
[INFO] [stdout] 258 |     al.fileattr = libc::ATTR_FILE_LINKCOUNT | libc::ATTR_FILE_ALLOCSIZE;
[INFO] [stdout]     |                                                     ^^^^^^^^^^^^^^^^^^^ not found in `libc`
[INFO] [stdout] 
[INFO] [stdout] 
[INFO] [stdout] error[E0425]: cannot find value `ATTR_CMN_MODTIME` in crate `libc`
[INFO] [stdout]    --> src/scan.rs:298:35
[INFO] [stdout]     |
[INFO] [stdout] 298 |             if ret_common & libc::ATTR_CMN_MODTIME != 0 { mtime = rd64(buf, p) as i64; p += 16; }
[INFO] [stdout]     |                                   ^^^^^^^^^^^^^^^^ not found in `libc`
[INFO] [stdout] 
[INFO] [stdout] 
[INFO] [stdout] error[E0425]: cannot find function `getattrlistbulk` in crate `libc`
[INFO] [stdout]    --> src/scan.rs:267:32
[INFO] [stdout]     |
[INFO] [stdout] 267 | ...   let n = unsafe { libc::getattrlistbulk(fd, &mut al as *mut libc::attrlist as *mut libc::c_void, buf.as_mut_ptr() as *mut libc...
[INFO] [stdout]     |                              ^^^^^^^^^^^^^^^ not found in `libc`
[INFO] [stdout] 
[INFO] [stdout] 
[INFO] [stdout] error[E0425]: cannot find value `ATTR_CMN_ACCTIME` in crate `libc`
[INFO] [stdout]    --> src/scan.rs:300:35
[INFO] [stdout]     |
[INFO] [stdout] 300 |             if ret_common & libc::ATTR_CMN_ACCTIME != 0 { atime = rd64(buf, p) as i64; p += 16; }
[INFO] [stdout]     |                                   ^^^^^^^^^^^^^^^^ not found in `libc`
[INFO] [stdout] 
[INFO] [stdout] 
[INFO] [stdout] error[E0425]: cannot find type `attrlist` in crate `libc`
[INFO] [stdout]    --> src/scan.rs:267:74
[INFO] [stdout]     |
[INFO] [stdout] 267 | ...   let n = unsafe { libc::getattrlistbulk(fd, &mut al as *mut libc::attrlist as *mut libc::c_void, buf.as_mut_ptr() as *mut libc...
[INFO] [stdout]     |                                                                        ^^^^^^^^ not found in `libc`
[INFO] [stdout] 
[INFO] [stdout] 
[INFO] [stdout] error[E0425]: cannot find value `ATTR_FILE_LINKCOUNT` in crate `libc`
[INFO] [stdout]    --> src/scan.rs:303:33
[INFO] [stdout]     |
[INFO] [stdout] 303 |             if ret_file & libc::ATTR_FILE_LINKCOUNT != 0 { links = rd32(buf, p); p += 4; }
[INFO] [stdout]     |                                 ^^^^^^^^^^^^^^^^^^^ not found in `libc`
[INFO] [stdout] 
[INFO] [stdout] 
[INFO] [stdout] error[E0425]: cannot find value `FSOPT_PACK_INVAL_ATTRS` in crate `libc`
[INFO] [stdout]    --> src/scan.rs:267:161
[INFO] [stdout]     |
[INFO] [stdout] 267 | ...r() as *mut libc::c_void, buf.len(), libc::FSOPT_PACK_INVAL_ATTRS as u64) };
[INFO] [stdout]     |                                               ^^^^^^^^^^^^^^^^^^^^^^ not found in `libc`
[INFO] [stdout] 
[INFO] [stdout] 
[INFO] [stdout] error[E0425]: cannot find value `ATTR_FILE_ALLOCSIZE` in crate `libc`
[INFO] [stdout]    --> src/scan.rs:305:33
[INFO] [stdout]     |
[INFO] [stdout] 305 |             if ret_file & libc::ATTR_FILE_ALLOCSIZE != 0 { size = rd64(buf, p); }
[INFO] [stdout]     |                                 ^^^^^^^^^^^^^^^^^^^ not found in `libc`
[INFO] [stdout] 
[INFO] [stdout] 
[INFO] [stdout] error[E0425]: cannot find value `ATTR_CMN_NAME` in crate `libc`
[INFO] [stdout]    --> src/scan.rs:287:35
[INFO] [stdout]     |
[INFO] [stdout] 287 |             if ret_common & libc::ATTR_CMN_NAME != 0 {
[INFO] [stdout]     |                                   ^^^^^^^^^^^^^ not found in `libc`
[INFO] [stdout] 
[INFO] [stdout] 
[INFO] [stdout] error[E0425]: cannot find value `ATTR_CMN_DEVID` in crate `libc`
[INFO] [stdout]    --> src/scan.rs:294:35
[INFO] [stdout]     |
[INFO] [stdout] 294 |             if ret_common & libc::ATTR_CMN_DEVID != 0 { dev = rd32(buf, p) as u64; p += 4; }
[INFO] [stdout]     |                                   ^^^^^^^^^^^^^^ not found in `libc`
[INFO] [stdout] 
[INFO] [stdout] 
[INFO] [stdout] error[E0425]: cannot find value `ATTR_CMN_OBJTYPE` in crate `libc`
[INFO] [stdout]    --> src/scan.rs:296:35
[INFO] [stdout]     |
[INFO] [stdout] 296 |             if ret_common & libc::ATTR_CMN_OBJTYPE != 0 { kind = rd32(buf, p); p += 4; }
[INFO] [stdout]     |                                   ^^^^^^^^^^^^^^^^ not found in `libc`
[INFO] [stdout] 
[INFO] [stdout] 
[INFO] [stdout] error[E0425]: cannot find value `ATTR_CMN_MODTIME` in crate `libc`
[INFO] [stdout]    --> src/scan.rs:298:35
[INFO] [stdout]     |
[INFO] [stdout] 298 |             if ret_common & libc::ATTR_CMN_MODTIME != 0 { mtime = rd64(buf, p) as i64; p += 16; }
[INFO] [stdout]     |                                   ^^^^^^^^^^^^^^^^ not found in `libc`
[INFO] [stdout] 
[INFO] [stdout] 
[INFO] [stdout] error[E0425]: cannot find value `ATTR_CMN_ACCTIME` in crate `libc`
[INFO] [stdout]    --> src/scan.rs:300:35
[INFO] [stdout]     |
[INFO] [stdout] 300 |             if ret_common & libc::ATTR_CMN_ACCTIME != 0 { atime = rd64(buf, p) as i64; p += 16; }
[INFO] [stdout]     |                                   ^^^^^^^^^^^^^^^^ not found in `libc`
[INFO] [stdout] 
[INFO] [stdout] 
[INFO] [stdout] error[E0425]: cannot find value `ATTR_FILE_LINKCOUNT` in crate `libc`
[INFO] [stdout]    --> src/scan.rs:303:33
[INFO] [stdout]     |
[INFO] [stdout] 303 |             if ret_file & libc::ATTR_FILE_LINKCOUNT != 0 { links = rd32(buf, p); p += 4; }
[INFO] [stdout]     |                                 ^^^^^^^^^^^^^^^^^^^ not found in `libc`
[INFO] [stdout] 
[INFO] [stdout] 
[INFO] [stdout] error[E0425]: cannot find value `ATTR_FILE_ALLOCSIZE` in crate `libc`
[INFO] [stdout]    --> src/scan.rs:305:33
[INFO] [stdout]     |
[INFO] [stdout] 305 |             if ret_file & libc::ATTR_FILE_ALLOCSIZE != 0 { size = rd64(buf, p); }
[INFO] [stdout]     |                                 ^^^^^^^^^^^^^^^^^^^ not found in `libc`
[INFO] [stdout] 
[INFO] [stdout] 
[INFO] [stdout] For more information about this error, try `rustc --explain E0425`.
[INFO] [stdout] 
[INFO] [stderr] error: could not compile `dime` (bin "dime") due to 20 previous errors
[INFO] [stderr] warning: build failed, waiting for other jobs to finish...
[INFO] [stdout] For more information about this error, try `rustc --explain E0425`.
[INFO] [stdout] 
[INFO] [stderr] error: could not compile `dime` (bin "dime" test) due to 20 previous errors
[INFO] running `Command { std: "docker" "inspect" "9f0d5208f041ecfd7dd18c75887c5f63c754123468d0c6a350a1d438ed199bc6", kill_on_drop: false }`
[INFO] running `Command { std: "docker" "rm" "-f" "9f0d5208f041ecfd7dd18c75887c5f63c754123468d0c6a350a1d438ed199bc6", kill_on_drop: false }`
[INFO] [stdout] 9f0d5208f041ecfd7dd18c75887c5f63c754123468d0c6a350a1d438ed199bc6
