[INFO] cloning repository https://github.com/pkyanam/ridgewake-os
[INFO] running `Command { std: "git" "-c" "credential.helper=" "-c" "credential.helper=/workspace/cargo-home/bin/git-credential-null" "clone" "--bare" "https://github.com/pkyanam/ridgewake-os" "/workspace/cache/git-repos/https%3A%2F%2Fgithub.com%2Fpkyanam%2Fridgewake-os", kill_on_drop: false }`
[INFO] [stderr] Cloning into bare repository '/workspace/cache/git-repos/https%3A%2F%2Fgithub.com%2Fpkyanam%2Fridgewake-os'...
[INFO] running `Command { std: "git" "rev-parse" "HEAD", kill_on_drop: false }`
[INFO] [stdout] 857a6f10e67f007d3f4e094d0048fae7009f2ed4
[INFO] checking pkyanam/ridgewake-os against 3154cc1a3e6424e44f438a95007d043ed5ceaaf6 for pr-133502-30
[INFO] running `Command { std: "git" "clone" "/workspace/cache/git-repos/https%3A%2F%2Fgithub.com%2Fpkyanam%2Fridgewake-os" "/workspace/builds/worker-6-tc2/source", kill_on_drop: false }`
[INFO] [stderr] Cloning into '/workspace/builds/worker-6-tc2/source'...
[INFO] [stderr] done.
[INFO] removed /workspace/builds/worker-6-tc2/source/.cargo/config.toml
[INFO] started tweaking git repo https://github.com/pkyanam/ridgewake-os
[INFO] finished tweaking git repo https://github.com/pkyanam/ridgewake-os
[INFO] tweaked toml for git repo https://github.com/pkyanam/ridgewake-os written to /workspace/builds/worker-6-tc2/source/Cargo.toml
[INFO] validating manifest of git repo https://github.com/pkyanam/ridgewake-os on toolchain 3154cc1a3e6424e44f438a95007d043ed5ceaaf6
[INFO] running `Command { std: CARGO_HOME="/workspace/cargo-home" RUSTUP_HOME="/workspace/rustup-home" "/workspace/cargo-home/bin/cargo" "+3154cc1a3e6424e44f438a95007d043ed5ceaaf6" "metadata" "--manifest-path" "Cargo.toml" "--no-deps", kill_on_drop: false }`
[INFO] crate git repo https://github.com/pkyanam/ridgewake-os already has a lockfile, it will not be regenerated
[INFO] running `Command { std: CARGO_HOME="/workspace/cargo-home" RUSTUP_HOME="/workspace/rustup-home" "/workspace/cargo-home/bin/cargo" "+3154cc1a3e6424e44f438a95007d043ed5ceaaf6" "fetch" "--manifest-path" "Cargo.toml", kill_on_drop: false }`
[INFO] [stderr]     Blocking waiting for file lock on package cache
[INFO] [stderr]     Blocking waiting for file lock on package cache
[INFO] running `Command { std: "docker" "create" "-v" "/var/lib/crater-agent-workspace/builds/worker-6-tc2/source:/opt/rustwide/workdir:ro,Z" "-v" "/var/lib/crater-agent-workspace/builds/worker-6-tc2/target:/opt/rustwide/target:rw,Z" "-v" "/var/lib/crater-agent-workspace/cargo-home:/opt/rustwide/cargo-home:ro,Z" "-v" "/var/lib/crater-agent-workspace/rustup-home:/opt/rustwide/rustup-home:ro,Z" "-m" "1610612736" "--network" "none" "ghcr.io/rust-lang/crates-build-env/linux@sha256:77db811e55d90add9212f6832c23229e3de5f1c1f9905e8cb07319ea15df73ac" "sleep" "infinity", kill_on_drop: false }`
[INFO] [stdout] 777e80222e31ace4140806e1c822f78dbd50a630b9eabd105b6d91cf8c5b13af
[INFO] running `Command { std: "docker" "start" "777e80222e31ace4140806e1c822f78dbd50a630b9eabd105b6d91cf8c5b13af", kill_on_drop: false }`
[INFO] running `Command { std: "docker" "inspect" "777e80222e31ace4140806e1c822f78dbd50a630b9eabd105b6d91cf8c5b13af", kill_on_drop: false }`
[INFO] running `Command { std: "docker" "exec" "-e" "SOURCE_DIR=/opt/rustwide/workdir" "-e" "CARGO_HOME=/opt/rustwide/cargo-home" "-e" "RUSTUP_HOME=/opt/rustwide/rustup-home" "-e" "CARGO_TARGET_DIR=/opt/rustwide/target" "-w" "/opt/rustwide/workdir" "--user" "0:0" "777e80222e31ace4140806e1c822f78dbd50a630b9eabd105b6d91cf8c5b13af" "/opt/rustwide/cargo-home/bin/cargo" "+3154cc1a3e6424e44f438a95007d043ed5ceaaf6" "metadata" "--no-deps" "--format-version=1", kill_on_drop: false }`
[INFO] running `Command { std: "docker" "inspect" "777e80222e31ace4140806e1c822f78dbd50a630b9eabd105b6d91cf8c5b13af", kill_on_drop: false }`
[INFO] running `Command { std: "docker" "exec" "-e" "SOURCE_DIR=/opt/rustwide/workdir" "-e" "CARGO_HOME=/opt/rustwide/cargo-home" "-e" "RUSTUP_HOME=/opt/rustwide/rustup-home" "-e" "CARGO_TARGET_DIR=/opt/rustwide/target" "-e" "CARGO_INCREMENTAL=0" "-e" "RUST_BACKTRACE=full" "-e" "RUSTFLAGS=--cap-lints=forbid" "-e" "RUSTDOCFLAGS=--cap-lints=forbid" "-w" "/opt/rustwide/workdir" "--user" "0:0" "777e80222e31ace4140806e1c822f78dbd50a630b9eabd105b6d91cf8c5b13af" "/opt/rustwide/cargo-home/bin/cargo" "+3154cc1a3e6424e44f438a95007d043ed5ceaaf6" "check" "--frozen" "--all" "--all-targets" "--message-format=json", kill_on_drop: false }`
[INFO] [stderr]     Checking typenum v1.20.1
[INFO] [stderr]     Checking cpufeatures v0.2.17
[INFO] [stderr]     Checking cfg-if v1.0.4
[INFO] [stderr]     Checking ridgewake-process-core v0.1.0 (/opt/rustwide/workdir/crates/process-core)
[INFO] [stderr]    Compiling ridgewake-kernel v0.1.0 (/opt/rustwide/workdir/kernel)
[INFO] [stderr]     Checking ridgewake-control-protocol v0.1.0 (/opt/rustwide/workdir/crates/control-protocol)
[INFO] [stderr]     Checking ridgewake-bcm2711-rng200 v0.1.0 (/opt/rustwide/workdir/crates/bcm2711-rng200)
[INFO] [stderr]     Checking ridgewake-fdt v0.1.0 (/opt/rustwide/workdir/crates/fdt)
[INFO] [stderr]     Checking ridgewake-arch-aarch64 v0.1.0 (/opt/rustwide/workdir/crates/arch-aarch64)
[INFO] [stderr]     Checking ridgewake-wasm-core v0.1.0 (/opt/rustwide/workdir/crates/wasm-core)
[INFO] [stderr]     Checking digest v0.10.7
[INFO] [stderr]     Checking ridgewake-bcm2711-genet v0.1.0 (/opt/rustwide/workdir/crates/bcm2711-genet)
[INFO] [stderr]     Checking ridgewake-bcm2711-pcie v0.1.0 (/opt/rustwide/workdir/crates/bcm2711-pcie)
[INFO] [stderr]     Checking ridgewake-bcm2711-rng200-live v0.1.0 (/opt/rustwide/workdir/crates/bcm2711-rng200-live)
[INFO] [stderr]     Checking ridgewake-agent-core v0.1.0 (/opt/rustwide/workdir/crates/agent-core)
[INFO] [stderr]     Checking ridgewake-ripc-core v0.1.0 (/opt/rustwide/workdir/crates/ripc-core)
[INFO] [stderr]     Checking ridgewake-inference-core v0.1.0 (/opt/rustwide/workdir/crates/inference-core)
[INFO] [stderr]     Checking sha2 v0.10.9
[INFO] [stderr]     Checking ridgewake-sd-core v0.1.0 (/opt/rustwide/workdir/crates/sd-core)
[INFO] [stderr]     Checking ridgewake-net-core v0.1.0 (/opt/rustwide/workdir/crates/net-core)
[INFO] [stderr]     Checking ridgewake-fat32-core v0.1.0 (/opt/rustwide/workdir/crates/fat32-core)
[INFO] [stderr]     Checking ridgewake-quiescence-core v0.1.0 (/opt/rustwide/workdir/crates/quiescence-core)
[INFO] [stderr]     Checking ridgewake-json-core v0.1.0 (/opt/rustwide/workdir/crates/json-core)
[INFO] [stderr]     Checking ridgewake-http-core v0.1.0 (/opt/rustwide/workdir/crates/http-core)
[INFO] [stderr]     Checking ridgewake-boot-authority-core v0.1.0 (/opt/rustwide/workdir/crates/boot-authority-core)
[INFO] [stderr]     Checking ridgewake-kernel-objects v0.1.0 (/opt/rustwide/workdir/crates/kernel-objects)
[INFO] [stderr]     Checking ridgewake-el0-core v0.1.0 (/opt/rustwide/workdir/crates/el0-core)
[INFO] [stderr]     Checking ridgewake-sdio-core v0.1.0 (/opt/rustwide/workdir/crates/sdio-core)
[INFO] [stderr]     Checking ridgewake-action-lease-core v0.1.0 (/opt/rustwide/workdir/crates/action-lease-core)
[INFO] [stderr]     Checking ridgewake-readiness-core v0.1.0 (/opt/rustwide/workdir/crates/readiness-core)
[INFO] [stderr]     Checking ridgewake-tcp-engine v0.1.0 (/opt/rustwide/workdir/crates/tcp-engine)
[INFO] [stderr]     Checking ridgewake-usb-class-core v0.1.0 (/opt/rustwide/workdir/crates/usb-class-core)
[INFO] [stderr]     Checking ridgewake-xhci-core v0.1.0 (/opt/rustwide/workdir/crates/xhci-core)
[INFO] [stderr]     Checking ridgewake-boot-install-core v0.1.0 (/opt/rustwide/workdir/crates/boot-install-core)
[INFO] [stderr]     Checking generic-array v0.14.7
[INFO] [stderr]     Checking crypto-common v0.1.7
[INFO] [stderr]     Checking block-buffer v0.10.4
[INFO] [stdout] error[E0425]: cannot find function `device_write_barrier` in crate `arch`
[INFO] [stdout]    --> kernel/src/framebuffer.rs:135:15
[INFO] [stdout]     |
[INFO] [stdout] 135 |         arch::device_write_barrier();
[INFO] [stdout]     |               ^^^^^^^^^^^^^^^^^^^^ not found in `arch`
[INFO] [stdout] 
[INFO] [stdout] 
[INFO] [stdout] error[E0425]: cannot find function `device_write_barrier` in crate `arch`
[INFO] [stdout]    --> kernel/src/framebuffer.rs:230:15
[INFO] [stdout]     |
[INFO] [stdout] 230 |         arch::device_write_barrier();
[INFO] [stdout]     |               ^^^^^^^^^^^^^^^^^^^^ not found in `arch`
[INFO] [stdout] 
[INFO] [stdout] 
[INFO] [stdout] error[E0425]: cannot find function `device_write_barrier` in crate `arch`
[INFO] [stdout]    --> kernel/src/framebuffer.rs:751:11
[INFO] [stdout]     |
[INFO] [stdout] 751 |     arch::device_write_barrier();
[INFO] [stdout]     |           ^^^^^^^^^^^^^^^^^^^^ not found in `arch`
[INFO] [stdout] 
[INFO] [stdout] 
[INFO] [stdout] error[E0425]: cannot find function `device_write_barrier` in crate `arch`
[INFO] [stdout]    --> kernel/src/framebuffer.rs:763:11
[INFO] [stdout]     |
[INFO] [stdout] 763 |     arch::device_write_barrier();
[INFO] [stdout]     |           ^^^^^^^^^^^^^^^^^^^^ not found in `arch`
[INFO] [stdout] 
[INFO] [stdout] 
[INFO] [stdout] error[E0425]: cannot find function `device_read_barrier` in crate `arch`
[INFO] [stdout]    --> kernel/src/framebuffer.rs:776:23
[INFO] [stdout]     |
[INFO] [stdout] 776 |                 arch::device_read_barrier();
[INFO] [stdout]     |                       ^^^^^^^^^^^^^^^^^^^ not found in `arch`
[INFO] [stdout] 
[INFO] [stdout] 
[INFO] [stdout] error[E0425]: cannot find function `frequency` in module `arch::timer`
[INFO] [stdout]    --> kernel/src/framebuffer.rs:806:34
[INFO] [stdout]     |
[INFO] [stdout] 806 |     let frequency = arch::timer::frequency().ok()?;
[INFO] [stdout]     |                                  ^^^^^^^^^ not found in `arch::timer`
[INFO] [stdout] 
[INFO] [stdout] 
[INFO] [stdout] error[E0425]: cannot find function `physical_count` in module `arch::timer`
[INFO] [stdout]    --> kernel/src/framebuffer.rs:808:52
[INFO] [stdout]     |
[INFO] [stdout] 808 |     arch::timer::CounterDeadline::new(arch::timer::physical_count(), ticks).ok()
[INFO] [stdout]     |                                                    ^^^^^^^^^^^^^^ not found in `arch::timer`
[INFO] [stdout] 
[INFO] [stdout] 
[INFO] [stdout] error[E0425]: cannot find function `physical_count` in module `arch::timer`
[INFO] [stdout]    --> kernel/src/framebuffer.rs:813:71
[INFO] [stdout]     |
[INFO] [stdout] 813 |         deadline.is_some_and(|deadline| deadline.reached(arch::timer::physical_count()));
[INFO] [stdout]     |                                                                       ^^^^^^^^^^^^^^ not found in `arch::timer`
[INFO] [stdout] 
[INFO] [stdout] 
[INFO] [stdout] error[E0425]: cannot find function `frequency` in module `ridgewake_arch_aarch64::timer`
[INFO] [stdout]   --> kernel/src/uart.rs:64:59
[INFO] [stdout]    |
[INFO] [stdout] 64 |             let deadline = ridgewake_arch_aarch64::timer::frequency()
[INFO] [stdout]    |                                                           ^^^^^^^^^ not found in `ridgewake_arch_aarch64::timer`
[INFO] [stdout] 
[INFO] [stdout] 
[INFO] [stdout] error[E0425]: cannot find function `physical_count` in module `ridgewake_arch_aarch64::timer`
[INFO] [stdout]   --> kernel/src/uart.rs:68:56
[INFO] [stdout]    |
[INFO] [stdout] 68 |                         ridgewake_arch_aarch64::timer::physical_count(),
[INFO] [stdout]    |                                                        ^^^^^^^^^^^^^^ not found in `ridgewake_arch_aarch64::timer`
[INFO] [stdout] 
[INFO] [stdout] 
[INFO] [stdout] error[E0425]: cannot find function `physical_count` in module `ridgewake_arch_aarch64::timer`
[INFO] [stdout]   --> kernel/src/uart.rs:76:69
[INFO] [stdout]    |
[INFO] [stdout] 76 |                     deadline.reached(ridgewake_arch_aarch64::timer::physical_count())
[INFO] [stdout]    |                                                                     ^^^^^^^^^^^^^^ not found in `ridgewake_arch_aarch64::timer`
[INFO] [stdout] 
[INFO] [stdout] 
[INFO] [stdout] error[E0425]: cannot find function `mask_interrupts` in crate `arch`
[INFO] [stdout]   --> kernel/src/main.rs:86:11
[INFO] [stdout]    |
[INFO] [stdout] 86 |     arch::mask_interrupts();
[INFO] [stdout]    |           ^^^^^^^^^^^^^^^ not found in `arch`
[INFO] [stdout] 
[INFO] [stdout] 
[INFO] [stdout] error[E0425]: cannot find function `install_exception_vectors` in crate `arch`
[INFO] [stdout]   --> kernel/src/main.rs:87:11
[INFO] [stdout]    |
[INFO] [stdout] 87 |     arch::install_exception_vectors();
[INFO] [stdout]    |           ^^^^^^^^^^^^^^^^^^^^^^^^^ not found in `arch`
[INFO] [stdout] 
[INFO] [stdout] 
[INFO] [stdout] error[E0425]: cannot find function `core_id` in crate `arch`
[INFO] [stdout]    --> kernel/src/main.rs:102:15
[INFO] [stdout]     |
[INFO] [stdout] 102 |         arch::core_id(),
[INFO] [stdout]     |               ^^^^^^^ not found in `arch`
[INFO] [stdout] 
[INFO] [stdout] 
[INFO] [stdout] error[E0425]: cannot find function `current_exception_level` in crate `arch`
[INFO] [stdout]    --> kernel/src/main.rs:103:15
[INFO] [stdout]     |
[INFO] [stdout] 103 |         arch::current_exception_level()
[INFO] [stdout]     |               ^^^^^^^^^^^^^^^^^^^^^^^ not found in `arch`
[INFO] [stdout] 
[INFO] [stdout] 
[INFO] [stdout] error[E0425]: cannot find function `frequency` in module `arch::timer`
[INFO] [stdout]    --> kernel/src/main.rs:129:43
[INFO] [stdout]     |
[INFO] [stdout] 129 |     let _timer_valid = match arch::timer::frequency() {
[INFO] [stdout]     |                                           ^^^^^^^^^ not found in `arch::timer`
[INFO] [stdout] 
[INFO] [stdout] 
[INFO] [stdout] error[E0425]: cannot find function `physical_count` in module `arch::timer`
[INFO] [stdout]    --> kernel/src/main.rs:135:30
[INFO] [stdout]     |
[INFO] [stdout] 135 |                 arch::timer::physical_count()
[INFO] [stdout]     |                              ^^^^^^^^^^^^^^ not found in `arch::timer`
[INFO] [stdout] 
[INFO] [stdout] 
[INFO] [stdout] error[E0425]: cannot find function `linked_kernel_range` in module `memory`
[INFO] [stdout]    --> kernel/src/main.rs:197:46
[INFO] [stdout]     |
[INFO] [stdout] 197 |             let memory_valid = match memory::linked_kernel_range().and_then(|kernel| {
[INFO] [stdout]     |                                              ^^^^^^^^^^^^^^^^^^^ not found in `memory`
[INFO] [stdout]     |
[INFO] [stdout] note: found an item that was configured out
[INFO] [stdout]    --> kernel/src/memory.rs:342:8
[INFO] [stdout]     |
[INFO] [stdout] 341 | #[cfg(all(target_arch = "aarch64", target_os = "none"))]
[INFO] [stdout]     |           ----------------------- the item is gated behind the `aarch64` feature
[INFO] [stdout] 342 | pub fn linked_kernel_range() -> Result<PhysRange, Error> {
[INFO] [stdout]     |        ^^^^^^^^^^^^^^^^^^^
[INFO] [stdout] 
[INFO] [stdout] 
[INFO] [stdout] error[E0425]: cannot find function `linked_kernel_sections` in module `memory`
[INFO] [stdout]    --> kernel/src/main.rs:244:51
[INFO] [stdout]     |
[INFO] [stdout] 244 |                     if let Ok(sections) = memory::linked_kernel_sections() {
[INFO] [stdout]     |                                                   ^^^^^^^^^^^^^^^^^^^^^^ not found in `memory`
[INFO] [stdout]     |
[INFO] [stdout] note: found an item that was configured out
[INFO] [stdout]    --> kernel/src/memory.rs:312:8
[INFO] [stdout]     |
[INFO] [stdout] 311 | #[cfg(all(target_arch = "aarch64", target_os = "none"))]
[INFO] [stdout]     |           ----------------------- the item is gated behind the `aarch64` feature
[INFO] [stdout] 312 | pub fn linked_kernel_sections() -> Result<KernelSections, Error> {
[INFO] [stdout]     |        ^^^^^^^^^^^^^^^^^^^^^^
[INFO] [stdout] 
[INFO] [stdout] 
[INFO] [stdout] error[E0425]: cannot find function `halt` in crate `arch`
[INFO] [stdout]    --> kernel/src/main.rs:375:11
[INFO] [stdout]     |
[INFO] [stdout] 375 |     arch::halt()
[INFO] [stdout]     |           ^^^^ not found in `arch`
[INFO] [stdout] 
[INFO] [stdout] 
[INFO] [stdout] error[E0425]: cannot find function `halt` in crate `arch`
[INFO] [stdout]    --> kernel/src/main.rs:391:11
[INFO] [stdout]     |
[INFO] [stdout] 391 |     arch::halt()
[INFO] [stdout]     |           ^^^^ not found in `arch`
[INFO] [stdout] 
[INFO] [stdout] 
[INFO] [stdout] error[E0425]: cannot find function `halt` in crate `arch`
[INFO] [stdout]    --> kernel/src/main.rs:399:11
[INFO] [stdout]     |
[INFO] [stdout] 399 |     arch::halt()
[INFO] [stdout]     |           ^^^^ not found in `arch`
[INFO] [stdout] 
[INFO] [stdout] 
[INFO] [stdout] error[E0425]: cannot find function `linked_kernel_range` in module `memory`
[INFO] [stdout]    --> kernel/src/main.rs:403:26
[INFO] [stdout]     |
[INFO] [stdout] 403 |     let kernel = memory::linked_kernel_range().map_err(DtbLoadError::KernelRange)?;
[INFO] [stdout]     |                          ^^^^^^^^^^^^^^^^^^^ not found in `memory`
[INFO] [stdout]     |
[INFO] [stdout] note: found an item that was configured out
[INFO] [stdout]    --> kernel/src/memory.rs:342:8
[INFO] [stdout]     |
[INFO] [stdout] 341 | #[cfg(all(target_arch = "aarch64", target_os = "none"))]
[INFO] [stdout]     |           ----------------------- the item is gated behind the `aarch64` feature
[INFO] [stdout] 342 | pub fn linked_kernel_range() -> Result<PhysRange, Error> {
[INFO] [stdout]     |        ^^^^^^^^^^^^^^^^^^^
[INFO] [stdout] 
[INFO] [stdout] 
[INFO] [stdout] For more information about this error, try `rustc --explain E0425`.
[INFO] [stdout] 
[INFO] [stderr] error: could not compile `ridgewake-kernel` (bin "ridgewake-kernel") due to 23 previous errors
[INFO] running `Command { std: "docker" "inspect" "777e80222e31ace4140806e1c822f78dbd50a630b9eabd105b6d91cf8c5b13af", kill_on_drop: false }`
[INFO] running `Command { std: "docker" "rm" "-f" "777e80222e31ace4140806e1c822f78dbd50a630b9eabd105b6d91cf8c5b13af", kill_on_drop: false }`
[INFO] [stdout] 777e80222e31ace4140806e1c822f78dbd50a630b9eabd105b6d91cf8c5b13af
