[INFO] cloning repository https://github.com/pkhairkh/tensorvault
[INFO] running `Command { std: "git" "-c" "credential.helper=" "-c" "credential.helper=/workspace/cargo-home/bin/git-credential-null" "clone" "--bare" "https://github.com/pkhairkh/tensorvault" "/workspace/cache/git-repos/https%3A%2F%2Fgithub.com%2Fpkhairkh%2Ftensorvault", kill_on_drop: false }`
[INFO] [stderr] Cloning into bare repository '/workspace/cache/git-repos/https%3A%2F%2Fgithub.com%2Fpkhairkh%2Ftensorvault'...
[INFO] running `Command { std: "git" "rev-parse" "HEAD", kill_on_drop: false }`
[INFO] [stdout] 05d21bde4a50d50cec3baac395db1c92f724963d
[INFO] checking pkhairkh/tensorvault against 3154cc1a3e6424e44f438a95007d043ed5ceaaf6 for pr-133502-30
[INFO] running `Command { std: "git" "clone" "/workspace/cache/git-repos/https%3A%2F%2Fgithub.com%2Fpkhairkh%2Ftensorvault" "/workspace/builds/worker-3-tc2/source", kill_on_drop: false }`
[INFO] [stderr] Cloning into '/workspace/builds/worker-3-tc2/source'...
[INFO] [stderr] done.
[INFO] removed /workspace/builds/worker-3-tc2/source/.cargo/config.toml
[INFO] started tweaking git repo https://github.com/pkhairkh/tensorvault
[INFO] removed 0 missing examples
[INFO] finished tweaking git repo https://github.com/pkhairkh/tensorvault
[INFO] tweaked toml for git repo https://github.com/pkhairkh/tensorvault written to /workspace/builds/worker-3-tc2/source/Cargo.toml
[INFO] validating manifest of git repo https://github.com/pkhairkh/tensorvault on toolchain 3154cc1a3e6424e44f438a95007d043ed5ceaaf6
[INFO] running `Command { std: CARGO_HOME="/workspace/cargo-home" RUSTUP_HOME="/workspace/rustup-home" "/workspace/cargo-home/bin/cargo" "+3154cc1a3e6424e44f438a95007d043ed5ceaaf6" "metadata" "--manifest-path" "Cargo.toml" "--no-deps", kill_on_drop: false }`
[INFO] running `Command { std: CARGO_HOME="/workspace/cargo-home" RUSTUP_HOME="/workspace/rustup-home" "/workspace/cargo-home/bin/cargo" "+3154cc1a3e6424e44f438a95007d043ed5ceaaf6" "generate-lockfile" "--manifest-path" "Cargo.toml", kill_on_drop: false }`
[INFO] [stderr]     Updating crates.io index
[INFO] [stderr]      Locking 396 packages to highest compatible versions
[INFO] [stderr]       Adding arrow v55.2.0 (available: v60.0.0)
[INFO] [stderr]       Adding base64 v0.22.1 (available: v0.23.1)
[INFO] [stderr]       Adding bincode v1.3.3 (available: v3.0.0)
[INFO] [stderr]       Adding comfy-table v7.1.4 (available: v7.2.2)
[INFO] [stderr]       Adding criterion v0.5.1 (available: v0.8.2)
[INFO] [stderr]       Adding generic-array v0.14.7 (available: v0.14.9)
[INFO] [stderr]       Adding hmac v0.12.1 (available: v0.13.0)
[INFO] [stderr]       Adding parquet v55.2.0 (available: v60.0.0)
[INFO] [stderr]       Adding pbkdf2 v0.12.2 (available: v0.13.0)
[INFO] [stderr]       Adding rand v0.9.5 (available: v0.10.3)
[INFO] [stderr]       Adding sha2 v0.10.9 (available: v0.11.0)
[INFO] [stderr]       Adding thiserror v1.0.69 (available: v2.0.21)
[INFO] [stderr]       Adding wide v0.7.33 (available: v1.7.1)
[INFO] running `Command { std: CARGO_HOME="/workspace/cargo-home" RUSTUP_HOME="/workspace/rustup-home" "/workspace/cargo-home/bin/cargo" "+3154cc1a3e6424e44f438a95007d043ed5ceaaf6" "fetch" "--manifest-path" "Cargo.toml", kill_on_drop: false }`
[INFO] running `Command { std: "docker" "create" "-v" "/var/lib/crater-agent-workspace/builds/worker-3-tc2/source:/opt/rustwide/workdir:ro,Z" "-v" "/var/lib/crater-agent-workspace/builds/worker-3-tc2/target:/opt/rustwide/target:rw,Z" "-v" "/var/lib/crater-agent-workspace/cargo-home:/opt/rustwide/cargo-home:ro,Z" "-v" "/var/lib/crater-agent-workspace/rustup-home:/opt/rustwide/rustup-home:ro,Z" "-m" "1610612736" "--network" "none" "ghcr.io/rust-lang/crates-build-env/linux@sha256:77db811e55d90add9212f6832c23229e3de5f1c1f9905e8cb07319ea15df73ac" "sleep" "infinity", kill_on_drop: false }`
[INFO] [stdout] 7b1390958d926aff3a713dfc8130fb0de95d5c58d02b5b3b176b66a5ebc3b187
[INFO] running `Command { std: "docker" "start" "7b1390958d926aff3a713dfc8130fb0de95d5c58d02b5b3b176b66a5ebc3b187", kill_on_drop: false }`
[INFO] running `Command { std: "docker" "inspect" "7b1390958d926aff3a713dfc8130fb0de95d5c58d02b5b3b176b66a5ebc3b187", kill_on_drop: false }`
[INFO] running `Command { std: "docker" "exec" "-e" "SOURCE_DIR=/opt/rustwide/workdir" "-e" "CARGO_HOME=/opt/rustwide/cargo-home" "-e" "RUSTUP_HOME=/opt/rustwide/rustup-home" "-e" "CARGO_TARGET_DIR=/opt/rustwide/target" "-w" "/opt/rustwide/workdir" "--user" "0:0" "7b1390958d926aff3a713dfc8130fb0de95d5c58d02b5b3b176b66a5ebc3b187" "/opt/rustwide/cargo-home/bin/cargo" "+3154cc1a3e6424e44f438a95007d043ed5ceaaf6" "metadata" "--no-deps" "--format-version=1", kill_on_drop: false }`
[INFO] running `Command { std: "docker" "inspect" "7b1390958d926aff3a713dfc8130fb0de95d5c58d02b5b3b176b66a5ebc3b187", kill_on_drop: false }`
[INFO] running `Command { std: "docker" "exec" "-e" "SOURCE_DIR=/opt/rustwide/workdir" "-e" "CARGO_HOME=/opt/rustwide/cargo-home" "-e" "RUSTUP_HOME=/opt/rustwide/rustup-home" "-e" "CARGO_TARGET_DIR=/opt/rustwide/target" "-e" "CARGO_INCREMENTAL=0" "-e" "RUST_BACKTRACE=full" "-e" "RUSTFLAGS=--cap-lints=forbid" "-e" "RUSTDOCFLAGS=--cap-lints=forbid" "-w" "/opt/rustwide/workdir" "--user" "0:0" "7b1390958d926aff3a713dfc8130fb0de95d5c58d02b5b3b176b66a5ebc3b187" "/opt/rustwide/cargo-home/bin/cargo" "+3154cc1a3e6424e44f438a95007d043ed5ceaaf6" "check" "--frozen" "--all" "--all-targets" "--message-format=json", kill_on_drop: false }`
[INFO] [stderr]    Compiling libc v0.2.190
[INFO] [stderr]    Compiling zerocopy v0.8.62
[INFO] [stderr]     Checking arrow-schema v55.2.0
[INFO] [stderr]     Checking hashbrown v0.15.5
[INFO] [stderr]    Compiling find-msvc-tools v0.1.14
[INFO] [stderr]     Checking lexical-util v1.0.7
[INFO] [stderr]    Compiling syn v3.0.7
[INFO] [stderr]     Checking regex-automata v0.4.18
[INFO] [stderr]    Compiling zerocopy-derive v0.8.62
[INFO] [stderr]     Checking num-complex v0.4.6
[INFO] [stderr]     Checking chrono v0.4.45
[INFO] [stderr]     Checking num-iter v0.1.46
[INFO] [stderr]     Checking num-rational v0.4.2
[INFO] [stderr]    Compiling serde_json v1.0.152
[INFO] [stderr]    Compiling flatbuffers v25.12.19
[INFO] [stderr]     Checking atoi v2.0.0
[INFO] [stderr]    Compiling zstd-safe v7.3.0
[INFO] [stderr]     Checking either v1.19.0
[INFO] [stderr]     Checking csv-core v0.1.13
[INFO] [stderr]     Checking smallvec v1.16.3
[INFO] [stderr]    Compiling snap v1.1.2
[INFO] [stderr]     Checking lexical-write-integer v1.0.6
[INFO] [stderr]     Checking num v0.4.3
[INFO] [stderr]     Checking lexical-parse-integer v1.0.6
[INFO] [stderr]     Checking lexical-write-float v1.0.6
[INFO] [stderr]     Checking simdutf8 v0.1.5
[INFO] [stderr]     Checking clap_lex v1.1.1
[INFO] [stderr]     Checking indexmap v2.14.2
[INFO] [stderr]     Checking csv v1.4.0
[INFO] [stderr]     Checking ordered-float v2.10.1
[INFO] [stderr]     Checking zlib-rs v0.6.8
[INFO] [stderr]     Checking twox-hash v2.1.5
[INFO] [stderr]     Checking clap_builder v4.6.7
[INFO] [stderr]     Checking lexical-parse-float v1.0.6
[INFO] [stderr]     Checking integer-encoding v3.0.4
[INFO] [stderr]    Compiling rust_decimal v1.43.0
[INFO] [stderr]     Checking jiff-core v0.1.1
[INFO] [stderr]     Checking lz4_flex v0.11.6
[INFO] [stderr]     Checking thrift v0.17.0
[INFO] [stderr]     Checking brotli v8.0.4
[INFO] [stderr]     Checking lexical-core v1.0.6
[INFO] [stderr]     Checking rayon v1.12.0
[INFO] [stderr]     Checking crossbeam-channel v0.5.17
[INFO] [stderr]    Compiling thiserror-impl v1.0.69
[INFO] [stderr]     Checking crossbeam-queue v0.3.14
[INFO] [stderr]     Checking powerfmt v0.2.1
[INFO] [stderr]     Checking sha2 v0.10.9
[INFO] [stderr]     Checking time v0.3.55
[INFO] [stderr]     Checking hmac v0.12.1
[INFO] [stderr]     Checking crossbeam v0.8.5
[INFO] [stderr]     Checking flate2 v1.1.10
[INFO] [stderr]     Checking pbkdf2 v0.12.2
[INFO] [stderr]     Checking raw-cpuid v11.6.0
[INFO] [stderr]     Checking xxhash-rust v0.8.19
[INFO] [stderr]     Checking plotters-backend v0.3.7
[INFO] [stderr]     Checking getrandom v0.3.4
[INFO] [stderr]     Checking parking_lot_core v0.9.12
[INFO] [stderr]     Checking rand_core v0.9.5
[INFO] [stderr]     Checking errno v0.3.14
[INFO] [stderr]     Checking mio v1.2.4
[INFO] [stderr]    Compiling jobserver v0.1.35
[INFO] [stderr]     Checking parking_lot v0.12.5
[INFO] [stderr]     Checking signal-hook-registry v1.4.8
[INFO] [stderr]     Checking socket2 v0.6.5
[INFO] [stderr]     Checking memmap2 v0.9.11
[INFO] [stderr]     Checking jiff v0.2.38
[INFO] [stderr]    Compiling cc v1.7.0
[INFO] [stderr]     Checking ciborium-io v0.2.2
[INFO] [stderr]    Compiling rustix v1.1.5
[INFO] [stderr]     Checking plotters-svg v0.3.7
[INFO] [stderr]     Checking itertools v0.10.5
[INFO] [stderr]     Checking cast v0.3.0
[INFO] [stderr]     Checking plotters v0.3.7
[INFO] [stderr]     Checking getrandom v0.4.3
[INFO] [stderr]     Checking is-terminal v0.4.17
[INFO] [stderr]     Checking anes v0.1.6
[INFO] [stderr]     Checking thiserror v1.0.69
[INFO] [stderr]     Checking oorandom v11.1.5
[INFO] [stderr]     Checking regex v1.13.1
[INFO] [stderr]     Checking env_filter v2.0.0
[INFO] [stderr]    Compiling zstd-sys v2.1.1+zstd.1.5.7
[INFO] [stderr]    Compiling libmimalloc-sys v0.1.49
[INFO] [stderr]     Checking criterion-plot v0.5.0
[INFO] [stderr]    Compiling serde_derive v1.0.229
[INFO] [stderr]    Compiling bytemuck_derive v1.12.1
[INFO] [stderr]    Compiling clap_derive v4.6.7
[INFO] [stderr]    Compiling tokio-macros v2.7.2
[INFO] [stderr]     Checking tempfile v3.27.0
[INFO] [stderr]     Checking mimalloc v0.1.52
[INFO] [stderr]     Checking tokio v1.53.2
[INFO] [stderr]     Checking env_logger v0.11.11
[INFO] [stderr]     Checking bytemuck v1.25.2
[INFO] [stderr]     Checking clap v4.6.7
[INFO] [stderr]     Checking safe_arch v0.7.4
[INFO] [stderr]     Checking wide v0.7.33
[INFO] [stderr]     Checking zstd v0.13.3
[INFO] [stderr]     Checking serde v1.0.229
[INFO] [stderr]     Checking bincode v1.3.3
[INFO] [stderr]     Checking tinytemplate v1.2.1
[INFO] [stderr]     Checking half v2.7.1
[INFO] [stderr]     Checking ahash v0.8.12
[INFO] [stderr]     Checking ppv-lite86 v0.2.21
[INFO] [stderr]     Checking arrow-buffer v55.2.0
[INFO] [stderr]     Checking ciborium-ll v0.2.2
[INFO] [stderr]     Checking rand_chacha v0.9.0
[INFO] [stderr]     Checking ciborium v0.2.2
[INFO] [stderr]     Checking rand v0.9.5
[INFO] [stderr]     Checking arrow-data v55.2.0
[INFO] [stderr]     Checking criterion v0.5.1
[INFO] [stderr]     Checking arrow-array v55.2.0
[INFO] [stderr]     Checking arrow-select v55.2.0
[INFO] [stderr]     Checking arrow-ipc v55.2.0
[INFO] [stderr]     Checking arrow-row v55.2.0
[INFO] [stderr]     Checking arrow-arith v55.2.0
[INFO] [stderr]     Checking arrow-cast v55.2.0
[INFO] [stderr]     Checking arrow-string v55.2.0
[INFO] [stderr]     Checking arrow-ord v55.2.0
[INFO] [stderr]     Checking arrow-csv v55.2.0
[INFO] [stderr]     Checking arrow-json v55.2.0
[INFO] [stderr]     Checking parquet v55.2.0
[INFO] [stderr]     Checking arrow v55.2.0
[INFO] [stderr]     Checking turbogp v1.0.0 (/opt/rustwide/workdir)
[INFO] [stdout] error[E0425]: cannot find type `ExistsMultiMap` in this scope
[INFO] [stdout]     --> src/engine/query_interpreter/subquery.rs:1142:17
[INFO] [stdout]      |
[INFO] [stdout] 1142 |     ) -> Result<ExistsMultiMap, Error> {
[INFO] [stdout]      |                 ^^^^^^^^^^^^^^ not found in this scope
[INFO] [stdout]      |
[INFO] [stdout] help: you might be missing a type parameter
[INFO] [stdout]      |
[INFO] [stdout]   16 | impl<'a, ExistsMultiMap> QueryInterpreter<'a> {
[INFO] [stdout]      |        ++++++++++++++++
[INFO] [stdout] 
[INFO] [stdout] 
[INFO] [stdout] error[E0425]: cannot find type `ExistsSummary` in this scope
[INFO] [stdout]     --> src/engine/query_interpreter/subquery.rs:1199:30
[INFO] [stdout]      |
[INFO] [stdout] 1199 |             let mut vec: Vec<ExistsSummary> = vec![ExistsSummary::default(); cap];
[INFO] [stdout]      |                              ^^^^^^^^^^^^^ not found in this scope
[INFO] [stdout]      |
[INFO] [stdout] help: you might be missing a type parameter
[INFO] [stdout]      |
[INFO] [stdout]   16 | impl<'a, ExistsSummary> QueryInterpreter<'a> {
[INFO] [stdout]      |        +++++++++++++++
[INFO] [stdout] 
[INFO] [stdout] 
[INFO] [stdout] error[E0425]: cannot find type `ExistsSummary` in this scope
[INFO] [stdout]     --> src/engine/query_interpreter/subquery.rs:1215:44
[INFO] [stdout]      |
[INFO] [stdout] 1215 |         let local_maps: Vec<FxHashMap<u64, ExistsSummary>> = (0..num_chunks)
[INFO] [stdout]      |                                            ^^^^^^^^^^^^^ not found in this scope
[INFO] [stdout]      |
[INFO] [stdout] help: you might be missing a type parameter
[INFO] [stdout]      |
[INFO] [stdout]   16 | impl<'a, ExistsSummary> QueryInterpreter<'a> {
[INFO] [stdout]      |        +++++++++++++++
[INFO] [stdout] 
[INFO] [stdout] 
[INFO] [stdout] error[E0425]: cannot find type `ExistsSummary` in this scope
[INFO] [stdout]     --> src/engine/query_interpreter/subquery.rs:1220:47
[INFO] [stdout]      |
[INFO] [stdout] 1220 |                 let mut local: FxHashMap<u64, ExistsSummary> = new_fxhashmap();
[INFO] [stdout]      |                                               ^^^^^^^^^^^^^ not found in this scope
[INFO] [stdout]      |
[INFO] [stdout] help: you might be missing a type parameter
[INFO] [stdout]      |
[INFO] [stdout]   16 | impl<'a, ExistsSummary> QueryInterpreter<'a> {
[INFO] [stdout]      |        +++++++++++++++
[INFO] [stdout] 
[INFO] [stdout] 
[INFO] [stdout] error[E0425]: cannot find type `ExistsSummary` in this scope
[INFO] [stdout]     --> src/engine/query_interpreter/subquery.rs:1233:37
[INFO] [stdout]      |
[INFO] [stdout] 1233 |         let mut map: FxHashMap<u64, ExistsSummary> = new_fxhashmap();
[INFO] [stdout]      |                                     ^^^^^^^^^^^^^ not found in this scope
[INFO] [stdout]      |
[INFO] [stdout] help: you might be missing a type parameter
[INFO] [stdout]      |
[INFO] [stdout]   16 | impl<'a, ExistsSummary> QueryInterpreter<'a> {
[INFO] [stdout]      |        +++++++++++++++
[INFO] [stdout] 
[INFO] [stdout] 
[INFO] [stdout] error[E0425]: cannot find type `ExistsMultiMap` in this scope
[INFO] [stdout]     --> src/engine/query_interpreter/subquery.rs:1142:17
[INFO] [stdout]      |
[INFO] [stdout] 1142 |     ) -> Result<ExistsMultiMap, Error> {
[INFO] [stdout]      |                 ^^^^^^^^^^^^^^ not found in this scope
[INFO] [stdout]      |
[INFO] [stdout] help: you might be missing a type parameter
[INFO] [stdout]      |
[INFO] [stdout]   16 | impl<'a, ExistsMultiMap> QueryInterpreter<'a> {
[INFO] [stdout]      |        ++++++++++++++++
[INFO] [stdout] 
[INFO] [stdout] 
[INFO] [stdout] error[E0425]: cannot find type `ExistsSummary` in this scope
[INFO] [stdout]     --> src/engine/query_interpreter/subquery.rs:1199:30
[INFO] [stdout]      |
[INFO] [stdout] 1199 |             let mut vec: Vec<ExistsSummary> = vec![ExistsSummary::default(); cap];
[INFO] [stdout]      |                              ^^^^^^^^^^^^^ not found in this scope
[INFO] [stdout]      |
[INFO] [stdout] help: you might be missing a type parameter
[INFO] [stdout]      |
[INFO] [stdout]   16 | impl<'a, ExistsSummary> QueryInterpreter<'a> {
[INFO] [stdout]      |        +++++++++++++++
[INFO] [stdout] 
[INFO] [stdout] 
[INFO] [stdout] error[E0425]: cannot find type `ExistsSummary` in this scope
[INFO] [stdout]     --> src/engine/query_interpreter/subquery.rs:1215:44
[INFO] [stdout]      |
[INFO] [stdout] 1215 |         let local_maps: Vec<FxHashMap<u64, ExistsSummary>> = (0..num_chunks)
[INFO] [stdout]      |                                            ^^^^^^^^^^^^^ not found in this scope
[INFO] [stdout]      |
[INFO] [stdout] help: you might be missing a type parameter
[INFO] [stdout]      |
[INFO] [stdout]   16 | impl<'a, ExistsSummary> QueryInterpreter<'a> {
[INFO] [stdout]      |        +++++++++++++++
[INFO] [stdout] 
[INFO] [stdout] 
[INFO] [stdout] error[E0425]: cannot find type `ExistsSummary` in this scope
[INFO] [stdout]     --> src/engine/query_interpreter/subquery.rs:1220:47
[INFO] [stdout]      |
[INFO] [stdout] 1220 |                 let mut local: FxHashMap<u64, ExistsSummary> = new_fxhashmap();
[INFO] [stdout]      |                                               ^^^^^^^^^^^^^ not found in this scope
[INFO] [stdout]      |
[INFO] [stdout] help: you might be missing a type parameter
[INFO] [stdout]      |
[INFO] [stdout]   16 | impl<'a, ExistsSummary> QueryInterpreter<'a> {
[INFO] [stdout]      |        +++++++++++++++
[INFO] [stdout] 
[INFO] [stdout] 
[INFO] [stdout] error[E0425]: cannot find type `ExistsSummary` in this scope
[INFO] [stdout]     --> src/engine/query_interpreter/subquery.rs:1233:37
[INFO] [stdout]      |
[INFO] [stdout] 1233 |         let mut map: FxHashMap<u64, ExistsSummary> = new_fxhashmap();
[INFO] [stdout]      |                                     ^^^^^^^^^^^^^ not found in this scope
[INFO] [stdout]      |
[INFO] [stdout] help: you might be missing a type parameter
[INFO] [stdout]      |
[INFO] [stdout]   16 | impl<'a, ExistsSummary> QueryInterpreter<'a> {
[INFO] [stdout]      |        +++++++++++++++
[INFO] [stdout] 
[INFO] [stdout] 
[INFO] [stdout] error[E0308]: mismatched types
[INFO] [stdout]    --> src/engine/query_interpreter/expr.rs:933:64
[INFO] [stdout]     |
[INFO] [stdout] 933 | ...                   let exists = match map.get(outer_eq) {
[INFO] [stdout]     |                                              --- ^^^^^^^^ expected `&u64`, found `u64`
[INFO] [stdout]     |                                              |
[INFO] [stdout]     |                                              arguments to this method are incorrect
[INFO] [stdout]     |
[INFO] [stdout] note: method defined here
[INFO] [stdout]    --> /rustc/3154cc1a3e6424e44f438a95007d043ed5ceaaf6/library/std/src/collections/hash/map.rs:1034:11
[INFO] [stdout] help: consider borrowing here
[INFO] [stdout]     |
[INFO] [stdout] 933 |                                     let exists = match map.get(&outer_eq) {
[INFO] [stdout]     |                                                                +
[INFO] [stdout] 
[INFO] [stdout] 
[INFO] [stdout] error[E0599]: no method named `exists` found for reference `&std::collections::HashSet<u64, BuildHasherDefault<FxHasher>>` in the current scope
[INFO] [stdout]    --> src/engine/query_interpreter/expr.rs:935:54
[INFO] [stdout]     |
[INFO] [stdout] 935 | ...                   Some(s) => s.exists(outer_neq),
[INFO] [stdout]     |                                    ^^^^^^ method not found in `&std::collections::HashSet<u64, BuildHasherDefault<FxHasher>>`
[INFO] [stdout] 
[INFO] [stdout] 
[INFO] [stdout] error[E0308]: mismatched types
[INFO] [stdout]     --> src/engine/query_interpreter/expr.rs:1949:34
[INFO] [stdout]      |
[INFO] [stdout] 1949 | ...                   .get(outer_eq)
[INFO] [stdout]      |                        --- ^^^^^^^^ expected `&u64`, found `u64`
[INFO] [stdout]      |                        |
[INFO] [stdout]      |                        arguments to this method are incorrect
[INFO] [stdout]      |
[INFO] [stdout] note: method defined here
[INFO] [stdout]     --> /rustc/3154cc1a3e6424e44f438a95007d043ed5ceaaf6/library/std/src/collections/hash/map.rs:1034:11
[INFO] [stdout] help: consider borrowing here
[INFO] [stdout]      |
[INFO] [stdout] 1949 |                             .get(&outer_eq)
[INFO] [stdout]      |                                  +
[INFO] [stdout] 
[INFO] [stdout] 
[INFO] [stdout] error[E0599]: no method named `exists` found for reference `&std::collections::HashSet<u64, BuildHasherDefault<FxHasher>>` in the current scope
[INFO] [stdout]     --> src/engine/query_interpreter/expr.rs:1950:50
[INFO] [stdout]      |
[INFO] [stdout] 1950 | ...                   .map_or(false, |s| s.exists(outer_neq));
[INFO] [stdout]      |                                            ^^^^^^ method not found in `&std::collections::HashSet<u64, BuildHasherDefault<FxHasher>>`
[INFO] [stdout] 
[INFO] [stdout] 
[INFO] [stdout] error[E0433]: cannot find type `ExistsSummary` in this scope
[INFO] [stdout]     --> src/engine/query_interpreter/subquery.rs:1199:52
[INFO] [stdout]      |
[INFO] [stdout] 1199 |             let mut vec: Vec<ExistsSummary> = vec![ExistsSummary::default(); cap];
[INFO] [stdout]      |                                                    ^^^^^^^^^^^^^ use of undeclared type `ExistsSummary`
[INFO] [stdout] 
[INFO] [stdout] 
[INFO] [stdout] error[E0433]: cannot find type `ExistsMultiMap` in this scope
[INFO] [stdout]     --> src/engine/query_interpreter/subquery.rs:1208:23
[INFO] [stdout]      |
[INFO] [stdout] 1208 |             return Ok(ExistsMultiMap::Direct(vec));
[INFO] [stdout]      |                       ^^^^^^^^^^^^^^ use of undeclared type `ExistsMultiMap`
[INFO] [stdout] 
[INFO] [stdout] 
[INFO] [stdout] error[E0433]: cannot find type `ExistsMultiMap` in this scope
[INFO] [stdout]     --> src/engine/query_interpreter/subquery.rs:1239:12
[INFO] [stdout]      |
[INFO] [stdout] 1239 |         Ok(ExistsMultiMap::Hashed(map))
[INFO] [stdout]      |            ^^^^^^^^^^^^^^ use of undeclared type `ExistsMultiMap`
[INFO] [stdout] 
[INFO] [stdout] 
[INFO] [stdout] error[E0308]: mismatched types
[INFO] [stdout]    --> src/engine/query_interpreter/expr.rs:933:64
[INFO] [stdout]     |
[INFO] [stdout] 933 | ...                   let exists = match map.get(outer_eq) {
[INFO] [stdout]     |                                              --- ^^^^^^^^ expected `&u64`, found `u64`
[INFO] [stdout]     |                                              |
[INFO] [stdout]     |                                              arguments to this method are incorrect
[INFO] [stdout]     |
[INFO] [stdout] note: method defined here
[INFO] [stdout]    --> /rustc/3154cc1a3e6424e44f438a95007d043ed5ceaaf6/library/std/src/collections/hash/map.rs:1034:11
[INFO] [stdout] help: consider borrowing here
[INFO] [stdout]     |
[INFO] [stdout] 933 |                                     let exists = match map.get(&outer_eq) {
[INFO] [stdout]     |                                                                +
[INFO] [stdout] 
[INFO] [stdout] 
[INFO] [stdout] error[E0599]: no method named `exists` found for reference `&std::collections::HashSet<u64, BuildHasherDefault<FxHasher>>` in the current scope
[INFO] [stdout]    --> src/engine/query_interpreter/expr.rs:935:54
[INFO] [stdout]     |
[INFO] [stdout] 935 | ...                   Some(s) => s.exists(outer_neq),
[INFO] [stdout]     |                                    ^^^^^^ method not found in `&std::collections::HashSet<u64, BuildHasherDefault<FxHasher>>`
[INFO] [stdout] 
[INFO] [stdout] 
[INFO] [stdout] error[E0308]: mismatched types
[INFO] [stdout]     --> src/engine/query_interpreter/expr.rs:1949:34
[INFO] [stdout]      |
[INFO] [stdout] 1949 | ...                   .get(outer_eq)
[INFO] [stdout]      |                        --- ^^^^^^^^ expected `&u64`, found `u64`
[INFO] [stdout]      |                        |
[INFO] [stdout]      |                        arguments to this method are incorrect
[INFO] [stdout]      |
[INFO] [stdout] note: method defined here
[INFO] [stdout]     --> /rustc/3154cc1a3e6424e44f438a95007d043ed5ceaaf6/library/std/src/collections/hash/map.rs:1034:11
[INFO] [stdout] help: consider borrowing here
[INFO] [stdout]      |
[INFO] [stdout] 1949 |                             .get(&outer_eq)
[INFO] [stdout]      |                                  +
[INFO] [stdout] 
[INFO] [stdout] 
[INFO] [stdout] error[E0599]: no method named `exists` found for reference `&std::collections::HashSet<u64, BuildHasherDefault<FxHasher>>` in the current scope
[INFO] [stdout]     --> src/engine/query_interpreter/expr.rs:1950:50
[INFO] [stdout]      |
[INFO] [stdout] 1950 | ...                   .map_or(false, |s| s.exists(outer_neq));
[INFO] [stdout]      |                                            ^^^^^^ method not found in `&std::collections::HashSet<u64, BuildHasherDefault<FxHasher>>`
[INFO] [stdout] 
[INFO] [stdout] 
[INFO] [stdout] error[E0433]: cannot find type `ExistsSummary` in this scope
[INFO] [stdout]     --> src/engine/query_interpreter/subquery.rs:1199:52
[INFO] [stdout]      |
[INFO] [stdout] 1199 |             let mut vec: Vec<ExistsSummary> = vec![ExistsSummary::default(); cap];
[INFO] [stdout]      |                                                    ^^^^^^^^^^^^^ use of undeclared type `ExistsSummary`
[INFO] [stdout] 
[INFO] [stdout] 
[INFO] [stdout] error[E0433]: cannot find type `ExistsMultiMap` in this scope
[INFO] [stdout]     --> src/engine/query_interpreter/subquery.rs:1208:23
[INFO] [stdout]      |
[INFO] [stdout] 1208 |             return Ok(ExistsMultiMap::Direct(vec));
[INFO] [stdout]      |                       ^^^^^^^^^^^^^^ use of undeclared type `ExistsMultiMap`
[INFO] [stdout] 
[INFO] [stdout] 
[INFO] [stdout] error[E0433]: cannot find type `ExistsMultiMap` in this scope
[INFO] [stdout]     --> src/engine/query_interpreter/subquery.rs:1239:12
[INFO] [stdout]      |
[INFO] [stdout] 1239 |         Ok(ExistsMultiMap::Hashed(map))
[INFO] [stdout]      |            ^^^^^^^^^^^^^^ use of undeclared type `ExistsMultiMap`
[INFO] [stdout] 
[INFO] [stdout] 
[INFO] [stdout] Some errors have detailed explanations: E0308, E0425, E0433, E0599.
[INFO] [stdout] 
[INFO] [stdout] For more information about an error, try `rustc --explain E0308`.
[INFO] [stdout] 
[INFO] [stderr] error: could not compile `turbogp` (lib) due to 12 previous errors
[INFO] [stderr] warning: build failed, waiting for other jobs to finish...
[INFO] [stdout] Some errors have detailed explanations: E0308, E0425, E0433, E0599.
[INFO] [stdout] 
[INFO] [stdout] For more information about an error, try `rustc --explain E0308`.
[INFO] [stdout] 
[INFO] [stderr] error: could not compile `turbogp` (lib test) due to 12 previous errors
[INFO] running `Command { std: "docker" "inspect" "7b1390958d926aff3a713dfc8130fb0de95d5c58d02b5b3b176b66a5ebc3b187", kill_on_drop: false }`
[INFO] running `Command { std: "docker" "rm" "-f" "7b1390958d926aff3a713dfc8130fb0de95d5c58d02b5b3b176b66a5ebc3b187", kill_on_drop: false }`
[INFO] [stdout] 7b1390958d926aff3a713dfc8130fb0de95d5c58d02b5b3b176b66a5ebc3b187
