[INFO] cloning repository https://github.com/pipidu/fakebrowser
[INFO] running `Command { std: "git" "-c" "credential.helper=" "-c" "credential.helper=/workspace/cargo-home/bin/git-credential-null" "clone" "--bare" "https://github.com/pipidu/fakebrowser" "/workspace/cache/git-repos/https%3A%2F%2Fgithub.com%2Fpipidu%2Ffakebrowser", kill_on_drop: false }`
[INFO] [stderr] Cloning into bare repository '/workspace/cache/git-repos/https%3A%2F%2Fgithub.com%2Fpipidu%2Ffakebrowser'...
[INFO] running `Command { std: "git" "rev-parse" "HEAD", kill_on_drop: false }`
[INFO] [stdout] 187bcfda091674212c0ac60fef5e9f142d216948
[INFO] checking pipidu/fakebrowser against 3154cc1a3e6424e44f438a95007d043ed5ceaaf6+rustflags=-Znext-solver=coherence for pr-133502-30
[INFO] running `Command { std: "git" "clone" "/workspace/cache/git-repos/https%3A%2F%2Fgithub.com%2Fpipidu%2Ffakebrowser" "/workspace/builds/worker-1-tc1/source", kill_on_drop: false }`
[INFO] [stderr] Cloning into '/workspace/builds/worker-1-tc1/source'...
[INFO] [stderr] done.
[INFO] started tweaking git repo https://github.com/pipidu/fakebrowser
[INFO] finished tweaking git repo https://github.com/pipidu/fakebrowser
[INFO] tweaked toml for git repo https://github.com/pipidu/fakebrowser written to /workspace/builds/worker-1-tc1/source/Cargo.toml
[INFO] validating manifest of git repo https://github.com/pipidu/fakebrowser on toolchain 3154cc1a3e6424e44f438a95007d043ed5ceaaf6
[INFO] running `Command { std: CARGO_HOME="/workspace/cargo-home" RUSTUP_HOME="/workspace/rustup-home" "/workspace/cargo-home/bin/cargo" "+3154cc1a3e6424e44f438a95007d043ed5ceaaf6" "metadata" "--manifest-path" "Cargo.toml" "--no-deps", kill_on_drop: false }`
[INFO] crate git repo https://github.com/pipidu/fakebrowser already has a lockfile, it will not be regenerated
[INFO] running `Command { std: CARGO_HOME="/workspace/cargo-home" RUSTUP_HOME="/workspace/rustup-home" "/workspace/cargo-home/bin/cargo" "+3154cc1a3e6424e44f438a95007d043ed5ceaaf6" "fetch" "--manifest-path" "Cargo.toml", kill_on_drop: false }`
[INFO] [stderr]     Blocking waiting for file lock on package cache
[INFO] [stderr]  Downloading crates ...
[INFO] [stderr]   Downloaded wry v0.56.1
[INFO] [stderr]   Downloaded dom_query v0.28.0
[INFO] [stderr]   Downloaded tao v0.36.0
[INFO] running `Command { std: "docker" "create" "-v" "/var/lib/crater-agent-workspace/builds/worker-1-tc1/source:/opt/rustwide/workdir:ro,Z" "-v" "/var/lib/crater-agent-workspace/builds/worker-1-tc1/target:/opt/rustwide/target:rw,Z" "-v" "/var/lib/crater-agent-workspace/cargo-home:/opt/rustwide/cargo-home:ro,Z" "-v" "/var/lib/crater-agent-workspace/rustup-home:/opt/rustwide/rustup-home:ro,Z" "-m" "1610612736" "--network" "none" "ghcr.io/rust-lang/crates-build-env/linux@sha256:77db811e55d90add9212f6832c23229e3de5f1c1f9905e8cb07319ea15df73ac" "sleep" "infinity", kill_on_drop: false }`
[INFO] [stdout] 83e6af0f87ea6dad299dd9e4fcfb26a4967558b50308f5cf646a5602cd7bfe35
[INFO] running `Command { std: "docker" "start" "83e6af0f87ea6dad299dd9e4fcfb26a4967558b50308f5cf646a5602cd7bfe35", kill_on_drop: false }`
[INFO] running `Command { std: "docker" "inspect" "83e6af0f87ea6dad299dd9e4fcfb26a4967558b50308f5cf646a5602cd7bfe35", kill_on_drop: false }`
[INFO] running `Command { std: "docker" "exec" "-e" "SOURCE_DIR=/opt/rustwide/workdir" "-e" "CARGO_HOME=/opt/rustwide/cargo-home" "-e" "RUSTUP_HOME=/opt/rustwide/rustup-home" "-e" "CARGO_TARGET_DIR=/opt/rustwide/target" "-w" "/opt/rustwide/workdir" "--user" "0:0" "83e6af0f87ea6dad299dd9e4fcfb26a4967558b50308f5cf646a5602cd7bfe35" "/opt/rustwide/cargo-home/bin/cargo" "+3154cc1a3e6424e44f438a95007d043ed5ceaaf6" "metadata" "--no-deps" "--format-version=1", kill_on_drop: false }`
[INFO] running `Command { std: "docker" "inspect" "83e6af0f87ea6dad299dd9e4fcfb26a4967558b50308f5cf646a5602cd7bfe35", kill_on_drop: false }`
[INFO] running `Command { std: "docker" "exec" "-e" "SOURCE_DIR=/opt/rustwide/workdir" "-e" "CARGO_HOME=/opt/rustwide/cargo-home" "-e" "RUSTUP_HOME=/opt/rustwide/rustup-home" "-e" "CARGO_TARGET_DIR=/opt/rustwide/target" "-e" "CARGO_INCREMENTAL=0" "-e" "RUST_BACKTRACE=full" "-e" "RUSTFLAGS=--cap-lints=forbid -Znext-solver=coherence" "-e" "RUSTDOCFLAGS=--cap-lints=forbid" "-w" "/opt/rustwide/workdir" "--user" "0:0" "83e6af0f87ea6dad299dd9e4fcfb26a4967558b50308f5cf646a5602cd7bfe35" "/opt/rustwide/cargo-home/bin/cargo" "+3154cc1a3e6424e44f438a95007d043ed5ceaaf6" "check" "--frozen" "--all" "--all-targets" "--message-format=json", kill_on_drop: false }`
[INFO] [stderr]    Compiling serde v1.0.229
[INFO] [stderr]    Compiling smallvec v1.15.2
[INFO] [stderr]    Compiling serde_core v1.0.229
[INFO] [stderr]    Compiling proc-macro-error-attr v1.0.4
[INFO] [stderr]    Compiling syn v1.0.109
[INFO] [stderr]    Compiling proc-macro-error v1.0.4
[INFO] [stderr]    Compiling jobserver v0.1.35
[INFO] [stderr]     Checking getrandom v0.2.17
[INFO] [stderr]    Compiling syn v3.0.3
[INFO] [stderr]     Checking mio v1.2.2
[INFO] [stderr]    Compiling cfg-expr v0.15.8
[INFO] [stderr]    Compiling gio v0.18.4
[INFO] [stderr]    Compiling aws-lc-rs v1.18.0
[INFO] [stderr]     Checking tracing v0.1.44
[INFO] [stderr]    Compiling field-offset v0.3.6
[INFO] [stderr]    Compiling x11 v2.21.0
[INFO] [stderr]    Compiling rustls v0.23.43
[INFO] [stderr]    Compiling gtk v0.18.2
[INFO] [stderr]     Checking rand_core v0.6.4
[INFO] [stderr]    Compiling rustix v1.1.4
[INFO] [stderr]     Checking regex-automata v0.4.18
[INFO] [stderr]    Compiling serde_json v1.0.151
[INFO] [stderr]     Checking inout v0.1.4
[INFO] [stderr]    Compiling x11-dl v2.21.0
[INFO] [stderr]    Compiling num-conv v0.2.2
[INFO] [stderr]     Checking crypto-common v0.1.7
[INFO] [stderr]    Compiling cc v1.4.3
[INFO] [stderr]    Compiling time-core v0.1.9
[INFO] [stderr]     Checking linux-raw-sys v0.12.1
[INFO] [stderr]     Checking parking_lot_core v0.9.12
[INFO] [stderr]     Checking zerocopy v0.8.56
[INFO] [stderr]     Checking sync_wrapper v1.0.2
[INFO] [stderr]    Compiling cookie v0.18.2
[INFO] [stderr]     Checking digest v0.10.7
[INFO] [stderr]     Checking cipher v0.4.4
[INFO] [stderr]     Checking universal-hash v0.5.1
[INFO] [stderr]     Checking deranged v0.5.8
[INFO] [stderr]     Checking dirs-sys v0.5.0
[INFO] [stderr]     Checking rustls-native-certs v0.8.4
[INFO] [stderr]     Checking parking_lot v0.12.5
[INFO] [stderr]     Checking polyval v0.6.2
[INFO] [stderr]    Compiling time-macros v0.2.32
[INFO] [stderr]     Checking http-body-util v0.1.5
[INFO] [stderr]    Compiling dlopen2_derive v0.4.3
[INFO] [stderr]     Checking bytemuck v1.25.2
[INFO] [stderr]    Compiling wry v0.56.1
[INFO] [stderr]     Checking x11rb-protocol v0.13.2
[INFO] [stderr]     Checking image v0.25.10
[INFO] [stderr]     Checking ghash v0.5.1
[INFO] [stderr]     Checking dbus v0.9.12
[INFO] [stderr]     Checking dirs v6.0.0
[INFO] [stderr]     Checking dlopen2 v0.8.2
[INFO] [stderr]     Checking ctr v0.9.2
[INFO] [stderr]     Checking aes v0.8.4
[INFO] [stderr]     Checking hmac v0.12.1
[INFO] [stderr]     Checking aead v0.5.2
[INFO] [stderr]     Checking png v0.17.16
[INFO] [stderr]     Checking chrono v0.4.45
[INFO] [stderr]     Checking aes-gcm v0.10.3
[INFO] [stderr]     Checking pbkdf2 v0.12.2
[INFO] [stderr]     Checking sha2 v0.10.9
[INFO] [stderr]    Compiling cmake v0.1.58
[INFO] [stderr]     Checking toml_datetime v1.1.1+spec-1.1.0
[INFO] [stderr]     Checking serde_spanned v1.1.1
[INFO] [stderr]     Checking ico v0.5.0
[INFO] [stderr]     Checking toml v1.1.4+spec-1.1.0
[INFO] [stderr]     Checking deadpool-runtime v0.1.4
[INFO] [stderr]     Checking time v0.3.55
[INFO] [stderr]    Compiling aws-lc-sys v0.44.0
[INFO] [stderr]     Checking matchers v0.2.0
[INFO] [stderr]     Checking regex v1.13.1
[INFO] [stderr]     Checking tracing-subscriber v0.3.23
[INFO] [stderr]    Compiling toml_datetime v0.6.3
[INFO] [stderr]    Compiling serde_spanned v0.6.9
[INFO] [stderr]    Compiling toml_edit v0.20.2
[INFO] [stderr]    Compiling toml_edit v0.19.15
[INFO] [stderr]    Compiling futures-macro v0.3.34
[INFO] [stderr]    Compiling zerovec-derive v0.11.4
[INFO] [stderr]    Compiling displaydoc v0.2.7
[INFO] [stderr]    Compiling tokio-macros v2.7.2
[INFO] [stderr]    Compiling serde_derive v1.0.229
[INFO] [stderr]    Compiling thiserror-impl v2.0.20
[INFO] [stderr]     Checking gethostname v1.1.0
[INFO] [stderr]     Checking x11rb v0.13.2
[INFO] [stderr]     Checking tokio v1.53.1
[INFO] [stderr]     Checking futures-util v0.3.34
[INFO] [stderr]     Checking zerotrie v0.2.5
[INFO] [stderr]     Checking ppv-lite86 v0.2.21
[INFO] [stderr]     Checking rand_chacha v0.3.1
[INFO] [stderr]     Checking rand v0.8.7
[INFO] [stderr]     Checking zerovec v0.11.7
[INFO] [stderr]    Compiling proc-macro-crate v1.3.1
[INFO] [stderr]     Checking arboard v3.6.1
[INFO] [stderr]     Checking thiserror v2.0.20
[INFO] [stderr]    Compiling gtk3-macros v0.18.2
[INFO] [stderr]     Checking tinystr v0.8.4
[INFO] [stderr]     Checking potential_utf v0.1.6
[INFO] [stderr]     Checking icu_locale_core v2.3.0
[INFO] [stderr]     Checking icu_collections v2.3.0
[INFO] [stderr]    Compiling toml v0.8.2
[INFO] [stderr]    Compiling proc-macro-crate v2.0.2
[INFO] [stderr]    Compiling system-deps v6.2.2
[INFO] [stderr]    Compiling embed-resource v2.5.2
[INFO] [stderr]    Compiling glib-macros v0.18.5
[INFO] [stderr]    Compiling fake-browser v0.1.0 (/opt/rustwide/workdir)
[INFO] [stderr]     Checking futures-executor v0.3.34
[INFO] [stderr]     Checking icu_provider v2.3.0
[INFO] [stderr]     Checking futures v0.3.34
[INFO] [stderr]    Compiling glib-sys v0.18.1
[INFO] [stderr]    Compiling gobject-sys v0.18.0
[INFO] [stderr]    Compiling gio-sys v0.18.1
[INFO] [stderr]    Compiling gdk-sys v0.18.2
[INFO] [stderr]    Compiling pango-sys v0.18.0
[INFO] [stderr]    Compiling gdk-pixbuf-sys v0.18.0
[INFO] [stderr]    Compiling cairo-sys-rs v0.18.2
[INFO] [stderr]    Compiling atk-sys v0.18.2
[INFO] [stderr]    Compiling gtk-sys v0.18.2
[INFO] [stderr]     Checking icu_normalizer v2.3.0
[INFO] [stderr]     Checking icu_properties v2.3.0
[INFO] [stderr]    Compiling soup3-sys v0.5.0
[INFO] [stderr]    Compiling javascriptcore-rs-sys v1.1.1
[INFO] [stderr]    Compiling gdkx11-sys v0.18.2
[INFO] [stderr]    Compiling webkit2gtk-sys v2.0.2
[INFO] [stderr]     Checking assert-json-diff v2.0.2
[INFO] [stderr]     Checking idna_adapter v1.2.2
[INFO] [stderr]     Checking idna v1.1.0
[INFO] [stderr]     Checking url v2.5.8
[INFO] [stderr]     Checking gdkwayland-sys v0.18.2
[INFO] [stderr]     Checking glib v0.18.5
[INFO] [stderr]     Checking tokio-util v0.7.19
[INFO] [stderr]     Checking tower v0.5.3
[INFO] [stderr]     Checking deadpool v0.12.3
[INFO] [stderr]     Checking tower-http v0.6.11
[INFO] [stderr]     Checking h2 v0.4.15
[INFO] [stderr]     Checking hyper v1.11.0
[INFO] [stderr]     Checking hyper-util v0.1.20
[INFO] [stderr]     Checking rustls-webpki v0.103.14
[INFO] [stderr]     Checking wiremock v0.6.5
[INFO] [stderr]     Checking cairo-rs v0.18.5
[INFO] [stderr]     Checking atk v0.18.2
[INFO] [stderr]     Checking javascriptcore-rs v1.1.2
[INFO] [stderr]     Checking tokio-rustls v0.26.4
[INFO] [stderr]     Checking rustls-platform-verifier v0.7.0
[INFO] [stderr]     Checking hyper-rustls v0.27.9
[INFO] [stderr]     Checking reqwest v0.13.4
[INFO] [stderr]     Checking gdk-pixbuf v0.18.5
[INFO] [stderr]     Checking pango v0.18.3
[INFO] [stderr]     Checking soup3 v0.5.0
[INFO] [stderr]     Checking gdk v0.18.2
[INFO] [stderr]     Checking gdkx11 v0.18.2
[INFO] [stderr]     Checking webkit2gtk v2.0.2
[INFO] [stderr]     Checking tao v0.36.0
[INFO] [stdout] error[E0432]: unresolved import `wry::WebViewBuilderExtWindows`
[INFO] [stdout]     --> src/app.rs:22:67
[INFO] [stdout]      |
[INFO] [stdout]   22 |     NewWindowResponse, Rect, WebContext, WebView, WebViewBuilder, WebViewBuilderExtWindows,
[INFO] [stdout]      |                                                                   ^^^^^^^^^^^^^^^^^^^^^^^^ no `WebViewBuilderExtWindows` in the root
[INFO] [stdout]      |
[INFO] [stdout] note: found an item that was configured out
[INFO] [stdout]     --> /opt/rustwide/cargo-home/registry/src/index.crates.io-1949cf8c6b5b557f/wry-0.56.1/src/lib.rs:1782:11
[INFO] [stdout]      |
[INFO] [stdout] 1781 | #[cfg(windows)]
[INFO] [stdout]      |       ------- the item is gated here
[INFO] [stdout] 1782 | pub trait WebViewBuilderExtWindows {
[INFO] [stdout]      |           ^^^^^^^^^^^^^^^^^^^^^^^^
[INFO] [stdout] help: a similar name exists in the module
[INFO] [stdout]      |
[INFO] [stdout]   22 -     NewWindowResponse, Rect, WebContext, WebView, WebViewBuilder, WebViewBuilderExtWindows,
[INFO] [stdout]   22 +     NewWindowResponse, Rect, WebContext, WebView, WebViewBuilder, WebViewBuilderExtUnix,
[INFO] [stdout]      |
[INFO] [stdout] 
[INFO] [stdout] 
[INFO] [stdout] error[E0432]: unresolved import `wry::WebViewBuilderExtWindows`
[INFO] [stdout]     --> src/app.rs:22:67
[INFO] [stdout]      |
[INFO] [stdout]   22 |     NewWindowResponse, Rect, WebContext, WebView, WebViewBuilder, WebViewBuilderExtWindows,
[INFO] [stdout]      |                                                                   ^^^^^^^^^^^^^^^^^^^^^^^^ no `WebViewBuilderExtWindows` in the root
[INFO] [stdout]      |
[INFO] [stdout] note: found an item that was configured out
[INFO] [stdout]     --> /opt/rustwide/cargo-home/registry/src/index.crates.io-1949cf8c6b5b557f/wry-0.56.1/src/lib.rs:1782:11
[INFO] [stdout]      |
[INFO] [stdout] 1781 | #[cfg(windows)]
[INFO] [stdout]      |       ------- the item is gated here
[INFO] [stdout] 1782 | pub trait WebViewBuilderExtWindows {
[INFO] [stdout]      |           ^^^^^^^^^^^^^^^^^^^^^^^^
[INFO] [stdout] help: a similar name exists in the module
[INFO] [stdout]      |
[INFO] [stdout]   22 -     NewWindowResponse, Rect, WebContext, WebView, WebViewBuilder, WebViewBuilderExtWindows,
[INFO] [stdout]   22 +     NewWindowResponse, Rect, WebContext, WebView, WebViewBuilder, WebViewBuilderExtUnix,
[INFO] [stdout]      |
[INFO] [stdout] 
[INFO] [stdout] 
[INFO] [stdout] error[E0599]: no method named `with_additional_browser_args` found for struct `WebViewBuilder<'a>` in the current scope
[INFO] [stdout]    --> src/app.rs:319:10
[INFO] [stdout]     |
[INFO] [stdout] 310 |     let content_webview = WebViewBuilder::new_with_web_context(&mut web_context)
[INFO] [stdout] 311 |         .with_url(fake_url("home", ""))
[INFO] [stdout] 312 |         .with_custom_protocol("fake".to_string(), protocol_handler)
[INFO] [stdout] 313 |         .with_ipc_handler(content_ipc)
[INFO] [stdout] 314 |         .with_navigation_handler(content_nav)
[INFO] [stdout] 315 |         .with_new_window_req_handler(content_new_window)
[INFO] [stdout] 316 |         // Chromium 网络层保险：任何逃逸的域名解析都指向本地黑洞，
[INFO] [stdout] 317 |         // 即使有请求绕过拦截也无法出网（fake.* workaround 由 WebView2
[INFO] [stdout] 318 |         // 资源拦截先行处理，不受 DNS 规则影响）
[INFO] [stdout] 319 |         .with_additional_browser_args(WEBVIEW2_BROWSER_ARGS)
[INFO] [stdout]     |          ^^^^^^^^^^^^^^^^^^^^^^^^^^^^ method not found in `WebViewBuilder<'_>`
[INFO] [stdout] 
[INFO] [stdout] 
[INFO] [stdout] error[E0599]: no method named `with_additional_browser_args` found for struct `WebViewBuilder<'a>` in the current scope
[INFO] [stdout]    --> src/app.rs:319:10
[INFO] [stdout]     |
[INFO] [stdout] 310 |     let content_webview = WebViewBuilder::new_with_web_context(&mut web_context)
[INFO] [stdout] 311 |         .with_url(fake_url("home", ""))
[INFO] [stdout] 312 |         .with_custom_protocol("fake".to_string(), protocol_handler)
[INFO] [stdout] 313 |         .with_ipc_handler(content_ipc)
[INFO] [stdout] 314 |         .with_navigation_handler(content_nav)
[INFO] [stdout] 315 |         .with_new_window_req_handler(content_new_window)
[INFO] [stdout] 316 |         // Chromium 网络层保险：任何逃逸的域名解析都指向本地黑洞，
[INFO] [stdout] 317 |         // 即使有请求绕过拦截也无法出网（fake.* workaround 由 WebView2
[INFO] [stdout] 318 |         // 资源拦截先行处理，不受 DNS 规则影响）
[INFO] [stdout] 319 |         .with_additional_browser_args(WEBVIEW2_BROWSER_ARGS)
[INFO] [stdout]     |          ^^^^^^^^^^^^^^^^^^^^^^^^^^^^ method not found in `WebViewBuilder<'_>`
[INFO] [stdout] 
[INFO] [stdout] 
[INFO] [stdout] error[E0599]: no method named `with_additional_browser_args` found for struct `WebViewBuilder<'a>` in the current scope
[INFO] [stdout]    --> src/app.rs:348:10
[INFO] [stdout]     |
[INFO] [stdout] 346 |     let shell_webview = WebViewBuilder::new_with_web_context(&mut web_context)
[INFO] [stdout] 347 |         .with_html(SHELL_HTML.to_string())
[INFO] [stdout] 348 |         .with_additional_browser_args(WEBVIEW2_BROWSER_ARGS)
[INFO] [stdout]     |          ^^^^^^^^^^^^^^^^^^^^^^^^^^^^ method not found in `WebViewBuilder<'_>`
[INFO] [stdout] 
[INFO] [stdout] 
[INFO] [stdout] error[E0599]: no method named `with_additional_browser_args` found for struct `WebViewBuilder<'a>` in the current scope
[INFO] [stdout]    --> src/app.rs:348:10
[INFO] [stdout]     |
[INFO] [stdout] 346 |     let shell_webview = WebViewBuilder::new_with_web_context(&mut web_context)
[INFO] [stdout] 347 |         .with_html(SHELL_HTML.to_string())
[INFO] [stdout] 348 |         .with_additional_browser_args(WEBVIEW2_BROWSER_ARGS)
[INFO] [stdout]     |          ^^^^^^^^^^^^^^^^^^^^^^^^^^^^ method not found in `WebViewBuilder<'_>`
[INFO] [stdout] 
[INFO] [stdout] 
[INFO] [stdout] Some errors have detailed explanations: E0432, E0599.
[INFO] [stdout] 
[INFO] [stdout] For more information about an error, try `rustc --explain E0432`.
[INFO] [stdout] 
[INFO] [stderr] error: could not compile `fake-browser` (lib) due to 3 previous errors
[INFO] [stderr] warning: build failed, waiting for other jobs to finish...
[INFO] [stdout] Some errors have detailed explanations: E0432, E0599.
[INFO] [stdout] 
[INFO] [stdout] For more information about an error, try `rustc --explain E0432`.
[INFO] [stdout] 
[INFO] [stderr] error: could not compile `fake-browser` (lib test) due to 3 previous errors
[INFO] running `Command { std: "docker" "inspect" "83e6af0f87ea6dad299dd9e4fcfb26a4967558b50308f5cf646a5602cd7bfe35", kill_on_drop: false }`
[INFO] running `Command { std: "docker" "rm" "-f" "83e6af0f87ea6dad299dd9e4fcfb26a4967558b50308f5cf646a5602cd7bfe35", kill_on_drop: false }`
[INFO] [stdout] 83e6af0f87ea6dad299dd9e4fcfb26a4967558b50308f5cf646a5602cd7bfe35
