[INFO] cloning repository https://github.com/pioneerdotai/relay
[INFO] running `Command { std: "git" "-c" "credential.helper=" "-c" "credential.helper=/workspace/cargo-home/bin/git-credential-null" "clone" "--bare" "https://github.com/pioneerdotai/relay" "/workspace/cache/git-repos/https%3A%2F%2Fgithub.com%2Fpioneerdotai%2Frelay", kill_on_drop: false }`
[INFO] [stderr] Cloning into bare repository '/workspace/cache/git-repos/https%3A%2F%2Fgithub.com%2Fpioneerdotai%2Frelay'...
[INFO] running `Command { std: "git" "rev-parse" "HEAD", kill_on_drop: false }`
[INFO] [stdout] b2cf57dc01cc04e0ea012fa316ad7b669ad6275a
[INFO] checking pioneerdotai/relay against 3154cc1a3e6424e44f438a95007d043ed5ceaaf6 for pr-133502-30
[INFO] running `Command { std: "git" "clone" "/workspace/cache/git-repos/https%3A%2F%2Fgithub.com%2Fpioneerdotai%2Frelay" "/workspace/builds/worker-0-tc2/source", kill_on_drop: false }`
[INFO] [stderr] Cloning into '/workspace/builds/worker-0-tc2/source'...
[INFO] [stderr] done.
[INFO] removed /workspace/builds/worker-0-tc2/source/rust-toolchain.toml
[INFO] started tweaking git repo https://github.com/pioneerdotai/relay
[INFO] finished tweaking git repo https://github.com/pioneerdotai/relay
[INFO] tweaked toml for git repo https://github.com/pioneerdotai/relay written to /workspace/builds/worker-0-tc2/source/Cargo.toml
[INFO] validating manifest of git repo https://github.com/pioneerdotai/relay on toolchain 3154cc1a3e6424e44f438a95007d043ed5ceaaf6
[INFO] running `Command { std: CARGO_HOME="/workspace/cargo-home" RUSTUP_HOME="/workspace/rustup-home" "/workspace/cargo-home/bin/cargo" "+3154cc1a3e6424e44f438a95007d043ed5ceaaf6" "metadata" "--manifest-path" "Cargo.toml" "--no-deps", kill_on_drop: false }`
[INFO] crate git repo https://github.com/pioneerdotai/relay already has a lockfile, it will not be regenerated
[INFO] running `Command { std: CARGO_HOME="/workspace/cargo-home" RUSTUP_HOME="/workspace/rustup-home" "/workspace/cargo-home/bin/cargo" "+3154cc1a3e6424e44f438a95007d043ed5ceaaf6" "fetch" "--manifest-path" "Cargo.toml", kill_on_drop: false }`
[INFO] running `Command { std: "docker" "create" "-v" "/var/lib/crater-agent-workspace/builds/worker-0-tc2/source:/opt/rustwide/workdir:ro,Z" "-v" "/var/lib/crater-agent-workspace/builds/worker-0-tc2/target:/opt/rustwide/target:rw,Z" "-v" "/var/lib/crater-agent-workspace/cargo-home:/opt/rustwide/cargo-home:ro,Z" "-v" "/var/lib/crater-agent-workspace/rustup-home:/opt/rustwide/rustup-home:ro,Z" "-m" "1610612736" "--network" "none" "ghcr.io/rust-lang/crates-build-env/linux@sha256:77db811e55d90add9212f6832c23229e3de5f1c1f9905e8cb07319ea15df73ac" "sleep" "infinity", kill_on_drop: false }`
[INFO] [stdout] e87a5ae59a2ec0eac2d934860e59de90b6d5a75895d7bca0f1f9883695232bfd
[INFO] running `Command { std: "docker" "start" "e87a5ae59a2ec0eac2d934860e59de90b6d5a75895d7bca0f1f9883695232bfd", kill_on_drop: false }`
[INFO] running `Command { std: "docker" "inspect" "e87a5ae59a2ec0eac2d934860e59de90b6d5a75895d7bca0f1f9883695232bfd", kill_on_drop: false }`
[INFO] running `Command { std: "docker" "exec" "-e" "SOURCE_DIR=/opt/rustwide/workdir" "-e" "CARGO_HOME=/opt/rustwide/cargo-home" "-e" "RUSTUP_HOME=/opt/rustwide/rustup-home" "-e" "CARGO_TARGET_DIR=/opt/rustwide/target" "-w" "/opt/rustwide/workdir" "--user" "0:0" "e87a5ae59a2ec0eac2d934860e59de90b6d5a75895d7bca0f1f9883695232bfd" "/opt/rustwide/cargo-home/bin/cargo" "+3154cc1a3e6424e44f438a95007d043ed5ceaaf6" "metadata" "--no-deps" "--format-version=1", kill_on_drop: false }`
[INFO] running `Command { std: "docker" "inspect" "e87a5ae59a2ec0eac2d934860e59de90b6d5a75895d7bca0f1f9883695232bfd", kill_on_drop: false }`
[INFO] running `Command { std: "docker" "exec" "-e" "SOURCE_DIR=/opt/rustwide/workdir" "-e" "CARGO_HOME=/opt/rustwide/cargo-home" "-e" "RUSTUP_HOME=/opt/rustwide/rustup-home" "-e" "CARGO_TARGET_DIR=/opt/rustwide/target" "-e" "CARGO_INCREMENTAL=0" "-e" "RUST_BACKTRACE=full" "-e" "RUSTFLAGS=--cap-lints=forbid" "-e" "RUSTDOCFLAGS=--cap-lints=forbid" "-w" "/opt/rustwide/workdir" "--user" "0:0" "e87a5ae59a2ec0eac2d934860e59de90b6d5a75895d7bca0f1f9883695232bfd" "/opt/rustwide/cargo-home/bin/cargo" "+3154cc1a3e6424e44f438a95007d043ed5ceaaf6" "check" "--frozen" "--all" "--all-targets" "--message-format=json", kill_on_drop: false }`
[INFO] [stderr]    Compiling libc v0.2.148
[INFO] [stderr]    Compiling proc-macro2 v1.0.67
[INFO] [stderr]     Checking cfg-if v1.0.0
[INFO] [stderr]    Compiling serde v1.0.188
[INFO] [stderr]    Compiling lock_api v0.4.10
[INFO] [stderr]    Compiling parking_lot_core v0.9.8
[INFO] [stderr]     Checking typenum v1.17.0
[INFO] [stderr]    Compiling thiserror v1.0.49
[INFO] [stderr]     Checking subtle v2.5.0
[INFO] [stderr]    Compiling semver v1.0.19
[INFO] [stderr]    Compiling futures-core v0.3.28
[INFO] [stderr]     Checking log v0.4.20
[INFO] [stderr]     Checking cpufeatures v0.2.9
[INFO] [stderr]    Compiling pkg-config v0.3.27
[INFO] [stderr]    Compiling syn v1.0.109
[INFO] [stderr]    Compiling rustc_version v0.4.0
[INFO] [stderr]    Compiling quote v1.0.33
[INFO] [stderr]     Checking getrandom v0.2.10
[INFO] [stderr]     Checking rand_core v0.6.4
[INFO] [stderr]    Compiling cc v1.0.83
[INFO] [stderr]    Compiling syn v2.0.37
[INFO] [stderr]    Compiling slab v0.4.9
[INFO] [stderr]    Compiling httparse v1.8.0
[INFO] [stderr]    Compiling anyhow v1.0.75
[INFO] [stderr]     Checking smallvec v1.11.1
[INFO] [stderr]    Compiling futures-task v0.3.28
[INFO] [stderr]     Checking pin-project-lite v0.2.13
[INFO] [stderr]     Checking crypto-common v0.1.6
[INFO] [stderr]    Compiling proc-macro-error-attr v1.0.4
[INFO] [stderr]    Compiling platforms v3.1.2
[INFO] [stderr]     Checking mio v0.8.8
[INFO] [stderr]    Compiling crossbeam-utils v0.8.16
[INFO] [stderr]    Compiling rustversion v1.0.14
[INFO] [stderr]    Compiling curve25519-dalek v4.1.2
[INFO] [stderr]     Checking generic-array v0.14.7
[INFO] [stderr]     Checking zeroize v1.6.0
[INFO] [stderr]    Compiling openssl v0.10.57
[INFO] [stderr]     Checking once_cell v1.18.0
[INFO] [stderr]    Compiling futures-util v0.3.28
[INFO] [stderr]    Compiling deranged v0.3.11
[INFO] [stderr]     Checking parking_lot v0.12.1
[INFO] [stderr]     Checking signal-hook-registry v1.4.1
[INFO] [stderr]     Checking socket2 v0.5.4
[INFO] [stderr]     Checking num_cpus v1.16.0
[INFO] [stderr]    Compiling openssl-sys v0.9.93
[INFO] [stderr]     Checking inout v0.1.3
[INFO] [stderr]    Compiling itoa v1.0.9
[INFO] [stderr]    Compiling num-conv v0.1.0
[INFO] [stderr]     Checking scopeguard v1.2.0
[INFO] [stderr]    Compiling time-core v0.1.2
[INFO] [stderr]     Checking cipher v0.4.4
[INFO] [stderr]     Checking digest v0.10.7
[INFO] [stderr]     Checking universal-hash v0.5.1
[INFO] [stderr]    Compiling snow v0.9.6
[INFO] [stderr]    Compiling indexmap v1.9.3
[INFO] [stderr]     Checking opaque-debug v0.3.0
[INFO] [stderr]    Compiling time v0.3.36
[INFO] [stderr]    Compiling native-tls v0.2.11
[INFO] [stderr]     Checking block-buffer v0.10.4
[INFO] [stderr]    Compiling async-trait v0.1.73
[INFO] [stderr]     Checking tinyvec v1.6.0
[INFO] [stderr]     Checking ppv-lite86 v0.2.17
[INFO] [stderr]     Checking polyval v0.6.1
[INFO] [stderr]     Checking aead v0.5.2
[INFO] [stderr]     Checking percent-encoding v2.3.0
[INFO] [stderr]     Checking tinyvec_macros v0.1.1
[INFO] [stderr]     Checking unicode-bidi v0.3.13
[INFO] [stderr]     Checking futures-sink v0.3.28
[INFO] [stderr]     Checking form_urlencoded v1.2.0
[INFO] [stderr]     Checking ghash v0.5.0
[INFO] [stderr]     Checking poly1305 v0.8.0
[INFO] [stderr]     Checking rand_chacha v0.3.1
[INFO] [stderr]     Checking aes v0.8.4
[INFO] [stderr]     Checking rand v0.8.5
[INFO] [stderr]     Checking unicode-normalization v0.1.22
[INFO] [stderr]     Checking chacha20 v0.9.1
[INFO] [stderr]     Checking ctr v0.9.2
[INFO] [stderr]     Checking idna v0.4.0
[INFO] [stderr]     Checking tracing-core v0.1.31
[INFO] [stderr]    Compiling vergen v7.5.1
[INFO] [stderr]    Compiling proc-macro-error v1.0.4
[INFO] [stderr]     Checking bitflags v2.4.0
[INFO] [stderr]     Checking regex-syntax v0.7.5
[INFO] [stderr]     Checking regex-syntax v0.6.29
[INFO] [stderr]     Checking chacha20poly1305 v0.10.1
[INFO] [stderr]     Checking aes-gcm v0.10.3
[INFO] [stderr]     Checking blake2 v0.10.6
[INFO] [stderr]     Checking sha2 v0.10.8
[INFO] [stderr]     Checking sha1 v0.10.6
[INFO] [stderr]     Checking inotify-sys v0.1.5
[INFO] [stderr]     Checking byteorder v1.4.3
[INFO] [stderr]     Checking utf-8 v0.7.6
[INFO] [stderr]     Checking hashbrown v0.12.3
[INFO] [stderr]     Checking data-encoding v2.4.0
[INFO] [stderr]     Checking foreign-types-shared v0.1.1
[INFO] [stderr]     Checking overload v0.1.1
[INFO] [stderr]     Checking os_str_bytes v6.5.1
[INFO] [stderr]     Checking nu-ansi-term v0.46.0
[INFO] [stderr]     Checking clap_lex v0.2.4
[INFO] [stderr]     Checking foreign-types v0.3.2
[INFO] [stderr]     Checking crossbeam-channel v0.5.8
[INFO] [stderr]    Compiling getset v0.1.2
[INFO] [stderr]    Compiling clap_derive v3.2.25
[INFO] [stderr]     Checking walkdir v2.4.0
[INFO] [stderr]     Checking regex-automata v0.3.9
[INFO] [stderr]     Checking inotify v0.9.6
[INFO] [stderr]     Checking sharded-slab v0.1.6
[INFO] [stderr]     Checking tracing-log v0.1.3
[INFO] [stderr]     Checking regex-automata v0.1.10
[INFO] [stderr]     Checking thread_local v1.1.7
[INFO] [stderr]    Compiling serde_derive v1.0.188
[INFO] [stderr]    Compiling tokio-macros v2.1.0
[INFO] [stderr]    Compiling thiserror-impl v1.0.49
[INFO] [stderr]    Compiling openssl-macros v0.1.1
[INFO] [stderr]    Compiling curve25519-dalek-derive v0.1.0
[INFO] [stderr]    Compiling futures-macro v0.3.28
[INFO] [stderr]    Compiling enum-iterator-derive v1.2.1
[INFO] [stderr]    Compiling pin-project-internal v1.1.3
[INFO] [stderr]    Compiling tracing-attributes v0.1.26
[INFO] [stderr]    Compiling enum-iterator v1.4.1
[INFO] [stderr]     Checking regex v1.9.6
[INFO] [stderr]     Checking matchers v0.1.0
[INFO] [stderr]     Checking pin-project v1.1.3
[INFO] [stderr]     Checking atty v0.2.14
[INFO] [stderr]     Checking filetime v0.2.22
[INFO] [stderr]     Checking instant v0.1.12
[INFO] [stderr]     Checking termcolor v1.3.0
[INFO] [stderr]     Checking textwrap v0.16.0
[INFO] [stderr]     Checking bitflags v1.3.2
[INFO] [stderr]     Checking tracing v0.1.37
[INFO] [stderr]     Checking fnv v1.0.7
[INFO] [stderr]     Checking base64 v0.13.1
[INFO] [stderr]     Checking pin-utils v0.1.0
[INFO] [stderr]     Checking lazy_static v1.4.0
[INFO] [stderr]     Checking clap v3.2.25
[INFO] [stderr]    Compiling rathole v0.6.1 (/opt/rustwide/workdir)
[INFO] [stderr]     Checking tracing-subscriber v0.3.17
[INFO] [stderr]     Checking notify v5.2.0
[INFO] [stderr]     Checking fdlimit v0.2.1
[INFO] [stderr]     Checking socket2 v0.4.9
[INFO] [stderr]     Checking openssl-probe v0.1.5
[INFO] [stderr]     Checking same-file v1.0.6
[INFO] [stderr]     Checking strsim v0.10.0
[INFO] [stderr]     Checking bytes v1.5.0
[INFO] [stderr]     Checking url v2.4.1
[INFO] [stderr]     Checking toml v0.5.11
[INFO] [stderr]     Checking bincode v1.3.3
[INFO] [stderr]     Checking hex v0.4.3
[INFO] [stderr]     Checking tokio v1.32.0
[INFO] [stderr]     Checking http v0.2.9
[INFO] [stderr]     Checking tungstenite v0.20.1
[INFO] [stderr]     Checking async-http-proxy v1.2.5
[INFO] [stderr]     Checking backoff v0.4.0
[INFO] [stderr]     Checking snowstorm v0.4.0
[INFO] [stderr]     Checking tokio-tungstenite v0.20.1
[INFO] [stderr]     Checking tokio-native-tls v0.3.1
[INFO] [stderr]     Checking async-socks5 v0.5.1
[INFO] [stderr]     Checking tokio-util v0.7.9
[INFO] [stdout] error[E0599]: no method named `try_join_next` found for mutable reference `&mut tokio::task::JoinSet<()>` in the current scope
[INFO] [stdout]    --> src/client.rs:316:21
[INFO] [stdout]     |
[INFO] [stdout] 316 |         while tasks.try_join_next().is_some() {}
[INFO] [stdout]     |                     ^^^^^^^^^^^^^
[INFO] [stdout]     |
[INFO] [stdout] help: there is a method `join_next` with a similar name
[INFO] [stdout]     |
[INFO] [stdout] 316 -         while tasks.try_join_next().is_some() {}
[INFO] [stdout] 316 +         while tasks.join_next().is_some() {}
[INFO] [stdout]     |
[INFO] [stdout] 
[INFO] [stdout] 
[INFO] [stdout] error[E0599]: no method named `try_join_next` found for mutable reference `&mut JoinSet<()>` in the current scope
[INFO] [stdout]    --> src/client.rs:316:21
[INFO] [stdout]     |
[INFO] [stdout] 316 |         while tasks.try_join_next().is_some() {}
[INFO] [stdout]     |                     ^^^^^^^^^^^^^
[INFO] [stdout]     |
[INFO] [stdout] help: there is a method `join_next` with a similar name
[INFO] [stdout]     |
[INFO] [stdout] 316 -         while tasks.try_join_next().is_some() {}
[INFO] [stdout] 316 +         while tasks.join_next().is_some() {}
[INFO] [stdout]     |
[INFO] [stdout] 
[INFO] [stdout] 
[INFO] [stdout] error[E0599]: no method named `try_join_next` found for mutable reference `&mut JoinSet<()>` in the current scope
[INFO] [stdout]    --> src/client.rs:316:21
[INFO] [stdout]     |
[INFO] [stdout] 316 |         while tasks.try_join_next().is_some() {}
[INFO] [stdout]     |                     ^^^^^^^^^^^^^
[INFO] [stdout]     |
[INFO] [stdout] help: there is a method `join_next` with a similar name
[INFO] [stdout]     |
[INFO] [stdout] 316 -         while tasks.try_join_next().is_some() {}
[INFO] [stdout] 316 +         while tasks.join_next().is_some() {}
[INFO] [stdout]     |
[INFO] [stdout] 
[INFO] [stdout] 
[INFO] [stdout] For more information about this error, try `rustc --explain E0599`.
[INFO] [stdout] 
[INFO] [stderr] error: could not compile `rathole` (lib) due to 1 previous error
[INFO] [stderr] warning: build failed, waiting for other jobs to finish...
[INFO] [stdout] For more information about this error, try `rustc --explain E0599`.
[INFO] [stdout] 
[INFO] [stderr] error: could not compile `rathole` (lib test) due to 1 previous error
[INFO] [stdout] For more information about this error, try `rustc --explain E0599`.
[INFO] [stdout] 
[INFO] [stderr] error: could not compile `rathole` (lib) due to 1 previous error
[INFO] running `Command { std: "docker" "inspect" "e87a5ae59a2ec0eac2d934860e59de90b6d5a75895d7bca0f1f9883695232bfd", kill_on_drop: false }`
[INFO] running `Command { std: "docker" "rm" "-f" "e87a5ae59a2ec0eac2d934860e59de90b6d5a75895d7bca0f1f9883695232bfd", kill_on_drop: false }`
[INFO] [stdout] e87a5ae59a2ec0eac2d934860e59de90b6d5a75895d7bca0f1f9883695232bfd
