[INFO] cloning repository https://github.com/phunapps/hap-rust
[INFO] running `Command { std: "git" "-c" "credential.helper=" "-c" "credential.helper=/workspace/cargo-home/bin/git-credential-null" "clone" "--bare" "https://github.com/phunapps/hap-rust" "/workspace/cache/git-repos/https%3A%2F%2Fgithub.com%2Fphunapps%2Fhap-rust", kill_on_drop: false }`
[INFO] [stderr] Cloning into bare repository '/workspace/cache/git-repos/https%3A%2F%2Fgithub.com%2Fphunapps%2Fhap-rust'...
[INFO] running `Command { std: "git" "rev-parse" "HEAD", kill_on_drop: false }`
[INFO] [stdout] 8174cc3c7b7500f9dff10aacbe4a089a7b613c97
[INFO] checking phunapps/hap-rust against 3154cc1a3e6424e44f438a95007d043ed5ceaaf6 for pr-133502-30
[INFO] running `Command { std: "git" "clone" "/workspace/cache/git-repos/https%3A%2F%2Fgithub.com%2Fphunapps%2Fhap-rust" "/workspace/builds/worker-5-tc2/source", kill_on_drop: false }`
[INFO] [stderr] Cloning into '/workspace/builds/worker-5-tc2/source'...
[INFO] [stderr] done.
[INFO] removed /workspace/builds/worker-5-tc2/source/.cargo/config.toml
[INFO] started tweaking git repo https://github.com/phunapps/hap-rust
[INFO] finished tweaking git repo https://github.com/phunapps/hap-rust
[INFO] tweaked toml for git repo https://github.com/phunapps/hap-rust written to /workspace/builds/worker-5-tc2/source/Cargo.toml
[INFO] validating manifest of git repo https://github.com/phunapps/hap-rust on toolchain 3154cc1a3e6424e44f438a95007d043ed5ceaaf6
[INFO] running `Command { std: CARGO_HOME="/workspace/cargo-home" RUSTUP_HOME="/workspace/rustup-home" "/workspace/cargo-home/bin/cargo" "+3154cc1a3e6424e44f438a95007d043ed5ceaaf6" "metadata" "--manifest-path" "Cargo.toml" "--no-deps", kill_on_drop: false }`
[INFO] crate git repo https://github.com/phunapps/hap-rust already has a lockfile, it will not be regenerated
[INFO] running `Command { std: CARGO_HOME="/workspace/cargo-home" RUSTUP_HOME="/workspace/rustup-home" "/workspace/cargo-home/bin/cargo" "+3154cc1a3e6424e44f438a95007d043ed5ceaaf6" "fetch" "--manifest-path" "Cargo.toml", kill_on_drop: false }`
[INFO] [stderr] warning: unused workspace dependency `bitflags`
[INFO] [stderr]   --> Cargo.toml:13:1
[INFO] [stderr]    |
[INFO] [stderr] 13 | bitflags = "2"
[INFO] [stderr]    | ^^^^^^^^
[INFO] [stderr]    |
[INFO] [stderr]    = note: `cargo::unused_workspace_dependencies` is set to `warn` by default
[INFO] [stderr] help: consider removing the workspace dependency `bitflags`
[INFO] [stderr] warning: unused field `categories` in `workspace.package`
[INFO] [stderr]    --> Cargo.toml:120:1
[INFO] [stderr]     |
[INFO] [stderr] 120 | categories = ["network-programming", "api-bindings", "cryptography"]
[INFO] [stderr]     | ^^^^^^^^^^
[INFO] [stderr]     |
[INFO] [stderr]     = note: `cargo::unused_workspace_package_fields` is set to `warn` by default
[INFO] [stderr] help: consider removing the field `workspace.package.categories`
[INFO] [stderr] warning: unused field `keywords` in `workspace.package`
[INFO] [stderr]    --> Cargo.toml:123:1
[INFO] [stderr]     |
[INFO] [stderr] 123 | keywords = ["homekit", "hap", "smart-home", "iot", "accessory"]
[INFO] [stderr]     | ^^^^^^^^
[INFO] [stderr]     |
[INFO] [stderr] help: consider removing the field `workspace.package.keywords`
[INFO] [stderr] warning: workspace (manifest) generated 3 warnings
[INFO] [stderr] warning: `package.homepage` is redundant with `package.repository`
[INFO] [stderr]  --> crates/hap-pairing/Cargo.toml:9:1
[INFO] [stderr]   |
[INFO] [stderr] 8 | repository.workspace = true
[INFO] [stderr]   | ----------
[INFO] [stderr] 9 | homepage.workspace = true
[INFO] [stderr]   | ^^^^^^^^
[INFO] [stderr]   |
[INFO] [stderr]   = note: `cargo::redundant_homepage` is set to `warn` by default
[INFO] [stderr] help: consider removing `package.homepage`
[INFO] [stderr] warning: `hap-pairing` (manifest) generated 1 warning
[INFO] [stderr] warning: `package.homepage` is redundant with `package.repository`
[INFO] [stderr]  --> crates/hap-tlv8/Cargo.toml:9:1
[INFO] [stderr]   |
[INFO] [stderr] 8 | repository.workspace = true
[INFO] [stderr]   | ----------
[INFO] [stderr] 9 | homepage.workspace = true
[INFO] [stderr]   | ^^^^^^^^
[INFO] [stderr]   |
[INFO] [stderr]   = note: `cargo::redundant_homepage` is set to `warn` by default
[INFO] [stderr] help: consider removing `package.homepage`
[INFO] [stderr] warning: `hap-tlv8` (manifest) generated 1 warning
[INFO] [stderr] warning: `package.homepage` is redundant with `package.repository`
[INFO] [stderr]  --> crates/hap-thread-dut/Cargo.toml:9:1
[INFO] [stderr]   |
[INFO] [stderr] 8 | repository.workspace = true
[INFO] [stderr]   | ----------
[INFO] [stderr] 9 | homepage.workspace = true
[INFO] [stderr]   | ^^^^^^^^
[INFO] [stderr]   |
[INFO] [stderr]   = note: `cargo::redundant_homepage` is set to `warn` by default
[INFO] [stderr] help: consider removing `package.homepage`
[INFO] [stderr] warning: `hap-thread-dut` (manifest) generated 1 warning
[INFO] [stderr] warning: `package.homepage` is redundant with `package.repository`
[INFO] [stderr]  --> crates/hap-transport/Cargo.toml:9:1
[INFO] [stderr]   |
[INFO] [stderr] 8 | repository.workspace = true
[INFO] [stderr]   | ----------
[INFO] [stderr] 9 | homepage.workspace = true
[INFO] [stderr]   | ^^^^^^^^
[INFO] [stderr]   |
[INFO] [stderr]   = note: `cargo::redundant_homepage` is set to `warn` by default
[INFO] [stderr] help: consider removing `package.homepage`
[INFO] [stderr] warning: `hap-transport` (manifest) generated 1 warning
[INFO] [stderr] warning: `package.homepage` is redundant with `package.repository`
[INFO] [stderr]  --> crates/hap-thread/Cargo.toml:9:1
[INFO] [stderr]   |
[INFO] [stderr] 8 | repository.workspace = true
[INFO] [stderr]   | ----------
[INFO] [stderr] 9 | homepage.workspace = true
[INFO] [stderr]   | ^^^^^^^^
[INFO] [stderr]   |
[INFO] [stderr]   = note: `cargo::redundant_homepage` is set to `warn` by default
[INFO] [stderr] help: consider removing `package.homepage`
[INFO] [stderr] warning: `hap-thread` (manifest) generated 1 warning
[INFO] [stderr] warning: `package.homepage` is redundant with `package.repository`
[INFO] [stderr]  --> crates/hap-crypto/Cargo.toml:9:1
[INFO] [stderr]   |
[INFO] [stderr] 8 | repository.workspace = true
[INFO] [stderr]   | ----------
[INFO] [stderr] 9 | homepage.workspace = true
[INFO] [stderr]   | ^^^^^^^^
[INFO] [stderr]   |
[INFO] [stderr]   = note: `cargo::redundant_homepage` is set to `warn` by default
[INFO] [stderr] help: consider removing `package.homepage`
[INFO] [stderr] warning: `hap-crypto` (manifest) generated 1 warning
[INFO] [stderr] warning: `package.homepage` is redundant with `package.repository`
[INFO] [stderr]  --> crates/hap-ble/Cargo.toml:9:1
[INFO] [stderr]   |
[INFO] [stderr] 8 | repository.workspace = true
[INFO] [stderr]   | ----------
[INFO] [stderr] 9 | homepage.workspace = true
[INFO] [stderr]   | ^^^^^^^^
[INFO] [stderr]   |
[INFO] [stderr]   = note: `cargo::redundant_homepage` is set to `warn` by default
[INFO] [stderr] help: consider removing `package.homepage`
[INFO] [stderr] warning: `hap-ble` (manifest) generated 1 warning
[INFO] [stderr] warning: `package.homepage` is redundant with `package.repository`
[INFO] [stderr]  --> crates/hap-model/Cargo.toml:9:1
[INFO] [stderr]   |
[INFO] [stderr] 8 | repository.workspace = true
[INFO] [stderr]   | ----------
[INFO] [stderr] 9 | homepage.workspace = true
[INFO] [stderr]   | ^^^^^^^^
[INFO] [stderr]   |
[INFO] [stderr]   = note: `cargo::redundant_homepage` is set to `warn` by default
[INFO] [stderr] help: consider removing `package.homepage`
[INFO] [stderr] warning: `hap-model` (manifest) generated 1 warning
[INFO] [stderr] warning: `package.homepage` is redundant with `package.repository`
[INFO] [stderr]  --> crates/hap-controller/Cargo.toml:9:1
[INFO] [stderr]   |
[INFO] [stderr] 8 | repository.workspace = true
[INFO] [stderr]   | ----------
[INFO] [stderr] 9 | homepage.workspace = true
[INFO] [stderr]   | ^^^^^^^^
[INFO] [stderr]   |
[INFO] [stderr]   = note: `cargo::redundant_homepage` is set to `warn` by default
[INFO] [stderr] help: consider removing `package.homepage`
[INFO] [stderr] warning: `hap-controller` (manifest) generated 1 warning
[INFO] running `Command { std: "docker" "create" "-v" "/var/lib/crater-agent-workspace/builds/worker-5-tc2/source:/opt/rustwide/workdir:ro,Z" "-v" "/var/lib/crater-agent-workspace/builds/worker-5-tc2/target:/opt/rustwide/target:rw,Z" "-v" "/var/lib/crater-agent-workspace/cargo-home:/opt/rustwide/cargo-home:ro,Z" "-v" "/var/lib/crater-agent-workspace/rustup-home:/opt/rustwide/rustup-home:ro,Z" "-m" "1610612736" "--network" "none" "ghcr.io/rust-lang/crates-build-env/linux@sha256:77db811e55d90add9212f6832c23229e3de5f1c1f9905e8cb07319ea15df73ac" "sleep" "infinity", kill_on_drop: false }`
[INFO] [stdout] 993ebec174a7de80eadc22ed2dbfe20fd26a90d93eb9358fffaed195f0f26f65
[INFO] running `Command { std: "docker" "start" "993ebec174a7de80eadc22ed2dbfe20fd26a90d93eb9358fffaed195f0f26f65", kill_on_drop: false }`
[INFO] running `Command { std: "docker" "inspect" "993ebec174a7de80eadc22ed2dbfe20fd26a90d93eb9358fffaed195f0f26f65", kill_on_drop: false }`
[INFO] running `Command { std: "docker" "exec" "-e" "SOURCE_DIR=/opt/rustwide/workdir" "-e" "CARGO_HOME=/opt/rustwide/cargo-home" "-e" "RUSTUP_HOME=/opt/rustwide/rustup-home" "-e" "CARGO_TARGET_DIR=/opt/rustwide/target" "-w" "/opt/rustwide/workdir" "--user" "0:0" "993ebec174a7de80eadc22ed2dbfe20fd26a90d93eb9358fffaed195f0f26f65" "/opt/rustwide/cargo-home/bin/cargo" "+3154cc1a3e6424e44f438a95007d043ed5ceaaf6" "metadata" "--no-deps" "--format-version=1", kill_on_drop: false }`
[INFO] running `Command { std: "docker" "inspect" "993ebec174a7de80eadc22ed2dbfe20fd26a90d93eb9358fffaed195f0f26f65", kill_on_drop: false }`
[INFO] running `Command { std: "docker" "exec" "-e" "SOURCE_DIR=/opt/rustwide/workdir" "-e" "CARGO_HOME=/opt/rustwide/cargo-home" "-e" "RUSTUP_HOME=/opt/rustwide/rustup-home" "-e" "CARGO_TARGET_DIR=/opt/rustwide/target" "-e" "CARGO_INCREMENTAL=0" "-e" "RUST_BACKTRACE=full" "-e" "RUSTFLAGS=--cap-lints=forbid" "-e" "RUSTDOCFLAGS=--cap-lints=forbid" "-w" "/opt/rustwide/workdir" "--user" "0:0" "993ebec174a7de80eadc22ed2dbfe20fd26a90d93eb9358fffaed195f0f26f65" "/opt/rustwide/cargo-home/bin/cargo" "+3154cc1a3e6424e44f438a95007d043ed5ceaaf6" "check" "--frozen" "--all" "--all-targets" "--message-format=json", kill_on_drop: false }`
[INFO] [stderr] warning: unused workspace dependency `bitflags`
[INFO] [stderr]   --> Cargo.toml:13:1
[INFO] [stderr]    |
[INFO] [stderr] 13 | bitflags = "2"
[INFO] [stderr]    | ^^^^^^^^
[INFO] [stderr]    |
[INFO] [stderr]    = note: `cargo::unused_workspace_dependencies` is set to `warn` by default
[INFO] [stderr] help: consider removing the workspace dependency `bitflags`
[INFO] [stderr] warning: unused field `categories` in `workspace.package`
[INFO] [stderr]    --> Cargo.toml:120:1
[INFO] [stderr]     |
[INFO] [stderr] 120 | categories = ["network-programming", "api-bindings", "cryptography"]
[INFO] [stderr]     | ^^^^^^^^^^
[INFO] [stderr]     |
[INFO] [stderr]     = note: `cargo::unused_workspace_package_fields` is set to `warn` by default
[INFO] [stderr] help: consider removing the field `workspace.package.categories`
[INFO] [stderr] warning: unused field `keywords` in `workspace.package`
[INFO] [stderr]    --> Cargo.toml:123:1
[INFO] [stderr]     |
[INFO] [stderr] 123 | keywords = ["homekit", "hap", "smart-home", "iot", "accessory"]
[INFO] [stderr]     | ^^^^^^^^
[INFO] [stderr]     |
[INFO] [stderr] help: consider removing the field `workspace.package.keywords`
[INFO] [stderr] warning: workspace (manifest) generated 3 warnings
[INFO] [stderr] warning: `package.homepage` is redundant with `package.repository`
[INFO] [stderr]  --> crates/hap-crypto/Cargo.toml:9:1
[INFO] [stderr]   |
[INFO] [stderr] 8 | repository.workspace = true
[INFO] [stderr]   | ----------
[INFO] [stderr] 9 | homepage.workspace = true
[INFO] [stderr]   | ^^^^^^^^
[INFO] [stderr]   |
[INFO] [stderr]   = note: `cargo::redundant_homepage` is set to `warn` by default
[INFO] [stderr] help: consider removing `package.homepage`
[INFO] [stderr] warning: `hap-crypto` (manifest) generated 1 warning
[INFO] [stderr] warning: `package.homepage` is redundant with `package.repository`
[INFO] [stderr]  --> crates/hap-ble/Cargo.toml:9:1
[INFO] [stderr]   |
[INFO] [stderr] 8 | repository.workspace = true
[INFO] [stderr]   | ----------
[INFO] [stderr] 9 | homepage.workspace = true
[INFO] [stderr]   | ^^^^^^^^
[INFO] [stderr]   |
[INFO] [stderr]   = note: `cargo::redundant_homepage` is set to `warn` by default
[INFO] [stderr] help: consider removing `package.homepage`
[INFO] [stderr] warning: `hap-ble` (manifest) generated 1 warning
[INFO] [stderr] warning: `package.homepage` is redundant with `package.repository`
[INFO] [stderr]  --> crates/hap-model/Cargo.toml:9:1
[INFO] [stderr]   |
[INFO] [stderr] 8 | repository.workspace = true
[INFO] [stderr]   | ----------
[INFO] [stderr] 9 | homepage.workspace = true
[INFO] [stderr]   | ^^^^^^^^
[INFO] [stderr]   |
[INFO] [stderr]   = note: `cargo::redundant_homepage` is set to `warn` by default
[INFO] [stderr] help: consider removing `package.homepage`
[INFO] [stderr] warning: `hap-model` (manifest) generated 1 warning
[INFO] [stderr] warning: `package.homepage` is redundant with `package.repository`
[INFO] [stderr]  --> crates/hap-pairing/Cargo.toml:9:1
[INFO] [stderr]   |
[INFO] [stderr] 8 | repository.workspace = true
[INFO] [stderr]   | ----------
[INFO] [stderr] 9 | homepage.workspace = true
[INFO] [stderr]   | ^^^^^^^^
[INFO] [stderr]   |
[INFO] [stderr]   = note: `cargo::redundant_homepage` is set to `warn` by default
[INFO] [stderr] help: consider removing `package.homepage`
[INFO] [stderr] warning: `hap-pairing` (manifest) generated 1 warning
[INFO] [stderr] warning: `package.homepage` is redundant with `package.repository`
[INFO] [stderr]  --> crates/hap-tlv8/Cargo.toml:9:1
[INFO] [stderr]   |
[INFO] [stderr] 8 | repository.workspace = true
[INFO] [stderr]   | ----------
[INFO] [stderr] 9 | homepage.workspace = true
[INFO] [stderr]   | ^^^^^^^^
[INFO] [stderr]   |
[INFO] [stderr]   = note: `cargo::redundant_homepage` is set to `warn` by default
[INFO] [stderr] help: consider removing `package.homepage`
[INFO] [stderr] warning: `hap-tlv8` (manifest) generated 1 warning
[INFO] [stderr] warning: `package.homepage` is redundant with `package.repository`
[INFO] [stderr]  --> crates/hap-controller/Cargo.toml:9:1
[INFO] [stderr]   |
[INFO] [stderr] 8 | repository.workspace = true
[INFO] [stderr]   | ----------
[INFO] [stderr] 9 | homepage.workspace = true
[INFO] [stderr]   | ^^^^^^^^
[INFO] [stderr]   |
[INFO] [stderr]   = note: `cargo::redundant_homepage` is set to `warn` by default
[INFO] [stderr] help: consider removing `package.homepage`
[INFO] [stderr] warning: `hap-controller` (manifest) generated 1 warning
[INFO] [stderr] warning: `package.homepage` is redundant with `package.repository`
[INFO] [stderr]  --> crates/hap-transport/Cargo.toml:9:1
[INFO] [stderr]   |
[INFO] [stderr] 8 | repository.workspace = true
[INFO] [stderr]   | ----------
[INFO] [stderr] 9 | homepage.workspace = true
[INFO] [stderr]   | ^^^^^^^^
[INFO] [stderr]   |
[INFO] [stderr]   = note: `cargo::redundant_homepage` is set to `warn` by default
[INFO] [stderr] help: consider removing `package.homepage`
[INFO] [stderr] warning: `hap-transport` (manifest) generated 1 warning
[INFO] [stderr] warning: `package.homepage` is redundant with `package.repository`
[INFO] [stderr]  --> crates/hap-thread/Cargo.toml:9:1
[INFO] [stderr]   |
[INFO] [stderr] 8 | repository.workspace = true
[INFO] [stderr]   | ----------
[INFO] [stderr] 9 | homepage.workspace = true
[INFO] [stderr]   | ^^^^^^^^
[INFO] [stderr]   |
[INFO] [stderr]   = note: `cargo::redundant_homepage` is set to `warn` by default
[INFO] [stderr] help: consider removing `package.homepage`
[INFO] [stderr] warning: `hap-thread` (manifest) generated 1 warning
[INFO] [stderr] warning: `package.homepage` is redundant with `package.repository`
[INFO] [stderr]  --> crates/hap-thread-dut/Cargo.toml:9:1
[INFO] [stderr]   |
[INFO] [stderr] 8 | repository.workspace = true
[INFO] [stderr]   | ----------
[INFO] [stderr] 9 | homepage.workspace = true
[INFO] [stderr]   | ^^^^^^^^
[INFO] [stderr]   |
[INFO] [stderr]   = note: `cargo::redundant_homepage` is set to `warn` by default
[INFO] [stderr] help: consider removing `package.homepage`
[INFO] [stderr] warning: `hap-thread-dut` (manifest) generated 1 warning
[INFO] [stderr]    Compiling unicode-ident v1.0.26
[INFO] [stderr]     Checking cfg-if v1.0.5
[INFO] [stderr]    Compiling getrandom v0.4.3
[INFO] [stderr]    Compiling thiserror v2.0.21
[INFO] [stderr]     Checking mio v1.2.3
[INFO] [stderr]     Checking serde_json v1.0.151
[INFO] [stderr]    Compiling curve25519-dalek v5.0.0
[INFO] [stderr]     Checking signature v3.0.0
[INFO] [stderr]     Checking base64 v0.23.1
[INFO] [stderr]    Compiling proc-macro2 v1.0.107
[INFO] [stderr]     Checking ed25519 v3.0.0
[INFO] [stderr]     Checking num-integer v0.1.47
[INFO] [stderr]     Checking flume v0.12.0
[INFO] [stderr]     Checking socket-pktinfo v0.4.1
[INFO] [stderr]     Checking if-addrs v0.15.0
[INFO] [stderr]     Checking lazy_static v1.5.1
[INFO] [stderr]     Checking tracing v0.1.44
[INFO] [stderr]     Checking futures-channel v0.3.34
[INFO] [stderr]     Checking num-bigint v0.5.1
[INFO] [stderr]    Compiling syn v1.0.109
[INFO] [stderr]     Checking mdns-sd v0.21.4
[INFO] [stderr]    Compiling uuid v1.26.1
[INFO] [stderr]    Compiling quote v1.0.47
[INFO] [stderr]     Checking nix v0.27.1
[INFO] [stderr]    Compiling syn v3.0.6
[INFO] [stderr]    Compiling syn v2.0.119
[INFO] [stderr]     Checking macaddr v1.0.1
[INFO] [stderr]     Checking futures-lite v1.13.0
[INFO] [stderr]    Compiling rustix v1.1.5
[INFO] [stderr]     Checking regex-automata v0.4.18
[INFO] [stderr]     Checking sharded-slab v0.1.7
[INFO] [stderr]     Checking thread_local v1.1.10
[INFO] [stderr]     Checking coap-message v0.3.7
[INFO] [stderr]     Checking lru_time_cache v0.11.11
[INFO] [stderr]     Checking coap-message v0.2.3
[INFO] [stderr]     Checking getrandom v0.3.4
[INFO] [stderr]     Checking coap-lite v0.13.3
[INFO] [stderr]    Compiling zerocopy v0.8.59
[INFO] [stderr]     Checking rand_core v0.9.5
[INFO] [stderr]     Checking toml v1.1.6+spec-1.1.0
[INFO] [stderr]     Checking rand v0.9.5
[INFO] [stderr]     Checking tempfile v3.27.0
[INFO] [stderr]     Checking rand_xorshift v0.4.0
[INFO] [stderr]     Checking rusty-fork v0.3.1
[INFO] [stderr]    Compiling synstructure v0.12.6
[INFO] [stderr]     Checking matchers v0.2.0
[INFO] [stderr]     Checking tracing-subscriber v0.3.23
[INFO] [stderr]    Compiling custom_debug_derive v0.5.1
[INFO] [stderr]     Checking custom_debug v0.5.1
[INFO] [stderr]    Compiling serde_derive v1.0.229
[INFO] [stderr]    Compiling thiserror-impl v2.0.21
[INFO] [stderr]    Compiling tokio-macros v2.7.2
[INFO] [stderr]    Compiling async-trait v0.1.92
[INFO] [stderr]    Compiling futures-macro v0.3.34
[INFO] [stderr]    Compiling displaydoc v0.2.7
[INFO] [stderr]     Checking tokio v1.53.1
[INFO] [stderr]     Checking futures-util v0.3.34
[INFO] [stderr]    Compiling clap_derive v4.6.7
[INFO] [stderr]     Checking hap-tlv8 v1.0.0 (/opt/rustwide/workdir/crates/hap-tlv8)
[INFO] [stderr]    Compiling zeroize_derive v1.5.0
[INFO] [stderr]    Compiling curve25519-dalek-derive v0.1.1
[INFO] [stderr]    Compiling strum_macros v0.25.3
[INFO] [stderr]     Checking zeroize v1.9.0
[INFO] [stderr]    Compiling pin-project-internal v1.1.13
[INFO] [stderr]     Checking hybrid-array v0.4.15
[INFO] [stderr]    Compiling num-derive v0.4.2
[INFO] [stderr]     Checking ppv-lite86 v0.2.21
[INFO] [stderr]     Checking crypto-common v0.2.2
[INFO] [stderr]     Checking block-buffer v0.12.1
[INFO] [stderr]     Checking inout v0.2.2
[INFO] [stderr]     Checking pin-project v1.1.13
[INFO] [stderr]     Checking strum v0.25.0
[INFO] [stderr]     Checking rand_chacha v0.9.0
[INFO] [stderr]     Checking clap v4.6.7
[INFO] [stderr]     Checking serde v1.0.229
[INFO] [stderr]     Checking proptest v1.11.0
[INFO] [stderr]     Checking digest v0.11.3
[INFO] [stderr]     Checking universal-hash v0.6.1
[INFO] [stderr]     Checking cipher v0.5.2
[INFO] [stderr]     Checking poly1305 v0.9.1
[INFO] [stderr]     Checking hmac v0.13.0
[INFO] [stderr]     Checking sha2 v0.11.0
[INFO] [stderr]     Checking chacha20 v0.10.2
[INFO] [stderr]     Checking aead v0.6.1
[INFO] [stderr]     Checking hkdf v0.13.0
[INFO] [stderr]     Checking dbus v0.9.12
[INFO] [stderr]    Compiling bluer v0.16.1
[INFO] [stderr]     Checking chacha20poly1305 v0.11.0
[INFO] [stderr]     Checking hap-model v1.2.0 (/opt/rustwide/workdir/crates/hap-model)
[INFO] [stderr]     Checking futures-executor v0.3.34
[INFO] [stderr]     Checking futures v0.3.34
[INFO] [stderr]     Checking sha1 v0.11.0
[INFO] [stderr]     Checking xtask v0.0.0 (/opt/rustwide/workdir/xtask)
[INFO] [stderr]     Checking x25519-dalek v3.0.0
[INFO] [stderr]     Checking ed25519-dalek v3.0.0
[INFO] [stderr]     Checking hap-crypto v1.4.0 (/opt/rustwide/workdir/crates/hap-crypto)
[INFO] [stderr]     Checking tokio-util v0.7.19
[INFO] [stderr]     Checking hap-transport v1.3.1 (/opt/rustwide/workdir/crates/hap-transport)
[INFO] [stderr]     Checking hap-thread-dut v0.3.0 (/opt/rustwide/workdir/crates/hap-thread-dut)
[INFO] [stderr]     Checking tokio-stream v0.1.19
[INFO] [stderr]     Checking hap-pairing v2.1.0 (/opt/rustwide/workdir/crates/hap-pairing)
[INFO] [stderr]     Checking hap-thread v0.4.1 (/opt/rustwide/workdir/crates/hap-thread)
[INFO] [stderr]     Checking hap-controller v3.3.0 (/opt/rustwide/workdir/crates/hap-controller)
[INFO] [stderr]     Checking dbus-tokio v0.7.6
[INFO] [stderr]     Checking dbus-crossroads v0.5.3
[INFO] [stdout] error[E0277]: the trait bound `!: ReadAll` is not satisfied
[INFO] [stdout]    --> /opt/rustwide/cargo-home/registry/src/index.crates.io-1949cf8c6b5b557f/bluer-0.16.1/src/adapter.rs:244:21
[INFO] [stdout]     |
[INFO] [stdout] 244 |                     self.call_method("SetDiscoveryFilter", (self.discovery_filter().await.into_dict(),)).await?;
[INFO] [stdout]     |                     ^^^^^^^^^^^^^^^^^^^^^^^^^^^^^^^^^^^^^^^^^^^^^^^^^^^^^^^^^^^^^^^^^^^^^^^^^^^^^^^^^^^^ the trait `ReadAll` is not implemented for `!`
[INFO] [stdout]     |
[INFO] [stdout]    ::: /opt/rustwide/cargo-home/registry/src/index.crates.io-1949cf8c6b5b557f/bluer-0.16.1/src/lib.rs:196
[INFO] [stdout]     |
[INFO] [stdout] 196 | macro_rules! dbus_default_interface {
[INFO] [stdout]     |
[INFO] [stdout]     = help: the following other types implement trait `ReadAll`:
[INFO] [stdout]               ()
[INFO] [stdout]               (A,)
[INFO] [stdout]               (A, B)
[INFO] [stdout]               (A, B, C)
[INFO] [stdout]               (A, B, C, D)
[INFO] [stdout]               (A, B, C, D, E)
[INFO] [stdout]               (A, B, C, D, E, F)
[INFO] [stdout]               (A, B, C, D, E, F, G)
[INFO] [stdout]             and 34 others
[INFO] [stdout]     = note: this error might have been caused by changes to Rust's type-inference algorithm (see issue #148922 <https://github.com/rust-lang/rust/issues/148922> for more information)
[INFO] [stdout]     = help: you might have intended to use the type `()` here instead
[INFO] [stdout] note: required by a bound in `adapter::Adapter::call_method`
[INFO] [stdout]    --> /opt/rustwide/cargo-home/registry/src/index.crates.io-1949cf8c6b5b557f/bluer-0.16.1/src/lib.rs:226:16
[INFO] [stdout]     |
[INFO] [stdout] 223 |         async fn call_method<A, R>(&self, name: &str, args: A) -> crate::Result<R>
[INFO] [stdout] ...
[INFO] [stdout] 226 |             R: dbus::arg::ReadAll + std::fmt::Debug + 'static,
[INFO] [stdout]     |                ^^^^^^^^^^^^^^^^^^ required by this bound in `Adapter::call_method`
[INFO] [stdout]     |
[INFO] [stdout]    ::: /opt/rustwide/cargo-home/registry/src/index.crates.io-1949cf8c6b5b557f/bluer-0.16.1/src/adapter.rs:56
[INFO] [stdout]     |
[INFO] [stdout]  56 | impl Adapter {
[INFO] [stdout] ...
[INFO] [stdout] 261 |     dbus_default_interface!(INTERFACE);
[INFO] [stdout]     |     ---------------------------------- in this macro invocation
[INFO] [stdout] 
[INFO] [stdout] 
[INFO] [stdout] error[E0277]: the trait bound `!: ReadAll` is not satisfied
[INFO] [stdout]    --> /opt/rustwide/cargo-home/registry/src/index.crates.io-1949cf8c6b5b557f/bluer-0.16.1/src/adapter.rs:245:21
[INFO] [stdout]     |
[INFO] [stdout] 245 |                     self.call_method("StartDiscovery", ()).await?;
[INFO] [stdout]     |                     ^^^^^^^^^^^^^^^^^^^^^^^^^^^^^^^^^^^^^^ the trait `ReadAll` is not implemented for `!`
[INFO] [stdout]     |
[INFO] [stdout]    ::: /opt/rustwide/cargo-home/registry/src/index.crates.io-1949cf8c6b5b557f/bluer-0.16.1/src/lib.rs:196
[INFO] [stdout]     |
[INFO] [stdout] 196 | macro_rules! dbus_default_interface {
[INFO] [stdout]     |
[INFO] [stdout]     = help: the following other types implement trait `ReadAll`:
[INFO] [stdout]               ()
[INFO] [stdout]               (A,)
[INFO] [stdout]               (A, B)
[INFO] [stdout]               (A, B, C)
[INFO] [stdout]               (A, B, C, D)
[INFO] [stdout]               (A, B, C, D, E)
[INFO] [stdout]               (A, B, C, D, E, F)
[INFO] [stdout]               (A, B, C, D, E, F, G)
[INFO] [stdout]             and 34 others
[INFO] [stdout]     = note: this error might have been caused by changes to Rust's type-inference algorithm (see issue #148922 <https://github.com/rust-lang/rust/issues/148922> for more information)
[INFO] [stdout]     = help: you might have intended to use the type `()` here instead
[INFO] [stdout] note: required by a bound in `adapter::Adapter::call_method`
[INFO] [stdout]    --> /opt/rustwide/cargo-home/registry/src/index.crates.io-1949cf8c6b5b557f/bluer-0.16.1/src/lib.rs:226:16
[INFO] [stdout]     |
[INFO] [stdout] 223 |         async fn call_method<A, R>(&self, name: &str, args: A) -> crate::Result<R>
[INFO] [stdout] ...
[INFO] [stdout] 226 |             R: dbus::arg::ReadAll + std::fmt::Debug + 'static,
[INFO] [stdout]     |                ^^^^^^^^^^^^^^^^^^ required by this bound in `Adapter::call_method`
[INFO] [stdout]     |
[INFO] [stdout]    ::: /opt/rustwide/cargo-home/registry/src/index.crates.io-1949cf8c6b5b557f/bluer-0.16.1/src/adapter.rs:56
[INFO] [stdout]     |
[INFO] [stdout]  56 | impl Adapter {
[INFO] [stdout] ...
[INFO] [stdout] 261 |     dbus_default_interface!(INTERFACE);
[INFO] [stdout]     |     ---------------------------------- in this macro invocation
[INFO] [stdout] 
[INFO] [stdout] 
[INFO] [stdout] error[E0277]: the trait bound `!: ReadAll` is not satisfied
[INFO] [stdout]    --> /opt/rustwide/cargo-home/registry/src/index.crates.io-1949cf8c6b5b557f/bluer-0.16.1/src/adapter.rs:349:9
[INFO] [stdout]     |
[INFO] [stdout] 349 |         self.call_method("RemoveDevice", ((path),)).await?;
[INFO] [stdout]     |         ^^^^^^^^^^^^^^^^^^^^^^^^^^^^^^^^^^^^^^^^^^^ the trait `ReadAll` is not implemented for `!`
[INFO] [stdout]     |
[INFO] [stdout]    ::: /opt/rustwide/cargo-home/registry/src/index.crates.io-1949cf8c6b5b557f/bluer-0.16.1/src/lib.rs:196
[INFO] [stdout]     |
[INFO] [stdout] 196 | macro_rules! dbus_default_interface {
[INFO] [stdout]     |
[INFO] [stdout]     = help: the following other types implement trait `ReadAll`:
[INFO] [stdout]               ()
[INFO] [stdout]               (A,)
[INFO] [stdout]               (A, B)
[INFO] [stdout]               (A, B, C)
[INFO] [stdout]               (A, B, C, D)
[INFO] [stdout]               (A, B, C, D, E)
[INFO] [stdout]               (A, B, C, D, E, F)
[INFO] [stdout]               (A, B, C, D, E, F, G)
[INFO] [stdout]             and 34 others
[INFO] [stdout]     = note: this error might have been caused by changes to Rust's type-inference algorithm (see issue #148922 <https://github.com/rust-lang/rust/issues/148922> for more information)
[INFO] [stdout]     = help: you might have intended to use the type `()` here instead
[INFO] [stdout] note: required by a bound in `adapter::Adapter::call_method`
[INFO] [stdout]    --> /opt/rustwide/cargo-home/registry/src/index.crates.io-1949cf8c6b5b557f/bluer-0.16.1/src/lib.rs:226:16
[INFO] [stdout]     |
[INFO] [stdout] 223 |         async fn call_method<A, R>(&self, name: &str, args: A) -> crate::Result<R>
[INFO] [stdout] ...
[INFO] [stdout] 226 |             R: dbus::arg::ReadAll + std::fmt::Debug + 'static,
[INFO] [stdout]     |                ^^^^^^^^^^^^^^^^^^ required by this bound in `Adapter::call_method`
[INFO] [stdout]     |
[INFO] [stdout]    ::: /opt/rustwide/cargo-home/registry/src/index.crates.io-1949cf8c6b5b557f/bluer-0.16.1/src/adapter.rs:56
[INFO] [stdout]     |
[INFO] [stdout]  56 | impl Adapter {
[INFO] [stdout] ...
[INFO] [stdout] 261 |     dbus_default_interface!(INTERFACE);
[INFO] [stdout]     |     ---------------------------------- in this macro invocation
[INFO] [stdout] 
[INFO] [stdout] 
[INFO] [stdout] error[E0277]: the trait bound `!: ReadAll` is not satisfied
[INFO] [stdout]    --> /opt/rustwide/cargo-home/registry/src/index.crates.io-1949cf8c6b5b557f/bluer-0.16.1/src/adv.rs:310:15
[INFO] [stdout]     |
[INFO] [stdout] 310 |         proxy.method_call(MANAGER_INTERFACE, "RegisterAdvertisement", (name.clone(), PropMap::new())).await?;
[INFO] [stdout]     |               ^^^^^^^^^^^ the trait `ReadAll` is not implemented for `!`
[INFO] [stdout]     |
[INFO] [stdout]     = help: the following other types implement trait `ReadAll`:
[INFO] [stdout]               ()
[INFO] [stdout]               (A,)
[INFO] [stdout]               (A, B)
[INFO] [stdout]               (A, B, C)
[INFO] [stdout]               (A, B, C, D)
[INFO] [stdout]               (A, B, C, D, E)
[INFO] [stdout]               (A, B, C, D, E, F)
[INFO] [stdout]               (A, B, C, D, E, F, G)
[INFO] [stdout]             and 34 others
[INFO] [stdout]     = note: this error might have been caused by changes to Rust's type-inference algorithm (see issue #148922 <https://github.com/rust-lang/rust/issues/148922> for more information)
[INFO] [stdout]     = help: you might have intended to use the type `()` here instead
[INFO] [stdout] note: required by a bound in `dbus::nonblock::Proxy::<'a, C>::method_call`
[INFO] [stdout]    --> /opt/rustwide/cargo-home/registry/src/index.crates.io-1949cf8c6b5b557f/dbus-0.9.12/src/nonblock.rs:538:35
[INFO] [stdout]     |
[INFO] [stdout] 516 | impl<'a, T, C> Proxy<'a, C>
[INFO] [stdout] ...
[INFO] [stdout] 538 |     pub fn method_call<'i, 'm, R: ReadAll + 'static, A: AppendAll, I: Into<Interface<'i>>, M: Into<Member<'m>>>(&self, i: I, m: M, ...
[INFO] [stdout]     |                                   ^^^^^^^ required by this bound in `Proxy::<'a, C>::method_call`
[INFO] [stdout] 
[INFO] [stdout] 
[INFO] [stdout] error[E0277]: the trait bound `!: ReadAll` is not satisfied
[INFO] [stdout]    --> /opt/rustwide/cargo-home/registry/src/index.crates.io-1949cf8c6b5b557f/bluer-0.16.1/src/agent.rs:469:15
[INFO] [stdout]     |
[INFO] [stdout] 469 |         proxy.method_call(MANAGER_INTERFACE, "RegisterAgent", (name.clone(), capability)).await?;
[INFO] [stdout]     |               ^^^^^^^^^^^ the trait `ReadAll` is not implemented for `!`
[INFO] [stdout]     |
[INFO] [stdout]     = help: the following other types implement trait `ReadAll`:
[INFO] [stdout]               ()
[INFO] [stdout]               (A,)
[INFO] [stdout]               (A, B)
[INFO] [stdout]               (A, B, C)
[INFO] [stdout]               (A, B, C, D)
[INFO] [stdout]               (A, B, C, D, E)
[INFO] [stdout]               (A, B, C, D, E, F)
[INFO] [stdout]               (A, B, C, D, E, F, G)
[INFO] [stdout]             and 34 others
[INFO] [stdout]     = note: this error might have been caused by changes to Rust's type-inference algorithm (see issue #148922 <https://github.com/rust-lang/rust/issues/148922> for more information)
[INFO] [stdout]     = help: you might have intended to use the type `()` here instead
[INFO] [stdout] note: required by a bound in `dbus::nonblock::Proxy::<'a, C>::method_call`
[INFO] [stdout]    --> /opt/rustwide/cargo-home/registry/src/index.crates.io-1949cf8c6b5b557f/dbus-0.9.12/src/nonblock.rs:538:35
[INFO] [stdout]     |
[INFO] [stdout] 516 | impl<'a, T, C> Proxy<'a, C>
[INFO] [stdout] ...
[INFO] [stdout] 538 |     pub fn method_call<'i, 'm, R: ReadAll + 'static, A: AppendAll, I: Into<Interface<'i>>, M: Into<Member<'m>>>(&self, i: I, m: M, ...
[INFO] [stdout]     |                                   ^^^^^^^ required by this bound in `Proxy::<'a, C>::method_call`
[INFO] [stdout] 
[INFO] [stdout] 
[INFO] [stdout] error[E0277]: the trait bound `!: ReadAll` is not satisfied
[INFO] [stdout]    --> /opt/rustwide/cargo-home/registry/src/index.crates.io-1949cf8c6b5b557f/bluer-0.16.1/src/agent.rs:489:19
[INFO] [stdout]     |
[INFO] [stdout] 489 |             proxy.method_call(MANAGER_INTERFACE, "RequestDefaultAgent", (name.clone(),)).await?;
[INFO] [stdout]     |                   ^^^^^^^^^^^ the trait `ReadAll` is not implemented for `!`
[INFO] [stdout]     |
[INFO] [stdout]     = help: the following other types implement trait `ReadAll`:
[INFO] [stdout]               ()
[INFO] [stdout]               (A,)
[INFO] [stdout]               (A, B)
[INFO] [stdout]               (A, B, C)
[INFO] [stdout]               (A, B, C, D)
[INFO] [stdout]               (A, B, C, D, E)
[INFO] [stdout]               (A, B, C, D, E, F)
[INFO] [stdout]               (A, B, C, D, E, F, G)
[INFO] [stdout]             and 34 others
[INFO] [stdout]     = note: this error might have been caused by changes to Rust's type-inference algorithm (see issue #148922 <https://github.com/rust-lang/rust/issues/148922> for more information)
[INFO] [stdout]     = help: you might have intended to use the type `()` here instead
[INFO] [stdout] note: required by a bound in `dbus::nonblock::Proxy::<'a, C>::method_call`
[INFO] [stdout]    --> /opt/rustwide/cargo-home/registry/src/index.crates.io-1949cf8c6b5b557f/dbus-0.9.12/src/nonblock.rs:538:35
[INFO] [stdout]     |
[INFO] [stdout] 516 | impl<'a, T, C> Proxy<'a, C>
[INFO] [stdout] ...
[INFO] [stdout] 538 |     pub fn method_call<'i, 'm, R: ReadAll + 'static, A: AppendAll, I: Into<Interface<'i>>, M: Into<Member<'m>>>(&self, i: I, m: M, ...
[INFO] [stdout]     |                                   ^^^^^^^ required by this bound in `Proxy::<'a, C>::method_call`
[INFO] [stdout] 
[INFO] [stdout] 
[INFO] [stdout] error[E0277]: the trait bound `!: ReadAll` is not satisfied
[INFO] [stdout]     --> /opt/rustwide/cargo-home/registry/src/index.crates.io-1949cf8c6b5b557f/bluer-0.16.1/src/gatt/local.rs:1353:15
[INFO] [stdout]      |
[INFO] [stdout] 1353 |         proxy.method_call(MANAGER_INTERFACE, "RegisterApplication", (app_path.clone(), PropMap::new())).await?;
[INFO] [stdout]      |               ^^^^^^^^^^^ the trait `ReadAll` is not implemented for `!`
[INFO] [stdout]      |
[INFO] [stdout]      = help: the following other types implement trait `ReadAll`:
[INFO] [stdout]                ()
[INFO] [stdout]                (A,)
[INFO] [stdout]                (A, B)
[INFO] [stdout]                (A, B, C)
[INFO] [stdout]                (A, B, C, D)
[INFO] [stdout]                (A, B, C, D, E)
[INFO] [stdout]                (A, B, C, D, E, F)
[INFO] [stdout]                (A, B, C, D, E, F, G)
[INFO] [stdout]              and 34 others
[INFO] [stdout]      = note: this error might have been caused by changes to Rust's type-inference algorithm (see issue #148922 <https://github.com/rust-lang/rust/issues/148922> for more information)
[INFO] [stdout]      = help: you might have intended to use the type `()` here instead
[INFO] [stdout] note: required by a bound in `dbus::nonblock::Proxy::<'a, C>::method_call`
[INFO] [stdout]     --> /opt/rustwide/cargo-home/registry/src/index.crates.io-1949cf8c6b5b557f/dbus-0.9.12/src/nonblock.rs:538:35
[INFO] [stdout]      |
[INFO] [stdout]  516 | impl<'a, T, C> Proxy<'a, C>
[INFO] [stdout] ...
[INFO] [stdout]  538 |     pub fn method_call<'i, 'm, R: ReadAll + 'static, A: AppendAll, I: Into<Interface<'i>>, M: Into<Member<'m>>>(&self, i: I, m: M,...
[INFO] [stdout]      |                                   ^^^^^^^ required by this bound in `Proxy::<'a, C>::method_call`
[INFO] [stdout] 
[INFO] [stdout] 
[INFO] [stdout] error[E0277]: the trait bound `!: ReadAll` is not satisfied
[INFO] [stdout]     --> /opt/rustwide/cargo-home/registry/src/index.crates.io-1949cf8c6b5b557f/bluer-0.16.1/src/gatt/local.rs:1441:14
[INFO] [stdout]      |
[INFO] [stdout] 1441 |             .method_call(MANAGER_INTERFACE, "RegisterApplication", (profile_path.clone(), PropMap::new()))
[INFO] [stdout]      |              ^^^^^^^^^^^ the trait `ReadAll` is not implemented for `!`
[INFO] [stdout]      |
[INFO] [stdout]      = help: the following other types implement trait `ReadAll`:
[INFO] [stdout]                ()
[INFO] [stdout]                (A,)
[INFO] [stdout]                (A, B)
[INFO] [stdout]                (A, B, C)
[INFO] [stdout]                (A, B, C, D)
[INFO] [stdout]                (A, B, C, D, E)
[INFO] [stdout]                (A, B, C, D, E, F)
[INFO] [stdout]                (A, B, C, D, E, F, G)
[INFO] [stdout]              and 34 others
[INFO] [stdout]      = note: this error might have been caused by changes to Rust's type-inference algorithm (see issue #148922 <https://github.com/rust-lang/rust/issues/148922> for more information)
[INFO] [stdout]      = help: you might have intended to use the type `()` here instead
[INFO] [stdout] note: required by a bound in `dbus::nonblock::Proxy::<'a, C>::method_call`
[INFO] [stdout]     --> /opt/rustwide/cargo-home/registry/src/index.crates.io-1949cf8c6b5b557f/dbus-0.9.12/src/nonblock.rs:538:35
[INFO] [stdout]      |
[INFO] [stdout]  516 | impl<'a, T, C> Proxy<'a, C>
[INFO] [stdout] ...
[INFO] [stdout]  538 |     pub fn method_call<'i, 'm, R: ReadAll + 'static, A: AppendAll, I: Into<Interface<'i>>, M: Into<Member<'m>>>(&self, i: I, m: M,...
[INFO] [stdout]      |                                   ^^^^^^^ required by this bound in `Proxy::<'a, C>::method_call`
[INFO] [stdout] 
[INFO] [stdout] 
[INFO] [stdout] error[E0277]: the trait bound `!: ReadAll` is not satisfied
[INFO] [stdout]    --> /opt/rustwide/cargo-home/registry/src/index.crates.io-1949cf8c6b5b557f/bluer-0.16.1/src/gatt/remote.rs:333:9
[INFO] [stdout]     |
[INFO] [stdout] 333 |         self.call_method("WriteValue", (value, req.to_dict())).await?;
[INFO] [stdout]     |         ^^^^^^^^^^^^^^^^^^^^^^^^^^^^^^^^^^^^^^^^^^^^^^^^^^^^^^ the trait `ReadAll` is not implemented for `!`
[INFO] [stdout]     |
[INFO] [stdout]    ::: /opt/rustwide/cargo-home/registry/src/index.crates.io-1949cf8c6b5b557f/bluer-0.16.1/src/lib.rs:196
[INFO] [stdout]     |
[INFO] [stdout] 196 | macro_rules! dbus_default_interface {
[INFO] [stdout]     |
[INFO] [stdout]     = help: the following other types implement trait `ReadAll`:
[INFO] [stdout]               ()
[INFO] [stdout]               (A,)
[INFO] [stdout]               (A, B)
[INFO] [stdout]               (A, B, C)
[INFO] [stdout]               (A, B, C, D)
[INFO] [stdout]               (A, B, C, D, E)
[INFO] [stdout]               (A, B, C, D, E, F)
[INFO] [stdout]               (A, B, C, D, E, F, G)
[INFO] [stdout]             and 34 others
[INFO] [stdout]     = note: this error might have been caused by changes to Rust's type-inference algorithm (see issue #148922 <https://github.com/rust-lang/rust/issues/148922> for more information)
[INFO] [stdout]     = help: you might have intended to use the type `()` here instead
[INFO] [stdout] note: required by a bound in `remote::Characteristic::call_method`
[INFO] [stdout]    --> /opt/rustwide/cargo-home/registry/src/index.crates.io-1949cf8c6b5b557f/bluer-0.16.1/src/lib.rs:226:16
[INFO] [stdout]     |
[INFO] [stdout] 223 |         async fn call_method<A, R>(&self, name: &str, args: A) -> crate::Result<R>
[INFO] [stdout] ...
[INFO] [stdout] 226 |             R: dbus::arg::ReadAll + std::fmt::Debug + 'static,
[INFO] [stdout]     |                ^^^^^^^^^^^^^^^^^^ required by this bound in `Characteristic::call_method`
[INFO] [stdout]     |
[INFO] [stdout]    ::: /opt/rustwide/cargo-home/registry/src/index.crates.io-1949cf8c6b5b557f/bluer-0.16.1/src/gatt/remote.rs:204
[INFO] [stdout]     |
[INFO] [stdout] 204 | impl Characteristic {
[INFO] [stdout] ...
[INFO] [stdout] 447 |     dbus_default_interface!(CHARACTERISTIC_INTERFACE);
[INFO] [stdout]     |     ------------------------------------------------- in this macro invocation
[INFO] [stdout] 
[INFO] [stdout] 
[INFO] [stdout] error[E0277]: the trait bound `!: ReadAll` is not satisfied
[INFO] [stdout]    --> /opt/rustwide/cargo-home/registry/src/index.crates.io-1949cf8c6b5b557f/bluer-0.16.1/src/gatt/remote.rs:396:21
[INFO] [stdout]     |
[INFO] [stdout] 396 |                     self.call_method("StartNotify", ()).await?;
[INFO] [stdout]     |                     ^^^^^^^^^^^^^^^^^^^^^^^^^^^^^^^^^^^ the trait `ReadAll` is not implemented for `!`
[INFO] [stdout]     |
[INFO] [stdout]    ::: /opt/rustwide/cargo-home/registry/src/index.crates.io-1949cf8c6b5b557f/bluer-0.16.1/src/lib.rs:196
[INFO] [stdout]     |
[INFO] [stdout] 196 | macro_rules! dbus_default_interface {
[INFO] [stdout]     |
[INFO] [stdout]     = help: the following other types implement trait `ReadAll`:
[INFO] [stdout]               ()
[INFO] [stdout]               (A,)
[INFO] [stdout]               (A, B)
[INFO] [stdout]               (A, B, C)
[INFO] [stdout]               (A, B, C, D)
[INFO] [stdout]               (A, B, C, D, E)
[INFO] [stdout]               (A, B, C, D, E, F)
[INFO] [stdout]               (A, B, C, D, E, F, G)
[INFO] [stdout]             and 34 others
[INFO] [stdout]     = note: this error might have been caused by changes to Rust's type-inference algorithm (see issue #148922 <https://github.com/rust-lang/rust/issues/148922> for more information)
[INFO] [stdout]     = help: you might have intended to use the type `()` here instead
[INFO] [stdout] note: required by a bound in `remote::Characteristic::call_method`
[INFO] [stdout]    --> /opt/rustwide/cargo-home/registry/src/index.crates.io-1949cf8c6b5b557f/bluer-0.16.1/src/lib.rs:226:16
[INFO] [stdout]     |
[INFO] [stdout] 223 |         async fn call_method<A, R>(&self, name: &str, args: A) -> crate::Result<R>
[INFO] [stdout] ...
[INFO] [stdout] 226 |             R: dbus::arg::ReadAll + std::fmt::Debug + 'static,
[INFO] [stdout]     |                ^^^^^^^^^^^^^^^^^^ required by this bound in `Characteristic::call_method`
[INFO] [stdout]     |
[INFO] [stdout]    ::: /opt/rustwide/cargo-home/registry/src/index.crates.io-1949cf8c6b5b557f/bluer-0.16.1/src/gatt/remote.rs:204
[INFO] [stdout]     |
[INFO] [stdout] 204 | impl Characteristic {
[INFO] [stdout] ...
[INFO] [stdout] 447 |     dbus_default_interface!(CHARACTERISTIC_INTERFACE);
[INFO] [stdout]     |     ------------------------------------------------- in this macro invocation
[INFO] [stdout] 
[INFO] [stdout] 
[INFO] [stdout] error[E0277]: the trait bound `!: ReadAll` is not satisfied
[INFO] [stdout]    --> /opt/rustwide/cargo-home/registry/src/index.crates.io-1949cf8c6b5b557f/bluer-0.16.1/src/gatt/remote.rs:680:9
[INFO] [stdout]     |
[INFO] [stdout] 680 |         self.call_method("WriteValue", (value, req.to_dict())).await?;
[INFO] [stdout]     |         ^^^^^^^^^^^^^^^^^^^^^^^^^^^^^^^^^^^^^^^^^^^^^^^^^^^^^^ the trait `ReadAll` is not implemented for `!`
[INFO] [stdout]     |
[INFO] [stdout]    ::: /opt/rustwide/cargo-home/registry/src/index.crates.io-1949cf8c6b5b557f/bluer-0.16.1/src/lib.rs:196
[INFO] [stdout]     |
[INFO] [stdout] 196 | macro_rules! dbus_default_interface {
[INFO] [stdout]     |
[INFO] [stdout]     = help: the following other types implement trait `ReadAll`:
[INFO] [stdout]               ()
[INFO] [stdout]               (A,)
[INFO] [stdout]               (A, B)
[INFO] [stdout]               (A, B, C)
[INFO] [stdout]               (A, B, C, D)
[INFO] [stdout]               (A, B, C, D, E)
[INFO] [stdout]               (A, B, C, D, E, F)
[INFO] [stdout]               (A, B, C, D, E, F, G)
[INFO] [stdout]             and 34 others
[INFO] [stdout]     = note: this error might have been caused by changes to Rust's type-inference algorithm (see issue #148922 <https://github.com/rust-lang/rust/issues/148922> for more information)
[INFO] [stdout]     = help: you might have intended to use the type `()` here instead
[INFO] [stdout] note: required by a bound in `remote::Descriptor::call_method`
[INFO] [stdout]    --> /opt/rustwide/cargo-home/registry/src/index.crates.io-1949cf8c6b5b557f/bluer-0.16.1/src/lib.rs:226:16
[INFO] [stdout]     |
[INFO] [stdout] 223 |         async fn call_method<A, R>(&self, name: &str, args: A) -> crate::Result<R>
[INFO] [stdout] ...
[INFO] [stdout] 226 |             R: dbus::arg::ReadAll + std::fmt::Debug + 'static,
[INFO] [stdout]     |                ^^^^^^^^^^^^^^^^^^ required by this bound in `Descriptor::call_method`
[INFO] [stdout]     |
[INFO] [stdout]    ::: /opt/rustwide/cargo-home/registry/src/index.crates.io-1949cf8c6b5b557f/bluer-0.16.1/src/gatt/remote.rs:571
[INFO] [stdout]     |
[INFO] [stdout] 571 | impl Descriptor {
[INFO] [stdout] ...
[INFO] [stdout] 652 |     dbus_default_interface!(DESCRIPTOR_INTERFACE);
[INFO] [stdout]     |     --------------------------------------------- in this macro invocation
[INFO] [stdout] 
[INFO] [stdout] 
[INFO] [stdout] error[E0277]: the trait bound `!: ReadAll` is not satisfied
[INFO] [stdout]    --> /opt/rustwide/cargo-home/registry/src/index.crates.io-1949cf8c6b5b557f/bluer-0.16.1/src/monitor.rs:401:15
[INFO] [stdout]     |
[INFO] [stdout] 401 |         proxy.method_call(MANAGER_INTERFACE, "RegisterMonitor", (root.clone(),)).await?;
[INFO] [stdout]     |               ^^^^^^^^^^^ the trait `ReadAll` is not implemented for `!`
[INFO] [stdout]     |
[INFO] [stdout]     = help: the following other types implement trait `ReadAll`:
[INFO] [stdout]               ()
[INFO] [stdout]               (A,)
[INFO] [stdout]               (A, B)
[INFO] [stdout]               (A, B, C)
[INFO] [stdout]               (A, B, C, D)
[INFO] [stdout]               (A, B, C, D, E)
[INFO] [stdout]               (A, B, C, D, E, F)
[INFO] [stdout]               (A, B, C, D, E, F, G)
[INFO] [stdout]             and 34 others
[INFO] [stdout]     = note: this error might have been caused by changes to Rust's type-inference algorithm (see issue #148922 <https://github.com/rust-lang/rust/issues/148922> for more information)
[INFO] [stdout]     = help: you might have intended to use the type `()` here instead
[INFO] [stdout] note: required by a bound in `dbus::nonblock::Proxy::<'a, C>::method_call`
[INFO] [stdout]    --> /opt/rustwide/cargo-home/registry/src/index.crates.io-1949cf8c6b5b557f/dbus-0.9.12/src/nonblock.rs:538:35
[INFO] [stdout]     |
[INFO] [stdout] 516 | impl<'a, T, C> Proxy<'a, C>
[INFO] [stdout] ...
[INFO] [stdout] 538 |     pub fn method_call<'i, 'm, R: ReadAll + 'static, A: AppendAll, I: Into<Interface<'i>>, M: Into<Member<'m>>>(&self, i: I, m: M, ...
[INFO] [stdout]     |                                   ^^^^^^^ required by this bound in `Proxy::<'a, C>::method_call`
[INFO] [stdout] 
[INFO] [stdout] 
[INFO] [stdout] For more information about this error, try `rustc --explain E0277`.
[INFO] [stdout] 
[INFO] [stderr] error: could not compile `bluer` (lib) due to 12 previous errors
[INFO] [stderr] warning: unused dependency `hap-tlv8`
[INFO] [stderr]   --> crates/hap-model/Cargo.toml:23:1
[INFO] [stderr]    |
[INFO] [stderr] 23 | hap-tlv8 = { path = "../hap-tlv8", version = "1.0.0" }
[INFO] [stderr]    | ^^^^^^^^^^^^^^^^^^^^^^^^^^^^^^^^^^^^^^^^^^^^^^^^^^^^^^
[INFO] [stderr]    |
[INFO] [stderr]    = note: `cargo::unused_dependencies` is set to `warn` by default
[INFO] [stderr] help: consider removing the dependency on `hap-tlv8`
[INFO] [stderr] warning: `hap-model` (manifest) generated 1 warning
[INFO] running `Command { std: "docker" "inspect" "993ebec174a7de80eadc22ed2dbfe20fd26a90d93eb9358fffaed195f0f26f65", kill_on_drop: false }`
[INFO] running `Command { std: "docker" "rm" "-f" "993ebec174a7de80eadc22ed2dbfe20fd26a90d93eb9358fffaed195f0f26f65", kill_on_drop: false }`
[INFO] [stdout] 993ebec174a7de80eadc22ed2dbfe20fd26a90d93eb9358fffaed195f0f26f65
