[INFO] cloning repository https://github.com/petitstrawberry/sgfx
[INFO] running `Command { std: "git" "-c" "credential.helper=" "-c" "credential.helper=/workspace/cargo-home/bin/git-credential-null" "clone" "--bare" "https://github.com/petitstrawberry/sgfx" "/workspace/cache/git-repos/https%3A%2F%2Fgithub.com%2Fpetitstrawberry%2Fsgfx", kill_on_drop: false }`
[INFO] [stderr] Cloning into bare repository '/workspace/cache/git-repos/https%3A%2F%2Fgithub.com%2Fpetitstrawberry%2Fsgfx'...
[INFO] running `Command { std: "git" "rev-parse" "HEAD", kill_on_drop: false }`
[INFO] [stdout] 20bb5b8cc19445520d08c31c3971ac06244bc1d9
[INFO] checking petitstrawberry/sgfx against 3154cc1a3e6424e44f438a95007d043ed5ceaaf6+rustflags=-Znext-solver=coherence for pr-133502-30
[INFO] running `Command { std: "git" "clone" "/workspace/cache/git-repos/https%3A%2F%2Fgithub.com%2Fpetitstrawberry%2Fsgfx" "/workspace/builds/worker-3-tc1/source", kill_on_drop: false }`
[INFO] [stderr] Cloning into '/workspace/builds/worker-3-tc1/source'...
[INFO] [stderr] done.
[INFO] removed /workspace/builds/worker-3-tc1/source/rust-toolchain.toml
[INFO] started tweaking git repo https://github.com/petitstrawberry/sgfx
[INFO] finished tweaking git repo https://github.com/petitstrawberry/sgfx
[INFO] tweaked toml for git repo https://github.com/petitstrawberry/sgfx written to /workspace/builds/worker-3-tc1/source/Cargo.toml
[INFO] validating manifest of git repo https://github.com/petitstrawberry/sgfx on toolchain 3154cc1a3e6424e44f438a95007d043ed5ceaaf6
[INFO] running `Command { std: CARGO_HOME="/workspace/cargo-home" RUSTUP_HOME="/workspace/rustup-home" "/workspace/cargo-home/bin/cargo" "+3154cc1a3e6424e44f438a95007d043ed5ceaaf6" "metadata" "--manifest-path" "Cargo.toml" "--no-deps", kill_on_drop: false }`
[INFO] crate git repo https://github.com/petitstrawberry/sgfx already has a lockfile, it will not be regenerated
[INFO] running `Command { std: CARGO_HOME="/workspace/cargo-home" RUSTUP_HOME="/workspace/rustup-home" "/workspace/cargo-home/bin/cargo" "+3154cc1a3e6424e44f438a95007d043ed5ceaaf6" "fetch" "--manifest-path" "Cargo.toml", kill_on_drop: false }`
[INFO] [stderr]     Updating git repository `https://github.com/petitstrawberry/Scarlet`
[INFO] [stderr]     Updating git repository `https://github.com/petitstrawberry/scarlet-project-chromebook.git`
[INFO] [stderr]     Updating crates.io index
[INFO] [stderr]     Blocking waiting for file lock on package cache
[INFO] [stderr]  Downloading crates ...
[INFO] [stderr]   Downloaded talc v4.4.3
[INFO] running `Command { std: "docker" "create" "-v" "/var/lib/crater-agent-workspace/builds/worker-3-tc1/source:/opt/rustwide/workdir:ro,Z" "-v" "/var/lib/crater-agent-workspace/builds/worker-3-tc1/target:/opt/rustwide/target:rw,Z" "-v" "/var/lib/crater-agent-workspace/cargo-home:/opt/rustwide/cargo-home:ro,Z" "-v" "/var/lib/crater-agent-workspace/rustup-home:/opt/rustwide/rustup-home:ro,Z" "-m" "1610612736" "--network" "none" "ghcr.io/rust-lang/crates-build-env/linux@sha256:77db811e55d90add9212f6832c23229e3de5f1c1f9905e8cb07319ea15df73ac" "sleep" "infinity", kill_on_drop: false }`
[INFO] [stdout] a5eebabc9f8d9c2ec3b10e1af7a650faeb24f14ad0df0e9cfc359b2d95073cc0
[INFO] running `Command { std: "docker" "start" "a5eebabc9f8d9c2ec3b10e1af7a650faeb24f14ad0df0e9cfc359b2d95073cc0", kill_on_drop: false }`
[INFO] running `Command { std: "docker" "inspect" "a5eebabc9f8d9c2ec3b10e1af7a650faeb24f14ad0df0e9cfc359b2d95073cc0", kill_on_drop: false }`
[INFO] running `Command { std: "docker" "exec" "-e" "SOURCE_DIR=/opt/rustwide/workdir" "-e" "CARGO_HOME=/opt/rustwide/cargo-home" "-e" "RUSTUP_HOME=/opt/rustwide/rustup-home" "-e" "CARGO_TARGET_DIR=/opt/rustwide/target" "-w" "/opt/rustwide/workdir" "--user" "0:0" "a5eebabc9f8d9c2ec3b10e1af7a650faeb24f14ad0df0e9cfc359b2d95073cc0" "/opt/rustwide/cargo-home/bin/cargo" "+3154cc1a3e6424e44f438a95007d043ed5ceaaf6" "metadata" "--no-deps" "--format-version=1", kill_on_drop: false }`
[INFO] running `Command { std: "docker" "inspect" "a5eebabc9f8d9c2ec3b10e1af7a650faeb24f14ad0df0e9cfc359b2d95073cc0", kill_on_drop: false }`
[INFO] running `Command { std: "docker" "exec" "-e" "SOURCE_DIR=/opt/rustwide/workdir" "-e" "CARGO_HOME=/opt/rustwide/cargo-home" "-e" "RUSTUP_HOME=/opt/rustwide/rustup-home" "-e" "CARGO_TARGET_DIR=/opt/rustwide/target" "-e" "CARGO_INCREMENTAL=0" "-e" "RUST_BACKTRACE=full" "-e" "RUSTFLAGS=--cap-lints=forbid -Znext-solver=coherence" "-e" "RUSTDOCFLAGS=--cap-lints=forbid" "-w" "/opt/rustwide/workdir" "--user" "0:0" "a5eebabc9f8d9c2ec3b10e1af7a650faeb24f14ad0df0e9cfc359b2d95073cc0" "/opt/rustwide/cargo-home/bin/cargo" "+3154cc1a3e6424e44f438a95007d043ed5ceaaf6" "check" "--frozen" "--all" "--all-targets" "--message-format=json", kill_on_drop: false }`
[INFO] [stderr]     Checking sgfx-backend-abi v1.0.0 (/opt/rustwide/workdir/crates/sgfx-backend-abi)
[INFO] [stderr]    Compiling serde_core v1.0.229
[INFO] [stderr]     Checking indexmap v2.14.1
[INFO] [stderr]    Compiling naga v24.0.0
[INFO] [stderr]     Checking fixedbitset v0.5.7
[INFO] [stderr]    Compiling syn v3.0.4
[INFO] [stderr]    Compiling syn v2.0.119
[INFO] [stderr]     Checking codespan-reporting v0.11.1
[INFO] [stderr]     Checking sgfx-core v1.0.0 (/opt/rustwide/workdir/crates/sgfx-core)
[INFO] [stderr]     Checking hexf-parse v0.2.1
[INFO] [stderr]     Checking arrayvec v0.7.8
[INFO] [stderr]     Checking unicode-xid v0.2.6
[INFO] [stderr]     Checking smallvec v1.16.0
[INFO] [stderr]    Compiling wgpu-hal v24.0.4
[INFO] [stderr]     Checking ordered-float v4.6.0
[INFO] [stderr]     Checking parking_lot_core v0.9.12
[INFO] [stderr]     Checking ash v0.38.0+1.3.281
[INFO] [stderr]     Checking petgraph v0.7.1
[INFO] [stderr]     Checking parking_lot v0.12.5
[INFO] [stderr]     Checking khronos-egl v6.0.0
[INFO] [stderr]    Compiling wgpu-core v24.0.5
[INFO] [stderr]     Checking renderdoc-sys v1.1.0
[INFO] [stderr]    Compiling wgpu v24.0.5
[INFO] [stderr]     Checking sgfx-backend-loader v1.0.0 (/opt/rustwide/workdir/crates/sgfx-backend-loader)
[INFO] [stderr]    Compiling sgfx v1.0.0 (/opt/rustwide/workdir/crates/sgfx)
[INFO] [stderr]    Compiling vulkan-sgfx v0.1.0 (/opt/rustwide/workdir/crates/vulkan-sgfx)
[INFO] [stderr]     Checking scarlet-abi v1.0.0 (https://github.com/petitstrawberry/Scarlet?rev=d3b1c05127d4df3616f988b81a99f616e8a88064#d3b1c051)
[INFO] [stderr]     Checking scarlet-sys v1.0.0 (https://github.com/petitstrawberry/Scarlet?rev=d3b1c05127d4df3616f988b81a99f616e8a88064#d3b1c051)
[INFO] [stdout] error[E0433]: cannot find module or crate `arch` in this scope
[INFO] [stdout]   --> /opt/rustwide/cargo-home/git/checkouts/scarlet-26bf9663864ed506/d3b1c05/user/lib/scarlet-sys/src/lib.rs:66:9
[INFO] [stdout]    |
[INFO] [stdout] 66 |         arch::syscall6(
[INFO] [stdout]    |         ^^^^ use of unresolved module or unlinked crate `arch`
[INFO] [stdout]    |
[INFO] [stdout]    = help: if you wanted to use a crate named `arch`, use `cargo add arch` to add it to your `Cargo.toml`
[INFO] [stdout] 
[INFO] [stdout] 
[INFO] [stdout] error[E0433]: cannot find module or crate `arch` in this scope
[INFO] [stdout]    --> /opt/rustwide/cargo-home/git/checkouts/scarlet-26bf9663864ed506/d3b1c05/user/lib/scarlet-sys/src/lib.rs:106:14
[INFO] [stdout]     |
[INFO] [stdout] 106 |     unsafe { arch::syscall0(syscall) }
[INFO] [stdout]     |              ^^^^ use of unresolved module or unlinked crate `arch`
[INFO] [stdout]     |
[INFO] [stdout]     = help: if you wanted to use a crate named `arch`, use `cargo add arch` to add it to your `Cargo.toml`
[INFO] [stdout] 
[INFO] [stdout] 
[INFO] [stdout] error[E0433]: cannot find module or crate `arch` in this scope
[INFO] [stdout]    --> /opt/rustwide/cargo-home/git/checkouts/scarlet-26bf9663864ed506/d3b1c05/user/lib/scarlet-sys/src/lib.rs:130:14
[INFO] [stdout]     |
[INFO] [stdout] 130 |     unsafe { arch::syscall1(syscall, arg1) }
[INFO] [stdout]     |              ^^^^ use of unresolved module or unlinked crate `arch`
[INFO] [stdout]     |
[INFO] [stdout]     = help: if you wanted to use a crate named `arch`, use `cargo add arch` to add it to your `Cargo.toml`
[INFO] [stdout] 
[INFO] [stdout] 
[INFO] [stdout] error[E0433]: cannot find module or crate `arch` in this scope
[INFO] [stdout]    --> /opt/rustwide/cargo-home/git/checkouts/scarlet-26bf9663864ed506/d3b1c05/user/lib/scarlet-sys/src/lib.rs:155:14
[INFO] [stdout]     |
[INFO] [stdout] 155 |     unsafe { arch::syscall2(syscall, arg1, arg2) }
[INFO] [stdout]     |              ^^^^ use of unresolved module or unlinked crate `arch`
[INFO] [stdout]     |
[INFO] [stdout]     = help: if you wanted to use a crate named `arch`, use `cargo add arch` to add it to your `Cargo.toml`
[INFO] [stdout] 
[INFO] [stdout] 
[INFO] [stdout] error[E0433]: cannot find module or crate `arch` in this scope
[INFO] [stdout]    --> /opt/rustwide/cargo-home/git/checkouts/scarlet-26bf9663864ed506/d3b1c05/user/lib/scarlet-sys/src/lib.rs:181:14
[INFO] [stdout]     |
[INFO] [stdout] 181 |     unsafe { arch::syscall3(syscall, arg1, arg2, arg3) }
[INFO] [stdout]     |              ^^^^ use of unresolved module or unlinked crate `arch`
[INFO] [stdout]     |
[INFO] [stdout]     = help: if you wanted to use a crate named `arch`, use `cargo add arch` to add it to your `Cargo.toml`
[INFO] [stdout] 
[INFO] [stdout] 
[INFO] [stdout] error[E0433]: cannot find module or crate `arch` in this scope
[INFO] [stdout]    --> /opt/rustwide/cargo-home/git/checkouts/scarlet-26bf9663864ed506/d3b1c05/user/lib/scarlet-sys/src/lib.rs:214:14
[INFO] [stdout]     |
[INFO] [stdout] 214 |     unsafe { arch::syscall4(syscall, arg1, arg2, arg3, arg4) }
[INFO] [stdout]     |              ^^^^ use of unresolved module or unlinked crate `arch`
[INFO] [stdout]     |
[INFO] [stdout]     = help: if you wanted to use a crate named `arch`, use `cargo add arch` to add it to your `Cargo.toml`
[INFO] [stdout] 
[INFO] [stdout] 
[INFO] [stdout] error[E0433]: cannot find module or crate `arch` in this scope
[INFO] [stdout]    --> /opt/rustwide/cargo-home/git/checkouts/scarlet-26bf9663864ed506/d3b1c05/user/lib/scarlet-sys/src/lib.rs:249:14
[INFO] [stdout]     |
[INFO] [stdout] 249 |     unsafe { arch::syscall5(syscall, arg1, arg2, arg3, arg4, arg5) }
[INFO] [stdout]     |              ^^^^ use of unresolved module or unlinked crate `arch`
[INFO] [stdout]     |
[INFO] [stdout]     = help: if you wanted to use a crate named `arch`, use `cargo add arch` to add it to your `Cargo.toml`
[INFO] [stdout] 
[INFO] [stdout] 
[INFO] [stdout] error[E0433]: cannot find module or crate `arch` in this scope
[INFO] [stdout]    --> /opt/rustwide/cargo-home/git/checkouts/scarlet-26bf9663864ed506/d3b1c05/user/lib/scarlet-sys/src/lib.rs:286:14
[INFO] [stdout]     |
[INFO] [stdout] 286 |     unsafe { arch::syscall6(syscall, arg1, arg2, arg3, arg4, arg5, arg6) }
[INFO] [stdout]     |              ^^^^ use of unresolved module or unlinked crate `arch`
[INFO] [stdout]     |
[INFO] [stdout]     = help: if you wanted to use a crate named `arch`, use `cargo add arch` to add it to your `Cargo.toml`
[INFO] [stdout] 
[INFO] [stdout] 
[INFO] [stdout] For more information about this error, try `rustc --explain E0433`.
[INFO] [stdout] 
[INFO] [stderr] error: could not compile `scarlet-sys` (lib) due to 8 previous errors
[INFO] [stderr] warning: build failed, waiting for other jobs to finish...
[INFO] running `Command { std: "docker" "inspect" "a5eebabc9f8d9c2ec3b10e1af7a650faeb24f14ad0df0e9cfc359b2d95073cc0", kill_on_drop: false }`
[INFO] running `Command { std: "docker" "rm" "-f" "a5eebabc9f8d9c2ec3b10e1af7a650faeb24f14ad0df0e9cfc359b2d95073cc0", kill_on_drop: false }`
[INFO] [stdout] a5eebabc9f8d9c2ec3b10e1af7a650faeb24f14ad0df0e9cfc359b2d95073cc0
